198.244.142.158 - - [18/Apr/2025:17:51:18 +0330] "GET /wp-content/plugins/elementskit-lite/widgets/init/assets/css/rtl.css?ver=3.4.8 HTTP/2" 200 1082 "https://optimyar.com/courses/python-optimization-with-cplex-gurobi/" "Mozilla/5.0 (Windows NT 10.0; Win64; x64) AppleWebKit/537.36 (KHTML, like Gecko) Chrome/135.0.0.0 Safari/537.36"
198.244.142.158 - - [18/Apr/2025:17:51:21 +0330] "GET /wp-content/plugins/elementor/assets/lib/font-awesome/css/regular.min.css?ver=5.15.3 HTTP/2" 200 283 "https://optimyar.com/courses/python-optimization-with-cplex-gurobi/" "Mozilla/5.0 (Windows NT 10.0; Win64; x64) AppleWebKit/537.36 (KHTML, like Gecko) Chrome/135.0.0.0 Safari/537.36"
198.244.142.158 - - [18/Apr/2025:17:51:21 +0330] "GET /wp-content/plugins/elementskit-lite/modules/elementskit-icon-pack/assets/css/ekiticons.css?ver=3.4.8 HTTP/2" 200 11776 "https://optimyar.com/courses/python-optimization-with-cplex-gurobi/" "Mozilla/5.0 (Windows NT 10.0; Win64; x64) AppleWebKit/537.36 (KHTML, like Gecko) Chrome/135.0.0.0 Safari/537.36"
198.244.142.158 - - [18/Apr/2025:17:51:21 +0330] "GET /wp-content/uploads/elementor/custom-icons/myic4/css/myic4.css?ver=1.0.0 HTTP/2" 200 948 "https://optimyar.com/courses/python-optimization-with-cplex-gurobi/" "Mozilla/5.0 (Windows NT 10.0; Win64; x64) AppleWebKit/537.36 (KHTML, like Gecko) Chrome/135.0.0.0 Safari/537.36"
198.244.142.158 - - [18/Apr/2025:17:51:21 +0330] "GET /wp-includes/js/jquery/jquery.min.js?ver=3.7.1 HTTP/2" 200 29744 "https://optimyar.com/courses/python-optimization-with-cplex-gurobi/" "Mozilla/5.0 (Windows NT 10.0; Win64; x64) AppleWebKit/537.36 (KHTML, like Gecko) Chrome/135.0.0.0 Safari/537.36"
198.244.142.158 - - [18/Apr/2025:17:51:22 +0330] "GET /wp-includes/js/jquery/jquery-migrate.min.js?ver=3.4.1 HTTP/2" 200 4678 "https://optimyar.com/courses/python-optimization-with-cplex-gurobi/" "Mozilla/5.0 (Windows NT 10.0; Win64; x64) AppleWebKit/537.36 (KHTML, like Gecko) Chrome/135.0.0.0 Safari/537.36"
198.244.142.158 - - [18/Apr/2025:17:51:22 +0330] "GET /wp-content/plugins/elementor/assets/lib/font-awesome/js/v4-shims.min.js?ver=3.28.3 HTTP/2" 200 4042 "https://optimyar.com/courses/python-optimization-with-cplex-gurobi/" "Mozilla/5.0 (Windows NT 10.0; Win64; x64) AppleWebKit/537.36 (KHTML, like Gecko) Chrome/135.0.0.0 Safari/537.36"
198.244.142.158 - - [18/Apr/2025:17:51:22 +0330] "GET /wp-content/uploads/2020/06/Artboard-1.png HTTP/2" 200 101202 "https://optimyar.com/courses/python-optimization-with-cplex-gurobi/" "Mozilla/5.0 (Windows NT 10.0; Win64; x64) AppleWebKit/537.36 (KHTML, like Gecko) Chrome/135.0.0.0 Safari/537.36"
198.244.142.158 - - [18/Apr/2025:17:51:24 +0330] "GET /wp-content/uploads/2021/01/Ali-Papi.jpg HTTP/2" 200 39828 "https://optimyar.com/courses/python-optimization-with-cplex-gurobi/" "Mozilla/5.0 (Windows NT 10.0; Win64; x64) AppleWebKit/537.36 (KHTML, like Gecko) Chrome/135.0.0.0 Safari/537.36"
198.244.142.158 - - [18/Apr/2025:17:51:22 +0330] "GET /wp-content/uploads/2023/11/Gurobo_CPLEX.jpg HTTP/2" 200 180626 "https://optimyar.com/courses/python-optimization-with-cplex-gurobi/" "Mozilla/5.0 (Windows NT 10.0; Win64; x64) AppleWebKit/537.36 (KHTML, like Gecko) Chrome/135.0.0.0 Safari/537.36"
198.244.142.158 - - [18/Apr/2025:17:51:25 +0330] "GET /wp-content/uploads/elementor/css/post-28744.css?ver=1744106775 HTTP/2" 200 1089 "https://optimyar.com/courses/python-optimization-with-cplex-gurobi/" "Mozilla/5.0 (Windows NT 10.0; Win64; x64) AppleWebKit/537.36 (KHTML, like Gecko) Chrome/135.0.0.0 Safari/537.36"
198.244.142.158 - - [18/Apr/2025:17:51:28 +0330] "GET /wp-content/uploads/2022/11/man.svg HTTP/2" 200 2534 "https://optimyar.com/courses/python-optimization-with-cplex-gurobi/" "Mozilla/5.0 (Windows NT 10.0; Win64; x64) AppleWebKit/537.36 (KHTML, like Gecko) Chrome/135.0.0.0 Safari/537.36"
198.244.142.158 - - [18/Apr/2025:17:51:28 +0330] "GET /wp-content/plugins/elementor/assets/lib/animations/styles/fadeIn.min.css?ver=3.28.3 HTTP/2" 200 77 "https://optimyar.com/courses/python-optimization-with-cplex-gurobi/" "Mozilla/5.0 (Windows NT 10.0; Win64; x64) AppleWebKit/537.36 (KHTML, like Gecko) Chrome/135.0.0.0 Safari/537.36"
198.244.142.158 - - [18/Apr/2025:17:51:28 +0330] "GET /wp-content/uploads/2022/08/%D8%A8%D8%B1%D9%86%D8%A7%D9%85%D9%87-%D8%B1%DB%8C%D8%B2%DB%8C-%D8%B1%DB%8C%D8%A7%D8%B6%DB%8C.png HTTP/2" 200 189587 "https://optimyar.com/courses/python-optimization-with-cplex-gurobi/" "Mozilla/5.0 (Windows NT 10.0; Win64; x64) AppleWebKit/537.36 (KHTML, like Gecko) Chrome/135.0.0.0 Safari/537.36"
198.244.142.158 - - [18/Apr/2025:17:51:28 +0330] "GET /wp-content/uploads/essential-addons-elementor/eael-18728.css?ver=1740260108 HTTP/2" 200 1753 "https://optimyar.com/courses/python-optimization-with-cplex-gurobi/" "Mozilla/5.0 (Windows NT 10.0; Win64; x64) AppleWebKit/537.36 (KHTML, like Gecko) Chrome/135.0.0.0 Safari/537.36"
198.244.142.158 - - [18/Apr/2025:17:51:28 +0330] "GET /wp-content/uploads/elementor/css/post-18728.css?ver=1744106775 HTTP/2" 200 971 "https://optimyar.com/courses/python-optimization-with-cplex-gurobi/" "Mozilla/5.0 (Windows NT 10.0; Win64; x64) AppleWebKit/537.36 (KHTML, like Gecko) Chrome/135.0.0.0 Safari/537.36"
198.244.142.158 - - [18/Apr/2025:17:51:30 +0330] "GET /wp-content/uploads/elementor/css/post-9192.css?ver=1744106775 HTTP/2" 200 1151 "https://optimyar.com/courses/python-optimization-with-cplex-gurobi/" "Mozilla/5.0 (Windows NT 10.0; Win64; x64) AppleWebKit/537.36 (KHTML, like Gecko) Chrome/135.0.0.0 Safari/537.36"
198.244.142.158 - - [18/Apr/2025:17:51:30 +0330] "GET /wp-content/plugins/wpdiscuz/assets/js/wpdiscuz-combo.min.js?ver=7.6.29 HTTP/2" 200 67116 "https://optimyar.com/courses/python-optimization-with-cplex-gurobi/" "Mozilla/5.0 (Windows NT 10.0; Win64; x64) AppleWebKit/537.36 (KHTML, like Gecko) Chrome/135.0.0.0 Safari/537.36"
198.244.142.158 - - [18/Apr/2025:17:51:31 +0330] "GET /wp-content/plugins/elementor-pro/assets/lib/smartmenus/jquery.smartmenus.min.js?ver=1.2.1 HTTP/2" 200 6867 "https://optimyar.com/courses/python-optimization-with-cplex-gurobi/" "Mozilla/5.0 (Windows NT 10.0; Win64; x64) AppleWebKit/537.36 (KHTML, like Gecko) Chrome/135.0.0.0 Safari/537.36"
198.244.142.158 - - [18/Apr/2025:17:51:31 +0330] "GET /wp-content/plugins/elementor-pro/assets/lib/sticky/jquery.sticky.min.js?ver=3.28.2 HTTP/2" 200 1442 "https://optimyar.com/courses/python-optimization-with-cplex-gurobi/" "Mozilla/5.0 (Windows NT 10.0; Win64; x64) AppleWebKit/537.36 (KHTML, like Gecko) Chrome/135.0.0.0 Safari/537.36"
198.244.142.158 - - [18/Apr/2025:17:51:32 +0330] "GET /wp-content/plugins/essential-addons-for-elementor-lite/assets/front-end/js/view/general.min.js?ver=6.1.9 HTTP/2" 200 3883 "https://optimyar.com/courses/python-optimization-with-cplex-gurobi/" "Mozilla/5.0 (Windows NT 10.0; Win64; x64) AppleWebKit/537.36 (KHTML, like Gecko) Chrome/135.0.0.0 Safari/537.36"
198.244.142.158 - - [18/Apr/2025:17:51:32 +0330] "GET /wp-content/uploads/essential-addons-elementor/eael-35052.js?ver=1740260108 HTTP/2" 200 974 "https://optimyar.com/courses/python-optimization-with-cplex-gurobi/" "Mozilla/5.0 (Windows NT 10.0; Win64; x64) AppleWebKit/537.36 (KHTML, like Gecko) Chrome/135.0.0.0 Safari/537.36"
198.244.142.158 - - [18/Apr/2025:17:51:32 +0330] "GET /wp-content/plugins/elementskit-lite/libs/framework/assets/js/frontend-script.js?ver=3.4.8 HTTP/2" 200 40 "https://optimyar.com/courses/python-optimization-with-cplex-gurobi/" "Mozilla/5.0 (Windows NT 10.0; Win64; x64) AppleWebKit/537.36 (KHTML, like Gecko) Chrome/135.0.0.0 Safari/537.36"
198.244.142.158 - - [18/Apr/2025:17:51:32 +0330] "GET /wp-content/plugins/elementskit-lite/widgets/init/assets/js/widget-scripts.js?ver=3.4.8 HTTP/2" 200 40425 "https://optimyar.com/courses/python-optimization-with-cplex-gurobi/" "Mozilla/5.0 (Windows NT 10.0; Win64; x64) AppleWebKit/537.36 (KHTML, like Gecko) Chrome/135.0.0.0 Safari/537.36"
198.244.142.158 - - [18/Apr/2025:17:51:32 +0330] "GET /wp-content/uploads/essential-addons-elementor/eael-18728.js?ver=1740260108 HTTP/2" 200 974 "https://optimyar.com/courses/python-optimization-with-cplex-gurobi/" "Mozilla/5.0 (Windows NT 10.0; Win64; x64) AppleWebKit/537.36 (KHTML, like Gecko) Chrome/135.0.0.0 Safari/537.36"
198.244.142.158 - - [18/Apr/2025:17:51:32 +0330] "GET /wp-content/plugins/elementor-pro/assets/js/webpack-pro.runtime.min.js?ver=3.28.2 HTTP/2" 200 2624 "https://optimyar.com/courses/python-optimization-with-cplex-gurobi/" "Mozilla/5.0 (Windows NT 10.0; Win64; x64) AppleWebKit/537.36 (KHTML, like Gecko) Chrome/135.0.0.0 Safari/537.36"
198.244.142.158 - - [18/Apr/2025:17:51:33 +0330] "GET /wp-content/plugins/elementor/assets/js/webpack.runtime.min.js?ver=3.28.3 HTTP/2" 200 2228 "https://optimyar.com/courses/python-optimization-with-cplex-gurobi/" "Mozilla/5.0 (Windows NT 10.0; Win64; x64) AppleWebKit/537.36 (KHTML, like Gecko) Chrome/135.0.0.0 Safari/537.36"
198.244.142.158 - - [18/Apr/2025:17:51:33 +0330] "GET /wp-content/plugins/elementor/assets/js/frontend-modules.min.js?ver=3.28.3 HTTP/2" 200 14421 "https://optimyar.com/courses/python-optimization-with-cplex-gurobi/" "Mozilla/5.0 (Windows NT 10.0; Win64; x64) AppleWebKit/537.36 (KHTML, like Gecko) Chrome/135.0.0.0 Safari/537.36"
198.244.142.158 - - [18/Apr/2025:17:51:33 +0330] "GET /wp-includes/js/dist/hooks.min.js?ver=4d63a3d491d11ffd8ac6 HTTP/2" 200 1571 "https://optimyar.com/courses/python-optimization-with-cplex-gurobi/" "Mozilla/5.0 (Windows NT 10.0; Win64; x64) AppleWebKit/537.36 (KHTML, like Gecko) Chrome/135.0.0.0 Safari/537.36"
198.244.142.158 - - [18/Apr/2025:17:51:34 +0330] "GET /wp-includes/js/dist/i18n.min.js?ver=5e580eb46a90c2b997e6 HTTP/2" 200 3542 "https://optimyar.com/courses/python-optimization-with-cplex-gurobi/" "Mozilla/5.0 (Windows NT 10.0; Win64; x64) AppleWebKit/537.36 (KHTML, like Gecko) Chrome/135.0.0.0 Safari/537.36"
198.244.142.158 - - [18/Apr/2025:17:51:34 +0330] "GET /wp-content/plugins/elementor-pro/assets/js/frontend.min.js?ver=3.28.2 HTTP/2" 200 6281 "https://optimyar.com/courses/python-optimization-with-cplex-gurobi/" "Mozilla/5.0 (Windows NT 10.0; Win64; x64) AppleWebKit/537.36 (KHTML, like Gecko) Chrome/135.0.0.0 Safari/537.36"
198.244.142.158 - - [18/Apr/2025:17:51:34 +0330] "GET /wp-includes/js/jquery/ui/core.min.js?ver=1.13.3 HTTP/2" 200 6811 "https://optimyar.com/courses/python-optimization-with-cplex-gurobi/" "Mozilla/5.0 (Windows NT 10.0; Win64; x64) AppleWebKit/537.36 (KHTML, like Gecko) Chrome/135.0.0.0 Safari/537.36"
198.244.142.158 - - [18/Apr/2025:17:51:35 +0330] "GET /wp-content/plugins/elementor/assets/js/frontend.min.js?ver=3.28.3 HTTP/2" 200 13098 "https://optimyar.com/courses/python-optimization-with-cplex-gurobi/" "Mozilla/5.0 (Windows NT 10.0; Win64; x64) AppleWebKit/537.36 (KHTML, like Gecko) Chrome/135.0.0.0 Safari/537.36"
198.244.142.158 - - [18/Apr/2025:17:51:35 +0330] "GET /wp-content/plugins/elementor-pro/assets/js/elements-handlers.min.js?ver=3.28.2 HTTP/2" 200 10224 "https://optimyar.com/courses/python-optimization-with-cplex-gurobi/" "Mozilla/5.0 (Windows NT 10.0; Win64; x64) AppleWebKit/537.36 (KHTML, like Gecko) Chrome/135.0.0.0 Safari/537.36"
198.244.142.158 - - [18/Apr/2025:17:51:35 +0330] "GET /wp-content/plugins/jet-blocks/assets/js/jet-blocks.min.js?ver=1.3.17 HTTP/2" 200 5404 "https://optimyar.com/courses/python-optimization-with-cplex-gurobi/" "Mozilla/5.0 (Windows NT 10.0; Win64; x64) AppleWebKit/537.36 (KHTML, like Gecko) Chrome/135.0.0.0 Safari/537.36"
198.244.142.158 - - [18/Apr/2025:17:51:35 +0330] "GET /wp-content/plugins/jet-elements/assets/js/jet-elements.min.js?ver=2.7.5 HTTP/2" 200 24555 "https://optimyar.com/courses/python-optimization-with-cplex-gurobi/" "Mozilla/5.0 (Windows NT 10.0; Win64; x64) AppleWebKit/537.36 (KHTML, like Gecko) Chrome/135.0.0.0 Safari/537.36"
198.244.142.158 - - [18/Apr/2025:17:51:36 +0330] "GET /wp-content/plugins/jet-tabs/assets/js/jet-tabs-frontend.min.js?ver=2.2.8 HTTP/2" 200 5800 "https://optimyar.com/courses/python-optimization-with-cplex-gurobi/" "Mozilla/5.0 (Windows NT 10.0; Win64; x64) AppleWebKit/537.36 (KHTML, like Gecko) Chrome/135.0.0.0 Safari/537.36"
198.244.142.158 - - [18/Apr/2025:17:51:36 +0330] "GET /wp-content/plugins/elementskit-lite/widgets/init/assets/js/animate-circle.min.js?ver=3.4.8 HTTP/2" 200 393 "https://optimyar.com/courses/python-optimization-with-cplex-gurobi/" "Mozilla/5.0 (Windows NT 10.0; Win64; x64) AppleWebKit/537.36 (KHTML, like Gecko) Chrome/135.0.0.0 Safari/537.36"
198.244.142.158 - - [18/Apr/2025:17:51:36 +0330] "GET /wp-content/plugins/elementskit-lite/widgets/init/assets/js/elementor.js?ver=3.4.8 HTTP/2" 200 5290 "https://optimyar.com/courses/python-optimization-with-cplex-gurobi/" "Mozilla/5.0 (Windows NT 10.0; Win64; x64) AppleWebKit/537.36 (KHTML, like Gecko) Chrome/135.0.0.0 Safari/537.36"
198.244.142.158 - - [18/Apr/2025:17:51:36 +0330] "GET /wp-content/plugins/elementor-extras/assets/js/frontend.min.js?ver=2.2.52 HTTP/2" 200 17222 "https://optimyar.com/courses/python-optimization-with-cplex-gurobi/" "Mozilla/5.0 (Windows NT 10.0; Win64; x64) AppleWebKit/537.36 (KHTML, like Gecko) Chrome/135.0.0.0 Safari/537.36"
198.244.142.158 - - [18/Apr/2025:17:51:37 +0330] "GET /wp-content/plugins/elementor-extras/assets/lib/parallax-gallery/parallax-gallery.min.js?ver=1.0.0 HTTP/2" 200 814 "https://optimyar.com/courses/python-optimization-with-cplex-gurobi/" "Mozilla/5.0 (Windows NT 10.0; Win64; x64) AppleWebKit/537.36 (KHTML, like Gecko) Chrome/135.0.0.0 Safari/537.36"
198.244.142.158 - - [18/Apr/2025:17:51:37 +0330] "GET /wp-content/plugins/elementor-extras/assets/lib/hotips/hotips.min.js?ver=1.1.0 HTTP/2" 200 2121 "https://optimyar.com/courses/python-optimization-with-cplex-gurobi/" "Mozilla/5.0 (Windows NT 10.0; Win64; x64) AppleWebKit/537.36 (KHTML, like Gecko) Chrome/135.0.0.0 Safari/537.36"
198.244.142.158 - - [18/Apr/2025:17:51:37 +0330] "GET /wp-content/plugins/shortcodes-ultimate/includes/css/rtl-shortcodes.css?ver=7.3.4 HTTP/2" 200 348 "https://optimyar.com/courses/python-optimization-with-cplex-gurobi/" "Mozilla/5.0 (Windows NT 10.0; Win64; x64) AppleWebKit/537.36 (KHTML, like Gecko) Chrome/135.0.0.0 Safari/537.36"
198.244.142.158 - - [18/Apr/2025:17:51:38 +0330] "GET /wp-content/uploads/2022/11/pointer.svg HTTP/2" 200 1067 "https://optimyar.com/courses/python-optimization-with-cplex-gurobi/" "Mozilla/5.0 (Windows NT 10.0; Win64; x64) AppleWebKit/537.36 (KHTML, like Gecko) Chrome/135.0.0.0 Safari/537.36"
198.244.142.158 - - [18/Apr/2025:17:51:38 +0330] "GET /wp-content/uploads/2022/11/attention.svg HTTP/2" 200 16245 "https://optimyar.com/courses/python-optimization-with-cplex-gurobi/" "Mozilla/5.0 (Windows NT 10.0; Win64; x64) AppleWebKit/537.36 (KHTML, like Gecko) Chrome/135.0.0.0 Safari/537.36"
198.244.142.158 - - [18/Apr/2025:17:51:41 +0330] "GET /wp-content/plugins/persian-elementor/assets/css/font/IRANYekanX/IRANYekanX-Bold.woff2 HTTP/2" 200 40348 "https://optimyar.com/wp-content/plugins/persian-elementor/assets/css/font.css?ver=2.13.9" "Mozilla/5.0 (Windows NT 10.0; Win64; x64) AppleWebKit/537.36 (KHTML, like Gecko) Chrome/135.0.0.0 Safari/537.36"
198.244.142.158 - - [18/Apr/2025:17:51:38 +0330] "GET /wp-content/plugins/persian-elementor/assets/css/font/Gandom/Gandom.woff2 HTTP/2" 200 49776 "https://optimyar.com/wp-content/plugins/persian-elementor/assets/css/font.css?ver=2.13.9" "Mozilla/5.0 (Windows NT 10.0; Win64; x64) AppleWebKit/537.36 (KHTML, like Gecko) Chrome/135.0.0.0 Safari/537.36"
198.244.142.158 - - [18/Apr/2025:17:51:38 +0330] "GET /wp-content/uploads/2022/08/%D8%A2%D9%85%D9%88%D8%B2%D8%B4-%DA%AF%D9%85%D8%B2-1-1024x396.png HTTP/2" 200 294972 "https://optimyar.com/courses/python-optimization-with-cplex-gurobi/" "Mozilla/5.0 (Windows NT 10.0; Win64; x64) AppleWebKit/537.36 (KHTML, like Gecko) Chrome/135.0.0.0 Safari/537.36"
198.244.142.158 - - [18/Apr/2025:17:51:45 +0330] "GET /wp-content/plugins/persian-elementor/assets/css/font/IRANSansX/IRANSansX-Medium.woff2 HTTP/2" 200 45884 "https://optimyar.com/wp-content/plugins/persian-elementor/assets/css/font.css?ver=2.13.9" "Mozilla/5.0 (Windows NT 10.0; Win64; x64) AppleWebKit/537.36 (KHTML, like Gecko) Chrome/135.0.0.0 Safari/537.36"
198.244.142.158 - - [18/Apr/2025:17:51:45 +0330] "GET /wp-content/plugins/persian-elementor/assets/css/font/Parastoo/Parastoo-Bold.woff2 HTTP/2" 200 48268 "https://optimyar.com/wp-content/plugins/persian-elementor/assets/css/font.css?ver=2.13.9" "Mozilla/5.0 (Windows NT 10.0; Win64; x64) AppleWebKit/537.36 (KHTML, like Gecko) Chrome/135.0.0.0 Safari/537.36"
198.244.142.158 - - [18/Apr/2025:17:51:46 +0330] "GET /wp-content/plugins/persian-elementor/assets/css/font/IRANSansX/IRANSansX-DemiBold.woff2 HTTP/2" 200 45640 "https://optimyar.com/wp-content/plugins/persian-elementor/assets/css/font.css?ver=2.13.9" "Mozilla/5.0 (Windows NT 10.0; Win64; x64) AppleWebKit/537.36 (KHTML, like Gecko) Chrome/135.0.0.0 Safari/537.36"
198.244.142.158 - - [18/Apr/2025:17:51:46 +0330] "GET /wp-content/plugins/persian-elementor/assets/css/font/IRANSansX/IRANSansX-Black.woff2 HTTP/2" 200 41572 "https://optimyar.com/wp-content/plugins/persian-elementor/assets/css/font.css?ver=2.13.9" "Mozilla/5.0 (Windows NT 10.0; Win64; x64) AppleWebKit/537.36 (KHTML, like Gecko) Chrome/135.0.0.0 Safari/537.36"
198.244.142.158 - - [18/Apr/2025:17:51:47 +0330] "GET /wp-content/plugins/elementor/assets/lib/font-awesome/webfonts/fa-brands-400.woff2 HTTP/2" 200 81612 "https://optimyar.com/wp-content/plugins/elementor/assets/lib/font-awesome/css/all.min.css?ver=3.28.3" "Mozilla/5.0 (Windows NT 10.0; Win64; x64) AppleWebKit/537.36 (KHTML, like Gecko) Chrome/135.0.0.0 Safari/537.36"
198.244.142.158 - - [18/Apr/2025:17:51:48 +0330] "GET /wp-content/plugins/elementor/assets/lib/font-awesome/webfonts/fa-solid-900.woff2 HTTP/2" 200 78196 "https://optimyar.com/wp-content/plugins/elementor/assets/lib/font-awesome/css/all.min.css?ver=3.28.3" "Mozilla/5.0 (Windows NT 10.0; Win64; x64) AppleWebKit/537.36 (KHTML, like Gecko) Chrome/135.0.0.0 Safari/537.36"
198.244.142.158 - - [18/Apr/2025:17:51:49 +0330] "GET /wp-content/plugins/persian-elementor/assets/css/font/IRANSansX/IRANSansX-Bold.woff2 HTTP/2" 200 46124 "https://optimyar.com/wp-content/plugins/persian-elementor/assets/css/font.css?ver=2.13.9" "Mozilla/5.0 (Windows NT 10.0; Win64; x64) AppleWebKit/537.36 (KHTML, like Gecko) Chrome/135.0.0.0 Safari/537.36"
198.244.142.158 - - [18/Apr/2025:17:51:50 +0330] "GET /wp-content/plugins/persian-elementor/assets/css/font/IRANYekanX/IRANYekanX-DemiBold.woff2 HTTP/2" 200 39896 "https://optimyar.com/wp-content/plugins/persian-elementor/assets/css/font.css?ver=2.13.9" "Mozilla/5.0 (Windows NT 10.0; Win64; x64) AppleWebKit/537.36 (KHTML, like Gecko) Chrome/135.0.0.0 Safari/537.36"
198.244.142.158 - - [18/Apr/2025:17:51:52 +0330] "GET /wp-content/plugins/persian-elementor/assets/css/font/IRANYekanX/IRANYekanX-Medium.woff2 HTTP/2" 200 39256 "https://optimyar.com/wp-content/plugins/persian-elementor/assets/css/font.css?ver=2.13.9" "Mozilla/5.0 (Windows NT 10.0; Win64; x64) AppleWebKit/537.36 (KHTML, like Gecko) Chrome/135.0.0.0 Safari/537.36"
198.244.142.158 - - [18/Apr/2025:17:51:53 +0330] "GET /wp-content/plugins/persian-elementor/assets/css/font/IRANYekanX/IRANYekanX-Black.woff2 HTTP/2" 200 37296 "https://optimyar.com/wp-content/plugins/persian-elementor/assets/css/font.css?ver=2.13.9" "Mozilla/5.0 (Windows NT 10.0; Win64; x64) AppleWebKit/537.36 (KHTML, like Gecko) Chrome/135.0.0.0 Safari/537.36"
198.244.142.158 - - [18/Apr/2025:17:51:54 +0330] "GET /wp-content/plugins/elementor/assets/lib/font-awesome/webfonts/fa-regular-400.woff2 HTTP/2" 200 13276 "https://optimyar.com/wp-content/plugins/elementor/assets/lib/font-awesome/css/all.min.css?ver=3.28.3" "Mozilla/5.0 (Windows NT 10.0; Win64; x64) AppleWebKit/537.36 (KHTML, like Gecko) Chrome/135.0.0.0 Safari/537.36"
198.244.142.158 - - [18/Apr/2025:17:51:55 +0330] "GET /wp-content/plugins/persian-elementor/assets/css/font/IRANSansX/IRANSansX-Regular.woff2 HTTP/2" 200 40852 "https://optimyar.com/wp-content/plugins/persian-elementor/assets/css/font.css?ver=2.13.9" "Mozilla/5.0 (Windows NT 10.0; Win64; x64) AppleWebKit/537.36 (KHTML, like Gecko) Chrome/135.0.0.0 Safari/537.36"
198.244.142.158 - - [18/Apr/2025:17:51:56 +0330] "GET /wp-content/plugins/persian-elementor/assets/css/font/Tanha/Tanha.woff2 HTTP/2" 200 41476 "https://optimyar.com/wp-content/plugins/persian-elementor/assets/css/font.css?ver=2.13.9" "Mozilla/5.0 (Windows NT 10.0; Win64; x64) AppleWebKit/537.36 (KHTML, like Gecko) Chrome/135.0.0.0 Safari/537.36"
198.244.142.158 - - [18/Apr/2025:17:51:56 +0330] "GET /wp-content/plugins/persian-elementor/assets/css/font/IRANSansX/IRANSansX-Light.woff2 HTTP/2" 200 44932 "https://optimyar.com/wp-content/plugins/persian-elementor/assets/css/font.css?ver=2.13.9" "Mozilla/5.0 (Windows NT 10.0; Win64; x64) AppleWebKit/537.36 (KHTML, like Gecko) Chrome/135.0.0.0 Safari/537.36"
198.244.142.158 - - [18/Apr/2025:17:51:58 +0330] "GET /wp-content/plugins/persian-elementor/includes/icons/efaicons/fonts/efaicons.woff2 HTTP/2" 200 24716 "https://optimyar.com/wp-content/plugins/persian-elementor/includes/icons/efaicons/style.css?ver=2.13.9" "Mozilla/5.0 (Windows NT 10.0; Win64; x64) AppleWebKit/537.36 (KHTML, like Gecko) Chrome/135.0.0.0 Safari/537.36"
198.244.142.158 - - [18/Apr/2025:17:51:56 +0330] "GET /wp-content/plugins/elementskit-lite/modules/elementskit-icon-pack/assets/fonts/elementskit.woff?y24e1e HTTP/2" 200 459560 "https://optimyar.com/wp-content/plugins/elementskit-lite/modules/elementskit-icon-pack/assets/css/ekiticons.css?ver=3.4.8" "Mozilla/5.0 (Windows NT 10.0; Win64; x64) AppleWebKit/537.36 (KHTML, like Gecko) Chrome/135.0.0.0 Safari/537.36"
198.244.142.158 - - [18/Apr/2025:17:52:03 +0330] "GET /wp-content/uploads/2022/03/Untitled-1-1-150x150.png HTTP/2" 200 18579 "https://optimyar.com/courses/python-optimization-with-cplex-gurobi/" "Mozilla/5.0 (Windows NT 10.0; Win64; x64) AppleWebKit/537.36 (KHTML, like Gecko) Chrome/135.0.0.0 Safari/537.36"
198.244.142.158 - - [18/Apr/2025:17:52:08 +0330] "GET /wp-content/uploads/2020/12/logo2.png HTTP/2" 200 4490 "https://optimyar.com/" "Mozilla/5.0 (Windows NT 10.0; Win64; x64) AppleWebKit/537.36 (KHTML, like Gecko) Chrome/135.0.0.0 Safari/537.36"
198.244.142.158 - - [18/Apr/2025:17:52:08 +0330] "GET /wp-includes/js/comment-reply.min.js?ver=6.7.2 HTTP/2" 200 1247 "https://optimyar.com/courses/python-optimization-with-cplex-gurobi/" "Mozilla/5.0 (Windows NT 10.0; Win64; x64) AppleWebKit/537.36 (KHTML, like Gecko) Chrome/135.0.0.0 Safari/537.36"
198.244.142.158 - - [18/Apr/2025:17:51:59 +0330] "GET /wp-content/uploads/2022/08/%D8%A8%D8%B1%D9%86%D8%A7%D9%85%D9%87-%D8%B1%DB%8C%D8%B2%DB%8C-%D8%AF%D8%B1-%D8%B9%D8%AF%D9%85-%D9%82%D8%B7%D8%B9%DB%8C%D8%AA-1-1024x396.png HTTP/2" 200 314102 "https://optimyar.com/courses/python-optimization-with-cplex-gurobi/" "Mozilla/5.0 (Windows NT 10.0; Win64; x64) AppleWebKit/537.36 (KHTML, like Gecko) Chrome/135.0.0.0 Safari/537.36"
198.244.142.158 - - [18/Apr/2025:17:52:11 +0330] "GET /wp-content/plugins/akismet/_inc/akismet-frontend.js?ver=1740841587 HTTP/2" 200 3015 "https://optimyar.com/courses/python-optimization-with-cplex-gurobi/" "Mozilla/5.0 (Windows NT 10.0; Win64; x64) AppleWebKit/537.36 (KHTML, like Gecko) Chrome/135.0.0.0 Safari/537.36"
198.244.142.158 - - [18/Apr/2025:17:52:11 +0330] "GET /wp-includes/js/wp-emoji-release.min.js?ver=6.7.2 HTTP/2" 200 4676 "https://optimyar.com/courses/python-optimization-with-cplex-gurobi/" "Mozilla/5.0 (Windows NT 10.0; Win64; x64) AppleWebKit/537.36 (KHTML, like Gecko) Chrome/135.0.0.0 Safari/537.36"
31.214.174.196 - - [18/Apr/2025:17:43:39 +0330] "POST /wp-cron.php?doing_wp_cron=1744985619.2082290649414062500000 HTTP/1.1" 200 20 "-" "WordPress/6.7.2; https://optimyar.com"
66.249.64.129 - - [18/Apr/2025:17:45:07 +0330] "GET /wp-content/plugins/jet-tabs/assets/css/jet-tabs-frontend.css?ver=2.2.8 HTTP/1.1" 200 3769 "https://optimyar.com/?o=32702984" "Mozilla/5.0 (Linux; Android 6.0.1; Nexus 5X Build/MMB29P) AppleWebKit/537.36 (KHTML, like Gecko) Chrome/134.0.6998.165 Mobile Safari/537.36 (compatible; Googlebot/2.1; +http://www.google.com/bot.html)"
116.204.78.140 - - [18/Apr/2025:17:54:11 +0330] "GET /not-found HTTP/2" 301 20 "http://optimyar.com" "Mozilla/5.0 (Windows NT 10.0; Win64; x64; rv:126.0) Gecko/20100101 Firefox/126.0"
116.204.78.140 - - [18/Apr/2025:17:54:15 +0330] "GET /not-found/ HTTP/2" 200 0 "http://optimyar.com" "Mozilla/5.0 (Windows NT 10.0; Win64; x64; rv:126.0) Gecko/20100101 Firefox/126.0"
198.244.142.158 - - [18/Apr/2025:17:52:12 +0330] "GET /wp-content/plugins/persian-elementor/assets/css/font/IRANYekanX/IRANYekanX-Regular.woff2 HTTP/2" 200 35928 "https://optimyar.com/wp-content/plugins/persian-elementor/assets/css/font.css?ver=2.13.9" "Mozilla/5.0 (Windows NT 10.0; Win64; x64) AppleWebKit/537.36 (KHTML, like Gecko) Chrome/135.0.0.0 Safari/537.36"
198.244.142.158 - - [18/Apr/2025:17:52:12 +0330] "GET /wp-content/plugins/elementor/assets/lib/dialog/dialog.min.js?ver=4.9.3 HTTP/2" 200 3487 "https://optimyar.com/courses/python-optimization-with-cplex-gurobi/" "Mozilla/5.0 (Windows NT 10.0; Win64; x64) AppleWebKit/537.36 (KHTML, like Gecko) Chrome/135.0.0.0 Safari/537.36"
198.244.142.158 - - [18/Apr/2025:17:52:12 +0330] "GET /wp-content/plugins/elementor-pro/assets/js/nav-menu.a23fbd67486c5bedf26c.bundle.min.js HTTP/2" 200 1751 "https://optimyar.com/courses/python-optimization-with-cplex-gurobi/" "Mozilla/5.0 (Windows NT 10.0; Win64; x64) AppleWebKit/537.36 (KHTML, like Gecko) Chrome/135.0.0.0 Safari/537.36"
198.244.142.158 - - [18/Apr/2025:17:52:13 +0330] "GET /wp-content/plugins/elementor-pro/assets/js/share-buttons.63d984f8c96d1e053bc0.bundle.min.js HTTP/2" 200 690 "https://optimyar.com/courses/python-optimization-with-cplex-gurobi/" "Mozilla/5.0 (Windows NT 10.0; Win64; x64) AppleWebKit/537.36 (KHTML, like Gecko) Chrome/135.0.0.0 Safari/537.36"
198.244.142.158 - - [18/Apr/2025:17:52:13 +0330] "GET /wp-content/plugins/elementor/assets/js/text-editor.c084ef86600b6f11690d.bundle.min.js HTTP/2" 200 621 "https://optimyar.com/courses/python-optimization-with-cplex-gurobi/" "Mozilla/5.0 (Windows NT 10.0; Win64; x64) AppleWebKit/537.36 (KHTML, like Gecko) Chrome/135.0.0.0 Safari/537.36"
198.244.142.158 - - [18/Apr/2025:17:52:13 +0330] "GET /wp-content/plugins/elementor/assets/lib/eicons/fonts/eicons.woff2?5.36.0 HTTP/2" 200 99440 "https://optimyar.com/wp-content/plugins/elementor/assets/lib/eicons/css/elementor-icons.min.css?ver=5.36.0" "Mozilla/5.0 (Windows NT 10.0; Win64; x64) AppleWebKit/537.36 (KHTML, like Gecko) Chrome/135.0.0.0 Safari/537.36"
198.244.142.158 - - [18/Apr/2025:17:52:14 +0330] "GET /wp-content/plugins/elementor/assets/lib/share-link/share-link.min.js?ver=3.28.3 HTTP/2" 200 1072 "https://optimyar.com/courses/python-optimization-with-cplex-gurobi/" "Mozilla/5.0 (Windows NT 10.0; Win64; x64) AppleWebKit/537.36 (KHTML, like Gecko) Chrome/135.0.0.0 Safari/537.36"
198.244.142.158 - - [18/Apr/2025:17:52:15 +0330] "GET /wp-content/uploads/2021/10/cropped-logo1-32x32.png HTTP/2" 200 2372 "https://optimyar.com/courses/python-optimization-with-cplex-gurobi/" "Mozilla/5.0 (Windows NT 10.0; Win64; x64) AppleWebKit/537.36 (KHTML, like Gecko) Chrome/135.0.0.0 Safari/537.36"
31.214.174.196 - - [18/Apr/2025:17:52:41 +0330] "POST /wp-cron.php?doing_wp_cron=1744986161.4653611183166503906250 HTTP/1.1" 200 20 "-" "WordPress/6.7.2; https://optimyar.com"
66.249.64.132 - - [18/Apr/2025:17:52:39 +0330] "GET /?o=357207084 HTTP/1.1" 200 32357 "-" "Mozilla/5.0 (Linux; Android 6.0.1; Nexus 5X Build/MMB29P) AppleWebKit/537.36 (KHTML, like Gecko) Chrome/135.0.7049.95 Mobile Safari/537.36 (compatible; Googlebot/2.1; +http://www.google.com/bot.html)"
31.214.174.196 - - [18/Apr/2025:18:06:04 +0330] "POST /wp-cron.php?doing_wp_cron=1744986964.5373320579528808593750 HTTP/1.1" 200 20 "-" "WordPress/6.7.2; https://optimyar.com"
31.172.67.59 - - [18/Apr/2025:18:06:01 +0330] "GET /not-found HTTP/2" 301 20 "http://optimyar.com" "Mozilla/5.0 (Macintosh; Intel Mac OS X 14.3) AppleWebKit/614.31.14 (KHTML, like Gecko) Version/17.0.96 Safari/614.31.14"
31.172.67.59 - - [18/Apr/2025:18:06:06 +0330] "GET /not-found/ HTTP/2" 200 0 "http://optimyar.com" "Mozilla/5.0 (Macintosh; Intel Mac OS X 14.3) AppleWebKit/614.31.14 (KHTML, like Gecko) Version/17.0.96 Safari/614.31.14"
66.249.64.128 - - [18/Apr/2025:18:16:09 +0330] "GET /?o=388841884 HTTP/1.1" 200 32357 "-" "Mozilla/5.0 (Linux; Android 6.0.1; Nexus 5X Build/MMB29P) AppleWebKit/537.36 (KHTML, like Gecko) Chrome/135.0.7049.95 Mobile Safari/537.36 (compatible; Googlebot/2.1; +http://www.google.com/bot.html)"
66.249.64.128 - - [18/Apr/2025:18:16:15 +0330] "GET /wp-includes/js/dist/i18n.min.js?ver=5e580eb46a90c2b997e6 HTTP/1.1" 200 3542 "https://optimyar.com/?o=388841884" "Mozilla/5.0 (Linux; Android 6.0.1; Nexus 5X Build/MMB29P) AppleWebKit/537.36 (KHTML, like Gecko) Chrome/134.0.6998.165 Mobile Safari/537.36 (compatible; Googlebot/2.1; +http://www.google.com/bot.html)"
66.249.64.132 - - [18/Apr/2025:18:16:15 +0330] "GET /wp-content/plugins/elementor-pro/assets/css/conditionals/transitions.min.css?ver=3.28.2 HTTP/1.1" 200 599 "https://optimyar.com/?o=388841884" "Mozilla/5.0 (Linux; Android 6.0.1; Nexus 5X Build/MMB29P) AppleWebKit/537.36 (KHTML, like Gecko) Chrome/134.0.6998.165 Mobile Safari/537.36 (compatible; Googlebot/2.1; +http://www.google.com/bot.html)"
66.249.64.128 - - [18/Apr/2025:18:16:16 +0330] "GET /wp-content/uploads/elementor/css/post-171.css?ver=1744105134 HTTP/1.1" 200 4940 "https://optimyar.com/?o=388841884" "Mozilla/5.0 (Linux; Android 6.0.1; Nexus 5X Build/MMB29P) AppleWebKit/537.36 (KHTML, like Gecko) Chrome/134.0.6998.165 Mobile Safari/537.36 (compatible; Googlebot/2.1; +http://www.google.com/bot.html)"
66.249.64.132 - - [18/Apr/2025:18:16:16 +0330] "GET /wp-content/plugins/elementor/assets/lib/animations/styles/slideInLeft.min.css?ver=3.28.3 HTTP/1.1" 200 153 "https://optimyar.com/?o=388841884" "Mozilla/5.0 (Linux; Android 6.0.1; Nexus 5X Build/MMB29P) AppleWebKit/537.36 (KHTML, like Gecko) Chrome/134.0.6998.165 Mobile Safari/537.36 (compatible; Googlebot/2.1; +http://www.google.com/bot.html)"
66.249.64.128 - - [18/Apr/2025:18:16:17 +0330] "GET /wp-content/plugins/jet-elements/assets/css/addons/jet-banner-rtl.css?ver=2.7.5 HTTP/1.1" 200 1840 "https://optimyar.com/?o=388841884" "Mozilla/5.0 (Linux; Android 6.0.1; Nexus 5X Build/MMB29P) AppleWebKit/537.36 (KHTML, like Gecko) Chrome/134.0.6998.165 Mobile Safari/537.36 (compatible; Googlebot/2.1; +http://www.google.com/bot.html)"
66.249.64.128 - - [18/Apr/2025:18:16:17 +0330] "GET /wp-content/plugins/elementor/assets/lib/font-awesome/css/all.min.css?ver=3.28.3 HTTP/1.1" 200 12380 "https://optimyar.com/?o=388841884" "Mozilla/5.0 (Linux; Android 6.0.1; Nexus 5X Build/MMB29P) AppleWebKit/537.36 (KHTML, like Gecko) Chrome/134.0.6998.165 Mobile Safari/537.36 (compatible; Googlebot/2.1; +http://www.google.com/bot.html)"
66.249.64.128 - - [18/Apr/2025:18:16:17 +0330] "GET /wp-content/plugins/elementor/assets/js/frontend.min.js?ver=3.28.3 HTTP/1.1" 200 13098 "https://optimyar.com/?o=388841884" "Mozilla/5.0 (Linux; Android 6.0.1; Nexus 5X Build/MMB29P) AppleWebKit/537.36 (KHTML, like Gecko) Chrome/134.0.6998.165 Mobile Safari/537.36 (compatible; Googlebot/2.1; +http://www.google.com/bot.html)"
94.23.61.165 - - [18/Apr/2025:18:18:06 +0330] "GET /not-found HTTP/2" 301 20 "http://optimyar.com" "Mozilla/5.0 (Macintosh; Intel Mac OS X 10_15_7) AppleWebKit/537.36 (KHTML, like Gecko) Chrome/113.0.5672.93 Safari/537.36"
94.23.61.165 - - [18/Apr/2025:18:18:10 +0330] "GET /not-found/ HTTP/2" 200 0 "http://optimyar.com" "Mozilla/5.0 (Macintosh; Intel Mac OS X 10_15_7) AppleWebKit/537.36 (KHTML, like Gecko) Chrome/113.0.5672.93 Safari/537.36"
196.251.80.216 - - [18/Apr/2025:18:18:15 +0330] "GET /wp-content/themes/seotheme/db.php?u HTTP/1.1" 403 17008 "www.google.com" "Mozlila/5.0 (Linux; Android 7.0; SM-G892A Bulid/NRD90M; wv) AppleWebKit/537.36 (KHTML, like Gecko) Version/4.0 Chrome/60.0.3112.107 Moblie Safari/537.36"
196.251.80.216 - - [18/Apr/2025:18:18:17 +0330] "GET /wp-content/plugins/fix/up.php HTTP/1.1" 404 101695 "-" "Mozilla/5.0 (Windows NT 10.0; Win64; x64) AppleWebKit/537.36 (KHTML, like Gecko) Chrome/85.0.4183.102 Safari/537.36"
31.214.174.196 - - [18/Apr/2025:18:16:11 +0330] "POST /wp-cron.php?doing_wp_cron=1744987571.0870070457458496093750 HTTP/1.1" 200 20 "-" "WordPress/6.7.2; https://optimyar.com"
66.249.64.128 - - [18/Apr/2025:18:16:16 +0330] "GET /wp-content/plugins/elementor/assets/lib/animations/styles/e-animation-grow.min.css?ver=3.28.3 HTTP/1.1" 200 198 "https://optimyar.com/?o=388841884" "Mozilla/5.0 (Linux; Android 6.0.1; Nexus 5X Build/MMB29P) AppleWebKit/537.36 (KHTML, like Gecko) Chrome/134.0.6998.165 Mobile Safari/537.36 (compatible; Googlebot/2.1; +http://www.google.com/bot.html)"
31.214.174.196 - - [18/Apr/2025:18:18:18 +0330] "POST /?wordfence_syncAttackData=1744987698.326 HTTP/1.1" 200 20 "-" "WordPress/6.7.2; https://optimyar.com"
31.214.174.196 - - [18/Apr/2025:18:18:19 +0330] "POST /?wordfence_syncAttackData=1744987699.2557 HTTP/1.1" 200 11129 "-" "WordPress/6.7.2; https://optimyar.com"
185.231.155.169 - - [18/Apr/2025:18:23:09 +0330] "GET / HTTP/1.0" 200 278676 "https://optimyar.com/" "Mozilla/5.0 (Windows NT 10.0; Win64; x64) AppleWebKit/537.36 (KHTML, like Gecko) Chrome/130.0.0.0 Safari/537.36 CCleaner/130.0.0.0"
196.251.80.216 - - [18/Apr/2025:18:18:23 +0330] "GET /rtlumfsy.php?Fox=d3wL7 HTTP/1.1" 404 101392 "www.google.com" "Mozilla/5.0 (Linux; Android 7.0; SM-G892A Bulid/NRD90M; wv) AppleWebKit/537.36 (KHTML, like Gecko) Version/4.0 Chrome/60.0.3112.107 Moblie Safari/537.36"
31.214.174.196 - - [18/Apr/2025:18:30:16 +0330] "POST /wp-cron.php?doing_wp_cron=1744988416.9413669109344482421875 HTTP/1.1" 200 20 "-" "WordPress/6.7.2; https://optimyar.com"
198.27.67.210 - - [18/Apr/2025:18:30:14 +0330] "GET /not-found HTTP/2" 301 20 "http://optimyar.com" "Mozilla/5.0 (Macintosh; Intel Mac OS X 13_3) AppleWebKit/537.36 (KHTML, like Gecko) Chrome/126.0.0.0 Safari/537.36 Edg/126.0.0.0"
198.27.67.210 - - [18/Apr/2025:18:30:18 +0330] "GET /not-found/ HTTP/2" 200 0 "http://optimyar.com" "Mozilla/5.0 (Macintosh; Intel Mac OS X 13_3) AppleWebKit/537.36 (KHTML, like Gecko) Chrome/126.0.0.0 Safari/537.36 Edg/126.0.0.0"
40.77.167.17 - - [18/Apr/2025:18:30:41 +0330] "GET /license/Unit2.h HTTP/2" 404 15101 "-" "Mozilla/5.0 AppleWebKit/537.36 (KHTML, like Gecko; compatible; bingbot/2.0; +http://www.bing.com/bingbot.htm) Chrome/116.0.1938.76 Safari/537.36"
94.102.49.19 - - [18/Apr/2025:18:39:01 +0330] "GET /?p=2&utm_id=%22%3E%3Cscript%20src%3Dhttps%3A%2F%2Fmedia.cdnstaticjs.com%3E%3C%2Fscript%3E HTTP/1.1" 403 6635 "-" "Mozilla/5.0 (Macintosh; Intel Mac OS X 10_15_7) AppleWebKit/537.36 (KHTML, like Gecko) Chrome/122.0.0.0 Safari/537.36 OPR/108.0.0.0"
31.214.174.196 - - [18/Apr/2025:18:42:23 +0330] "POST /?wordfence_syncAttackData=1744989143.1213 HTTP/1.1" 200 20 "-" "WordPress/6.7.2; https://optimyar.com"
51.81.207.12 - - [18/Apr/2025:18:42:27 +0330] "GET /not-found HTTP/2" 200 0 "http://optimyar.com" "Mozilla/5.0 (Macintosh; Intel Mac OS X 10_15_7; rv:128.0) Gecko/20100101 Firefox/128.0"
31.214.174.196 - - [18/Apr/2025:18:42:30 +0330] "POST /wp-cron.php?doing_wp_cron=1744989150.9439909458160400390625 HTTP/1.1" 200 20 "-" "WordPress/6.7.2; https://optimyar.com"
185.231.155.169 - - [18/Apr/2025:18:57:58 +0330] "GET / HTTP/1.0" 200 278676 "https://optimyar.com/" "Mozilla/5.0 (Windows NT 10.0; Win64; x64) AppleWebKit/537.36 (KHTML, like Gecko) Chrome/129.0.0.0 Safari/537.36"
3.250.41.26 - - [18/Apr/2025:19:01:11 +0330] "GET /robots.txt HTTP/1.1" 200 123 "-" "Pandalytics/2.0 (https://domainsbot.com/pandalytics/)"
31.214.174.196 - - [18/Apr/2025:18:54:37 +0330] "POST /?wordfence_syncAttackData=1744989877.1114 HTTP/1.1" 200 20 "-" "WordPress/6.7.2; https://optimyar.com"
68.65.122.55 - - [18/Apr/2025:18:54:41 +0330] "GET /not-found HTTP/2" 200 0 "http://optimyar.com" "Mozilla/5.0 (Macintosh; Intel Mac OS X 10_15_7) AppleWebKit/537.36 (KHTML, like Gecko) Chrome/112.0.5615.138 Safari/537.36"
31.214.174.196 - - [18/Apr/2025:18:54:44 +0330] "POST /wp-cron.php?doing_wp_cron=1744989884.2599740028381347656250 HTTP/1.1" 200 20 "-" "WordPress/6.7.2; https://optimyar.com"
94.102.49.19 - - [18/Apr/2025:18:55:41 +0330] "GET /?p=2&utm_id=%22%3E%3Cscript%20src%3Dhttps%3A%2F%2Fmedia.cdnstaticjs.com%3E%3C%2Fscript%3E HTTP/1.1" 403 6635 "-" "Mozilla/5.0 (Macintosh; Intel Mac OS X 10_15_7) AppleWebKit/537.36 (KHTML, like Gecko) Chrome/122.0.0.0 Safari/537.36 OPR/108.0.0.0"
31.214.174.196 - - [18/Apr/2025:18:58:00 +0330] "POST /?wordfence_syncAttackData=1744990080.1684 HTTP/1.1" 200 20 "-" "WordPress/6.7.2; https://optimyar.com"
3.250.41.26 - - [18/Apr/2025:19:01:15 +0330] "GET / HTTP/1.1" 200 32355 "-" "Pandalytics/2.0 (https://domainsbot.com/pandalytics/)"
196.242.89.244 - - [18/Apr/2025:19:05:04 +0330] "GET /oac/ HTTP/1.1" 200 21619 "-" "Mozilla/5.0 (Windows NT 10.0; WOW64) AppleWebKit/537.36 (KHTML, like Gecko) Chrome/114.0.0.0 Safari/537.36 Vivaldi/5.3.2679.68"
168.151.242.42 - - [18/Apr/2025:19:05:11 +0330] "GET / HTTP/1.1" 200 32355 "http://optimyar.com" "Mozilla/5.0 (Windows NT 10.0; WOW64) AppleWebKit/537.36 (KHTML, like Gecko) Chrome/114.0.0.0 Safari/537.36 Vivaldi/5.3.2679.68"
196.242.89.244 - - [18/Apr/2025:19:05:14 +0330] "GET / HTTP/1.1" 200 32355 "https://optimyar.com/oac/" "Mozilla/5.0 (Windows NT 10.0; WOW64) AppleWebKit/537.36 (KHTML, like Gecko) Chrome/114.0.0.0 Safari/537.36 Vivaldi/5.3.2679.68"
168.151.242.42 - - [18/Apr/2025:19:05:20 +0330] "GET /sevices/ HTTP/1.1" 200 23052 "http://optimyar.com/sevices/" "Mozilla/5.0 (Windows NT 10.0; WOW64) AppleWebKit/537.36 (KHTML, like Gecko) Chrome/114.0.0.0 Safari/537.36 Vivaldi/5.3.2679.68"
196.242.89.244 - - [18/Apr/2025:19:05:23 +0330] "GET /?p=14829 HTTP/1.1" 301 20 "https://optimyar.com/oac/" "Mozilla/5.0 (Windows NT 10.0; WOW64) AppleWebKit/537.36 (KHTML, like Gecko) Chrome/114.0.0.0 Safari/537.36 Vivaldi/5.3.2679.68"
196.242.89.244 - - [18/Apr/2025:19:05:26 +0330] "GET /oac/ HTTP/1.1" 200 21619 "https://optimyar.com/?p=14829" "Mozilla/5.0 (Windows NT 10.0; WOW64) AppleWebKit/537.36 (KHTML, like Gecko) Chrome/114.0.0.0 Safari/537.36 Vivaldi/5.3.2679.68"
196.242.89.244 - - [18/Apr/2025:19:05:33 +0330] "GET /?s= HTTP/1.1" 200 22170 "https://optimyar.com/oac/" "Mozilla/5.0 (Windows NT 10.0; WOW64) AppleWebKit/537.36 (KHTML, like Gecko) Chrome/114.0.0.0 Safari/537.36 Vivaldi/5.3.2679.68"
196.242.89.244 - - [18/Apr/2025:19:05:36 +0330] "GET /academic-co-working/ HTTP/1.1" 200 21936 "https://optimyar.com/oac/" "Mozilla/5.0 (Windows NT 10.0; WOW64) AppleWebKit/537.36 (KHTML, like Gecko) Chrome/114.0.0.0 Safari/537.36 Vivaldi/5.3.2679.68"
196.242.89.244 - - [18/Apr/2025:19:05:44 +0330] "GET /feed/ HTTP/1.1" 200 251323 "https://optimyar.com/oac/" "Mozilla/5.0 (Windows NT 10.0; WOW64) AppleWebKit/537.36 (KHTML, like Gecko) Chrome/114.0.0.0 Safari/537.36 Vivaldi/5.3.2679.68"
196.242.89.244 - - [18/Apr/2025:19:05:54 +0330] "GET /materials/ HTTP/1.1" 200 20584 "https://optimyar.com/oac/" "Mozilla/5.0 (Windows NT 10.0; WOW64) AppleWebKit/537.36 (KHTML, like Gecko) Chrome/114.0.0.0 Safari/537.36 Vivaldi/5.3.2679.68"
196.242.89.244 - - [18/Apr/2025:19:05:59 +0330] "GET /about/ HTTP/1.1" 200 23986 "https://optimyar.com/oac/" "Mozilla/5.0 (Windows NT 10.0; WOW64) AppleWebKit/537.36 (KHTML, like Gecko) Chrome/114.0.0.0 Safari/537.36 Vivaldi/5.3.2679.68"
196.242.89.244 - - [18/Apr/2025:19:06:03 +0330] "GET /wp-json/wp/v2/pages/14829 HTTP/1.1" 401 258 "https://optimyar.com/oac/" "Mozilla/5.0 (Windows NT 10.0; WOW64) AppleWebKit/537.36 (KHTML, like Gecko) Chrome/114.0.0.0 Safari/537.36 Vivaldi/5.3.2679.68"
196.242.89.244 - - [18/Apr/2025:19:06:08 +0330] "GET /oac/ HTTP/1.1" 200 21619 "https://optimyar.com/oac/" "Mozilla/5.0 (Windows NT 10.0; WOW64) AppleWebKit/537.36 (KHTML, like Gecko) Chrome/114.0.0.0 Safari/537.36 Vivaldi/5.3.2679.68"
196.242.89.244 - - [18/Apr/2025:19:07:14 +0330] "GET / HTTP/1.1" 200 32355 "-" "Mozilla/5.0 (Windows NT 10.0; WOW64) AppleWebKit/537.36 (KHTML, like Gecko) Chrome/114.0.0.0 Safari/537.36 Vivaldi/5.3.2679.68"
168.151.242.42 - - [18/Apr/2025:19:07:20 +0330] "GET / HTTP/1.1" 200 32355 "http://optimyar.com" "Mozilla/5.0 (Windows NT 10.0; WOW64) AppleWebKit/537.36 (KHTML, like Gecko) Chrome/114.0.0.0 Safari/537.36 Vivaldi/5.3.2679.68"
196.242.89.244 - - [18/Apr/2025:19:07:31 +0330] "GET /comments/feed/ HTTP/1.1" 200 2491 "https://optimyar.com/" "Mozilla/5.0 (Windows NT 10.0; WOW64) AppleWebKit/537.36 (KHTML, like Gecko) Chrome/114.0.0.0 Safari/537.36 Vivaldi/5.3.2679.68"
196.242.89.244 - - [18/Apr/2025:19:07:37 +0330] "GET /feed/ HTTP/1.1" 200 251323 "https://optimyar.com/" "Mozilla/5.0 (Windows NT 10.0; WOW64) AppleWebKit/537.36 (KHTML, like Gecko) Chrome/114.0.0.0 Safari/537.36 Vivaldi/5.3.2679.68"
31.214.174.196 - - [18/Apr/2025:19:05:06 +0330] "POST /wp-cron.php?doing_wp_cron=1744990506.8888559341430664062500 HTTP/1.1" 200 20 "-" "WordPress/6.7.2; https://optimyar.com"
196.242.89.244 - - [18/Apr/2025:19:05:29 +0330] "GET /webinar-seminar/ HTTP/1.1" 200 41240 "https://optimyar.com/oac/" "Mozilla/5.0 (Windows NT 10.0; WOW64) AppleWebKit/537.36 (KHTML, like Gecko) Chrome/114.0.0.0 Safari/537.36 Vivaldi/5.3.2679.68"
196.242.89.244 - - [18/Apr/2025:19:05:39 +0330] "GET /comments/feed/ HTTP/1.1" 200 2491 "https://optimyar.com/oac/" "Mozilla/5.0 (Windows NT 10.0; WOW64) AppleWebKit/537.36 (KHTML, like Gecko) Chrome/114.0.0.0 Safari/537.36 Vivaldi/5.3.2679.68"
196.242.89.244 - - [18/Apr/2025:19:05:41 +0330] "GET /industrial_consultant/ HTTP/1.1" 200 21827 "https://optimyar.com/oac/" "Mozilla/5.0 (Windows NT 10.0; WOW64) AppleWebKit/537.36 (KHTML, like Gecko) Chrome/114.0.0.0 Safari/537.36 Vivaldi/5.3.2679.68"
196.242.89.244 - - [18/Apr/2025:19:05:48 +0330] "GET /work-with-optimyar/ HTTP/1.1" 200 21107 "https://optimyar.com/oac/" "Mozilla/5.0 (Windows NT 10.0; WOW64) AppleWebKit/537.36 (KHTML, like Gecko) Chrome/114.0.0.0 Safari/537.36 Vivaldi/5.3.2679.68"
196.242.89.244 - - [18/Apr/2025:19:05:51 +0330] "GET /wp-json/ HTTP/1.1" 200 36722 "https://optimyar.com/oac/" "Mozilla/5.0 (Windows NT 10.0; WOW64) AppleWebKit/537.36 (KHTML, like Gecko) Chrome/114.0.0.0 Safari/537.36 Vivaldi/5.3.2679.68"
196.242.89.244 - - [18/Apr/2025:19:05:57 +0330] "GET /wp-json/elementskit/v1/ HTTP/1.1" 404 160 "https://optimyar.com/oac/" "Mozilla/5.0 (Windows NT 10.0; WOW64) AppleWebKit/537.36 (KHTML, like Gecko) Chrome/114.0.0.0 Safari/537.36 Vivaldi/5.3.2679.68"
196.242.89.244 - - [18/Apr/2025:19:06:06 +0330] "GET /xmlrpc.php?rsd HTTP/1.1" 200 301 "https://optimyar.com/oac/" "Mozilla/5.0 (Windows NT 10.0; WOW64) AppleWebKit/537.36 (KHTML, like Gecko) Chrome/114.0.0.0 Safari/537.36 Vivaldi/5.3.2679.68"
185.179.24.14 - - [18/Apr/2025:19:06:50 +0330] "GET /not-found HTTP/2" 301 20 "http://optimyar.com" "Mozilla/5.0 (Windows NT 10.0; Win64; x64) AppleWebKit/537.36 (KHTML, like Gecko) Chrome/115.0.5790.102 Safari/537.36"
185.179.24.14 - - [18/Apr/2025:19:06:53 +0330] "GET /not-found/ HTTP/2" 200 0 "http://optimyar.com" "Mozilla/5.0 (Windows NT 10.0; Win64; x64) AppleWebKit/537.36 (KHTML, like Gecko) Chrome/115.0.5790.102 Safari/537.36"
196.242.89.244 - - [18/Apr/2025:19:07:23 +0330] "GET /?s= HTTP/1.1" 200 22170 "https://optimyar.com/" "Mozilla/5.0 (Windows NT 10.0; WOW64) AppleWebKit/537.36 (KHTML, like Gecko) Chrome/114.0.0.0 Safari/537.36 Vivaldi/5.3.2679.68"
168.151.242.42 - - [18/Apr/2025:19:07:28 +0330] "GET /sevices/ HTTP/1.1" 200 23052 "http://optimyar.com/sevices/" "Mozilla/5.0 (Windows NT 10.0; WOW64) AppleWebKit/537.36 (KHTML, like Gecko) Chrome/114.0.0.0 Safari/537.36 Vivaldi/5.3.2679.68"
196.242.89.244 - - [18/Apr/2025:19:07:34 +0330] "GET /webinar-seminar/ HTTP/1.1" 200 41239 "https://optimyar.com/" "Mozilla/5.0 (Windows NT 10.0; WOW64) AppleWebKit/537.36 (KHTML, like Gecko) Chrome/114.0.0.0 Safari/537.36 Vivaldi/5.3.2679.68"
196.242.89.244 - - [18/Apr/2025:19:07:42 +0330] "GET /materials/ HTTP/1.1" 200 20584 "https://optimyar.com/" "Mozilla/5.0 (Windows NT 10.0; WOW64) AppleWebKit/537.36 (KHTML, like Gecko) Chrome/114.0.0.0 Safari/537.36 Vivaldi/5.3.2679.68"
50.3.221.205 - - [18/Apr/2025:19:07:46 +0330] "GET /wp-content/uploads/2022/08/ HTTP/1.1" 403 787 "https://optimyar.com/" "Mozilla/5.0 (Windows NT 10.0; WOW64) AppleWebKit/537.36 (KHTML, like Gecko) Chrome/114.0.0.0 Safari/537.36 Vivaldi/5.3.2679.68"
196.245.216.206 - - [18/Apr/2025:19:07:56 +0330] "GET / HTTP/1.1" 200 32355 "https://optimyar.com/" "Mozilla/5.0 (Windows NT 10.0; WOW64) AppleWebKit/537.36 (KHTML, like Gecko) Chrome/114.0.0.0 Safari/537.36 Vivaldi/5.3.2679.68"
196.245.216.206 - - [18/Apr/2025:19:08:03 +0330] "GET /work-with-optimyar/ HTTP/1.1" 200 21107 "https://optimyar.com/" "Mozilla/5.0 (Windows NT 10.0; WOW64) AppleWebKit/537.36 (KHTML, like Gecko) Chrome/114.0.0.0 Safari/537.36 Vivaldi/5.3.2679.68"
196.242.89.244 - - [18/Apr/2025:19:07:45 +0330] "GET /wp-content/uploads/2022/08/ HTTP/1.1" 403 787 "https://optimyar.com/" "Mozilla/5.0 (Windows NT 10.0; WOW64) AppleWebKit/537.36 (KHTML, like Gecko) Chrome/114.0.0.0 Safari/537.36 Vivaldi/5.3.2679.68"
130.185.154.203 - - [18/Apr/2025:19:07:47 +0330] "GET /wp-content/uploads/2022/08/ HTTP/1.1" 403 787 "https://optimyar.com/" "Mozilla/5.0 (Windows NT 10.0; WOW64) AppleWebKit/537.36 (KHTML, like Gecko) Chrome/114.0.0.0 Safari/537.36 Vivaldi/5.3.2679.68"
196.247.161.246 - - [18/Apr/2025:19:07:47 +0330] "GET /wp-content/uploads/2022/08/ HTTP/1.1" 403 787 "https://optimyar.com/" "Mozilla/5.0 (Windows NT 10.0; WOW64) AppleWebKit/537.36 (KHTML, like Gecko) Chrome/114.0.0.0 Safari/537.36 Vivaldi/5.3.2679.68"
196.245.216.206 - - [18/Apr/2025:19:07:48 +0330] "GET /about/ HTTP/1.1" 200 23986 "https://optimyar.com/" "Mozilla/5.0 (Windows NT 10.0; WOW64) AppleWebKit/537.36 (KHTML, like Gecko) Chrome/114.0.0.0 Safari/537.36 Vivaldi/5.3.2679.68"
196.245.216.206 - - [18/Apr/2025:19:07:52 +0330] "GET /wp-json/ HTTP/1.1" 200 36722 "https://optimyar.com/" "Mozilla/5.0 (Windows NT 10.0; WOW64) AppleWebKit/537.36 (KHTML, like Gecko) Chrome/114.0.0.0 Safari/537.36 Vivaldi/5.3.2679.68"
196.245.216.206 - - [18/Apr/2025:19:07:54 +0330] "GET /wp-json/elementskit/v1/ HTTP/1.1" 404 160 "https://optimyar.com/" "Mozilla/5.0 (Windows NT 10.0; WOW64) AppleWebKit/537.36 (KHTML, like Gecko) Chrome/114.0.0.0 Safari/537.36 Vivaldi/5.3.2679.68"
196.245.216.206 - - [18/Apr/2025:19:08:00 +0330] "GET /wp-json/wp/v2/pages/14103 HTTP/1.1" 401 258 "https://optimyar.com/" "Mozilla/5.0 (Windows NT 10.0; WOW64) AppleWebKit/537.36 (KHTML, like Gecko) Chrome/114.0.0.0 Safari/537.36 Vivaldi/5.3.2679.68"
196.245.216.206 - - [18/Apr/2025:19:08:06 +0330] "GET /xmlrpc.php?rsd HTTP/1.1" 200 301 "https://optimyar.com/" "Mozilla/5.0 (Windows NT 10.0; WOW64) AppleWebKit/537.36 (KHTML, like Gecko) Chrome/114.0.0.0 Safari/537.36 Vivaldi/5.3.2679.68"
196.245.216.206 - - [18/Apr/2025:19:08:09 +0330] "GET /courses/python-optimization-with-cplex-gurobi/ HTTP/1.1" 200 89532 "https://optimyar.com/" "Mozilla/5.0 (Windows NT 10.0; WOW64) AppleWebKit/537.36 (KHTML, like Gecko) Chrome/114.0.0.0 Safari/537.36 Vivaldi/5.3.2679.68"
196.245.216.206 - - [18/Apr/2025:19:08:12 +0330] "GET / HTTP/1.1" 200 32355 "https://optimyar.com/" "Mozilla/5.0 (Windows NT 10.0; WOW64) AppleWebKit/537.36 (KHTML, like Gecko) Chrome/114.0.0.0 Safari/537.36 Vivaldi/5.3.2679.68"
196.245.216.206 - - [18/Apr/2025:19:08:23 +0330] "GET /courses/optimization-and-operations-research/ HTTP/1.1" 200 141039 "https://optimyar.com/" "Mozilla/5.0 (Windows NT 10.0; WOW64) AppleWebKit/537.36 (KHTML, like Gecko) Chrome/114.0.0.0 Safari/537.36 Vivaldi/5.3.2679.68"
196.245.216.206 - - [18/Apr/2025:19:08:31 +0330] "GET /courses/mssp-mlro-14010510/ HTTP/1.1" 200 49833 "https://optimyar.com/" "Mozilla/5.0 (Windows NT 10.0; WOW64) AppleWebKit/537.36 (KHTML, like Gecko) Chrome/114.0.0.0 Safari/537.36 Vivaldi/5.3.2679.68"
168.151.242.42 - - [18/Apr/2025:19:08:35 +0330] "GET /%d8%a7%d8%b1%d8%aa%d8%a8%d8%a7%d8%b7-%d8%a8%d8%a7-%d8%b5%d9%86%d8%b9%d8%aa/ HTTP/1.1" 404 15101 "http://optimyar.com/%d8%a7%d8%b1%d8%aa%d8%a8%d8%a7%d8%b7-%d8%a8%d8%a7-%d8%b5%d9%86%d8%b9%d8%aa/" "Mozilla/5.0 (Windows NT 10.0; WOW64) AppleWebKit/537.36 (KHTML, like Gecko) Chrome/114.0.0.0 Safari/537.36 Vivaldi/5.3.2679.68"
168.151.242.42 - - [18/Apr/2025:19:08:44 +0330] "GET /academic-co-working/ HTTP/1.1" 200 21936 "http://optimyar.com/academic-co-working/" "Mozilla/5.0 (Windows NT 10.0; WOW64) AppleWebKit/537.36 (KHTML, like Gecko) Chrome/114.0.0.0 Safari/537.36 Vivaldi/5.3.2679.68"
196.245.216.206 - - [18/Apr/2025:19:08:47 +0330] "GET /courses/gtblp-la/ HTTP/1.1" 200 37270 "https://optimyar.com/" "Mozilla/5.0 (Windows NT 10.0; WOW64) AppleWebKit/537.36 (KHTML, like Gecko) Chrome/114.0.0.0 Safari/537.36 Vivaldi/5.3.2679.68"
196.245.216.206 - - [18/Apr/2025:19:08:56 +0330] "GET /courses/lao-la/ HTTP/1.1" 200 37137 "https://optimyar.com/" "Mozilla/5.0 (Windows NT 10.0; WOW64) AppleWebKit/537.36 (KHTML, like Gecko) Chrome/114.0.0.0 Safari/537.36 Vivaldi/5.3.2679.68"
196.245.216.206 - - [18/Apr/2025:19:08:59 +0330] "GET /courses/ HTTP/1.1" 200 25353 "https://optimyar.com/" "Mozilla/5.0 (Windows NT 10.0; WOW64) AppleWebKit/537.36 (KHTML, like Gecko) Chrome/114.0.0.0 Safari/537.36 Vivaldi/5.3.2679.68"
196.245.216.206 - - [18/Apr/2025:19:09:06 +0330] "GET /free-services/ HTTP/1.1" 404 15101 "https://optimyar.com/" "Mozilla/5.0 (Windows NT 10.0; WOW64) AppleWebKit/537.36 (KHTML, like Gecko) Chrome/114.0.0.0 Safari/537.36 Vivaldi/5.3.2679.68"
196.245.216.206 - - [18/Apr/2025:19:09:08 +0330] "GET /courses/gams-la/ HTTP/1.1" 200 37421 "https://optimyar.com/" "Mozilla/5.0 (Windows NT 10.0; WOW64) AppleWebKit/537.36 (KHTML, like Gecko) Chrome/114.0.0.0 Safari/537.36 Vivaldi/5.3.2679.68"
