66.249.64.132 - - [18/Apr/2025:21:35:11 +0330] "GET /?o=482569584 HTTP/1.1" 200 32357 "-" "Mozilla/5.0 (Linux; Android 6.0.1; Nexus 5X Build/MMB29P) AppleWebKit/537.36 (KHTML, like Gecko) Chrome/135.0.7049.95 Mobile Safari/537.36 (compatible; Googlebot/2.1; +http://www.google.com/bot.html)"
66.249.64.132 - - [18/Apr/2025:21:35:20 +0330] "GET /wp-content/plugins/jet-tabs/assets/css/jet-tabs-frontend.css?ver=2.2.8 HTTP/1.1" 200 3769 "https://optimyar.com/?o=482569584" "Mozilla/5.0 (Linux; Android 6.0.1; Nexus 5X Build/MMB29P) AppleWebKit/537.36 (KHTML, like Gecko) Chrome/134.0.6998.165 Mobile Safari/537.36 (compatible; Googlebot/2.1; +http://www.google.com/bot.html)"
66.249.64.132 - - [18/Apr/2025:21:35:20 +0330] "GET /wp-content/uploads/elementor/css/post-26319.css?ver=1744105134 HTTP/1.1" 200 999 "https://optimyar.com/?o=482569584" "Mozilla/5.0 (Linux; Android 6.0.1; Nexus 5X Build/MMB29P) AppleWebKit/537.36 (KHTML, like Gecko) Chrome/134.0.6998.165 Mobile Safari/537.36 (compatible; Googlebot/2.1; +http://www.google.com/bot.html)"
66.249.64.132 - - [18/Apr/2025:21:35:29 +0330] "GET /wp-content/plugins/elementor/assets/js/text-editor.c084ef86600b6f11690d.bundle.min.js HTTP/1.1" 200 621 "https://optimyar.com/?o=482569584" "Mozilla/5.0 (Linux; Android 6.0.1; Nexus 5X Build/MMB29P) AppleWebKit/537.36 (KHTML, like Gecko) Chrome/134.0.6998.165 Mobile Safari/537.36 (compatible; Googlebot/2.1; +http://www.google.com/bot.html)"
5.124.102.20 - - [18/Apr/2025:21:44:33 +0330] "GET /wp-content/uploads/2023/02/Gurobo_CPLEX.jpg HTTP/2" 200 180626 "https://www.google.com/" "Mozilla/5.0 (Linux; Android 12; 2207117BPG Build/SP1A.210812.016; wv) AppleWebKit/537.36 (KHTML, like Gecko) Version/4.0 Chrome/135.0.7049.99 Mobile Safari/537.36 GoogleApp/16.13.42.ve.arm64"
38.9.155.102 - - [18/Apr/2025:21:44:54 +0330] "POST /wp-login.php/wp-login.php HTTP/1.1" 302 20 "-" "Mozilla"
31.214.174.196 - - [18/Apr/2025:21:44:58 +0330] "POST /wp-cron.php?doing_wp_cron=1745000098.8148438930511474609375 HTTP/1.1" 200 20 "-" "WordPress/6.7.2; https://optimyar.com"
38.9.155.102 - - [18/Apr/2025:21:44:57 +0330] "GET /not-found HTTP/1.1" 301 20 "-" "Mozilla"
38.9.155.102 - - [18/Apr/2025:21:45:01 +0330] "GET /not-found/ HTTP/1.1" 404 15593 "-" "Mozilla"
66.249.64.132 - - [18/Apr/2025:21:35:20 +0330] "GET /wp-content/plugins/jet-elements/assets/css/skin/jet-carousel-rtl.css?ver=2.7.5 HTTP/1.1" 200 192 "https://optimyar.com/?o=482569584" "Mozilla/5.0 (Linux; Android 6.0.1; Nexus 5X Build/MMB29P) AppleWebKit/537.36 (KHTML, like Gecko) Chrome/134.0.6998.165 Mobile Safari/537.36 (compatible; Googlebot/2.1; +http://www.google.com/bot.html)"
66.249.64.132 - - [18/Apr/2025:21:35:21 +0330] "GET /wp-content/uploads/elementor/css/post-34.css?ver=1744105132 HTTP/1.1" 200 811 "https://optimyar.com/?o=482569584" "Mozilla/5.0 (Linux; Android 6.0.1; Nexus 5X Build/MMB29P) AppleWebKit/537.36 (KHTML, like Gecko) Chrome/134.0.6998.165 Mobile Safari/537.36 (compatible; Googlebot/2.1; +http://www.google.com/bot.html)"
66.249.64.132 - - [18/Apr/2025:21:35:24 +0330] "GET /wp-content/plugins/elementor/assets/lib/dialog/dialog.min.js?ver=4.9.3 HTTP/1.1" 200 3487 "https://optimyar.com/?o=482569584" "Mozilla/5.0 (Linux; Android 6.0.1; Nexus 5X Build/MMB29P) AppleWebKit/537.36 (KHTML, like Gecko) Chrome/134.0.6998.165 Mobile Safari/537.36 (compatible; Googlebot/2.1; +http://www.google.com/bot.html)"
188.166.98.92 - - [18/Apr/2025:21:36:29 +0330] "POST /xmlrpc.php HTTP/1.1" 503 7618 "-" "Mozilla/5.0 (Windows NT 10.0; Win64; x64; rv:82.0) Gecko/20100101 Firefox/82.0"
109.201.152.181 - - [18/Apr/2025:21:50:19 +0330] "GET /.well-known/assetlinks.json HTTP/1.1" 404 9907 "-" "Mozilla/5.0 (Macintosh; Intel Mac OS X 10_11_6) AppleWebKit/537.36 (KHTML, like Gecko) Chrome/53.0.2785.143 Safari/537.36"
5.113.236.242 - - [18/Apr/2025:21:50:43 +0330] "GET /courses/stochastic-programming/ HTTP/2" 200 76778 "-" "Mozilla/5.0 (Windows NT 10.0; Win64; x64) AppleWebKit/537.36 (KHTML, like Gecko) Chrome/135.0.0.0 Safari/537.36 Edg/135.0.0.0"
5.113.236.242 - - [18/Apr/2025:21:50:47 +0330] "GET /wp-content/uploads/elementor/css/post-35491.css?ver=1744226261 HTTP/2" 200 3671 "https://optimyar.com/courses/stochastic-programming/" "Mozilla/5.0 (Windows NT 10.0; Win64; x64) AppleWebKit/537.36 (KHTML, like Gecko) Chrome/135.0.0.0 Safari/537.36 Edg/135.0.0.0"
5.113.236.242 - - [18/Apr/2025:21:50:47 +0330] "GET /wp-content/plugins/elementor/assets/lib/font-awesome/js/v4-shims.min.js?ver=3.28.3 HTTP/2" 304 0 "https://optimyar.com/courses/stochastic-programming/" "Mozilla/5.0 (Windows NT 10.0; Win64; x64) AppleWebKit/537.36 (KHTML, like Gecko) Chrome/135.0.0.0 Safari/537.36 Edg/135.0.0.0"
5.113.236.242 - - [18/Apr/2025:21:50:47 +0330] "GET /wp-content/uploads/essential-addons-elementor/eael-18728.css?ver=1741441199 HTTP/2" 200 1753 "https://optimyar.com/courses/stochastic-programming/" "Mozilla/5.0 (Windows NT 10.0; Win64; x64) AppleWebKit/537.36 (KHTML, like Gecko) Chrome/135.0.0.0 Safari/537.36 Edg/135.0.0.0"
5.113.236.242 - - [18/Apr/2025:21:50:47 +0330] "GET /wp-content/uploads/2025/03/4.jpg HTTP/2" 200 2042268 "https://optimyar.com/courses/stochastic-programming/" "Mozilla/5.0 (Windows NT 10.0; Win64; x64) AppleWebKit/537.36 (KHTML, like Gecko) Chrome/135.0.0.0 Safari/537.36 Edg/135.0.0.0"
5.113.236.242 - - [18/Apr/2025:21:50:47 +0330] "GET /wp-content/plugins/elementor-pro/assets/lib/smartmenus/jquery.smartmenus.min.js?ver=1.2.1 HTTP/2" 304 0 "https://optimyar.com/courses/stochastic-programming/" "Mozilla/5.0 (Windows NT 10.0; Win64; x64) AppleWebKit/537.36 (KHTML, like Gecko) Chrome/135.0.0.0 Safari/537.36 Edg/135.0.0.0"
5.113.236.242 - - [18/Apr/2025:21:50:47 +0330] "GET /wp-content/plugins/elementor-pro/assets/lib/sticky/jquery.sticky.min.js?ver=3.28.2 HTTP/2" 304 0 "https://optimyar.com/courses/stochastic-programming/" "Mozilla/5.0 (Windows NT 10.0; Win64; x64) AppleWebKit/537.36 (KHTML, like Gecko) Chrome/135.0.0.0 Safari/537.36 Edg/135.0.0.0"
5.113.236.242 - - [18/Apr/2025:21:50:47 +0330] "GET /wp-content/plugins/elementskit-lite/libs/framework/assets/js/frontend-script.js?ver=3.4.8 HTTP/2" 304 0 "https://optimyar.com/courses/stochastic-programming/" "Mozilla/5.0 (Windows NT 10.0; Win64; x64) AppleWebKit/537.36 (KHTML, like Gecko) Chrome/135.0.0.0 Safari/537.36 Edg/135.0.0.0"
5.113.236.242 - - [18/Apr/2025:21:50:47 +0330] "GET /wp-content/plugins/elementskit-lite/widgets/init/assets/js/widget-scripts.js?ver=3.4.8 HTTP/2" 304 0 "https://optimyar.com/courses/stochastic-programming/" "Mozilla/5.0 (Windows NT 10.0; Win64; x64) AppleWebKit/537.36 (KHTML, like Gecko) Chrome/135.0.0.0 Safari/537.36 Edg/135.0.0.0"
5.113.236.242 - - [18/Apr/2025:21:50:47 +0330] "GET /wp-content/plugins/essential-addons-for-elementor-lite/assets/front-end/js/view/general.min.js?ver=6.1.9 HTTP/2" 304 0 "https://optimyar.com/courses/stochastic-programming/" "Mozilla/5.0 (Windows NT 10.0; Win64; x64) AppleWebKit/537.36 (KHTML, like Gecko) Chrome/135.0.0.0 Safari/537.36 Edg/135.0.0.0"
5.113.236.242 - - [18/Apr/2025:21:50:47 +0330] "GET /wp-content/uploads/essential-addons-elementor/eael-18728.js?ver=1741441199 HTTP/2" 200 974 "https://optimyar.com/courses/stochastic-programming/" "Mozilla/5.0 (Windows NT 10.0; Win64; x64) AppleWebKit/537.36 (KHTML, like Gecko) Chrome/135.0.0.0 Safari/537.36 Edg/135.0.0.0"
5.113.236.242 - - [18/Apr/2025:21:50:47 +0330] "GET /wp-content/plugins/elementor-pro/assets/js/webpack-pro.runtime.min.js?ver=3.28.2 HTTP/2" 304 0 "https://optimyar.com/courses/stochastic-programming/" "Mozilla/5.0 (Windows NT 10.0; Win64; x64) AppleWebKit/537.36 (KHTML, like Gecko) Chrome/135.0.0.0 Safari/537.36 Edg/135.0.0.0"
5.113.236.242 - - [18/Apr/2025:21:50:47 +0330] "GET /wp-content/plugins/elementor/assets/js/webpack.runtime.min.js?ver=3.28.3 HTTP/2" 304 0 "https://optimyar.com/courses/stochastic-programming/" "Mozilla/5.0 (Windows NT 10.0; Win64; x64) AppleWebKit/537.36 (KHTML, like Gecko) Chrome/135.0.0.0 Safari/537.36 Edg/135.0.0.0"
5.113.236.242 - - [18/Apr/2025:21:50:47 +0330] "GET /wp-content/plugins/elementor/assets/js/frontend-modules.min.js?ver=3.28.3 HTTP/2" 304 0 "https://optimyar.com/courses/stochastic-programming/" "Mozilla/5.0 (Windows NT 10.0; Win64; x64) AppleWebKit/537.36 (KHTML, like Gecko) Chrome/135.0.0.0 Safari/537.36 Edg/135.0.0.0"
5.113.236.242 - - [18/Apr/2025:21:50:47 +0330] "GET /wp-content/plugins/elementor-pro/assets/js/frontend.min.js?ver=3.28.2 HTTP/2" 304 0 "https://optimyar.com/courses/stochastic-programming/" "Mozilla/5.0 (Windows NT 10.0; Win64; x64) AppleWebKit/537.36 (KHTML, like Gecko) Chrome/135.0.0.0 Safari/537.36 Edg/135.0.0.0"
5.113.236.242 - - [18/Apr/2025:21:50:47 +0330] "GET /wp-content/plugins/elementor-pro/assets/js/elements-handlers.min.js?ver=3.28.2 HTTP/2" 304 0 "https://optimyar.com/courses/stochastic-programming/" "Mozilla/5.0 (Windows NT 10.0; Win64; x64) AppleWebKit/537.36 (KHTML, like Gecko) Chrome/135.0.0.0 Safari/537.36 Edg/135.0.0.0"
5.113.236.242 - - [18/Apr/2025:21:50:47 +0330] "GET /wp-content/plugins/elementor/assets/js/frontend.min.js?ver=3.28.3 HTTP/2" 304 0 "https://optimyar.com/courses/stochastic-programming/" "Mozilla/5.0 (Windows NT 10.0; Win64; x64) AppleWebKit/537.36 (KHTML, like Gecko) Chrome/135.0.0.0 Safari/537.36 Edg/135.0.0.0"
5.113.236.242 - - [18/Apr/2025:21:50:47 +0330] "GET /wp-content/plugins/jet-blocks/assets/js/jet-blocks.min.js?ver=1.3.17 HTTP/2" 304 0 "https://optimyar.com/courses/stochastic-programming/" "Mozilla/5.0 (Windows NT 10.0; Win64; x64) AppleWebKit/537.36 (KHTML, like Gecko) Chrome/135.0.0.0 Safari/537.36 Edg/135.0.0.0"
5.113.236.242 - - [18/Apr/2025:21:50:47 +0330] "GET /wp-content/plugins/jet-elements/assets/js/jet-elements.min.js?ver=2.7.5 HTTP/2" 304 0 "https://optimyar.com/courses/stochastic-programming/" "Mozilla/5.0 (Windows NT 10.0; Win64; x64) AppleWebKit/537.36 (KHTML, like Gecko) Chrome/135.0.0.0 Safari/537.36 Edg/135.0.0.0"
5.113.236.242 - - [18/Apr/2025:21:50:47 +0330] "GET /wp-content/plugins/jet-tabs/assets/js/jet-tabs-frontend.min.js?ver=2.2.8 HTTP/2" 304 0 "https://optimyar.com/courses/stochastic-programming/" "Mozilla/5.0 (Windows NT 10.0; Win64; x64) AppleWebKit/537.36 (KHTML, like Gecko) Chrome/135.0.0.0 Safari/537.36 Edg/135.0.0.0"
5.113.236.242 - - [18/Apr/2025:21:50:47 +0330] "GET /wp-content/plugins/elementskit-lite/widgets/init/assets/js/animate-circle.min.js?ver=3.4.8 HTTP/2" 304 0 "https://optimyar.com/courses/stochastic-programming/" "Mozilla/5.0 (Windows NT 10.0; Win64; x64) AppleWebKit/537.36 (KHTML, like Gecko) Chrome/135.0.0.0 Safari/537.36 Edg/135.0.0.0"
5.113.236.242 - - [18/Apr/2025:21:50:47 +0330] "GET /wp-content/plugins/elementskit-lite/widgets/init/assets/js/elementor.js?ver=3.4.8 HTTP/2" 304 0 "https://optimyar.com/courses/stochastic-programming/" "Mozilla/5.0 (Windows NT 10.0; Win64; x64) AppleWebKit/537.36 (KHTML, like Gecko) Chrome/135.0.0.0 Safari/537.36 Edg/135.0.0.0"
5.113.236.242 - - [18/Apr/2025:21:50:52 +0330] "GET /wp-content/plugins/elementor/assets/lib/dialog/dialog.min.js?ver=4.9.3 HTTP/2" 304 0 "https://optimyar.com/courses/stochastic-programming/" "Mozilla/5.0 (Windows NT 10.0; Win64; x64) AppleWebKit/537.36 (KHTML, like Gecko) Chrome/135.0.0.0 Safari/537.36 Edg/135.0.0.0"
5.113.236.242 - - [18/Apr/2025:21:50:52 +0330] "GET /wp-content/plugins/elementor-pro/assets/js/nav-menu.a23fbd67486c5bedf26c.bundle.min.js HTTP/2" 304 0 "https://optimyar.com/courses/stochastic-programming/" "Mozilla/5.0 (Windows NT 10.0; Win64; x64) AppleWebKit/537.36 (KHTML, like Gecko) Chrome/135.0.0.0 Safari/537.36 Edg/135.0.0.0"
5.113.236.242 - - [18/Apr/2025:21:50:52 +0330] "GET /wp-content/plugins/elementor-pro/assets/js/share-buttons.63d984f8c96d1e053bc0.bundle.min.js HTTP/2" 304 0 "https://optimyar.com/courses/stochastic-programming/" "Mozilla/5.0 (Windows NT 10.0; Win64; x64) AppleWebKit/537.36 (KHTML, like Gecko) Chrome/135.0.0.0 Safari/537.36 Edg/135.0.0.0"
5.113.236.242 - - [18/Apr/2025:21:50:52 +0330] "GET /wp-content/plugins/elementor/assets/lib/share-link/share-link.min.js?ver=3.28.3 HTTP/2" 304 0 "https://optimyar.com/courses/stochastic-programming/" "Mozilla/5.0 (Windows NT 10.0; Win64; x64) AppleWebKit/537.36 (KHTML, like Gecko) Chrome/135.0.0.0 Safari/537.36 Edg/135.0.0.0"
66.249.64.129 - - [18/Apr/2025:21:51:26 +0330] "GET /courses/stochastic-programming/ HTTP/1.1" 200 76779 "-" "Mozilla/5.0 (Linux; Android 6.0.1; Nexus 5X Build/MMB29P) AppleWebKit/537.36 (KHTML, like Gecko) Chrome/135.0.7049.52 Mobile Safari/537.36 (compatible; Google-InspectionTool/1.0;)"
66.249.64.132 - - [18/Apr/2025:21:51:32 +0330] "GET /wp-content/plugins/elementor-pro/assets/css/widget-nav-menu-rtl.min.css?ver=3.28.2 HTTP/1.1" 200 3179 "https://optimyar.com/courses/stochastic-programming/" "Mozilla/5.0 (Linux; Android 6.0.1; Nexus 5X Build/MMB29P) AppleWebKit/537.36 (KHTML, like Gecko) Chrome/134.0.6998.165 Mobile Safari/537.36 (compatible; Google-InspectionTool/1.0)"
66.249.64.128 - - [18/Apr/2025:21:51:32 +0330] "GET /wp-content/plugins/elementor/assets/css/widget-heading-rtl.min.css?ver=3.28.3 HTTP/1.1" 200 154 "https://optimyar.com/courses/stochastic-programming/" "Mozilla/5.0 (X11; Linux x86_64) AppleWebKit/537.36 (KHTML, like Gecko) Chrome/134.0.6998.165 Safari/537.36 (compatible; Google-InspectionTool/1.0)"
66.249.64.132 - - [18/Apr/2025:21:51:32 +0330] "GET /wp-content/uploads/elementor/css/custom-jet-blocks-rtl.css?ver=1.3.17 HTTP/1.1" 200 5246 "https://optimyar.com/courses/stochastic-programming/" "Mozilla/5.0 (Linux; Android 6.0.1; Nexus 5X Build/MMB29P) AppleWebKit/537.36 (KHTML, like Gecko) Chrome/134.0.6998.165 Mobile Safari/537.36 (compatible; Google-InspectionTool/1.0)"
66.249.64.128 - - [18/Apr/2025:21:51:32 +0330] "GET /wp-content/plugins/elementor/assets/lib/eicons/css/elementor-icons.min.css?ver=5.36.0 HTTP/1.1" 200 3845 "https://optimyar.com/courses/stochastic-programming/" "Mozilla/5.0 (X11; Linux x86_64) AppleWebKit/537.36 (KHTML, like Gecko) Chrome/134.0.6998.165 Safari/537.36 (compatible; Google-InspectionTool/1.0)"
66.249.64.128 - - [18/Apr/2025:21:51:32 +0330] "GET /wp-content/plugins/persian-elementor/assets/css/font.css?ver=2.13.9 HTTP/1.1" 200 1874 "https://optimyar.com/courses/stochastic-programming/" "Mozilla/5.0 (X11; Linux x86_64) AppleWebKit/537.36 (KHTML, like Gecko) Chrome/134.0.6998.165 Safari/537.36 (compatible; Google-InspectionTool/1.0)"
66.249.64.128 - - [18/Apr/2025:21:51:32 +0330] "GET /wp-content/plugins/elementor/assets/css/widget-spacer-rtl.min.css?ver=3.28.3 HTTP/1.1" 200 315 "https://optimyar.com/courses/stochastic-programming/" "Mozilla/5.0 (X11; Linux x86_64) AppleWebKit/537.36 (KHTML, like Gecko) Chrome/134.0.6998.165 Safari/537.36 (compatible; Google-InspectionTool/1.0)"
66.249.64.128 - - [18/Apr/2025:21:51:32 +0330] "GET /wp-content/plugins/elementor-pro/assets/css/modules/sticky.min.css?ver=3.28.2 HTTP/1.1" 200 162 "https://optimyar.com/courses/stochastic-programming/" "Mozilla/5.0 (X11; Linux x86_64) AppleWebKit/537.36 (KHTML, like Gecko) Chrome/134.0.6998.165 Safari/537.36 (compatible; Google-InspectionTool/1.0)"
66.249.64.132 - - [18/Apr/2025:21:51:32 +0330] "GET /wp-content/plugins/jet-tabs/assets/css/jet-tabs-frontend.css?ver=2.2.8 HTTP/1.1" 200 3769 "https://optimyar.com/courses/stochastic-programming/" "Mozilla/5.0 (X11; Linux x86_64) AppleWebKit/537.36 (KHTML, like Gecko) Chrome/134.0.6998.165 Safari/537.36 (compatible; Google-InspectionTool/1.0)"
38.9.155.102 - - [18/Apr/2025:21:49:56 +0330] "POST /wp-login.php/wp-login.php HTTP/1.1" 302 20 "-" "Mozilla"
38.9.155.102 - - [18/Apr/2025:21:49:58 +0330] "GET /not-found HTTP/1.1" 301 20 "-" "Mozilla"
38.9.155.102 - - [18/Apr/2025:21:50:01 +0330] "GET /not-found/ HTTP/1.1" 404 15593 "-" "Mozilla"
109.201.152.181 - - [18/Apr/2025:21:51:12 +0330] "GET /.well-known/assetlinks.json HTTP/1.1" 404 9907 "-" "Mozilla/5.0 (Macintosh; Intel Mac OS X 10_11_6) AppleWebKit/537.36 (KHTML, like Gecko) Chrome/53.0.2785.143 Safari/537.36"
66.249.64.129 - - [18/Apr/2025:21:51:26 +0330] "GET /courses/stochastic-programming/ HTTP/1.1" 200 76778 "-" "Mozilla/5.0 (compatible; Google-InspectionTool/1.0;)"
66.249.64.128 - - [18/Apr/2025:21:51:29 +0330] "GET /robots.txt HTTP/1.1" 200 123 "-" "Mozilla/5.0 (compatible; Googlebot/2.1; +http://www.google.com/bot.html)"
66.249.64.132 - - [18/Apr/2025:21:51:32 +0330] "GET /wp-content/plugins/elementor-pro/assets/css/widget-form-rtl.min.css?ver=3.28.2 HTTP/1.1" 200 1407 "https://optimyar.com/courses/stochastic-programming/" "Mozilla/5.0 (X11; Linux x86_64) AppleWebKit/537.36 (KHTML, like Gecko) Chrome/134.0.6998.165 Safari/537.36 (compatible; Google-InspectionTool/1.0)"
66.249.64.132 - - [18/Apr/2025:21:51:32 +0330] "GET /wp-content/plugins/elementor-pro/assets/css/conditionals/popup.min.css?ver=3.28.2 HTTP/1.1" 200 328 "https://optimyar.com/courses/stochastic-programming/" "Mozilla/5.0 (X11; Linux x86_64) AppleWebKit/537.36 (KHTML, like Gecko) Chrome/134.0.6998.165 Safari/537.36 (compatible; Google-InspectionTool/1.0)"
66.249.64.128 - - [18/Apr/2025:21:51:32 +0330] "GET /wp-content/plugins/elementor/assets/css/frontend-rtl.min.css?ver=3.28.3 HTTP/1.1" 200 6454 "https://optimyar.com/courses/stochastic-programming/" "Mozilla/5.0 (X11; Linux x86_64) AppleWebKit/537.36 (KHTML, like Gecko) Chrome/134.0.6998.165 Safari/537.36 (compatible; Google-InspectionTool/1.0)"
66.249.64.132 - - [18/Apr/2025:21:51:32 +0330] "GET /wp-content/themes/skelementor/style.css?ver=6.7.2 HTTP/1.1" 200 820 "https://optimyar.com/courses/stochastic-programming/" "Mozilla/5.0 (Linux; Android 6.0.1; Nexus 5X Build/MMB29P) AppleWebKit/537.36 (KHTML, like Gecko) Chrome/134.0.6998.165 Mobile Safari/537.36 (compatible; Google-InspectionTool/1.0)"
66.249.64.132 - - [18/Apr/2025:21:51:32 +0330] "GET /wp-content/plugins/elementor/assets/css/widget-google_maps-rtl.min.css?ver=3.28.3 HTTP/1.1" 200 117 "https://optimyar.com/courses/stochastic-programming/" "Mozilla/5.0 (X11; Linux x86_64) AppleWebKit/537.36 (KHTML, like Gecko) Chrome/134.0.6998.165 Safari/537.36 (compatible; Google-InspectionTool/1.0)"
66.249.64.132 - - [18/Apr/2025:21:51:32 +0330] "GET /wp-content/plugins/elementor-pro/assets/css/widget-nav-menu-rtl.min.css?ver=3.28.2 HTTP/1.1" 200 3179 "https://optimyar.com/courses/stochastic-programming/" "Mozilla/5.0 (X11; Linux x86_64) AppleWebKit/537.36 (KHTML, like Gecko) Chrome/134.0.6998.165 Safari/537.36 (compatible; Google-InspectionTool/1.0)"
66.249.64.128 - - [18/Apr/2025:21:51:32 +0330] "GET /wp-content/plugins/elementor/assets/css/conditionals/apple-webkit.min.css?ver=3.28.3 HTTP/1.1" 200 472 "https://optimyar.com/courses/stochastic-programming/" "Mozilla/5.0 (X11; Linux x86_64) AppleWebKit/537.36 (KHTML, like Gecko) Chrome/134.0.6998.165 Safari/537.36 (compatible; Google-InspectionTool/1.0)"
66.249.64.132 - - [18/Apr/2025:21:51:32 +0330] "GET /wp-content/plugins/elementor-pro/assets/css/modules/sticky.min.css?ver=3.28.2 HTTP/1.1" 200 162 "https://optimyar.com/courses/stochastic-programming/" "Mozilla/5.0 (Linux; Android 6.0.1; Nexus 5X Build/MMB29P) AppleWebKit/537.36 (KHTML, like Gecko) Chrome/134.0.6998.165 Mobile Safari/537.36 (compatible; Google-InspectionTool/1.0)"
66.249.64.132 - - [18/Apr/2025:21:51:32 +0330] "GET /wp-content/uploads/elementor/css/post-34.css?ver=1744105132 HTTP/1.1" 200 811 "https://optimyar.com/courses/stochastic-programming/" "Mozilla/5.0 (Linux; Android 6.0.1; Nexus 5X Build/MMB29P) AppleWebKit/537.36 (KHTML, like Gecko) Chrome/134.0.6998.165 Mobile Safari/537.36 (compatible; Google-InspectionTool/1.0)"
66.249.64.132 - - [18/Apr/2025:21:51:32 +0330] "GET /wp-content/plugins/elementor/assets/css/widget-icon-list-rtl.min.css?ver=3.28.3 HTTP/1.1" 200 952 "https://optimyar.com/courses/stochastic-programming/" "Mozilla/5.0 (Linux; Android 6.0.1; Nexus 5X Build/MMB29P) AppleWebKit/537.36 (KHTML, like Gecko) Chrome/134.0.6998.165 Mobile Safari/537.36 (compatible; Google-InspectionTool/1.0)"
66.249.64.132 - - [18/Apr/2025:21:51:32 +0330] "GET /wp-content/plugins/persian-elementor/includes/icons/efaicons/style.css?ver=2.13.9 HTTP/1.1" 200 706 "https://optimyar.com/courses/stochastic-programming/" "Mozilla/5.0 (Linux; Android 6.0.1; Nexus 5X Build/MMB29P) AppleWebKit/537.36 (KHTML, like Gecko) Chrome/134.0.6998.165 Mobile Safari/537.36 (compatible; Google-InspectionTool/1.0)"
66.249.64.128 - - [18/Apr/2025:21:51:32 +0330] "GET /wp-content/plugins/elementor/assets/lib/animations/styles/e-animation-grow.min.css?ver=3.28.3 HTTP/1.1" 200 198 "https://optimyar.com/courses/stochastic-programming/" "Mozilla/5.0 (X11; Linux x86_64) AppleWebKit/537.36 (KHTML, like Gecko) Chrome/134.0.6998.165 Safari/537.36 (compatible; Google-InspectionTool/1.0)"
66.249.64.132 - - [18/Apr/2025:21:51:32 +0330] "GET /wp-content/plugins/elementor/assets/lib/font-awesome/css/v4-shims.min.css?ver=3.28.3 HTTP/1.1" 200 3987 "https://optimyar.com/courses/stochastic-programming/" "Mozilla/5.0 (Linux; Android 6.0.1; Nexus 5X Build/MMB29P) AppleWebKit/537.36 (KHTML, like Gecko) Chrome/134.0.6998.165 Mobile Safari/537.36 (compatible; Google-InspectionTool/1.0)"
66.249.64.132 - - [18/Apr/2025:21:51:32 +0330] "GET /wp-content/plugins/persian-elementor/includes/icons/efaicons/style.css?ver=2.13.9 HTTP/1.1" 200 706 "https://optimyar.com/courses/stochastic-programming/" "Mozilla/5.0 (X11; Linux x86_64) AppleWebKit/537.36 (KHTML, like Gecko) Chrome/134.0.6998.165 Safari/537.36 (compatible; Google-InspectionTool/1.0)"
66.249.64.132 - - [18/Apr/2025:21:51:32 +0330] "GET /wp-content/plugins/elementor/assets/lib/font-awesome/css/v4-shims.min.css?ver=3.28.3 HTTP/1.1" 200 3987 "https://optimyar.com/courses/stochastic-programming/" "Mozilla/5.0 (X11; Linux x86_64) AppleWebKit/537.36 (KHTML, like Gecko) Chrome/134.0.6998.165 Safari/537.36 (compatible; Google-InspectionTool/1.0)"
66.249.64.128 - - [18/Apr/2025:21:51:32 +0330] "GET /wp-content/plugins/elementor/assets/css/widget-icon-list-rtl.min.css?ver=3.28.3 HTTP/1.1" 200 952 "https://optimyar.com/courses/stochastic-programming/" "Mozilla/5.0 (X11; Linux x86_64) AppleWebKit/537.36 (KHTML, like Gecko) Chrome/134.0.6998.165 Safari/537.36 (compatible; Google-InspectionTool/1.0)"
66.249.64.128 - - [18/Apr/2025:21:51:32 +0330] "GET /wp-content/plugins/elementor/assets/css/widget-divider-rtl.min.css?ver=3.28.3 HTTP/1.1" 200 705 "https://optimyar.com/courses/stochastic-programming/" "Mozilla/5.0 (X11; Linux x86_64) AppleWebKit/537.36 (KHTML, like Gecko) Chrome/134.0.6998.165 Safari/537.36 (compatible; Google-InspectionTool/1.0)"
66.249.64.132 - - [18/Apr/2025:21:51:32 +0330] "GET /wp-content/plugins/elementor/assets/lib/font-awesome/css/fontawesome.min.css?ver=5.15.3 HTTP/1.1" 200 12164 "https://optimyar.com/courses/stochastic-programming/" "Mozilla/5.0 (X11; Linux x86_64) AppleWebKit/537.36 (KHTML, like Gecko) Chrome/134.0.6998.165 Safari/537.36 (compatible; Google-InspectionTool/1.0)"
66.249.64.128 - - [18/Apr/2025:21:51:32 +0330] "GET /wp-content/plugins/elementor/assets/css/frontend-rtl.min.css?ver=3.28.3 HTTP/1.1" 200 6454 "https://optimyar.com/courses/stochastic-programming/" "Mozilla/5.0 (Linux; Android 6.0.1; Nexus 5X Build/MMB29P) AppleWebKit/537.36 (KHTML, like Gecko) Chrome/134.0.6998.165 Mobile Safari/537.36 (compatible; Google-InspectionTool/1.0)"
66.249.64.132 - - [18/Apr/2025:21:51:32 +0330] "GET /wp-content/plugins/elementor/assets/lib/animations/styles/e-animation-grow.min.css?ver=3.28.3 HTTP/1.1" 200 198 "https://optimyar.com/courses/stochastic-programming/" "Mozilla/5.0 (Linux; Android 6.0.1; Nexus 5X Build/MMB29P) AppleWebKit/537.36 (KHTML, like Gecko) Chrome/134.0.6998.165 Mobile Safari/537.36 (compatible; Google-InspectionTool/1.0)"
66.249.64.128 - - [18/Apr/2025:21:51:32 +0330] "GET /wp-content/uploads/elementor/css/post-34.css?ver=1744105132 HTTP/1.1" 200 811 "https://optimyar.com/courses/stochastic-programming/" "Mozilla/5.0 (X11; Linux x86_64) AppleWebKit/537.36 (KHTML, like Gecko) Chrome/134.0.6998.165 Safari/537.36 (compatible; Google-InspectionTool/1.0)"
66.249.64.128 - - [18/Apr/2025:21:51:32 +0330] "GET /wp-content/plugins/elementor/assets/css/widget-social-icons-rtl.min.css?ver=3.28.3 HTTP/1.1" 200 1069 "https://optimyar.com/courses/stochastic-programming/" "Mozilla/5.0 (X11; Linux x86_64) AppleWebKit/537.36 (KHTML, like Gecko) Chrome/134.0.6998.165 Safari/537.36 (compatible; Google-InspectionTool/1.0)"
66.249.64.128 - - [18/Apr/2025:21:51:32 +0330] "GET /wp-content/plugins/elementor/assets/lib/font-awesome/css/all.min.css?ver=3.28.3 HTTP/1.1" 200 12380 "https://optimyar.com/courses/stochastic-programming/" "Mozilla/5.0 (Linux; Android 6.0.1; Nexus 5X Build/MMB29P) AppleWebKit/537.36 (KHTML, like Gecko) Chrome/134.0.6998.165 Mobile Safari/537.36 (compatible; Google-InspectionTool/1.0)"
66.249.64.132 - - [18/Apr/2025:21:51:32 +0330] "GET /wp-content/plugins/elementor-extras/assets/lib/nicons/css/nicons.css?ver=2.2.52 HTTP/1.1" 200 1153 "https://optimyar.com/courses/stochastic-programming/" "Mozilla/5.0 (X11; Linux x86_64) AppleWebKit/537.36 (KHTML, like Gecko) Chrome/134.0.6998.165 Safari/537.36 (compatible; Google-InspectionTool/1.0)"
66.249.64.132 - - [18/Apr/2025:21:51:32 +0330] "GET /wp-content/plugins/elementor/assets/lib/animations/styles/e-animation-bounce-in.min.css?ver=3.28.3 HTTP/1.1" 200 124 "https://optimyar.com/courses/stochastic-programming/" "Mozilla/5.0 (X11; Linux x86_64) AppleWebKit/537.36 (KHTML, like Gecko) Chrome/134.0.6998.165 Safari/537.36 (compatible; Google-InspectionTool/1.0)"
66.249.64.128 - - [18/Apr/2025:21:51:32 +0330] "GET /wp-content/uploads/elementor/css/custom-jet-blocks-rtl.css?ver=1.3.17 HTTP/1.1" 200 5246 "https://optimyar.com/courses/stochastic-programming/" "Mozilla/5.0 (X11; Linux x86_64) AppleWebKit/537.36 (KHTML, like Gecko) Chrome/134.0.6998.165 Safari/537.36 (compatible; Google-InspectionTool/1.0)"
66.249.64.128 - - [18/Apr/2025:21:51:32 +0330] "GET /wp-content/plugins/elementor-extras/assets/css/frontend-rtl.min.css?ver=2.2.52 HTTP/1.1" 200 23590 "https://optimyar.com/courses/stochastic-programming/" "Mozilla/5.0 (X11; Linux x86_64) AppleWebKit/537.36 (KHTML, like Gecko) Chrome/134.0.6998.165 Safari/537.36 (compatible; Google-InspectionTool/1.0)"
66.249.64.128 - - [18/Apr/2025:21:51:32 +0330] "GET /wp-content/plugins/elementor-extras/assets/lib/nicons/css/nicons.css?ver=2.2.52 HTTP/1.1" 200 1153 "https://optimyar.com/courses/stochastic-programming/" "Mozilla/5.0 (Linux; Android 6.0.1; Nexus 5X Build/MMB29P) AppleWebKit/537.36 (KHTML, like Gecko) Chrome/134.0.6998.165 Mobile Safari/537.36 (compatible; Google-InspectionTool/1.0)"
66.249.64.128 - - [18/Apr/2025:21:51:32 +0330] "GET /wp-content/plugins/elementor/assets/css/conditionals/apple-webkit.min.css?ver=3.28.3 HTTP/1.1" 200 472 "https://optimyar.com/courses/stochastic-programming/" "Mozilla/5.0 (Linux; Android 6.0.1; Nexus 5X Build/MMB29P) AppleWebKit/537.36 (KHTML, like Gecko) Chrome/134.0.6998.165 Mobile Safari/537.36 (compatible; Google-InspectionTool/1.0)"
66.249.64.132 - - [18/Apr/2025:21:51:32 +0330] "GET /wp-content/plugins/persian-elementor/assets/css/font.css?ver=2.13.9 HTTP/1.1" 200 1874 "https://optimyar.com/courses/stochastic-programming/" "Mozilla/5.0 (Linux; Android 6.0.1; Nexus 5X Build/MMB29P) AppleWebKit/537.36 (KHTML, like Gecko) Chrome/134.0.6998.165 Mobile Safari/537.36 (compatible; Google-InspectionTool/1.0)"
66.249.64.128 - - [18/Apr/2025:21:51:32 +0330] "GET /wp-content/plugins/jet-tabs/assets/css/jet-tabs-frontend.css?ver=2.2.8 HTTP/1.1" 200 3769 "https://optimyar.com/courses/stochastic-programming/" "Mozilla/5.0 (Linux; Android 6.0.1; Nexus 5X Build/MMB29P) AppleWebKit/537.36 (KHTML, like Gecko) Chrome/134.0.6998.165 Mobile Safari/537.36 (compatible; Google-InspectionTool/1.0)"
66.249.64.128 - - [18/Apr/2025:21:51:32 +0330] "GET /wp-content/plugins/elementor/assets/lib/font-awesome/css/solid.min.css?ver=5.15.3 HTTP/1.1" 200 286 "https://optimyar.com/courses/stochastic-programming/" "Mozilla/5.0 (X11; Linux x86_64) AppleWebKit/537.36 (KHTML, like Gecko) Chrome/134.0.6998.165 Safari/537.36 (compatible; Google-InspectionTool/1.0)"
66.249.64.132 - - [18/Apr/2025:21:51:32 +0330] "GET /wp-content/plugins/elementor/assets/lib/font-awesome/css/brands.min.css?ver=5.15.3 HTTP/1.1" 200 284 "https://optimyar.com/courses/stochastic-programming/" "Mozilla/5.0 (X11; Linux x86_64) AppleWebKit/537.36 (KHTML, like Gecko) Chrome/134.0.6998.165 Safari/537.36 (compatible; Google-InspectionTool/1.0)"
66.249.64.128 - - [18/Apr/2025:21:51:32 +0330] "GET /wp-content/plugins/elementor/assets/lib/eicons/css/elementor-icons.min.css?ver=5.36.0 HTTP/1.1" 200 3845 "https://optimyar.com/courses/stochastic-programming/" "Mozilla/5.0 (Linux; Android 6.0.1; Nexus 5X Build/MMB29P) AppleWebKit/537.36 (KHTML, like Gecko) Chrome/134.0.6998.165 Mobile Safari/537.36 (compatible; Google-InspectionTool/1.0)"
66.249.64.128 - - [18/Apr/2025:21:51:32 +0330] "GET /wp-content/plugins/elementor/assets/css/widget-image-rtl.min.css?ver=3.28.3 HTTP/1.1" 200 119 "https://optimyar.com/courses/stochastic-programming/" "Mozilla/5.0 (Linux; Android 6.0.1; Nexus 5X Build/MMB29P) AppleWebKit/537.36 (KHTML, like Gecko) Chrome/134.0.6998.165 Mobile Safari/537.36 (compatible; Google-InspectionTool/1.0)"
66.249.64.128 - - [18/Apr/2025:21:51:32 +0330] "GET /wp-content/plugins/elementor/assets/css/widget-google_maps-rtl.min.css?ver=3.28.3 HTTP/1.1" 200 117 "https://optimyar.com/courses/stochastic-programming/" "Mozilla/5.0 (Linux; Android 6.0.1; Nexus 5X Build/MMB29P) AppleWebKit/537.36 (KHTML, like Gecko) Chrome/134.0.6998.165 Mobile Safari/537.36 (compatible; Google-InspectionTool/1.0)"
66.249.64.132 - - [18/Apr/2025:21:51:32 +0330] "GET /wp-content/plugins/elementor/assets/css/widget-spacer-rtl.min.css?ver=3.28.3 HTTP/1.1" 200 315 "https://optimyar.com/courses/stochastic-programming/" "Mozilla/5.0 (Linux; Android 6.0.1; Nexus 5X Build/MMB29P) AppleWebKit/537.36 (KHTML, like Gecko) Chrome/134.0.6998.165 Mobile Safari/537.36 (compatible; Google-InspectionTool/1.0)"
66.249.64.132 - - [18/Apr/2025:21:51:32 +0330] "GET /wp-content/plugins/elementor/assets/css/widget-divider-rtl.min.css?ver=3.28.3 HTTP/1.1" 200 705 "https://optimyar.com/courses/stochastic-programming/" "Mozilla/5.0 (Linux; Android 6.0.1; Nexus 5X Build/MMB29P) AppleWebKit/537.36 (KHTML, like Gecko) Chrome/134.0.6998.165 Mobile Safari/537.36 (compatible; Google-InspectionTool/1.0)"
66.249.64.128 - - [18/Apr/2025:21:51:32 +0330] "GET /wp-content/plugins/elementor-pro/assets/css/widget-share-buttons-rtl.min.css?ver=3.28.2 HTTP/1.1" 200 2111 "https://optimyar.com/courses/stochastic-programming/" "Mozilla/5.0 (Linux; Android 6.0.1; Nexus 5X Build/MMB29P) AppleWebKit/537.36 (KHTML, like Gecko) Chrome/134.0.6998.165 Mobile Safari/537.36 (compatible; Google-InspectionTool/1.0)"
66.249.64.132 - - [18/Apr/2025:21:51:32 +0330] "GET /wp-content/plugins/elementor/assets/lib/font-awesome/css/fontawesome.min.css?ver=5.15.3 HTTP/1.1" 200 12164 "https://optimyar.com/courses/stochastic-programming/" "Mozilla/5.0 (Linux; Android 6.0.1; Nexus 5X Build/MMB29P) AppleWebKit/537.36 (KHTML, like Gecko) Chrome/134.0.6998.165 Mobile Safari/537.36 (compatible; Google-InspectionTool/1.0)"
66.249.64.132 - - [18/Apr/2025:21:51:32 +0330] "GET /wp-content/plugins/elementor/assets/css/widget-social-icons-rtl.min.css?ver=3.28.3 HTTP/1.1" 200 1069 "https://optimyar.com/courses/stochastic-programming/" "Mozilla/5.0 (Linux; Android 6.0.1; Nexus 5X Build/MMB29P) AppleWebKit/537.36 (KHTML, like Gecko) Chrome/134.0.6998.165 Mobile Safari/537.36 (compatible; Google-InspectionTool/1.0)"
66.249.64.132 - - [18/Apr/2025:21:51:32 +0330] "GET /wp-content/plugins/elementor/assets/lib/animations/styles/e-animation-pop.min.css?ver=3.28.3 HTTP/1.1" 200 130 "https://optimyar.com/courses/stochastic-programming/" "Mozilla/5.0 (X11; Linux x86_64) AppleWebKit/537.36 (KHTML, like Gecko) Chrome/134.0.6998.165 Safari/537.36 (compatible; Google-InspectionTool/1.0)"
66.249.64.128 - - [18/Apr/2025:21:51:32 +0330] "GET /wp-content/plugins/elementor-pro/assets/css/modules/motion-fx.min.css?ver=3.28.2 HTTP/1.1" 200 210 "https://optimyar.com/courses/stochastic-programming/" "Mozilla/5.0 (X11; Linux x86_64) AppleWebKit/537.36 (KHTML, like Gecko) Chrome/134.0.6998.165 Safari/537.36 (compatible; Google-InspectionTool/1.0)"
66.249.64.128 - - [18/Apr/2025:21:51:32 +0330] "GET /wp-content/plugins/elementor-pro/assets/css/widget-form-rtl.min.css?ver=3.28.2 HTTP/1.1" 200 1407 "https://optimyar.com/courses/stochastic-programming/" "Mozilla/5.0 (Linux; Android 6.0.1; Nexus 5X Build/MMB29P) AppleWebKit/537.36 (KHTML, like Gecko) Chrome/134.0.6998.165 Mobile Safari/537.36 (compatible; Google-InspectionTool/1.0)"
66.249.64.132 - - [18/Apr/2025:21:51:32 +0330] "GET /wp-content/plugins/elementor/assets/css/widget-image-rtl.min.css?ver=3.28.3 HTTP/1.1" 200 119 "https://optimyar.com/courses/stochastic-programming/" "Mozilla/5.0 (X11; Linux x86_64) AppleWebKit/537.36 (KHTML, like Gecko) Chrome/134.0.6998.165 Safari/537.36 (compatible; Google-InspectionTool/1.0)"
66.249.64.128 - - [18/Apr/2025:21:51:32 +0330] "GET /wp-content/plugins/elementor-extras/assets/css/frontend-rtl.min.css?ver=2.2.52 HTTP/1.1" 200 23590 "https://optimyar.com/courses/stochastic-programming/" "Mozilla/5.0 (Linux; Android 6.0.1; Nexus 5X Build/MMB29P) AppleWebKit/537.36 (KHTML, like Gecko) Chrome/134.0.6998.165 Mobile Safari/537.36 (compatible; Google-InspectionTool/1.0)"
66.249.64.132 - - [18/Apr/2025:21:51:32 +0330] "GET /wp-content/plugins/elementor/assets/lib/animations/styles/e-animation-bounce-in.min.css?ver=3.28.3 HTTP/1.1" 200 124 "https://optimyar.com/courses/stochastic-programming/" "Mozilla/5.0 (Linux; Android 6.0.1; Nexus 5X Build/MMB29P) AppleWebKit/537.36 (KHTML, like Gecko) Chrome/134.0.6998.165 Mobile Safari/537.36 (compatible; Google-InspectionTool/1.0)"
66.249.64.128 - - [18/Apr/2025:21:51:32 +0330] "GET /wp-content/uploads/elementor/css/post-35491.css?ver=1744226261 HTTP/1.1" 200 3671 "https://optimyar.com/courses/stochastic-programming/" "Mozilla/5.0 (X11; Linux x86_64) AppleWebKit/537.36 (KHTML, like Gecko) Chrome/134.0.6998.165 Safari/537.36 (compatible; Google-InspectionTool/1.0)"
66.249.64.132 - - [18/Apr/2025:21:51:32 +0330] "GET /wp-content/themes/skelementor/style.css?ver=6.7.2 HTTP/1.1" 200 820 "https://optimyar.com/courses/stochastic-programming/" "Mozilla/5.0 (X11; Linux x86_64) AppleWebKit/537.36 (KHTML, like Gecko) Chrome/134.0.6998.165 Safari/537.36 (compatible; Google-InspectionTool/1.0)"
66.249.64.128 - - [18/Apr/2025:21:51:32 +0330] "GET /wp-content/uploads/elementor/css/post-26457.css?ver=1744105134 HTTP/1.1" 200 1000 "https://optimyar.com/courses/stochastic-programming/" "Mozilla/5.0 (X11; Linux x86_64) AppleWebKit/537.36 (KHTML, like Gecko) Chrome/134.0.6998.165 Safari/537.36 (compatible; Google-InspectionTool/1.0)"
66.249.64.132 - - [18/Apr/2025:21:51:32 +0330] "GET /wp-content/plugins/elementor/assets/lib/font-awesome/css/brands.min.css?ver=5.15.3 HTTP/1.1" 200 284 "https://optimyar.com/courses/stochastic-programming/" "Mozilla/5.0 (Linux; Android 6.0.1; Nexus 5X Build/MMB29P) AppleWebKit/537.36 (KHTML, like Gecko) Chrome/134.0.6998.165 Mobile Safari/537.36 (compatible; Google-InspectionTool/1.0)"
66.249.64.128 - - [18/Apr/2025:21:51:32 +0330] "GET /wp-content/uploads/elementor/css/post-171.css?ver=1744105134 HTTP/1.1" 200 4940 "https://optimyar.com/courses/stochastic-programming/" "Mozilla/5.0 (X11; Linux x86_64) AppleWebKit/537.36 (KHTML, like Gecko) Chrome/134.0.6998.165 Safari/537.36 (compatible; Google-InspectionTool/1.0)"
66.249.64.132 - - [18/Apr/2025:21:51:32 +0330] "GET /wp-content/uploads/elementor/css/post-25858.css?ver=1744105134 HTTP/1.1" 200 955 "https://optimyar.com/courses/stochastic-programming/" "Mozilla/5.0 (X11; Linux x86_64) AppleWebKit/537.36 (KHTML, like Gecko) Chrome/134.0.6998.165 Safari/537.36 (compatible; Google-InspectionTool/1.0)"
66.249.64.132 - - [18/Apr/2025:21:51:32 +0330] "GET /wp-content/plugins/elementskit-lite/widgets/init/assets/css/widget-styles.css?ver=3.4.8 HTTP/1.1" 200 48179 "https://optimyar.com/courses/stochastic-programming/" "Mozilla/5.0 (X11; Linux x86_64) AppleWebKit/537.36 (KHTML, like Gecko) Chrome/134.0.6998.165 Safari/537.36 (compatible; Google-InspectionTool/1.0)"
66.249.64.132 - - [18/Apr/2025:21:51:32 +0330] "GET /wp-content/plugins/elementor-pro/assets/css/modules/motion-fx.min.css?ver=3.28.2 HTTP/1.1" 200 210 "https://optimyar.com/courses/stochastic-programming/" "Mozilla/5.0 (Linux; Android 6.0.1; Nexus 5X Build/MMB29P) AppleWebKit/537.36 (KHTML, like Gecko) Chrome/134.0.6998.165 Mobile Safari/537.36 (compatible; Google-InspectionTool/1.0)"
66.249.64.132 - - [18/Apr/2025:21:51:32 +0330] "GET /wp-content/plugins/elementor/assets/lib/animations/styles/e-animation-pop.min.css?ver=3.28.3 HTTP/1.1" 200 130 "https://optimyar.com/courses/stochastic-programming/" "Mozilla/5.0 (Linux; Android 6.0.1; Nexus 5X Build/MMB29P) AppleWebKit/537.36 (KHTML, like Gecko) Chrome/134.0.6998.165 Mobile Safari/537.36 (compatible; Google-InspectionTool/1.0)"
66.249.64.132 - - [18/Apr/2025:21:51:32 +0330] "GET /wp-content/uploads/elementor/css/post-35491.css?ver=1744226261 HTTP/1.1" 200 3671 "https://optimyar.com/courses/stochastic-programming/" "Mozilla/5.0 (Linux; Android 6.0.1; Nexus 5X Build/MMB29P) AppleWebKit/537.36 (KHTML, like Gecko) Chrome/134.0.6998.165 Mobile Safari/537.36 (compatible; Google-InspectionTool/1.0)"
66.249.64.128 - - [18/Apr/2025:21:51:32 +0330] "GET /wp-content/plugins/elementskit-lite/widgets/init/assets/css/rtl.css?ver=3.4.8 HTTP/1.1" 200 1082 "https://optimyar.com/courses/stochastic-programming/" "Mozilla/5.0 (X11; Linux x86_64) AppleWebKit/537.36 (KHTML, like Gecko) Chrome/134.0.6998.165 Safari/537.36 (compatible; Google-InspectionTool/1.0)"
66.249.64.132 - - [18/Apr/2025:21:51:32 +0330] "GET /wp-content/uploads/elementor/css/post-55.css?ver=1744109028 HTTP/1.1" 200 1712 "https://optimyar.com/courses/stochastic-programming/" "Mozilla/5.0 (Linux; Android 6.0.1; Nexus 5X Build/MMB29P) AppleWebKit/537.36 (KHTML, like Gecko) Chrome/134.0.6998.165 Mobile Safari/537.36 (compatible; Google-InspectionTool/1.0)"
66.249.64.128 - - [18/Apr/2025:21:51:32 +0330] "GET /wp-content/uploads/elementor/css/post-171.css?ver=1744105134 HTTP/1.1" 200 4940 "https://optimyar.com/courses/stochastic-programming/" "Mozilla/5.0 (Linux; Android 6.0.1; Nexus 5X Build/MMB29P) AppleWebKit/537.36 (KHTML, like Gecko) Chrome/134.0.6998.165 Mobile Safari/537.36 (compatible; Google-InspectionTool/1.0)"
66.249.64.128 - - [18/Apr/2025:21:51:32 +0330] "GET /wp-content/plugins/elementor/assets/lib/font-awesome/css/all.min.css?ver=3.28.3 HTTP/1.1" 200 12380 "https://optimyar.com/courses/stochastic-programming/" "Mozilla/5.0 (X11; Linux x86_64) AppleWebKit/537.36 (KHTML, like Gecko) Chrome/134.0.6998.165 Safari/537.36 (compatible; Google-InspectionTool/1.0)"
66.249.64.132 - - [18/Apr/2025:21:51:32 +0330] "GET /wp-content/uploads/elementor/custom-icons/myic4/css/myic4.css?ver=1.0.0 HTTP/1.1" 200 948 "https://optimyar.com/courses/stochastic-programming/" "Mozilla/5.0 (X11; Linux x86_64) AppleWebKit/537.36 (KHTML, like Gecko) Chrome/134.0.6998.165 Safari/537.36 (compatible; Google-InspectionTool/1.0)"
66.249.64.128 - - [18/Apr/2025:21:51:32 +0330] "GET /wp-content/plugins/elementor/assets/css/widget-heading-rtl.min.css?ver=3.28.3 HTTP/1.1" 200 154 "https://optimyar.com/courses/stochastic-programming/" "Mozilla/5.0 (Linux; Android 6.0.1; Nexus 5X Build/MMB29P) AppleWebKit/537.36 (KHTML, like Gecko) Chrome/134.0.6998.165 Mobile Safari/537.36 (compatible; Google-InspectionTool/1.0)"
66.249.64.132 - - [18/Apr/2025:21:51:32 +0330] "GET /wp-content/uploads/elementor/css/post-55.css?ver=1744109028 HTTP/1.1" 200 1712 "https://optimyar.com/courses/stochastic-programming/" "Mozilla/5.0 (X11; Linux x86_64) AppleWebKit/537.36 (KHTML, like Gecko) Chrome/134.0.6998.165 Safari/537.36 (compatible; Google-InspectionTool/1.0)"
66.249.64.128 - - [18/Apr/2025:21:51:32 +0330] "GET /wp-content/uploads/elementor/css/post-26343.css?ver=1744105134 HTTP/1.1" 200 1000 "https://optimyar.com/courses/stochastic-programming/" "Mozilla/5.0 (X11; Linux x86_64) AppleWebKit/537.36 (KHTML, like Gecko) Chrome/134.0.6998.165 Safari/537.36 (compatible; Google-InspectionTool/1.0)"
66.249.64.128 - - [18/Apr/2025:21:51:32 +0330] "GET /wp-content/plugins/elementor/assets/lib/font-awesome/css/solid.min.css?ver=5.15.3 HTTP/1.1" 200 286 "https://optimyar.com/courses/stochastic-programming/" "Mozilla/5.0 (Linux; Android 6.0.1; Nexus 5X Build/MMB29P) AppleWebKit/537.36 (KHTML, like Gecko) Chrome/134.0.6998.165 Mobile Safari/537.36 (compatible; Google-InspectionTool/1.0)"
66.249.64.132 - - [18/Apr/2025:21:51:32 +0330] "GET /wp-content/uploads/elementor/css/post-26339.css?ver=1744105134 HTTP/1.1" 200 1000 "https://optimyar.com/courses/stochastic-programming/" "Mozilla/5.0 (X11; Linux x86_64) AppleWebKit/537.36 (KHTML, like Gecko) Chrome/134.0.6998.165 Safari/537.36 (compatible; Google-InspectionTool/1.0)"
66.249.64.128 - - [18/Apr/2025:21:51:32 +0330] "GET /wp-content/uploads/elementor/css/post-26319.css?ver=1744105134 HTTP/1.1" 200 999 "https://optimyar.com/courses/stochastic-programming/" "Mozilla/5.0 (X11; Linux x86_64) AppleWebKit/537.36 (KHTML, like Gecko) Chrome/134.0.6998.165 Safari/537.36 (compatible; Google-InspectionTool/1.0)"
66.249.64.128 - - [18/Apr/2025:21:51:32 +0330] "GET /wp-content/plugins/elementskit-lite/widgets/init/assets/css/responsive.css?ver=3.4.8 HTTP/1.1" 200 2859 "https://optimyar.com/courses/stochastic-programming/" "Mozilla/5.0 (X11; Linux x86_64) AppleWebKit/537.36 (KHTML, like Gecko) Chrome/134.0.6998.165 Safari/537.36 (compatible; Google-InspectionTool/1.0)"
66.249.64.128 - - [18/Apr/2025:21:51:32 +0330] "GET /wp-content/plugins/essential-addons-for-elementor-lite/assets/front-end/css/view/general.min.css?ver=6.1.9 HTTP/1.1" 200 1365 "https://optimyar.com/courses/stochastic-programming/" "Mozilla/5.0 (X11; Linux x86_64) AppleWebKit/537.36 (KHTML, like Gecko) Chrome/134.0.6998.165 Safari/537.36 (compatible; Google-InspectionTool/1.0)"
66.249.64.128 - - [18/Apr/2025:21:51:32 +0330] "GET /wp-content/plugins/elementor/assets/lib/font-awesome/css/regular.min.css?ver=5.15.3 HTTP/1.1" 200 283 "https://optimyar.com/courses/stochastic-programming/" "Mozilla/5.0 (X11; Linux x86_64) AppleWebKit/537.36 (KHTML, like Gecko) Chrome/134.0.6998.165 Safari/537.36 (compatible; Google-InspectionTool/1.0)"
66.249.64.132 - - [18/Apr/2025:21:51:32 +0330] "GET /wp-content/plugins/elementskit-lite/modules/elementskit-icon-pack/assets/css/ekiticons.css?ver=3.4.8 HTTP/1.1" 200 11776 "https://optimyar.com/courses/stochastic-programming/" "Mozilla/5.0 (X11; Linux x86_64) AppleWebKit/537.36 (KHTML, like Gecko) Chrome/134.0.6998.165 Safari/537.36 (compatible; Google-InspectionTool/1.0)"
66.249.64.128 - - [18/Apr/2025:21:51:32 +0330] "GET /wp-content/uploads/elementor/css/post-26457.css?ver=1744105134 HTTP/1.1" 200 1000 "https://optimyar.com/courses/stochastic-programming/" "Mozilla/5.0 (Linux; Android 6.0.1; Nexus 5X Build/MMB29P) AppleWebKit/537.36 (KHTML, like Gecko) Chrome/134.0.6998.165 Mobile Safari/537.36 (compatible; Google-InspectionTool/1.0)"
66.249.64.128 - - [18/Apr/2025:21:51:32 +0330] "GET /wp-content/uploads/elementor/css/post-26343.css?ver=1744105134 HTTP/1.1" 200 1000 "https://optimyar.com/courses/stochastic-programming/" "Mozilla/5.0 (Linux; Android 6.0.1; Nexus 5X Build/MMB29P) AppleWebKit/537.36 (KHTML, like Gecko) Chrome/134.0.6998.165 Mobile Safari/537.36 (compatible; Google-InspectionTool/1.0)"
66.249.64.128 - - [18/Apr/2025:21:51:32 +0330] "GET /wp-content/uploads/elementor/css/post-26339.css?ver=1744105134 HTTP/1.1" 200 1000 "https://optimyar.com/courses/stochastic-programming/" "Mozilla/5.0 (Linux; Android 6.0.1; Nexus 5X Build/MMB29P) AppleWebKit/537.36 (KHTML, like Gecko) Chrome/134.0.6998.165 Mobile Safari/537.36 (compatible; Google-InspectionTool/1.0)"
66.249.64.128 - - [18/Apr/2025:21:51:32 +0330] "GET /wp-content/plugins/elementor-pro/assets/css/widget-share-buttons-rtl.min.css?ver=3.28.2 HTTP/1.1" 200 2111 "https://optimyar.com/courses/stochastic-programming/" "Mozilla/5.0 (X11; Linux x86_64) AppleWebKit/537.36 (KHTML, like Gecko) Chrome/134.0.6998.165 Safari/537.36 (compatible; Google-InspectionTool/1.0)"
66.249.64.128 - - [18/Apr/2025:21:51:32 +0330] "GET /wp-includes/js/jquery/jquery.min.js?ver=3.7.1 HTTP/1.1" 200 29744 "https://optimyar.com/courses/stochastic-programming/" "Mozilla/5.0 (X11; Linux x86_64) AppleWebKit/537.36 (KHTML, like Gecko) Chrome/134.0.6998.165 Safari/537.36 (compatible; Google-InspectionTool/1.0)"
66.249.64.132 - - [18/Apr/2025:21:51:32 +0330] "GET /wp-content/plugins/elementskit-lite/widgets/init/assets/css/responsive.css?ver=3.4.8 HTTP/1.1" 200 2859 "https://optimyar.com/courses/stochastic-programming/" "Mozilla/5.0 (Linux; Android 6.0.1; Nexus 5X Build/MMB29P) AppleWebKit/537.36 (KHTML, like Gecko) Chrome/134.0.6998.165 Mobile Safari/537.36 (compatible; Google-InspectionTool/1.0)"
66.249.64.132 - - [18/Apr/2025:21:51:32 +0330] "GET /wp-content/plugins/elementskit-lite/widgets/init/assets/css/widget-styles.css?ver=3.4.8 HTTP/1.1" 200 48179 "https://optimyar.com/courses/stochastic-programming/" "Mozilla/5.0 (Linux; Android 6.0.1; Nexus 5X Build/MMB29P) AppleWebKit/537.36 (KHTML, like Gecko) Chrome/134.0.6998.165 Mobile Safari/537.36 (compatible; Google-InspectionTool/1.0)"
66.249.64.132 - - [18/Apr/2025:21:51:32 +0330] "GET /wp-content/plugins/elementskit-lite/widgets/init/assets/css/rtl.css?ver=3.4.8 HTTP/1.1" 200 1082 "https://optimyar.com/courses/stochastic-programming/" "Mozilla/5.0 (Linux; Android 6.0.1; Nexus 5X Build/MMB29P) AppleWebKit/537.36 (KHTML, like Gecko) Chrome/134.0.6998.165 Mobile Safari/537.36 (compatible; Google-InspectionTool/1.0)"
66.249.64.128 - - [18/Apr/2025:21:51:32 +0330] "GET /wp-content/plugins/essential-addons-for-elementor-lite/assets/front-end/css/view/general.min.css?ver=6.1.9 HTTP/1.1" 200 1365 "https://optimyar.com/courses/stochastic-programming/" "Mozilla/5.0 (Linux; Android 6.0.1; Nexus 5X Build/MMB29P) AppleWebKit/537.36 (KHTML, like Gecko) Chrome/134.0.6998.165 Mobile Safari/537.36 (compatible; Google-InspectionTool/1.0)"
66.249.64.128 - - [18/Apr/2025:21:51:32 +0330] "GET /wp-content/plugins/elementskit-lite/modules/elementskit-icon-pack/assets/css/ekiticons.css?ver=3.4.8 HTTP/1.1" 200 11776 "https://optimyar.com/courses/stochastic-programming/" "Mozilla/5.0 (Linux; Android 6.0.1; Nexus 5X Build/MMB29P) AppleWebKit/537.36 (KHTML, like Gecko) Chrome/134.0.6998.165 Mobile Safari/537.36 (compatible; Google-InspectionTool/1.0)"
66.249.64.132 - - [18/Apr/2025:21:51:32 +0330] "GET /wp-content/plugins/elementor/assets/lib/font-awesome/js/v4-shims.min.js?ver=3.28.3 HTTP/1.1" 200 4042 "https://optimyar.com/courses/stochastic-programming/" "Mozilla/5.0 (X11; Linux x86_64) AppleWebKit/537.36 (KHTML, like Gecko) Chrome/134.0.6998.165 Safari/537.36 (compatible; Google-InspectionTool/1.0)"
66.249.64.132 - - [18/Apr/2025:21:51:32 +0330] "GET /wp-content/uploads/2020/06/Artboard-1-1024x1024.png HTTP/1.1" 200 148199 "https://optimyar.com/courses/stochastic-programming/" "Mozilla/5.0 (X11; Linux x86_64) AppleWebKit/537.36 (KHTML, like Gecko) Chrome/134.0.6998.165 Safari/537.36 (compatible; Google-InspectionTool/1.0)"
66.249.64.128 - - [18/Apr/2025:21:51:32 +0330] "GET /wp-content/uploads/2021/01/Ali-Papi.jpg HTTP/1.1" 200 39828 "https://optimyar.com/courses/stochastic-programming/" "Mozilla/5.0 (X11; Linux x86_64) AppleWebKit/537.36 (KHTML, like Gecko) Chrome/134.0.6998.165 Safari/537.36 (compatible; Google-InspectionTool/1.0)"
66.249.64.132 - - [18/Apr/2025:21:51:32 +0330] "GET /wp-content/uploads/2025/03/4-1024x576.jpg HTTP/1.1" 200 112306 "https://optimyar.com/courses/stochastic-programming/" "Mozilla/5.0 (X11; Linux x86_64) AppleWebKit/537.36 (KHTML, like Gecko) Chrome/134.0.6998.165 Safari/537.36 (compatible; Google-InspectionTool/1.0)"
66.249.64.128 - - [18/Apr/2025:21:51:32 +0330] "GET /wp-includes/js/jquery/jquery.min.js?ver=3.7.1 HTTP/1.1" 200 29744 "https://optimyar.com/courses/stochastic-programming/" "Mozilla/5.0 (Linux; Android 6.0.1; Nexus 5X Build/MMB29P) AppleWebKit/537.36 (KHTML, like Gecko) Chrome/134.0.6998.165 Mobile Safari/537.36 (compatible; Google-InspectionTool/1.0)"
66.249.64.128 - - [18/Apr/2025:21:51:32 +0330] "GET /wp-content/plugins/elementor/assets/lib/font-awesome/js/v4-shims.min.js?ver=3.28.3 HTTP/1.1" 200 4042 "https://optimyar.com/courses/stochastic-programming/" "Mozilla/5.0 (Linux; Android 6.0.1; Nexus 5X Build/MMB29P) AppleWebKit/537.36 (KHTML, like Gecko) Chrome/134.0.6998.165 Mobile Safari/537.36 (compatible; Google-InspectionTool/1.0)"
66.249.64.128 - - [18/Apr/2025:21:51:32 +0330] "GET /wp-content/uploads/2020/06/Artboard-1.png HTTP/1.1" 200 101202 "https://optimyar.com/courses/stochastic-programming/" "Mozilla/5.0 (Linux; Android 6.0.1; Nexus 5X Build/MMB29P) AppleWebKit/537.36 (KHTML, like Gecko) Chrome/134.0.6998.165 Mobile Safari/537.36 (compatible; Google-InspectionTool/1.0)"
66.249.64.132 - - [18/Apr/2025:21:51:33 +0330] "GET /wp-content/uploads/2021/01/Ali-Papi.jpg HTTP/1.1" 200 39828 "https://optimyar.com/courses/stochastic-programming/" "Mozilla/5.0 (Linux; Android 6.0.1; Nexus 5X Build/MMB29P) AppleWebKit/537.36 (KHTML, like Gecko) Chrome/134.0.6998.165 Mobile Safari/537.36 (compatible; Google-InspectionTool/1.0)"
66.249.64.128 - - [18/Apr/2025:21:51:33 +0330] "GET /wp-content/plugins/elementor-pro/assets/lib/smartmenus/jquery.smartmenus.min.js?ver=1.2.1 HTTP/1.1" 200 6867 "https://optimyar.com/courses/stochastic-programming/" "Mozilla/5.0 (X11; Linux x86_64) AppleWebKit/537.36 (KHTML, like Gecko) Chrome/134.0.6998.165 Safari/537.36 (compatible; Google-InspectionTool/1.0)"
