66.249.64.132 - - [18/Apr/2025:21:54:35 +0330] "GET /wp-content/plugins/elementor-extras/assets/lib/nicons/css/nicons.css?ver=2.2.52 HTTP/1.1" 200 1153 "https://optimyar.com/courses/chance-constrained-programming/" "Mozilla/5.0 (X11; Linux x86_64) AppleWebKit/537.36 (KHTML, like Gecko) Chrome/134.0.6998.165 Safari/537.36 (compatible; Google-InspectionTool/1.0)"
66.249.64.129 - - [18/Apr/2025:21:54:35 +0330] "GET /wp-content/uploads/elementor/css/post-34.css?ver=1744105132 HTTP/1.1" 200 811 "https://optimyar.com/courses/chance-constrained-programming/" "Mozilla/5.0 (Linux; Android 6.0.1; Nexus 5X Build/MMB29P) AppleWebKit/537.36 (KHTML, like Gecko) Chrome/134.0.6998.165 Mobile Safari/537.36 (compatible; Google-InspectionTool/1.0)"
66.249.64.132 - - [18/Apr/2025:21:54:35 +0330] "GET /wp-content/plugins/elementor/assets/css/widget-spacer-rtl.min.css?ver=3.28.3 HTTP/1.1" 200 315 "https://optimyar.com/courses/chance-constrained-programming/" "Mozilla/5.0 (X11; Linux x86_64) AppleWebKit/537.36 (KHTML, like Gecko) Chrome/134.0.6998.165 Safari/537.36 (compatible; Google-InspectionTool/1.0)"
66.249.64.128 - - [18/Apr/2025:21:54:35 +0330] "GET /wp-content/plugins/elementor/assets/css/frontend-rtl.min.css?ver=3.28.3 HTTP/1.1" 200 6454 "https://optimyar.com/courses/chance-constrained-programming/" "Mozilla/5.0 (Linux; Android 6.0.1; Nexus 5X Build/MMB29P) AppleWebKit/537.36 (KHTML, like Gecko) Chrome/134.0.6998.165 Mobile Safari/537.36 (compatible; Google-InspectionTool/1.0)"
66.249.64.132 - - [18/Apr/2025:21:54:35 +0330] "GET /wp-content/plugins/persian-elementor/assets/css/font.css?ver=2.13.9 HTTP/1.1" 200 1874 "https://optimyar.com/courses/chance-constrained-programming/" "Mozilla/5.0 (Linux; Android 6.0.1; Nexus 5X Build/MMB29P) AppleWebKit/537.36 (KHTML, like Gecko) Chrome/134.0.6998.165 Mobile Safari/537.36 (compatible; Google-InspectionTool/1.0)"
66.249.64.129 - - [18/Apr/2025:21:54:35 +0330] "GET /wp-content/plugins/elementor/assets/css/widget-social-icons-rtl.min.css?ver=3.28.3 HTTP/1.1" 200 1069 "https://optimyar.com/courses/chance-constrained-programming/" "Mozilla/5.0 (Linux; Android 6.0.1; Nexus 5X Build/MMB29P) AppleWebKit/537.36 (KHTML, like Gecko) Chrome/134.0.6998.165 Mobile Safari/537.36 (compatible; Google-InspectionTool/1.0)"
66.249.64.129 - - [18/Apr/2025:21:54:35 +0330] "GET /wp-content/plugins/elementor/assets/lib/animations/styles/e-animation-bounce-in.min.css?ver=3.28.3 HTTP/1.1" 200 124 "https://optimyar.com/courses/chance-constrained-programming/" "Mozilla/5.0 (X11; Linux x86_64) AppleWebKit/537.36 (KHTML, like Gecko) Chrome/134.0.6998.165 Safari/537.36 (compatible; Google-InspectionTool/1.0)"
66.249.64.128 - - [18/Apr/2025:21:54:35 +0330] "GET /wp-content/plugins/elementor/assets/lib/animations/styles/e-animation-bounce-in.min.css?ver=3.28.3 HTTP/1.1" 200 124 "https://optimyar.com/courses/chance-constrained-programming/" "Mozilla/5.0 (Linux; Android 6.0.1; Nexus 5X Build/MMB29P) AppleWebKit/537.36 (KHTML, like Gecko) Chrome/134.0.6998.165 Mobile Safari/537.36 (compatible; Google-InspectionTool/1.0)"
66.249.64.128 - - [18/Apr/2025:21:54:35 +0330] "GET /wp-content/plugins/elementor/assets/css/widget-divider-rtl.min.css?ver=3.28.3 HTTP/1.1" 200 705 "https://optimyar.com/courses/chance-constrained-programming/" "Mozilla/5.0 (X11; Linux x86_64) AppleWebKit/537.36 (KHTML, like Gecko) Chrome/134.0.6998.165 Safari/537.36 (compatible; Google-InspectionTool/1.0)"
66.249.64.129 - - [18/Apr/2025:21:54:35 +0330] "GET /wp-content/plugins/elementor-pro/assets/css/widget-share-buttons-rtl.min.css?ver=3.28.2 HTTP/1.1" 200 2111 "https://optimyar.com/courses/chance-constrained-programming/" "Mozilla/5.0 (X11; Linux x86_64) AppleWebKit/537.36 (KHTML, like Gecko) Chrome/134.0.6998.165 Safari/537.36 (compatible; Google-InspectionTool/1.0)"
66.249.64.129 - - [18/Apr/2025:21:54:35 +0330] "GET /wp-content/plugins/elementor/assets/css/widget-image-rtl.min.css?ver=3.28.3 HTTP/1.1" 200 119 "https://optimyar.com/courses/chance-constrained-programming/" "Mozilla/5.0 (Linux; Android 6.0.1; Nexus 5X Build/MMB29P) AppleWebKit/537.36 (KHTML, like Gecko) Chrome/134.0.6998.165 Mobile Safari/537.36 (compatible; Google-InspectionTool/1.0)"
66.249.64.128 - - [18/Apr/2025:21:54:35 +0330] "GET /wp-content/plugins/elementor/assets/lib/animations/styles/e-animation-grow.min.css?ver=3.28.3 HTTP/1.1" 200 198 "https://optimyar.com/courses/chance-constrained-programming/" "Mozilla/5.0 (X11; Linux x86_64) AppleWebKit/537.36 (KHTML, like Gecko) Chrome/134.0.6998.165 Safari/537.36 (compatible; Google-InspectionTool/1.0)"
66.249.64.128 - - [18/Apr/2025:21:54:35 +0330] "GET /wp-content/plugins/elementor/assets/lib/font-awesome/css/solid.min.css?ver=5.15.3 HTTP/1.1" 200 286 "https://optimyar.com/courses/chance-constrained-programming/" "Mozilla/5.0 (X11; Linux x86_64) AppleWebKit/537.36 (KHTML, like Gecko) Chrome/134.0.6998.165 Safari/537.36 (compatible; Google-InspectionTool/1.0)"
66.249.64.128 - - [18/Apr/2025:21:54:35 +0330] "GET /wp-content/plugins/elementor/assets/css/widget-icon-list-rtl.min.css?ver=3.28.3 HTTP/1.1" 200 952 "https://optimyar.com/courses/chance-constrained-programming/" "Mozilla/5.0 (Linux; Android 6.0.1; Nexus 5X Build/MMB29P) AppleWebKit/537.36 (KHTML, like Gecko) Chrome/134.0.6998.165 Mobile Safari/537.36 (compatible; Google-InspectionTool/1.0)"
66.249.64.128 - - [18/Apr/2025:21:54:35 +0330] "GET /wp-content/plugins/elementor/assets/lib/font-awesome/css/fontawesome.min.css?ver=5.15.3 HTTP/1.1" 200 12164 "https://optimyar.com/courses/chance-constrained-programming/" "Mozilla/5.0 (Linux; Android 6.0.1; Nexus 5X Build/MMB29P) AppleWebKit/537.36 (KHTML, like Gecko) Chrome/134.0.6998.165 Mobile Safari/537.36 (compatible; Google-InspectionTool/1.0)"
66.249.64.132 - - [18/Apr/2025:21:54:35 +0330] "GET /wp-content/plugins/elementor/assets/lib/font-awesome/css/solid.min.css?ver=5.15.3 HTTP/1.1" 200 286 "https://optimyar.com/courses/chance-constrained-programming/" "Mozilla/5.0 (Linux; Android 6.0.1; Nexus 5X Build/MMB29P) AppleWebKit/537.36 (KHTML, like Gecko) Chrome/134.0.6998.165 Mobile Safari/537.36 (compatible; Google-InspectionTool/1.0)"
66.249.64.132 - - [18/Apr/2025:21:54:35 +0330] "GET /wp-content/plugins/elementor/assets/lib/font-awesome/css/brands.min.css?ver=5.15.3 HTTP/1.1" 200 284 "https://optimyar.com/courses/chance-constrained-programming/" "Mozilla/5.0 (X11; Linux x86_64) AppleWebKit/537.36 (KHTML, like Gecko) Chrome/134.0.6998.165 Safari/537.36 (compatible; Google-InspectionTool/1.0)"
66.249.64.129 - - [18/Apr/2025:21:54:35 +0330] "GET /wp-content/plugins/elementor-pro/assets/css/conditionals/popup.min.css?ver=3.28.2 HTTP/1.1" 200 328 "https://optimyar.com/courses/chance-constrained-programming/" "Mozilla/5.0 (Linux; Android 6.0.1; Nexus 5X Build/MMB29P) AppleWebKit/537.36 (KHTML, like Gecko) Chrome/134.0.6998.165 Mobile Safari/537.36 (compatible; Google-InspectionTool/1.0)"
66.249.64.128 - - [18/Apr/2025:21:54:35 +0330] "GET /wp-content/plugins/elementor-pro/assets/css/modules/motion-fx.min.css?ver=3.28.2 HTTP/1.1" 200 210 "https://optimyar.com/courses/chance-constrained-programming/" "Mozilla/5.0 (X11; Linux x86_64) AppleWebKit/537.36 (KHTML, like Gecko) Chrome/134.0.6998.165 Safari/537.36 (compatible; Google-InspectionTool/1.0)"
66.249.64.129 - - [18/Apr/2025:21:54:35 +0330] "GET /wp-content/plugins/elementor/assets/lib/animations/styles/e-animation-pop.min.css?ver=3.28.3 HTTP/1.1" 200 130 "https://optimyar.com/courses/chance-constrained-programming/" "Mozilla/5.0 (X11; Linux x86_64) AppleWebKit/537.36 (KHTML, like Gecko) Chrome/134.0.6998.165 Safari/537.36 (compatible; Google-InspectionTool/1.0)"
66.249.64.129 - - [18/Apr/2025:21:54:35 +0330] "GET /wp-content/plugins/elementor/assets/lib/font-awesome/css/brands.min.css?ver=5.15.3 HTTP/1.1" 200 284 "https://optimyar.com/courses/chance-constrained-programming/" "Mozilla/5.0 (Linux; Android 6.0.1; Nexus 5X Build/MMB29P) AppleWebKit/537.36 (KHTML, like Gecko) Chrome/134.0.6998.165 Mobile Safari/537.36 (compatible; Google-InspectionTool/1.0)"
66.249.64.128 - - [18/Apr/2025:21:54:35 +0330] "GET /wp-content/plugins/elementor-pro/assets/css/widget-form-rtl.min.css?ver=3.28.2 HTTP/1.1" 200 1407 "https://optimyar.com/courses/chance-constrained-programming/" "Mozilla/5.0 (Linux; Android 6.0.1; Nexus 5X Build/MMB29P) AppleWebKit/537.36 (KHTML, like Gecko) Chrome/134.0.6998.165 Mobile Safari/537.36 (compatible; Google-InspectionTool/1.0)"
66.249.64.132 - - [18/Apr/2025:21:54:35 +0330] "GET /wp-content/uploads/elementor/css/post-26457.css?ver=1744105134 HTTP/1.1" 200 1000 "https://optimyar.com/courses/chance-constrained-programming/" "Mozilla/5.0 (X11; Linux x86_64) AppleWebKit/537.36 (KHTML, like Gecko) Chrome/134.0.6998.165 Safari/537.36 (compatible; Google-InspectionTool/1.0)"
66.249.64.129 - - [18/Apr/2025:21:54:35 +0330] "GET /wp-content/uploads/elementor/css/post-26343.css?ver=1744105134 HTTP/1.1" 200 1000 "https://optimyar.com/courses/chance-constrained-programming/" "Mozilla/5.0 (X11; Linux x86_64) AppleWebKit/537.36 (KHTML, like Gecko) Chrome/134.0.6998.165 Safari/537.36 (compatible; Google-InspectionTool/1.0)"
66.249.64.129 - - [18/Apr/2025:21:54:35 +0330] "GET /wp-content/uploads/elementor/css/post-35540.css?ver=1744111097 HTTP/1.1" 200 3660 "https://optimyar.com/courses/chance-constrained-programming/" "Mozilla/5.0 (Linux; Android 6.0.1; Nexus 5X Build/MMB29P) AppleWebKit/537.36 (KHTML, like Gecko) Chrome/134.0.6998.165 Mobile Safari/537.36 (compatible; Google-InspectionTool/1.0)"
66.249.64.129 - - [18/Apr/2025:21:54:35 +0330] "GET /wp-content/plugins/elementor-pro/assets/css/modules/sticky.min.css?ver=3.28.2 HTTP/1.1" 200 162 "https://optimyar.com/courses/chance-constrained-programming/" "Mozilla/5.0 (Linux; Android 6.0.1; Nexus 5X Build/MMB29P) AppleWebKit/537.36 (KHTML, like Gecko) Chrome/134.0.6998.165 Mobile Safari/537.36 (compatible; Google-InspectionTool/1.0)"
66.249.64.129 - - [18/Apr/2025:21:54:35 +0330] "GET /wp-content/plugins/jet-tabs/assets/css/jet-tabs-frontend.css?ver=2.2.8 HTTP/1.1" 200 3769 "https://optimyar.com/courses/chance-constrained-programming/" "Mozilla/5.0 (X11; Linux x86_64) AppleWebKit/537.36 (KHTML, like Gecko) Chrome/134.0.6998.165 Safari/537.36 (compatible; Google-InspectionTool/1.0)"
66.249.64.129 - - [18/Apr/2025:21:54:35 +0330] "GET /wp-content/plugins/elementor/assets/css/conditionals/apple-webkit.min.css?ver=3.28.3 HTTP/1.1" 200 472 "https://optimyar.com/courses/chance-constrained-programming/" "Mozilla/5.0 (Linux; Android 6.0.1; Nexus 5X Build/MMB29P) AppleWebKit/537.36 (KHTML, like Gecko) Chrome/134.0.6998.165 Mobile Safari/537.36 (compatible; Google-InspectionTool/1.0)"
66.249.64.129 - - [18/Apr/2025:21:54:35 +0330] "GET /wp-content/plugins/elementor/assets/lib/font-awesome/css/all.min.css?ver=3.28.3 HTTP/1.1" 200 12380 "https://optimyar.com/courses/chance-constrained-programming/" "Mozilla/5.0 (X11; Linux x86_64) AppleWebKit/537.36 (KHTML, like Gecko) Chrome/134.0.6998.165 Safari/537.36 (compatible; Google-InspectionTool/1.0)"
66.249.64.128 - - [18/Apr/2025:21:54:35 +0330] "GET /wp-content/uploads/elementor/css/post-171.css?ver=1744105134 HTTP/1.1" 200 4940 "https://optimyar.com/courses/chance-constrained-programming/" "Mozilla/5.0 (X11; Linux x86_64) AppleWebKit/537.36 (KHTML, like Gecko) Chrome/134.0.6998.165 Safari/537.36 (compatible; Google-InspectionTool/1.0)"
66.249.64.129 - - [18/Apr/2025:21:54:35 +0330] "GET /wp-content/uploads/elementor/css/post-26339.css?ver=1744105134 HTTP/1.1" 200 1000 "https://optimyar.com/courses/chance-constrained-programming/" "Mozilla/5.0 (X11; Linux x86_64) AppleWebKit/537.36 (KHTML, like Gecko) Chrome/134.0.6998.165 Safari/537.36 (compatible; Google-InspectionTool/1.0)"
66.249.64.128 - - [18/Apr/2025:21:54:35 +0330] "GET /wp-content/plugins/elementor/assets/lib/animations/styles/e-animation-pop.min.css?ver=3.28.3 HTTP/1.1" 200 130 "https://optimyar.com/courses/chance-constrained-programming/" "Mozilla/5.0 (Linux; Android 6.0.1; Nexus 5X Build/MMB29P) AppleWebKit/537.36 (KHTML, like Gecko) Chrome/134.0.6998.165 Mobile Safari/537.36 (compatible; Google-InspectionTool/1.0)"
66.249.64.128 - - [18/Apr/2025:21:54:35 +0330] "GET /wp-content/uploads/elementor/css/post-26319.css?ver=1744105134 HTTP/1.1" 200 999 "https://optimyar.com/courses/chance-constrained-programming/" "Mozilla/5.0 (X11; Linux x86_64) AppleWebKit/537.36 (KHTML, like Gecko) Chrome/134.0.6998.165 Safari/537.36 (compatible; Google-InspectionTool/1.0)"
66.249.64.128 - - [18/Apr/2025:21:54:35 +0330] "GET /wp-content/plugins/elementor-pro/assets/css/modules/motion-fx.min.css?ver=3.28.2 HTTP/1.1" 200 210 "https://optimyar.com/courses/chance-constrained-programming/" "Mozilla/5.0 (Linux; Android 6.0.1; Nexus 5X Build/MMB29P) AppleWebKit/537.36 (KHTML, like Gecko) Chrome/134.0.6998.165 Mobile Safari/537.36 (compatible; Google-InspectionTool/1.0)"
66.249.64.132 - - [18/Apr/2025:21:54:35 +0330] "GET /wp-content/plugins/elementskit-lite/widgets/init/assets/css/rtl.css?ver=3.4.8 HTTP/1.1" 200 1082 "https://optimyar.com/courses/chance-constrained-programming/" "Mozilla/5.0 (X11; Linux x86_64) AppleWebKit/537.36 (KHTML, like Gecko) Chrome/134.0.6998.165 Safari/537.36 (compatible; Google-InspectionTool/1.0)"
66.249.64.132 - - [18/Apr/2025:21:54:35 +0330] "GET /wp-content/plugins/elementskit-lite/widgets/init/assets/css/responsive.css?ver=3.4.8 HTTP/1.1" 200 2859 "https://optimyar.com/courses/chance-constrained-programming/" "Mozilla/5.0 (X11; Linux x86_64) AppleWebKit/537.36 (KHTML, like Gecko) Chrome/134.0.6998.165 Safari/537.36 (compatible; Google-InspectionTool/1.0)"
66.249.64.128 - - [18/Apr/2025:21:54:35 +0330] "GET /wp-content/uploads/elementor/css/post-25858.css?ver=1744105134 HTTP/1.1" 200 955 "https://optimyar.com/courses/chance-constrained-programming/" "Mozilla/5.0 (X11; Linux x86_64) AppleWebKit/537.36 (KHTML, like Gecko) Chrome/134.0.6998.165 Safari/537.36 (compatible; Google-InspectionTool/1.0)"
66.249.64.128 - - [18/Apr/2025:21:54:35 +0330] "GET /wp-content/plugins/elementor/assets/lib/font-awesome/css/all.min.css?ver=3.28.3 HTTP/1.1" 200 12380 "https://optimyar.com/courses/chance-constrained-programming/" "Mozilla/5.0 (Linux; Android 6.0.1; Nexus 5X Build/MMB29P) AppleWebKit/537.36 (KHTML, like Gecko) Chrome/134.0.6998.165 Mobile Safari/537.36 (compatible; Google-InspectionTool/1.0)"
66.249.64.128 - - [18/Apr/2025:21:54:35 +0330] "GET /wp-content/plugins/elementskit-lite/widgets/init/assets/css/widget-styles.css?ver=3.4.8 HTTP/1.1" 200 48179 "https://optimyar.com/courses/chance-constrained-programming/" "Mozilla/5.0 (X11; Linux x86_64) AppleWebKit/537.36 (KHTML, like Gecko) Chrome/134.0.6998.165 Safari/537.36 (compatible; Google-InspectionTool/1.0)"
66.249.64.132 - - [18/Apr/2025:21:54:35 +0330] "GET /wp-content/uploads/elementor/css/post-55.css?ver=1744109028 HTTP/1.1" 200 1712 "https://optimyar.com/courses/chance-constrained-programming/" "Mozilla/5.0 (Linux; Android 6.0.1; Nexus 5X Build/MMB29P) AppleWebKit/537.36 (KHTML, like Gecko) Chrome/134.0.6998.165 Mobile Safari/537.36 (compatible; Google-InspectionTool/1.0)"
66.249.64.132 - - [18/Apr/2025:21:54:35 +0330] "GET /wp-content/plugins/essential-addons-for-elementor-lite/assets/front-end/css/view/general.min.css?ver=6.1.9 HTTP/1.1" 200 1365 "https://optimyar.com/courses/chance-constrained-programming/" "Mozilla/5.0 (X11; Linux x86_64) AppleWebKit/537.36 (KHTML, like Gecko) Chrome/134.0.6998.165 Safari/537.36 (compatible; Google-InspectionTool/1.0)"
66.249.64.128 - - [18/Apr/2025:21:54:35 +0330] "GET /wp-content/plugins/elementor/assets/lib/font-awesome/css/regular.min.css?ver=5.15.3 HTTP/1.1" 200 283 "https://optimyar.com/courses/chance-constrained-programming/" "Mozilla/5.0 (X11; Linux x86_64) AppleWebKit/537.36 (KHTML, like Gecko) Chrome/134.0.6998.165 Safari/537.36 (compatible; Google-InspectionTool/1.0)"
66.249.64.128 - - [18/Apr/2025:21:54:35 +0330] "GET /wp-content/uploads/elementor/css/post-26339.css?ver=1744105134 HTTP/1.1" 200 1000 "https://optimyar.com/courses/chance-constrained-programming/" "Mozilla/5.0 (Linux; Android 6.0.1; Nexus 5X Build/MMB29P) AppleWebKit/537.36 (KHTML, like Gecko) Chrome/134.0.6998.165 Mobile Safari/537.36 (compatible; Google-InspectionTool/1.0)"
66.249.64.128 - - [18/Apr/2025:21:54:35 +0330] "GET /wp-content/uploads/elementor/css/post-26343.css?ver=1744105134 HTTP/1.1" 200 1000 "https://optimyar.com/courses/chance-constrained-programming/" "Mozilla/5.0 (Linux; Android 6.0.1; Nexus 5X Build/MMB29P) AppleWebKit/537.36 (KHTML, like Gecko) Chrome/134.0.6998.165 Mobile Safari/537.36 (compatible; Google-InspectionTool/1.0)"
66.249.64.129 - - [18/Apr/2025:21:54:35 +0330] "GET /wp-content/plugins/elementor/assets/css/widget-divider-rtl.min.css?ver=3.28.3 HTTP/1.1" 200 705 "https://optimyar.com/courses/chance-constrained-programming/" "Mozilla/5.0 (Linux; Android 6.0.1; Nexus 5X Build/MMB29P) AppleWebKit/537.36 (KHTML, like Gecko) Chrome/134.0.6998.165 Mobile Safari/537.36 (compatible; Google-InspectionTool/1.0)"
66.249.64.129 - - [18/Apr/2025:21:54:35 +0330] "GET /wp-content/plugins/elementskit-lite/widgets/init/assets/css/widget-styles.css?ver=3.4.8 HTTP/1.1" 200 48179 "https://optimyar.com/courses/chance-constrained-programming/" "Mozilla/5.0 (Linux; Android 6.0.1; Nexus 5X Build/MMB29P) AppleWebKit/537.36 (KHTML, like Gecko) Chrome/134.0.6998.165 Mobile Safari/537.36 (compatible; Google-InspectionTool/1.0)"
66.249.64.129 - - [18/Apr/2025:21:54:35 +0330] "GET /wp-content/uploads/elementor/css/post-171.css?ver=1744105134 HTTP/1.1" 200 4940 "https://optimyar.com/courses/chance-constrained-programming/" "Mozilla/5.0 (Linux; Android 6.0.1; Nexus 5X Build/MMB29P) AppleWebKit/537.36 (KHTML, like Gecko) Chrome/134.0.6998.165 Mobile Safari/537.36 (compatible; Google-InspectionTool/1.0)"
66.249.64.129 - - [18/Apr/2025:21:54:35 +0330] "GET /wp-content/plugins/elementor/assets/lib/font-awesome/css/v4-shims.min.css?ver=3.28.3 HTTP/1.1" 200 3987 "https://optimyar.com/courses/chance-constrained-programming/" "Mozilla/5.0 (Linux; Android 6.0.1; Nexus 5X Build/MMB29P) AppleWebKit/537.36 (KHTML, like Gecko) Chrome/134.0.6998.165 Mobile Safari/537.36 (compatible; Google-InspectionTool/1.0)"
66.249.64.132 - - [18/Apr/2025:21:54:35 +0330] "GET /wp-content/uploads/elementor/css/post-26457.css?ver=1744105134 HTTP/1.1" 200 1000 "https://optimyar.com/courses/chance-constrained-programming/" "Mozilla/5.0 (Linux; Android 6.0.1; Nexus 5X Build/MMB29P) AppleWebKit/537.36 (KHTML, like Gecko) Chrome/134.0.6998.165 Mobile Safari/537.36 (compatible; Google-InspectionTool/1.0)"
66.249.64.129 - - [18/Apr/2025:21:54:35 +0330] "GET /wp-content/plugins/elementskit-lite/modules/elementskit-icon-pack/assets/css/ekiticons.css?ver=3.4.8 HTTP/1.1" 200 11776 "https://optimyar.com/courses/chance-constrained-programming/" "Mozilla/5.0 (X11; Linux x86_64) AppleWebKit/537.36 (KHTML, like Gecko) Chrome/134.0.6998.165 Safari/537.36 (compatible; Google-InspectionTool/1.0)"
66.249.64.129 - - [18/Apr/2025:21:54:35 +0330] "GET /wp-content/plugins/elementor-extras/assets/css/frontend-rtl.min.css?ver=2.2.52 HTTP/1.1" 200 23590 "https://optimyar.com/courses/chance-constrained-programming/" "Mozilla/5.0 (X11; Linux x86_64) AppleWebKit/537.36 (KHTML, like Gecko) Chrome/134.0.6998.165 Safari/537.36 (compatible; Google-InspectionTool/1.0)"
66.249.64.129 - - [18/Apr/2025:21:54:35 +0330] "GET /wp-content/plugins/elementor-extras/assets/lib/nicons/css/nicons.css?ver=2.2.52 HTTP/1.1" 200 1153 "https://optimyar.com/courses/chance-constrained-programming/" "Mozilla/5.0 (Linux; Android 6.0.1; Nexus 5X Build/MMB29P) AppleWebKit/537.36 (KHTML, like Gecko) Chrome/134.0.6998.165 Mobile Safari/537.36 (compatible; Google-InspectionTool/1.0)"
66.249.64.132 - - [18/Apr/2025:21:54:35 +0330] "GET /wp-content/uploads/elementor/css/post-26319.css?ver=1744105134 HTTP/1.1" 200 999 "https://optimyar.com/courses/chance-constrained-programming/" "Mozilla/5.0 (Linux; Android 6.0.1; Nexus 5X Build/MMB29P) AppleWebKit/537.36 (KHTML, like Gecko) Chrome/134.0.6998.165 Mobile Safari/537.36 (compatible; Google-InspectionTool/1.0)"
66.249.64.132 - - [18/Apr/2025:21:54:35 +0330] "GET /wp-content/uploads/elementor/css/post-25858.css?ver=1744105134 HTTP/1.1" 200 955 "https://optimyar.com/courses/chance-constrained-programming/" "Mozilla/5.0 (Linux; Android 6.0.1; Nexus 5X Build/MMB29P) AppleWebKit/537.36 (KHTML, like Gecko) Chrome/134.0.6998.165 Mobile Safari/537.36 (compatible; Google-InspectionTool/1.0)"
66.249.64.129 - - [18/Apr/2025:21:54:35 +0330] "GET /wp-content/uploads/elementor/custom-icons/myic4/css/myic4.css?ver=1.0.0 HTTP/1.1" 200 948 "https://optimyar.com/courses/chance-constrained-programming/" "Mozilla/5.0 (X11; Linux x86_64) AppleWebKit/537.36 (KHTML, like Gecko) Chrome/134.0.6998.165 Safari/537.36 (compatible; Google-InspectionTool/1.0)"
66.249.64.128 - - [18/Apr/2025:21:54:35 +0330] "GET /wp-content/plugins/elementskit-lite/widgets/init/assets/css/responsive.css?ver=3.4.8 HTTP/1.1" 200 2859 "https://optimyar.com/courses/chance-constrained-programming/" "Mozilla/5.0 (Linux; Android 6.0.1; Nexus 5X Build/MMB29P) AppleWebKit/537.36 (KHTML, like Gecko) Chrome/134.0.6998.165 Mobile Safari/537.36 (compatible; Google-InspectionTool/1.0)"
66.249.64.129 - - [18/Apr/2025:21:54:35 +0330] "GET /wp-content/plugins/elementor/assets/lib/font-awesome/css/fontawesome.min.css?ver=5.15.3 HTTP/1.1" 200 12164 "https://optimyar.com/courses/chance-constrained-programming/" "Mozilla/5.0 (X11; Linux x86_64) AppleWebKit/537.36 (KHTML, like Gecko) Chrome/134.0.6998.165 Safari/537.36 (compatible; Google-InspectionTool/1.0)"
66.249.64.129 - - [18/Apr/2025:21:54:35 +0330] "GET /wp-content/plugins/elementor-pro/assets/css/widget-share-buttons-rtl.min.css?ver=3.28.2 HTTP/1.1" 200 2111 "https://optimyar.com/courses/chance-constrained-programming/" "Mozilla/5.0 (Linux; Android 6.0.1; Nexus 5X Build/MMB29P) AppleWebKit/537.36 (KHTML, like Gecko) Chrome/134.0.6998.165 Mobile Safari/537.36 (compatible; Google-InspectionTool/1.0)"
66.249.64.129 - - [18/Apr/2025:21:54:35 +0330] "GET /wp-content/uploads/2020/06/Artboard-1-1024x1024.png HTTP/1.1" 200 148199 "https://optimyar.com/courses/chance-constrained-programming/" "Mozilla/5.0 (X11; Linux x86_64) AppleWebKit/537.36 (KHTML, like Gecko) Chrome/134.0.6998.165 Safari/537.36 (compatible; Google-InspectionTool/1.0)"
66.249.64.132 - - [18/Apr/2025:21:54:35 +0330] "GET /wp-content/plugins/elementskit-lite/modules/elementskit-icon-pack/assets/css/ekiticons.css?ver=3.4.8 HTTP/1.1" 200 11776 "https://optimyar.com/courses/chance-constrained-programming/" "Mozilla/5.0 (Linux; Android 6.0.1; Nexus 5X Build/MMB29P) AppleWebKit/537.36 (KHTML, like Gecko) Chrome/134.0.6998.165 Mobile Safari/537.36 (compatible; Google-InspectionTool/1.0)"
66.249.64.129 - - [18/Apr/2025:21:54:35 +0330] "GET /wp-content/uploads/elementor/css/post-35540.css?ver=1744111097 HTTP/1.1" 200 3660 "https://optimyar.com/courses/chance-constrained-programming/" "Mozilla/5.0 (X11; Linux x86_64) AppleWebKit/537.36 (KHTML, like Gecko) Chrome/134.0.6998.165 Safari/537.36 (compatible; Google-InspectionTool/1.0)"
66.249.64.132 - - [18/Apr/2025:21:54:35 +0330] "GET /wp-content/plugins/elementor/assets/lib/font-awesome/css/regular.min.css?ver=5.15.3 HTTP/1.1" 200 283 "https://optimyar.com/courses/chance-constrained-programming/" "Mozilla/5.0 (Linux; Android 6.0.1; Nexus 5X Build/MMB29P) AppleWebKit/537.36 (KHTML, like Gecko) Chrome/134.0.6998.165 Mobile Safari/537.36 (compatible; Google-InspectionTool/1.0)"
66.249.64.129 - - [18/Apr/2025:21:54:35 +0330] "GET /wp-content/uploads/elementor/custom-icons/myic4/css/myic4.css?ver=1.0.0 HTTP/1.1" 200 948 "https://optimyar.com/courses/chance-constrained-programming/" "Mozilla/5.0 (Linux; Android 6.0.1; Nexus 5X Build/MMB29P) AppleWebKit/537.36 (KHTML, like Gecko) Chrome/134.0.6998.165 Mobile Safari/537.36 (compatible; Google-InspectionTool/1.0)"
66.249.64.129 - - [18/Apr/2025:21:54:35 +0330] "GET /wp-content/uploads/elementor/css/post-55.css?ver=1744109028 HTTP/1.1" 200 1712 "https://optimyar.com/courses/chance-constrained-programming/" "Mozilla/5.0 (X11; Linux x86_64) AppleWebKit/537.36 (KHTML, like Gecko) Chrome/134.0.6998.165 Safari/537.36 (compatible; Google-InspectionTool/1.0)"
66.249.64.132 - - [18/Apr/2025:21:54:35 +0330] "GET /wp-includes/js/jquery/jquery.min.js?ver=3.7.1 HTTP/1.1" 200 29744 "https://optimyar.com/courses/chance-constrained-programming/" "Mozilla/5.0 (Linux; Android 6.0.1; Nexus 5X Build/MMB29P) AppleWebKit/537.36 (KHTML, like Gecko) Chrome/134.0.6998.165 Mobile Safari/537.36 (compatible; Google-InspectionTool/1.0)"
66.249.64.129 - - [18/Apr/2025:21:54:35 +0330] "GET /wp-content/uploads/2020/06/Artboard-1.png HTTP/1.1" 200 101202 "https://optimyar.com/courses/chance-constrained-programming/" "Mozilla/5.0 (Linux; Android 6.0.1; Nexus 5X Build/MMB29P) AppleWebKit/537.36 (KHTML, like Gecko) Chrome/134.0.6998.165 Mobile Safari/537.36 (compatible; Google-InspectionTool/1.0)"
66.249.64.132 - - [18/Apr/2025:21:54:35 +0330] "GET /wp-includes/js/jquery/jquery-migrate.min.js?ver=3.4.1 HTTP/1.1" 200 4678 "https://optimyar.com/courses/chance-constrained-programming/" "Mozilla/5.0 (X11; Linux x86_64) AppleWebKit/537.36 (KHTML, like Gecko) Chrome/134.0.6998.165 Safari/537.36 (compatible; Google-InspectionTool/1.0)"
66.249.64.129 - - [18/Apr/2025:21:54:35 +0330] "GET /wp-includes/js/jquery/jquery.min.js?ver=3.7.1 HTTP/1.1" 200 29744 "https://optimyar.com/courses/chance-constrained-programming/" "Mozilla/5.0 (X11; Linux x86_64) AppleWebKit/537.36 (KHTML, like Gecko) Chrome/134.0.6998.165 Safari/537.36 (compatible; Google-InspectionTool/1.0)"
66.249.64.129 - - [18/Apr/2025:21:54:35 +0330] "GET /wp-content/plugins/elementor/assets/lib/font-awesome/js/v4-shims.min.js?ver=3.28.3 HTTP/1.1" 200 4042 "https://optimyar.com/courses/chance-constrained-programming/" "Mozilla/5.0 (X11; Linux x86_64) AppleWebKit/537.36 (KHTML, like Gecko) Chrome/134.0.6998.165 Safari/537.36 (compatible; Google-InspectionTool/1.0)"
66.249.64.128 - - [18/Apr/2025:21:54:35 +0330] "GET /wp-content/plugins/essential-addons-for-elementor-lite/assets/front-end/css/view/general.min.css?ver=6.1.9 HTTP/1.1" 200 1365 "https://optimyar.com/courses/chance-constrained-programming/" "Mozilla/5.0 (Linux; Android 6.0.1; Nexus 5X Build/MMB29P) AppleWebKit/537.36 (KHTML, like Gecko) Chrome/134.0.6998.165 Mobile Safari/537.36 (compatible; Google-InspectionTool/1.0)"
66.249.64.128 - - [18/Apr/2025:21:54:35 +0330] "GET /wp-content/plugins/elementskit-lite/widgets/init/assets/css/rtl.css?ver=3.4.8 HTTP/1.1" 200 1082 "https://optimyar.com/courses/chance-constrained-programming/" "Mozilla/5.0 (Linux; Android 6.0.1; Nexus 5X Build/MMB29P) AppleWebKit/537.36 (KHTML, like Gecko) Chrome/134.0.6998.165 Mobile Safari/537.36 (compatible; Google-InspectionTool/1.0)"
66.249.64.132 - - [18/Apr/2025:21:54:35 +0330] "GET /wp-content/uploads/2021/01/Ali-Papi.jpg HTTP/1.1" 200 39828 "https://optimyar.com/courses/chance-constrained-programming/" "Mozilla/5.0 (X11; Linux x86_64) AppleWebKit/537.36 (KHTML, like Gecko) Chrome/134.0.6998.165 Safari/537.36 (compatible; Google-InspectionTool/1.0)"
66.249.64.132 - - [18/Apr/2025:21:54:35 +0330] "GET /wp-content/uploads/2025/03/1-1024x576.jpg HTTP/1.1" 200 105250 "https://optimyar.com/courses/chance-constrained-programming/" "Mozilla/5.0 (X11; Linux x86_64) AppleWebKit/537.36 (KHTML, like Gecko) Chrome/134.0.6998.165 Safari/537.36 (compatible; Google-InspectionTool/1.0)"
66.249.64.128 - - [18/Apr/2025:21:54:35 +0330] "GET /wp-content/plugins/elementor/assets/lib/font-awesome/js/v4-shims.min.js?ver=3.28.3 HTTP/1.1" 200 4042 "https://optimyar.com/courses/chance-constrained-programming/" "Mozilla/5.0 (Linux; Android 6.0.1; Nexus 5X Build/MMB29P) AppleWebKit/537.36 (KHTML, like Gecko) Chrome/134.0.6998.165 Mobile Safari/537.36 (compatible; Google-InspectionTool/1.0)"
66.249.64.129 - - [18/Apr/2025:21:54:36 +0330] "GET /wp-content/uploads/2020/12/logo2.png HTTP/1.1" 200 4490 "https://optimyar.com/" "Mozilla/5.0 (X11; Linux x86_64) AppleWebKit/537.36 (KHTML, like Gecko) Chrome/134.0.6998.165 Safari/537.36 (compatible; Google-InspectionTool/1.0)"
66.249.64.128 - - [18/Apr/2025:21:54:36 +0330] "GET /wp-content/plugins/jet-elements/assets/css/jet-elements-rtl.css?ver=2.7.5 HTTP/1.1" 200 2887 "https://optimyar.com/courses/chance-constrained-programming/" "Mozilla/5.0 (X11; Linux x86_64) AppleWebKit/537.36 (KHTML, like Gecko) Chrome/134.0.6998.165 Safari/537.36 (compatible; Google-InspectionTool/1.0)"
66.249.64.128 - - [18/Apr/2025:21:54:36 +0330] "GET /wp-content/plugins/elementskit-lite/widgets/init/assets/js/widget-scripts.js?ver=3.4.8 HTTP/1.1" 200 40425 "https://optimyar.com/courses/chance-constrained-programming/" "Mozilla/5.0 (X11; Linux x86_64) AppleWebKit/537.36 (KHTML, like Gecko) Chrome/134.0.6998.165 Safari/537.36 (compatible; Google-InspectionTool/1.0)"
66.249.64.132 - - [18/Apr/2025:21:54:35 +0330] "GET /wp-content/uploads/2021/01/Ali-Papi.jpg HTTP/1.1" 200 39828 "https://optimyar.com/courses/chance-constrained-programming/" "Mozilla/5.0 (Linux; Android 6.0.1; Nexus 5X Build/MMB29P) AppleWebKit/537.36 (KHTML, like Gecko) Chrome/134.0.6998.165 Mobile Safari/537.36 (compatible; Google-InspectionTool/1.0)"
66.249.64.129 - - [18/Apr/2025:21:54:36 +0330] "GET /wp-content/uploads/essential-addons-elementor/eael-18728.js?ver=1741445115 HTTP/1.1" 200 974 "https://optimyar.com/courses/chance-constrained-programming/" "Mozilla/5.0 (X11; Linux x86_64) AppleWebKit/537.36 (KHTML, like Gecko) Chrome/134.0.6998.165 Safari/537.36 (compatible; Google-InspectionTool/1.0)"
66.249.64.129 - - [18/Apr/2025:21:54:36 +0330] "GET /wp-content/uploads/elementor/css/post-27939.css?ver=1744106775 HTTP/1.1" 200 1656 "https://optimyar.com/courses/chance-constrained-programming/" "Mozilla/5.0 (X11; Linux x86_64) AppleWebKit/537.36 (KHTML, like Gecko) Chrome/134.0.6998.165 Safari/537.36 (compatible; Google-InspectionTool/1.0)"
66.249.64.132 - - [18/Apr/2025:21:54:36 +0330] "GET /wp-content/uploads/2022/03/Untitled-1-1-150x150.png HTTP/1.1" 200 18579 "https://optimyar.com/courses/chance-constrained-programming/" "Mozilla/5.0 (X11; Linux x86_64) AppleWebKit/537.36 (KHTML, like Gecko) Chrome/134.0.6998.165 Safari/537.36 (compatible; Google-InspectionTool/1.0)"
66.249.64.129 - - [18/Apr/2025:21:54:36 +0330] "GET /wp-content/plugins/elementskit-lite/libs/framework/assets/js/frontend-script.js?ver=3.4.8 HTTP/1.1" 200 40 "https://optimyar.com/courses/chance-constrained-programming/" "Mozilla/5.0 (X11; Linux x86_64) AppleWebKit/537.36 (KHTML, like Gecko) Chrome/134.0.6998.165 Safari/537.36 (compatible; Google-InspectionTool/1.0)"
66.249.64.129 - - [18/Apr/2025:21:54:36 +0330] "GET /wp-content/uploads/essential-addons-elementor/eael-18728.css?ver=1741445115 HTTP/1.1" 200 1753 "https://optimyar.com/courses/chance-constrained-programming/" "Mozilla/5.0 (X11; Linux x86_64) AppleWebKit/537.36 (KHTML, like Gecko) Chrome/134.0.6998.165 Safari/537.36 (compatible; Google-InspectionTool/1.0)"
66.249.64.128 - - [18/Apr/2025:21:54:36 +0330] "GET /wp-content/plugins/elementor-pro/assets/lib/sticky/jquery.sticky.min.js?ver=3.28.2 HTTP/1.1" 200 1442 "https://optimyar.com/courses/chance-constrained-programming/" "Mozilla/5.0 (X11; Linux x86_64) AppleWebKit/537.36 (KHTML, like Gecko) Chrome/134.0.6998.165 Safari/537.36 (compatible; Google-InspectionTool/1.0)"
66.249.64.132 - - [18/Apr/2025:21:54:36 +0330] "GET /wp-content/uploads/elementor/css/post-9192.css?ver=1744106775 HTTP/1.1" 200 1151 "https://optimyar.com/courses/chance-constrained-programming/" "Mozilla/5.0 (X11; Linux x86_64) AppleWebKit/537.36 (KHTML, like Gecko) Chrome/134.0.6998.165 Safari/537.36 (compatible; Google-InspectionTool/1.0)"
66.249.64.132 - - [18/Apr/2025:21:54:36 +0330] "GET /wp-content/uploads/elementor/css/post-28744.css?ver=1744106775 HTTP/1.1" 200 1089 "https://optimyar.com/courses/chance-constrained-programming/" "Mozilla/5.0 (X11; Linux x86_64) AppleWebKit/537.36 (KHTML, like Gecko) Chrome/134.0.6998.165 Safari/537.36 (compatible; Google-InspectionTool/1.0)"
66.249.64.132 - - [18/Apr/2025:21:54:36 +0330] "GET /wp-content/plugins/elementor-pro/assets/js/webpack-pro.runtime.min.js?ver=3.28.2 HTTP/1.1" 200 2624 "https://optimyar.com/courses/chance-constrained-programming/" "Mozilla/5.0 (X11; Linux x86_64) AppleWebKit/537.36 (KHTML, like Gecko) Chrome/134.0.6998.165 Safari/537.36 (compatible; Google-InspectionTool/1.0)"
66.249.64.128 - - [18/Apr/2025:21:54:36 +0330] "GET /wp-content/plugins/elementor/assets/lib/animations/styles/fadeIn.min.css?ver=3.28.3 HTTP/1.1" 200 77 "https://optimyar.com/courses/chance-constrained-programming/" "Mozilla/5.0 (X11; Linux x86_64) AppleWebKit/537.36 (KHTML, like Gecko) Chrome/134.0.6998.165 Safari/537.36 (compatible; Google-InspectionTool/1.0)"
66.249.64.128 - - [18/Apr/2025:21:54:36 +0330] "GET /wp-content/uploads/elementor/css/post-18728.css?ver=1744106775 HTTP/1.1" 200 971 "https://optimyar.com/courses/chance-constrained-programming/" "Mozilla/5.0 (X11; Linux x86_64) AppleWebKit/537.36 (KHTML, like Gecko) Chrome/134.0.6998.165 Safari/537.36 (compatible; Google-InspectionTool/1.0)"
66.249.64.128 - - [18/Apr/2025:21:54:36 +0330] "GET /wp-content/plugins/essential-addons-for-elementor-lite/assets/front-end/js/view/general.min.js?ver=6.1.9 HTTP/1.1" 200 3883 "https://optimyar.com/courses/chance-constrained-programming/" "Mozilla/5.0 (X11; Linux x86_64) AppleWebKit/537.36 (KHTML, like Gecko) Chrome/134.0.6998.165 Safari/537.36 (compatible; Google-InspectionTool/1.0)"
66.249.64.132 - - [18/Apr/2025:21:54:36 +0330] "GET /wp-includes/js/jquery/jquery-migrate.min.js?ver=3.4.1 HTTP/1.1" 200 4678 "https://optimyar.com/courses/chance-constrained-programming/" "Mozilla/5.0 (Linux; Android 6.0.1; Nexus 5X Build/MMB29P) AppleWebKit/537.36 (KHTML, like Gecko) Chrome/134.0.6998.165 Mobile Safari/537.36 (compatible; Google-InspectionTool/1.0)"
66.249.64.128 - - [18/Apr/2025:21:54:36 +0330] "GET /wp-content/plugins/elementor/assets/css/widget-icon-box-rtl.min.css?ver=3.28.3 HTTP/1.1" 200 658 "https://optimyar.com/courses/chance-constrained-programming/" "Mozilla/5.0 (X11; Linux x86_64) AppleWebKit/537.36 (KHTML, like Gecko) Chrome/134.0.6998.165 Safari/537.36 (compatible; Google-InspectionTool/1.0)"
66.249.64.128 - - [18/Apr/2025:21:54:36 +0330] "GET /wp-content/plugins/elementor-pro/assets/lib/smartmenus/jquery.smartmenus.min.js?ver=1.2.1 HTTP/1.1" 200 6867 "https://optimyar.com/courses/chance-constrained-programming/" "Mozilla/5.0 (X11; Linux x86_64) AppleWebKit/537.36 (KHTML, like Gecko) Chrome/134.0.6998.165 Safari/537.36 (compatible; Google-InspectionTool/1.0)"
66.249.64.129 - - [18/Apr/2025:21:54:36 +0330] "GET /wp-content/uploads/2022/03/Untitled-1-1.png HTTP/1.1" 200 65557 "https://optimyar.com/courses/chance-constrained-programming/" "Mozilla/5.0 (Linux; Android 6.0.1; Nexus 5X Build/MMB29P) AppleWebKit/537.36 (KHTML, like Gecko) Chrome/134.0.6998.165 Mobile Safari/537.36 (compatible; Google-InspectionTool/1.0)"
66.249.64.128 - - [18/Apr/2025:21:54:36 +0330] "GET /wp-includes/js/dist/hooks.min.js?ver=4d63a3d491d11ffd8ac6 HTTP/1.1" 200 1571 "https://optimyar.com/courses/chance-constrained-programming/" "Mozilla/5.0 (X11; Linux x86_64) AppleWebKit/537.36 (KHTML, like Gecko) Chrome/134.0.6998.165 Safari/537.36 (compatible; Google-InspectionTool/1.0)"
66.249.64.132 - - [18/Apr/2025:21:54:36 +0330] "GET /wp-includes/js/dist/i18n.min.js?ver=5e580eb46a90c2b997e6 HTTP/1.1" 200 3542 "https://optimyar.com/courses/chance-constrained-programming/" "Mozilla/5.0 (X11; Linux x86_64) AppleWebKit/537.36 (KHTML, like Gecko) Chrome/134.0.6998.165 Safari/537.36 (compatible; Google-InspectionTool/1.0)"
66.249.64.128 - - [18/Apr/2025:21:54:36 +0330] "GET /wp-includes/js/jquery/ui/core.min.js?ver=1.13.3 HTTP/1.1" 200 6811 "https://optimyar.com/courses/chance-constrained-programming/" "Mozilla/5.0 (X11; Linux x86_64) AppleWebKit/537.36 (KHTML, like Gecko) Chrome/134.0.6998.165 Safari/537.36 (compatible; Google-InspectionTool/1.0)"
66.249.64.132 - - [18/Apr/2025:21:54:36 +0330] "GET /wp-content/plugins/elementor-pro/assets/js/elements-handlers.min.js?ver=3.28.2 HTTP/1.1" 200 10224 "https://optimyar.com/courses/chance-constrained-programming/" "Mozilla/5.0 (X11; Linux x86_64) AppleWebKit/537.36 (KHTML, like Gecko) Chrome/134.0.6998.165 Safari/537.36 (compatible; Google-InspectionTool/1.0)"
66.249.64.128 - - [18/Apr/2025:21:54:36 +0330] "GET /wp-content/plugins/jet-tabs/assets/js/jet-tabs-frontend.min.js?ver=2.2.8 HTTP/1.1" 200 5800 "https://optimyar.com/courses/chance-constrained-programming/" "Mozilla/5.0 (X11; Linux x86_64) AppleWebKit/537.36 (KHTML, like Gecko) Chrome/134.0.6998.165 Safari/537.36 (compatible; Google-InspectionTool/1.0)"
66.249.64.132 - - [18/Apr/2025:21:54:35 +0330] "GET /wp-content/uploads/2025/03/1-1536x864.jpg HTTP/1.1" 200 238559 "https://optimyar.com/courses/chance-constrained-programming/" "Mozilla/5.0 (Linux; Android 6.0.1; Nexus 5X Build/MMB29P) AppleWebKit/537.36 (KHTML, like Gecko) Chrome/134.0.6998.165 Mobile Safari/537.36 (compatible; Google-InspectionTool/1.0)"
66.249.64.129 - - [18/Apr/2025:21:54:36 +0330] "GET /wp-content/plugins/elementor/assets/js/frontend-modules.min.js?ver=3.28.3 HTTP/1.1" 200 14421 "https://optimyar.com/courses/chance-constrained-programming/" "Mozilla/5.0 (X11; Linux x86_64) AppleWebKit/537.36 (KHTML, like Gecko) Chrome/134.0.6998.165 Safari/537.36 (compatible; Google-InspectionTool/1.0)"
66.249.64.128 - - [18/Apr/2025:21:54:36 +0330] "GET /wp-content/plugins/elementor/assets/js/webpack.runtime.min.js?ver=3.28.3 HTTP/1.1" 200 2228 "https://optimyar.com/courses/chance-constrained-programming/" "Mozilla/5.0 (X11; Linux x86_64) AppleWebKit/537.36 (KHTML, like Gecko) Chrome/134.0.6998.165 Safari/537.36 (compatible; Google-InspectionTool/1.0)"
66.249.64.128 - - [18/Apr/2025:21:54:36 +0330] "GET /wp-content/plugins/elementor-pro/assets/js/frontend.min.js?ver=3.28.2 HTTP/1.1" 200 6281 "https://optimyar.com/courses/chance-constrained-programming/" "Mozilla/5.0 (X11; Linux x86_64) AppleWebKit/537.36 (KHTML, like Gecko) Chrome/134.0.6998.165 Safari/537.36 (compatible; Google-InspectionTool/1.0)"
66.249.64.128 - - [18/Apr/2025:21:54:36 +0330] "GET /wp-content/plugins/jet-blocks/assets/js/jet-blocks.min.js?ver=1.3.17 HTTP/1.1" 200 5404 "https://optimyar.com/courses/chance-constrained-programming/" "Mozilla/5.0 (X11; Linux x86_64) AppleWebKit/537.36 (KHTML, like Gecko) Chrome/134.0.6998.165 Safari/537.36 (compatible; Google-InspectionTool/1.0)"
66.249.64.129 - - [18/Apr/2025:21:54:36 +0330] "GET /wp-content/plugins/jet-elements/assets/js/jet-elements.min.js?ver=2.7.5 HTTP/1.1" 200 24555 "https://optimyar.com/courses/chance-constrained-programming/" "Mozilla/5.0 (X11; Linux x86_64) AppleWebKit/537.36 (KHTML, like Gecko) Chrome/134.0.6998.165 Safari/537.36 (compatible; Google-InspectionTool/1.0)"
66.249.64.132 - - [18/Apr/2025:21:54:36 +0330] "GET /wp-content/plugins/elementor-extras/assets/js/frontend.min.js?ver=2.2.52 HTTP/1.1" 200 17222 "https://optimyar.com/courses/chance-constrained-programming/" "Mozilla/5.0 (X11; Linux x86_64) AppleWebKit/537.36 (KHTML, like Gecko) Chrome/134.0.6998.165 Safari/537.36 (compatible; Google-InspectionTool/1.0)"
66.249.64.128 - - [18/Apr/2025:21:54:36 +0330] "GET /wp-content/plugins/elementor-extras/assets/lib/parallax-gallery/parallax-gallery.min.js?ver=1.0.0 HTTP/1.1" 200 814 "https://optimyar.com/courses/chance-constrained-programming/" "Mozilla/5.0 (X11; Linux x86_64) AppleWebKit/537.36 (KHTML, like Gecko) Chrome/134.0.6998.165 Safari/537.36 (compatible; Google-InspectionTool/1.0)"
66.249.64.132 - - [18/Apr/2025:21:54:36 +0330] "GET /wp-content/plugins/elementor-extras/assets/lib/hotips/hotips.min.js?ver=1.1.0 HTTP/1.1" 200 2121 "https://optimyar.com/courses/chance-constrained-programming/" "Mozilla/5.0 (X11; Linux x86_64) AppleWebKit/537.36 (KHTML, like Gecko) Chrome/134.0.6998.165 Safari/537.36 (compatible; Google-InspectionTool/1.0)"
66.249.64.132 - - [18/Apr/2025:21:54:36 +0330] "GET /wp-content/uploads/2020/12/logo2.png HTTP/1.1" 200 4490 "https://optimyar.com/" "Mozilla/5.0 (Linux; Android 6.0.1; Nexus 5X Build/MMB29P) AppleWebKit/537.36 (KHTML, like Gecko) Chrome/134.0.6998.165 Mobile Safari/537.36 (compatible; Google-InspectionTool/1.0)"
66.249.64.129 - - [18/Apr/2025:21:54:36 +0330] "GET /wp-content/uploads/elementor/css/post-28744.css?ver=1744106775 HTTP/1.1" 200 1089 "https://optimyar.com/courses/chance-constrained-programming/" "Mozilla/5.0 (Linux; Android 6.0.1; Nexus 5X Build/MMB29P) AppleWebKit/537.36 (KHTML, like Gecko) Chrome/134.0.6998.165 Mobile Safari/537.36 (compatible; Google-InspectionTool/1.0)"
66.249.64.132 - - [18/Apr/2025:21:54:36 +0330] "GET /wp-content/plugins/elementor/assets/lib/animations/styles/fadeIn.min.css?ver=3.28.3 HTTP/1.1" 200 77 "https://optimyar.com/courses/chance-constrained-programming/" "Mozilla/5.0 (Linux; Android 6.0.1; Nexus 5X Build/MMB29P) AppleWebKit/537.36 (KHTML, like Gecko) Chrome/134.0.6998.165 Mobile Safari/537.36 (compatible; Google-InspectionTool/1.0)"
66.249.64.132 - - [18/Apr/2025:21:54:36 +0330] "GET /wp-content/uploads/elementor/css/post-18728.css?ver=1744106775 HTTP/1.1" 200 971 "https://optimyar.com/courses/chance-constrained-programming/" "Mozilla/5.0 (Linux; Android 6.0.1; Nexus 5X Build/MMB29P) AppleWebKit/537.36 (KHTML, like Gecko) Chrome/134.0.6998.165 Mobile Safari/537.36 (compatible; Google-InspectionTool/1.0)"
66.249.64.128 - - [18/Apr/2025:21:54:36 +0330] "GET /wp-content/plugins/elementor/assets/lib/font-awesome/webfonts/fa-regular-400.woff2 HTTP/1.1" 200 13276 "https://optimyar.com/wp-content/plugins/elementor/assets/lib/font-awesome/css/all.min.css?ver=3.28.3" "Mozilla/5.0 (X11; Linux x86_64) AppleWebKit/537.36 (KHTML, like Gecko) Chrome/134.0.6998.165 Safari/537.36 (compatible; Google-InspectionTool/1.0)"
66.249.64.129 - - [18/Apr/2025:21:54:36 +0330] "GET /wp-content/plugins/elementor/assets/lib/font-awesome/webfonts/fa-solid-900.woff2 HTTP/1.1" 200 78196 "https://optimyar.com/wp-content/plugins/elementor/assets/lib/font-awesome/css/all.min.css?ver=3.28.3" "Mozilla/5.0 (X11; Linux x86_64) AppleWebKit/537.36 (KHTML, like Gecko) Chrome/134.0.6998.165 Safari/537.36 (compatible; Google-InspectionTool/1.0)"
66.249.64.129 - - [18/Apr/2025:21:54:36 +0330] "GET /wp-content/plugins/persian-elementor/assets/css/font/IRANSansX/IRANSansX-DemiBold.woff2 HTTP/1.1" 200 45640 "https://optimyar.com/wp-content/plugins/persian-elementor/assets/css/font.css?ver=2.13.9" "Mozilla/5.0 (X11; Linux x86_64) AppleWebKit/537.36 (KHTML, like Gecko) Chrome/134.0.6998.165 Safari/537.36 (compatible; Google-InspectionTool/1.0)"
66.249.64.132 - - [18/Apr/2025:21:54:36 +0330] "GET /wp-content/plugins/persian-elementor/assets/css/font/Parastoo/Parastoo-Bold.woff2 HTTP/1.1" 200 48268 "https://optimyar.com/wp-content/plugins/persian-elementor/assets/css/font.css?ver=2.13.9" "Mozilla/5.0 (X11; Linux x86_64) AppleWebKit/537.36 (KHTML, like Gecko) Chrome/134.0.6998.165 Safari/537.36 (compatible; Google-InspectionTool/1.0)"
66.249.64.132 - - [18/Apr/2025:21:54:36 +0330] "GET /wp-content/plugins/persian-elementor/assets/css/font/IRANSansX/IRANSansX-Bold.woff2 HTTP/1.1" 200 46124 "https://optimyar.com/wp-content/plugins/persian-elementor/assets/css/font.css?ver=2.13.9" "Mozilla/5.0 (X11; Linux x86_64) AppleWebKit/537.36 (KHTML, like Gecko) Chrome/134.0.6998.165 Safari/537.36 (compatible; Google-InspectionTool/1.0)"
66.249.64.129 - - [18/Apr/2025:21:54:36 +0330] "GET /wp-content/plugins/persian-elementor/assets/css/font/IRANSansX/IRANSansX-Light.woff2 HTTP/1.1" 200 44932 "https://optimyar.com/wp-content/plugins/persian-elementor/assets/css/font.css?ver=2.13.9" "Mozilla/5.0 (X11; Linux x86_64) AppleWebKit/537.36 (KHTML, like Gecko) Chrome/134.0.6998.165 Safari/537.36 (compatible; Google-InspectionTool/1.0)"
66.249.64.128 - - [18/Apr/2025:21:54:36 +0330] "GET /wp-content/plugins/persian-elementor/assets/css/font/IRANYekanX/IRANYekanX-Medium.woff2 HTTP/1.1" 200 39256 "https://optimyar.com/wp-content/plugins/persian-elementor/assets/css/font.css?ver=2.13.9" "Mozilla/5.0 (X11; Linux x86_64) AppleWebKit/537.36 (KHTML, like Gecko) Chrome/134.0.6998.165 Safari/537.36 (compatible; Google-InspectionTool/1.0)"
66.249.64.129 - - [18/Apr/2025:21:54:36 +0330] "GET /wp-content/plugins/persian-elementor/assets/css/font/IRANYekanX/IRANYekanX-Black.woff2 HTTP/1.1" 200 37296 "https://optimyar.com/wp-content/plugins/persian-elementor/assets/css/font.css?ver=2.13.9" "Mozilla/5.0 (X11; Linux x86_64) AppleWebKit/537.36 (KHTML, like Gecko) Chrome/134.0.6998.165 Safari/537.36 (compatible; Google-InspectionTool/1.0)"
66.249.64.132 - - [18/Apr/2025:21:54:36 +0330] "GET /wp-content/plugins/elementskit-lite/widgets/init/assets/js/animate-circle.min.js?ver=3.4.8 HTTP/1.1" 200 393 "https://optimyar.com/courses/chance-constrained-programming/" "Mozilla/5.0 (X11; Linux x86_64) AppleWebKit/537.36 (KHTML, like Gecko) Chrome/134.0.6998.165 Safari/537.36 (compatible; Google-InspectionTool/1.0)"
66.249.64.128 - - [18/Apr/2025:21:54:36 +0330] "GET /wp-content/plugins/elementskit-lite/widgets/init/assets/js/elementor.js?ver=3.4.8 HTTP/1.1" 200 5290 "https://optimyar.com/courses/chance-constrained-programming/" "Mozilla/5.0 (X11; Linux x86_64) AppleWebKit/537.36 (KHTML, like Gecko) Chrome/134.0.6998.165 Safari/537.36 (compatible; Google-InspectionTool/1.0)"
66.249.64.128 - - [18/Apr/2025:21:54:36 +0330] "GET /wp-content/plugins/shortcodes-ultimate/includes/css/rtl-shortcodes.css?ver=7.3.4 HTTP/1.1" 200 348 "https://optimyar.com/courses/chance-constrained-programming/" "Mozilla/5.0 (X11; Linux x86_64) AppleWebKit/537.36 (KHTML, like Gecko) Chrome/134.0.6998.165 Safari/537.36 (compatible; Google-InspectionTool/1.0)"
66.249.64.132 - - [18/Apr/2025:21:54:36 +0330] "GET /wp-content/plugins/elementor/assets/js/frontend.min.js?ver=3.28.3 HTTP/1.1" 200 13098 "https://optimyar.com/courses/chance-constrained-programming/" "Mozilla/5.0 (X11; Linux x86_64) AppleWebKit/537.36 (KHTML, like Gecko) Chrome/134.0.6998.165 Safari/537.36 (compatible; Google-InspectionTool/1.0)"
66.249.64.128 - - [18/Apr/2025:21:54:36 +0330] "GET /wp-content/uploads/essential-addons-elementor/eael-18728.css?ver=1741445115 HTTP/1.1" 200 1753 "https://optimyar.com/courses/chance-constrained-programming/" "Mozilla/5.0 (Linux; Android 6.0.1; Nexus 5X Build/MMB29P) AppleWebKit/537.36 (KHTML, like Gecko) Chrome/134.0.6998.165 Mobile Safari/537.36 (compatible; Google-InspectionTool/1.0)"
66.249.64.132 - - [18/Apr/2025:21:54:36 +0330] "GET /wp-content/plugins/persian-elementor/assets/css/font/Gandom/Gandom.woff2 HTTP/1.1" 200 49776 "https://optimyar.com/wp-content/plugins/persian-elementor/assets/css/font.css?ver=2.13.9" "Mozilla/5.0 (X11; Linux x86_64) AppleWebKit/537.36 (KHTML, like Gecko) Chrome/134.0.6998.165 Safari/537.36 (compatible; Google-InspectionTool/1.0)"
66.249.64.128 - - [18/Apr/2025:21:54:36 +0330] "GET /wp-content/plugins/persian-elementor/assets/css/font/Tanha/Tanha.woff2 HTTP/1.1" 200 41476 "https://optimyar.com/wp-content/plugins/persian-elementor/assets/css/font.css?ver=2.13.9" "Mozilla/5.0 (X11; Linux x86_64) AppleWebKit/537.36 (KHTML, like Gecko) Chrome/134.0.6998.165 Safari/537.36 (compatible; Google-InspectionTool/1.0)"
66.249.64.132 - - [18/Apr/2025:21:54:36 +0330] "GET /wp-content/plugins/elementor/assets/lib/eicons/fonts/eicons.woff2?5.36.0 HTTP/1.1" 200 99440 "https://optimyar.com/wp-content/plugins/elementor/assets/lib/eicons/css/elementor-icons.min.css?ver=5.36.0" "Mozilla/5.0 (X11; Linux x86_64) AppleWebKit/537.36 (KHTML, like Gecko) Chrome/134.0.6998.165 Safari/537.36 (compatible; Google-InspectionTool/1.0)"
66.249.64.132 - - [18/Apr/2025:21:54:36 +0330] "GET /wp-content/plugins/elementor/assets/lib/font-awesome/webfonts/fa-brands-400.woff2 HTTP/1.1" 200 81612 "https://optimyar.com/wp-content/plugins/elementor/assets/lib/font-awesome/css/all.min.css?ver=3.28.3" "Mozilla/5.0 (X11; Linux x86_64) AppleWebKit/537.36 (KHTML, like Gecko) Chrome/134.0.6998.165 Safari/537.36 (compatible; Google-InspectionTool/1.0)"
66.249.64.128 - - [18/Apr/2025:21:54:36 +0330] "GET /wp-content/plugins/persian-elementor/assets/css/font/IRANSansX/IRANSansX-Medium.woff2 HTTP/1.1" 200 45884 "https://optimyar.com/wp-content/plugins/persian-elementor/assets/css/font.css?ver=2.13.9" "Mozilla/5.0 (X11; Linux x86_64) AppleWebKit/537.36 (KHTML, like Gecko) Chrome/134.0.6998.165 Safari/537.36 (compatible; Google-InspectionTool/1.0)"
66.249.64.132 - - [18/Apr/2025:21:54:36 +0330] "GET /wp-content/plugins/persian-elementor/assets/css/font/IRANYekanX/IRANYekanX-Bold.woff2 HTTP/1.1" 200 40348 "https://optimyar.com/wp-content/plugins/persian-elementor/assets/css/font.css?ver=2.13.9" "Mozilla/5.0 (X11; Linux x86_64) AppleWebKit/537.36 (KHTML, like Gecko) Chrome/134.0.6998.165 Safari/537.36 (compatible; Google-InspectionTool/1.0)"
66.249.64.132 - - [18/Apr/2025:21:54:37 +0330] "GET /wp-content/plugins/persian-elementor/includes/icons/efaicons/fonts/efaicons.woff2 HTTP/1.1" 200 24716 "https://optimyar.com/wp-content/plugins/persian-elementor/includes/icons/efaicons/style.css?ver=2.13.9" "Mozilla/5.0 (X11; Linux x86_64) AppleWebKit/537.36 (KHTML, like Gecko) Chrome/134.0.6998.165 Safari/537.36 (compatible; Google-InspectionTool/1.0)"
66.249.64.128 - - [18/Apr/2025:21:54:37 +0330] "GET /wp-content/uploads/elementor/css/post-27939.css?ver=1744106775 HTTP/1.1" 200 1656 "https://optimyar.com/courses/chance-constrained-programming/" "Mozilla/5.0 (Linux; Android 6.0.1; Nexus 5X Build/MMB29P) AppleWebKit/537.36 (KHTML, like Gecko) Chrome/134.0.6998.165 Mobile Safari/537.36 (compatible; Google-InspectionTool/1.0)"
