66.249.64.129 - - [18/Apr/2025:21:54:36 +0330] "GET /wp-content/plugins/elementskit-lite/modules/elementskit-icon-pack/assets/fonts/elementskit.woff?y24e1e HTTP/1.1" 200 459560 "https://optimyar.com/wp-content/plugins/elementskit-lite/modules/elementskit-icon-pack/assets/css/ekiticons.css?ver=3.4.8" "Mozilla/5.0 (X11; Linux x86_64) AppleWebKit/537.36 (KHTML, like Gecko) Chrome/134.0.6998.165 Safari/537.36 (compatible; Google-InspectionTool/1.0)"
66.249.64.132 - - [18/Apr/2025:21:54:37 +0330] "GET /wp-content/plugins/jet-elements/assets/css/jet-elements-rtl.css?ver=2.7.5 HTTP/1.1" 200 2887 "https://optimyar.com/courses/chance-constrained-programming/" "Mozilla/5.0 (Linux; Android 6.0.1; Nexus 5X Build/MMB29P) AppleWebKit/537.36 (KHTML, like Gecko) Chrome/134.0.6998.165 Mobile Safari/537.36 (compatible; Google-InspectionTool/1.0)"
66.249.64.132 - - [18/Apr/2025:21:54:37 +0330] "GET /wp-content/plugins/elementor-pro/assets/lib/smartmenus/jquery.smartmenus.min.js?ver=1.2.1 HTTP/1.1" 200 6867 "https://optimyar.com/courses/chance-constrained-programming/" "Mozilla/5.0 (Linux; Android 6.0.1; Nexus 5X Build/MMB29P) AppleWebKit/537.36 (KHTML, like Gecko) Chrome/134.0.6998.165 Mobile Safari/537.36 (compatible; Google-InspectionTool/1.0)"
66.249.64.128 - - [18/Apr/2025:21:54:37 +0330] "GET /wp-content/plugins/elementor-pro/assets/lib/sticky/jquery.sticky.min.js?ver=3.28.2 HTTP/1.1" 200 1442 "https://optimyar.com/courses/chance-constrained-programming/" "Mozilla/5.0 (Linux; Android 6.0.1; Nexus 5X Build/MMB29P) AppleWebKit/537.36 (KHTML, like Gecko) Chrome/134.0.6998.165 Mobile Safari/537.36 (compatible; Google-InspectionTool/1.0)"
66.249.64.129 - - [18/Apr/2025:21:54:37 +0330] "GET /wp-content/plugins/elementskit-lite/libs/framework/assets/js/frontend-script.js?ver=3.4.8 HTTP/1.1" 200 40 "https://optimyar.com/courses/chance-constrained-programming/" "Mozilla/5.0 (Linux; Android 6.0.1; Nexus 5X Build/MMB29P) AppleWebKit/537.36 (KHTML, like Gecko) Chrome/134.0.6998.165 Mobile Safari/537.36 (compatible; Google-InspectionTool/1.0)"
66.249.64.132 - - [18/Apr/2025:21:54:37 +0330] "GET /wp-content/plugins/persian-elementor/assets/css/font/IRANYekanX/IRANYekanX-Regular.woff2 HTTP/1.1" 200 35928 "https://optimyar.com/wp-content/plugins/persian-elementor/assets/css/font.css?ver=2.13.9" "Mozilla/5.0 (X11; Linux x86_64) AppleWebKit/537.36 (KHTML, like Gecko) Chrome/134.0.6998.165 Safari/537.36 (compatible; Google-InspectionTool/1.0)"
66.249.64.128 - - [18/Apr/2025:21:54:37 +0330] "GET /wp-content/uploads/essential-addons-elementor/eael-18728.js?ver=1741445115 HTTP/1.1" 200 974 "https://optimyar.com/courses/chance-constrained-programming/" "Mozilla/5.0 (Linux; Android 6.0.1; Nexus 5X Build/MMB29P) AppleWebKit/537.36 (KHTML, like Gecko) Chrome/134.0.6998.165 Mobile Safari/537.36 (compatible; Google-InspectionTool/1.0)"
66.249.64.129 - - [18/Apr/2025:21:54:37 +0330] "GET /wp-content/plugins/persian-elementor/assets/css/font/IRANYekanX/IRANYekanX-DemiBold.woff2 HTTP/1.1" 200 39896 "https://optimyar.com/wp-content/plugins/persian-elementor/assets/css/font.css?ver=2.13.9" "Mozilla/5.0 (X11; Linux x86_64) AppleWebKit/537.36 (KHTML, like Gecko) Chrome/134.0.6998.165 Safari/537.36 (compatible; Google-InspectionTool/1.0)"
66.249.64.132 - - [18/Apr/2025:21:54:37 +0330] "GET /wp-content/plugins/persian-elementor/assets/css/font/IRANSansX/IRANSansX-Regular.woff2 HTTP/1.1" 200 40852 "https://optimyar.com/wp-content/plugins/persian-elementor/assets/css/font.css?ver=2.13.9" "Mozilla/5.0 (X11; Linux x86_64) AppleWebKit/537.36 (KHTML, like Gecko) Chrome/134.0.6998.165 Safari/537.36 (compatible; Google-InspectionTool/1.0)"
66.249.64.128 - - [18/Apr/2025:21:54:37 +0330] "GET /wp-content/uploads/elementor/css/post-9192.css?ver=1744106775 HTTP/1.1" 200 1151 "https://optimyar.com/courses/chance-constrained-programming/" "Mozilla/5.0 (Linux; Android 6.0.1; Nexus 5X Build/MMB29P) AppleWebKit/537.36 (KHTML, like Gecko) Chrome/134.0.6998.165 Mobile Safari/537.36 (compatible; Google-InspectionTool/1.0)"
66.249.64.129 - - [18/Apr/2025:21:54:37 +0330] "GET /wp-content/plugins/elementor/assets/css/widget-icon-box-rtl.min.css?ver=3.28.3 HTTP/1.1" 200 658 "https://optimyar.com/courses/chance-constrained-programming/" "Mozilla/5.0 (Linux; Android 6.0.1; Nexus 5X Build/MMB29P) AppleWebKit/537.36 (KHTML, like Gecko) Chrome/134.0.6998.165 Mobile Safari/537.36 (compatible; Google-InspectionTool/1.0)"
66.249.64.129 - - [18/Apr/2025:21:54:37 +0330] "GET /wp-content/plugins/elementskit-lite/widgets/init/assets/js/widget-scripts.js?ver=3.4.8 HTTP/1.1" 200 40425 "https://optimyar.com/courses/chance-constrained-programming/" "Mozilla/5.0 (Linux; Android 6.0.1; Nexus 5X Build/MMB29P) AppleWebKit/537.36 (KHTML, like Gecko) Chrome/134.0.6998.165 Mobile Safari/537.36 (compatible; Google-InspectionTool/1.0)"
66.249.64.129 - - [18/Apr/2025:21:54:37 +0330] "GET /wp-content/plugins/elementor/assets/lib/dialog/dialog.min.js?ver=4.9.3 HTTP/1.1" 200 3487 "https://optimyar.com/courses/chance-constrained-programming/" "Mozilla/5.0 (X11; Linux x86_64) AppleWebKit/537.36 (KHTML, like Gecko) Chrome/134.0.6998.165 Safari/537.36 (compatible; Google-InspectionTool/1.0)"
66.249.64.129 - - [18/Apr/2025:21:54:37 +0330] "GET /wp-content/plugins/essential-addons-for-elementor-lite/assets/front-end/js/view/general.min.js?ver=6.1.9 HTTP/1.1" 200 3883 "https://optimyar.com/courses/chance-constrained-programming/" "Mozilla/5.0 (Linux; Android 6.0.1; Nexus 5X Build/MMB29P) AppleWebKit/537.36 (KHTML, like Gecko) Chrome/134.0.6998.165 Mobile Safari/537.36 (compatible; Google-InspectionTool/1.0)"
66.249.64.132 - - [18/Apr/2025:21:54:38 +0330] "GET /wp-content/plugins/elementor/assets/js/webpack.runtime.min.js?ver=3.28.3 HTTP/1.1" 200 2228 "https://optimyar.com/courses/chance-constrained-programming/" "Mozilla/5.0 (Linux; Android 6.0.1; Nexus 5X Build/MMB29P) AppleWebKit/537.36 (KHTML, like Gecko) Chrome/134.0.6998.165 Mobile Safari/537.36 (compatible; Google-InspectionTool/1.0)"
66.249.64.129 - - [18/Apr/2025:21:54:38 +0330] "GET /wp-content/plugins/elementor-pro/assets/js/share-buttons.63d984f8c96d1e053bc0.bundle.min.js HTTP/1.1" 200 690 "https://optimyar.com/courses/chance-constrained-programming/" "Mozilla/5.0 (X11; Linux x86_64) AppleWebKit/537.36 (KHTML, like Gecko) Chrome/134.0.6998.165 Safari/537.36 (compatible; Google-InspectionTool/1.0)"
66.249.64.132 - - [18/Apr/2025:21:54:38 +0330] "GET /wp-content/plugins/elementor/assets/js/frontend-modules.min.js?ver=3.28.3 HTTP/1.1" 200 14421 "https://optimyar.com/courses/chance-constrained-programming/" "Mozilla/5.0 (Linux; Android 6.0.1; Nexus 5X Build/MMB29P) AppleWebKit/537.36 (KHTML, like Gecko) Chrome/134.0.6998.165 Mobile Safari/537.36 (compatible; Google-InspectionTool/1.0)"
66.249.64.132 - - [18/Apr/2025:21:54:37 +0330] "GET /wp-content/plugins/elementor-pro/assets/js/nav-menu.a23fbd67486c5bedf26c.bundle.min.js HTTP/1.1" 200 1751 "https://optimyar.com/courses/chance-constrained-programming/" "Mozilla/5.0 (X11; Linux x86_64) AppleWebKit/537.36 (KHTML, like Gecko) Chrome/134.0.6998.165 Safari/537.36 (compatible; Google-InspectionTool/1.0)"
66.249.64.132 - - [18/Apr/2025:21:54:37 +0330] "GET /wp-content/plugins/elementor-pro/assets/js/webpack-pro.runtime.min.js?ver=3.28.2 HTTP/1.1" 200 2624 "https://optimyar.com/courses/chance-constrained-programming/" "Mozilla/5.0 (Linux; Android 6.0.1; Nexus 5X Build/MMB29P) AppleWebKit/537.36 (KHTML, like Gecko) Chrome/134.0.6998.165 Mobile Safari/537.36 (compatible; Google-InspectionTool/1.0)"
66.249.64.132 - - [18/Apr/2025:21:54:38 +0330] "GET /wp-includes/js/dist/i18n.min.js?ver=5e580eb46a90c2b997e6 HTTP/1.1" 200 3542 "https://optimyar.com/courses/chance-constrained-programming/" "Mozilla/5.0 (Linux; Android 6.0.1; Nexus 5X Build/MMB29P) AppleWebKit/537.36 (KHTML, like Gecko) Chrome/134.0.6998.165 Mobile Safari/537.36 (compatible; Google-InspectionTool/1.0)"
66.249.64.132 - - [18/Apr/2025:21:54:38 +0330] "GET /wp-content/uploads/2022/11/man.svg HTTP/1.1" 200 2534 "https://optimyar.com/courses/chance-constrained-programming/" "Mozilla/5.0 (X11; Linux x86_64) AppleWebKit/537.36 (KHTML, like Gecko) Chrome/134.0.6998.165 Safari/537.36 (compatible; Google-InspectionTool/1.0)"
66.249.64.128 - - [18/Apr/2025:21:54:38 +0330] "GET /wp-content/uploads/2022/11/attention.svg HTTP/1.1" 200 16245 "https://optimyar.com/courses/chance-constrained-programming/" "Mozilla/5.0 (X11; Linux x86_64) AppleWebKit/537.36 (KHTML, like Gecko) Chrome/134.0.6998.165 Safari/537.36 (compatible; Google-InspectionTool/1.0)"
66.249.64.128 - - [18/Apr/2025:21:54:38 +0330] "GET /wp-content/plugins/elementor-pro/assets/js/frontend.min.js?ver=3.28.2 HTTP/1.1" 200 6281 "https://optimyar.com/courses/chance-constrained-programming/" "Mozilla/5.0 (Linux; Android 6.0.1; Nexus 5X Build/MMB29P) AppleWebKit/537.36 (KHTML, like Gecko) Chrome/134.0.6998.165 Mobile Safari/537.36 (compatible; Google-InspectionTool/1.0)"
66.249.64.128 - - [18/Apr/2025:21:54:38 +0330] "GET /wp-content/plugins/elementor/assets/js/frontend.min.js?ver=3.28.3 HTTP/1.1" 200 13098 "https://optimyar.com/courses/chance-constrained-programming/" "Mozilla/5.0 (Linux; Android 6.0.1; Nexus 5X Build/MMB29P) AppleWebKit/537.36 (KHTML, like Gecko) Chrome/134.0.6998.165 Mobile Safari/537.36 (compatible; Google-InspectionTool/1.0)"
66.249.64.132 - - [18/Apr/2025:21:54:38 +0330] "GET /wp-content/plugins/elementor-pro/assets/js/elements-handlers.min.js?ver=3.28.2 HTTP/1.1" 200 10224 "https://optimyar.com/courses/chance-constrained-programming/" "Mozilla/5.0 (Linux; Android 6.0.1; Nexus 5X Build/MMB29P) AppleWebKit/537.36 (KHTML, like Gecko) Chrome/134.0.6998.165 Mobile Safari/537.36 (compatible; Google-InspectionTool/1.0)"
66.249.64.128 - - [18/Apr/2025:21:54:38 +0330] "GET /wp-content/plugins/jet-blocks/assets/js/jet-blocks.min.js?ver=1.3.17 HTTP/1.1" 200 5404 "https://optimyar.com/courses/chance-constrained-programming/" "Mozilla/5.0 (Linux; Android 6.0.1; Nexus 5X Build/MMB29P) AppleWebKit/537.36 (KHTML, like Gecko) Chrome/134.0.6998.165 Mobile Safari/537.36 (compatible; Google-InspectionTool/1.0)"
66.249.64.130 - - [18/Apr/2025:21:54:39 +0330] "GET /wp-content/uploads/2022/08/%D8%A8%D8%B1%D9%86%D8%A7%D9%85%D9%87-%D8%B1%DB%8C%D8%B2%DB%8C-%D8%AF%D8%B1-%D8%B9%D8%AF%D9%85-%D9%82%D8%B7%D8%B9%DB%8C%D8%AA-1-1024x396.png HTTP/1.1" 200 314102 "https://optimyar.com/courses/chance-constrained-programming/" "Mozilla/5.0 (X11; Linux x86_64) AppleWebKit/537.36 (KHTML, like Gecko) Chrome/134.0.6998.165 Safari/537.36 (compatible; Google-InspectionTool/1.0)"
66.249.64.129 - - [18/Apr/2025:21:54:38 +0330] "GET /wp-includes/js/dist/hooks.min.js?ver=4d63a3d491d11ffd8ac6 HTTP/1.1" 200 1571 "https://optimyar.com/courses/chance-constrained-programming/" "Mozilla/5.0 (Linux; Android 6.0.1; Nexus 5X Build/MMB29P) AppleWebKit/537.36 (KHTML, like Gecko) Chrome/134.0.6998.165 Mobile Safari/537.36 (compatible; Google-InspectionTool/1.0)"
66.249.64.129 - - [18/Apr/2025:21:54:38 +0330] "GET /wp-content/plugins/elementor/assets/lib/share-link/share-link.min.js?ver=3.28.3 HTTP/1.1" 200 1072 "https://optimyar.com/courses/chance-constrained-programming/" "Mozilla/5.0 (X11; Linux x86_64) AppleWebKit/537.36 (KHTML, like Gecko) Chrome/134.0.6998.165 Safari/537.36 (compatible; Google-InspectionTool/1.0)"
66.249.64.128 - - [18/Apr/2025:21:54:38 +0330] "GET /wp-content/uploads/2022/11/pointer.svg HTTP/1.1" 200 1067 "https://optimyar.com/courses/chance-constrained-programming/" "Mozilla/5.0 (X11; Linux x86_64) AppleWebKit/537.36 (KHTML, like Gecko) Chrome/134.0.6998.165 Safari/537.36 (compatible; Google-InspectionTool/1.0)"
66.249.64.129 - - [18/Apr/2025:21:54:38 +0330] "GET /wp-includes/js/jquery/ui/core.min.js?ver=1.13.3 HTTP/1.1" 200 6811 "https://optimyar.com/courses/chance-constrained-programming/" "Mozilla/5.0 (Linux; Android 6.0.1; Nexus 5X Build/MMB29P) AppleWebKit/537.36 (KHTML, like Gecko) Chrome/134.0.6998.165 Mobile Safari/537.36 (compatible; Google-InspectionTool/1.0)"
66.249.64.129 - - [18/Apr/2025:21:54:38 +0330] "GET /wp-content/uploads/2022/08/%D8%A8%D8%B1%D9%86%D8%A7%D9%85%D9%87-%D8%B1%DB%8C%D8%B2%DB%8C-%D8%B1%DB%8C%D8%A7%D8%B6%DB%8C.png HTTP/1.1" 200 189587 "https://optimyar.com/courses/chance-constrained-programming/" "Mozilla/5.0 (X11; Linux x86_64) AppleWebKit/537.36 (KHTML, like Gecko) Chrome/134.0.6998.165 Safari/537.36 (compatible; Google-InspectionTool/1.0)"
66.249.64.130 - - [18/Apr/2025:21:54:39 +0330] "GET /wp-content/plugins/jet-elements/assets/js/jet-elements.min.js?ver=2.7.5 HTTP/1.1" 200 24555 "https://optimyar.com/courses/chance-constrained-programming/" "Mozilla/5.0 (Linux; Android 6.0.1; Nexus 5X Build/MMB29P) AppleWebKit/537.36 (KHTML, like Gecko) Chrome/134.0.6998.165 Mobile Safari/537.36 (compatible; Google-InspectionTool/1.0)"
66.249.64.130 - - [18/Apr/2025:21:54:39 +0330] "GET /wp-content/plugins/jet-tabs/assets/js/jet-tabs-frontend.min.js?ver=2.2.8 HTTP/1.1" 200 5800 "https://optimyar.com/courses/chance-constrained-programming/" "Mozilla/5.0 (Linux; Android 6.0.1; Nexus 5X Build/MMB29P) AppleWebKit/537.36 (KHTML, like Gecko) Chrome/134.0.6998.165 Mobile Safari/537.36 (compatible; Google-InspectionTool/1.0)"
66.249.64.130 - - [18/Apr/2025:21:54:39 +0330] "GET /wp-content/uploads/2022/08/%D8%A2%D9%85%D9%88%D8%B2%D8%B4-%DA%AF%D9%85%D8%B2-1-1024x396.png HTTP/1.1" 200 294972 "https://optimyar.com/courses/chance-constrained-programming/" "Mozilla/5.0 (X11; Linux x86_64) AppleWebKit/537.36 (KHTML, like Gecko) Chrome/134.0.6998.165 Safari/537.36 (compatible; Google-InspectionTool/1.0)"
66.249.64.129 - - [18/Apr/2025:21:54:39 +0330] "GET /wp-content/plugins/elementskit-lite/widgets/init/assets/js/elementor.js?ver=3.4.8 HTTP/1.1" 200 5290 "https://optimyar.com/courses/chance-constrained-programming/" "Mozilla/5.0 (Linux; Android 6.0.1; Nexus 5X Build/MMB29P) AppleWebKit/537.36 (KHTML, like Gecko) Chrome/134.0.6998.165 Mobile Safari/537.36 (compatible; Google-InspectionTool/1.0)"
66.249.64.130 - - [18/Apr/2025:21:54:39 +0330] "GET /wp-content/plugins/elementor-extras/assets/js/frontend.min.js?ver=2.2.52 HTTP/1.1" 200 17222 "https://optimyar.com/courses/chance-constrained-programming/" "Mozilla/5.0 (Linux; Android 6.0.1; Nexus 5X Build/MMB29P) AppleWebKit/537.36 (KHTML, like Gecko) Chrome/134.0.6998.165 Mobile Safari/537.36 (compatible; Google-InspectionTool/1.0)"
66.249.64.128 - - [18/Apr/2025:21:54:39 +0330] "GET /wp-content/plugins/elementskit-lite/widgets/init/assets/js/animate-circle.min.js?ver=3.4.8 HTTP/1.1" 200 393 "https://optimyar.com/courses/chance-constrained-programming/" "Mozilla/5.0 (Linux; Android 6.0.1; Nexus 5X Build/MMB29P) AppleWebKit/537.36 (KHTML, like Gecko) Chrome/134.0.6998.165 Mobile Safari/537.36 (compatible; Google-InspectionTool/1.0)"
66.249.64.132 - - [18/Apr/2025:21:54:40 +0330] "GET /wp-content/plugins/elementor-extras/assets/lib/hotips/hotips.min.js?ver=1.1.0 HTTP/1.1" 200 2121 "https://optimyar.com/courses/chance-constrained-programming/" "Mozilla/5.0 (Linux; Android 6.0.1; Nexus 5X Build/MMB29P) AppleWebKit/537.36 (KHTML, like Gecko) Chrome/134.0.6998.165 Mobile Safari/537.36 (compatible; Google-InspectionTool/1.0)"
66.249.64.128 - - [18/Apr/2025:21:54:40 +0330] "GET /wp-content/plugins/persian-elementor/assets/css/font/IRANSansX/IRANSansX-Regular.woff2 HTTP/1.1" 200 40852 "https://optimyar.com/wp-content/plugins/persian-elementor/assets/css/font.css?ver=2.13.9" "Mozilla/5.0 (Linux; Android 6.0.1; Nexus 5X Build/MMB29P) AppleWebKit/537.36 (KHTML, like Gecko) Chrome/134.0.6998.165 Mobile Safari/537.36 (compatible; Google-InspectionTool/1.0)"
66.249.64.128 - - [18/Apr/2025:21:54:40 +0330] "GET /wp-content/plugins/persian-elementor/assets/css/font/IRANYekanX/IRANYekanX-Medium.woff2 HTTP/1.1" 200 39256 "https://optimyar.com/wp-content/plugins/persian-elementor/assets/css/font.css?ver=2.13.9" "Mozilla/5.0 (Linux; Android 6.0.1; Nexus 5X Build/MMB29P) AppleWebKit/537.36 (KHTML, like Gecko) Chrome/134.0.6998.165 Mobile Safari/537.36 (compatible; Google-InspectionTool/1.0)"
66.249.64.129 - - [18/Apr/2025:21:54:40 +0330] "GET /wp-content/plugins/elementor/assets/lib/eicons/fonts/eicons.woff2?5.36.0 HTTP/1.1" 200 99440 "https://optimyar.com/wp-content/plugins/elementor/assets/lib/eicons/css/elementor-icons.min.css?ver=5.36.0" "Mozilla/5.0 (Linux; Android 6.0.1; Nexus 5X Build/MMB29P) AppleWebKit/537.36 (KHTML, like Gecko) Chrome/134.0.6998.165 Mobile Safari/537.36 (compatible; Google-InspectionTool/1.0)"
66.249.64.132 - - [18/Apr/2025:21:54:40 +0330] "GET /wp-content/plugins/persian-elementor/assets/css/font/IRANSansX/IRANSansX-Medium.woff2 HTTP/1.1" 200 45884 "https://optimyar.com/wp-content/plugins/persian-elementor/assets/css/font.css?ver=2.13.9" "Mozilla/5.0 (Linux; Android 6.0.1; Nexus 5X Build/MMB29P) AppleWebKit/537.36 (KHTML, like Gecko) Chrome/134.0.6998.165 Mobile Safari/537.36 (compatible; Google-InspectionTool/1.0)"
66.249.64.130 - - [18/Apr/2025:21:54:40 +0330] "GET /wp-content/plugins/elementor/assets/lib/font-awesome/webfonts/fa-solid-900.woff2 HTTP/1.1" 200 78196 "https://optimyar.com/wp-content/plugins/elementor/assets/lib/font-awesome/css/all.min.css?ver=3.28.3" "Mozilla/5.0 (Linux; Android 6.0.1; Nexus 5X Build/MMB29P) AppleWebKit/537.36 (KHTML, like Gecko) Chrome/134.0.6998.165 Mobile Safari/537.36 (compatible; Google-InspectionTool/1.0)"
66.249.64.132 - - [18/Apr/2025:21:54:40 +0330] "GET /wp-content/plugins/elementor/assets/lib/font-awesome/webfonts/fa-brands-400.woff2 HTTP/1.1" 200 81612 "https://optimyar.com/wp-content/plugins/elementor/assets/lib/font-awesome/css/all.min.css?ver=3.28.3" "Mozilla/5.0 (Linux; Android 6.0.1; Nexus 5X Build/MMB29P) AppleWebKit/537.36 (KHTML, like Gecko) Chrome/134.0.6998.165 Mobile Safari/537.36 (compatible; Google-InspectionTool/1.0)"
66.249.64.128 - - [18/Apr/2025:21:54:40 +0330] "GET /wp-content/plugins/persian-elementor/assets/css/font/Parastoo/Parastoo-Bold.woff2 HTTP/1.1" 200 48268 "https://optimyar.com/wp-content/plugins/persian-elementor/assets/css/font.css?ver=2.13.9" "Mozilla/5.0 (Linux; Android 6.0.1; Nexus 5X Build/MMB29P) AppleWebKit/537.36 (KHTML, like Gecko) Chrome/134.0.6998.165 Mobile Safari/537.36 (compatible; Google-InspectionTool/1.0)"
66.249.64.129 - - [18/Apr/2025:21:54:39 +0330] "GET /wp-content/plugins/elementor-extras/assets/lib/parallax-gallery/parallax-gallery.min.js?ver=1.0.0 HTTP/1.1" 200 814 "https://optimyar.com/courses/chance-constrained-programming/" "Mozilla/5.0 (Linux; Android 6.0.1; Nexus 5X Build/MMB29P) AppleWebKit/537.36 (KHTML, like Gecko) Chrome/134.0.6998.165 Mobile Safari/537.36 (compatible; Google-InspectionTool/1.0)"
66.249.64.130 - - [18/Apr/2025:21:54:40 +0330] "GET /wp-content/plugins/shortcodes-ultimate/includes/css/rtl-shortcodes.css?ver=7.3.4 HTTP/1.1" 200 348 "https://optimyar.com/courses/chance-constrained-programming/" "Mozilla/5.0 (Linux; Android 6.0.1; Nexus 5X Build/MMB29P) AppleWebKit/537.36 (KHTML, like Gecko) Chrome/134.0.6998.165 Mobile Safari/537.36 (compatible; Google-InspectionTool/1.0)"
66.249.64.128 - - [18/Apr/2025:21:54:40 +0330] "GET /wp-content/plugins/persian-elementor/assets/css/font/Tanha/Tanha.woff2 HTTP/1.1" 200 41476 "https://optimyar.com/wp-content/plugins/persian-elementor/assets/css/font.css?ver=2.13.9" "Mozilla/5.0 (Linux; Android 6.0.1; Nexus 5X Build/MMB29P) AppleWebKit/537.36 (KHTML, like Gecko) Chrome/134.0.6998.165 Mobile Safari/537.36 (compatible; Google-InspectionTool/1.0)"
66.249.64.130 - - [18/Apr/2025:21:54:40 +0330] "GET /wp-content/plugins/persian-elementor/assets/css/font/IRANSansX/IRANSansX-Bold.woff2 HTTP/1.1" 200 46124 "https://optimyar.com/wp-content/plugins/persian-elementor/assets/css/font.css?ver=2.13.9" "Mozilla/5.0 (Linux; Android 6.0.1; Nexus 5X Build/MMB29P) AppleWebKit/537.36 (KHTML, like Gecko) Chrome/134.0.6998.165 Mobile Safari/537.36 (compatible; Google-InspectionTool/1.0)"
66.249.64.129 - - [18/Apr/2025:21:54:40 +0330] "GET /wp-content/plugins/elementor/assets/lib/font-awesome/webfonts/fa-regular-400.woff2 HTTP/1.1" 200 13276 "https://optimyar.com/wp-content/plugins/elementor/assets/lib/font-awesome/css/all.min.css?ver=3.28.3" "Mozilla/5.0 (Linux; Android 6.0.1; Nexus 5X Build/MMB29P) AppleWebKit/537.36 (KHTML, like Gecko) Chrome/134.0.6998.165 Mobile Safari/537.36 (compatible; Google-InspectionTool/1.0)"
66.249.64.129 - - [18/Apr/2025:21:54:40 +0330] "GET /wp-content/plugins/persian-elementor/assets/css/font/Gandom/Gandom.woff2 HTTP/1.1" 200 49776 "https://optimyar.com/wp-content/plugins/persian-elementor/assets/css/font.css?ver=2.13.9" "Mozilla/5.0 (Linux; Android 6.0.1; Nexus 5X Build/MMB29P) AppleWebKit/537.36 (KHTML, like Gecko) Chrome/134.0.6998.165 Mobile Safari/537.36 (compatible; Google-InspectionTool/1.0)"
66.249.64.130 - - [18/Apr/2025:21:54:40 +0330] "GET /wp-content/plugins/persian-elementor/assets/css/font/IRANYekanX/IRANYekanX-DemiBold.woff2 HTTP/1.1" 200 39896 "https://optimyar.com/wp-content/plugins/persian-elementor/assets/css/font.css?ver=2.13.9" "Mozilla/5.0 (Linux; Android 6.0.1; Nexus 5X Build/MMB29P) AppleWebKit/537.36 (KHTML, like Gecko) Chrome/134.0.6998.165 Mobile Safari/537.36 (compatible; Google-InspectionTool/1.0)"
66.249.64.129 - - [18/Apr/2025:21:54:40 +0330] "GET /wp-content/plugins/persian-elementor/assets/css/font/IRANSansX/IRANSansX-DemiBold.woff2 HTTP/1.1" 200 45640 "https://optimyar.com/wp-content/plugins/persian-elementor/assets/css/font.css?ver=2.13.9" "Mozilla/5.0 (Linux; Android 6.0.1; Nexus 5X Build/MMB29P) AppleWebKit/537.36 (KHTML, like Gecko) Chrome/134.0.6998.165 Mobile Safari/537.36 (compatible; Google-InspectionTool/1.0)"
66.249.64.132 - - [18/Apr/2025:21:54:40 +0330] "GET /wp-content/plugins/persian-elementor/assets/css/font/IRANYekanX/IRANYekanX-Bold.woff2 HTTP/1.1" 200 40348 "https://optimyar.com/wp-content/plugins/persian-elementor/assets/css/font.css?ver=2.13.9" "Mozilla/5.0 (Linux; Android 6.0.1; Nexus 5X Build/MMB29P) AppleWebKit/537.36 (KHTML, like Gecko) Chrome/134.0.6998.165 Mobile Safari/537.36 (compatible; Google-InspectionTool/1.0)"
66.249.64.129 - - [18/Apr/2025:21:54:40 +0330] "GET /wp-content/plugins/elementor/assets/lib/dialog/dialog.min.js?ver=4.9.3 HTTP/1.1" 200 3487 "https://optimyar.com/courses/chance-constrained-programming/" "Mozilla/5.0 (Linux; Android 6.0.1; Nexus 5X Build/MMB29P) AppleWebKit/537.36 (KHTML, like Gecko) Chrome/134.0.6998.165 Mobile Safari/537.36 (compatible; Google-InspectionTool/1.0)"
66.249.64.128 - - [18/Apr/2025:21:54:40 +0330] "GET /wp-content/plugins/persian-elementor/includes/icons/efaicons/fonts/efaicons.woff2 HTTP/1.1" 200 24716 "https://optimyar.com/wp-content/plugins/persian-elementor/includes/icons/efaicons/style.css?ver=2.13.9" "Mozilla/5.0 (Linux; Android 6.0.1; Nexus 5X Build/MMB29P) AppleWebKit/537.36 (KHTML, like Gecko) Chrome/134.0.6998.165 Mobile Safari/537.36 (compatible; Google-InspectionTool/1.0)"
66.249.64.128 - - [18/Apr/2025:21:54:40 +0330] "GET /wp-content/plugins/elementskit-lite/modules/elementskit-icon-pack/assets/fonts/elementskit.woff?y24e1e HTTP/1.1" 200 459560 "https://optimyar.com/wp-content/plugins/elementskit-lite/modules/elementskit-icon-pack/assets/css/ekiticons.css?ver=3.4.8" "Mozilla/5.0 (Linux; Android 6.0.1; Nexus 5X Build/MMB29P) AppleWebKit/537.36 (KHTML, like Gecko) Chrome/134.0.6998.165 Mobile Safari/537.36 (compatible; Google-InspectionTool/1.0)"
66.249.64.128 - - [18/Apr/2025:21:54:41 +0330] "GET /wp-content/plugins/elementor-pro/assets/js/nav-menu.a23fbd67486c5bedf26c.bundle.min.js HTTP/1.1" 200 1751 "https://optimyar.com/courses/chance-constrained-programming/" "Mozilla/5.0 (Linux; Android 6.0.1; Nexus 5X Build/MMB29P) AppleWebKit/537.36 (KHTML, like Gecko) Chrome/134.0.6998.165 Mobile Safari/537.36 (compatible; Google-InspectionTool/1.0)"
66.249.64.130 - - [18/Apr/2025:21:54:41 +0330] "GET /wp-content/plugins/elementor-pro/assets/js/share-buttons.63d984f8c96d1e053bc0.bundle.min.js HTTP/1.1" 200 690 "https://optimyar.com/courses/chance-constrained-programming/" "Mozilla/5.0 (Linux; Android 6.0.1; Nexus 5X Build/MMB29P) AppleWebKit/537.36 (KHTML, like Gecko) Chrome/134.0.6998.165 Mobile Safari/537.36 (compatible; Google-InspectionTool/1.0)"
66.249.64.130 - - [18/Apr/2025:21:54:41 +0330] "GET /wp-content/plugins/elementor/assets/lib/share-link/share-link.min.js?ver=3.28.3 HTTP/1.1" 200 1072 "https://optimyar.com/courses/chance-constrained-programming/" "Mozilla/5.0 (Linux; Android 6.0.1; Nexus 5X Build/MMB29P) AppleWebKit/537.36 (KHTML, like Gecko) Chrome/134.0.6998.165 Mobile Safari/537.36 (compatible; Google-InspectionTool/1.0)"
66.249.64.128 - - [18/Apr/2025:21:54:42 +0330] "GET /wp-content/uploads/2022/11/man.svg HTTP/1.1" 200 2534 "https://optimyar.com/courses/chance-constrained-programming/" "Mozilla/5.0 (Linux; Android 6.0.1; Nexus 5X Build/MMB29P) AppleWebKit/537.36 (KHTML, like Gecko) Chrome/134.0.6998.165 Mobile Safari/537.36 (compatible; Google-InspectionTool/1.0)"
66.249.64.130 - - [18/Apr/2025:21:54:42 +0330] "GET /wp-content/uploads/2022/11/pointer.svg HTTP/1.1" 200 1067 "https://optimyar.com/courses/chance-constrained-programming/" "Mozilla/5.0 (Linux; Android 6.0.1; Nexus 5X Build/MMB29P) AppleWebKit/537.36 (KHTML, like Gecko) Chrome/134.0.6998.165 Mobile Safari/537.36 (compatible; Google-InspectionTool/1.0)"
66.249.64.128 - - [18/Apr/2025:21:54:42 +0330] "GET /wp-content/uploads/2022/08/%D8%A8%D8%B1%D9%86%D8%A7%D9%85%D9%87-%D8%B1%DB%8C%D8%B2%DB%8C-%D8%AF%D8%B1-%D8%B9%D8%AF%D9%85-%D9%82%D8%B7%D8%B9%DB%8C%D8%AA-1.png HTTP/1.1" 200 341991 "https://optimyar.com/courses/chance-constrained-programming/" "Mozilla/5.0 (Linux; Android 6.0.1; Nexus 5X Build/MMB29P) AppleWebKit/537.36 (KHTML, like Gecko) Chrome/134.0.6998.165 Mobile Safari/537.36 (compatible; Google-InspectionTool/1.0)"
66.249.64.132 - - [18/Apr/2025:21:54:40 +0330] "GET /wp-content/plugins/persian-elementor/assets/css/font/IRANYekanX/IRANYekanX-Black.woff2 HTTP/1.1" 200 37296 "https://optimyar.com/wp-content/plugins/persian-elementor/assets/css/font.css?ver=2.13.9" "Mozilla/5.0 (Linux; Android 6.0.1; Nexus 5X Build/MMB29P) AppleWebKit/537.36 (KHTML, like Gecko) Chrome/134.0.6998.165 Mobile Safari/537.36 (compatible; Google-InspectionTool/1.0)"
66.249.64.128 - - [18/Apr/2025:21:54:41 +0330] "GET /wp-content/plugins/persian-elementor/assets/css/font/IRANYekanX/IRANYekanX-Regular.woff2 HTTP/1.1" 200 35928 "https://optimyar.com/wp-content/plugins/persian-elementor/assets/css/font.css?ver=2.13.9" "Mozilla/5.0 (Linux; Android 6.0.1; Nexus 5X Build/MMB29P) AppleWebKit/537.36 (KHTML, like Gecko) Chrome/134.0.6998.165 Mobile Safari/537.36 (compatible; Google-InspectionTool/1.0)"
66.249.64.130 - - [18/Apr/2025:21:54:42 +0330] "GET /wp-content/uploads/2022/11/attention.svg HTTP/1.1" 200 16245 "https://optimyar.com/courses/chance-constrained-programming/" "Mozilla/5.0 (Linux; Android 6.0.1; Nexus 5X Build/MMB29P) AppleWebKit/537.36 (KHTML, like Gecko) Chrome/134.0.6998.165 Mobile Safari/537.36 (compatible; Google-InspectionTool/1.0)"
66.249.64.132 - - [18/Apr/2025:21:54:42 +0330] "GET /wp-content/uploads/2022/08/%D8%A2%D9%85%D9%88%D8%B2%D8%B4-%DA%AF%D9%85%D8%B2-1.png HTTP/1.1" 200 321374 "https://optimyar.com/courses/chance-constrained-programming/" "Mozilla/5.0 (Linux; Android 6.0.1; Nexus 5X Build/MMB29P) AppleWebKit/537.36 (KHTML, like Gecko) Chrome/134.0.6998.165 Mobile Safari/537.36 (compatible; Google-InspectionTool/1.0)"
66.249.64.128 - - [18/Apr/2025:21:55:01 +0330] "GET /courses/chance-constrained-programming/ HTTP/1.1" 200 76851 "-" "Mozilla/5.0 (Linux; Android 6.0.1; Nexus 5X Build/MMB29P) AppleWebKit/537.36 (KHTML, like Gecko) Chrome/135.0.7049.95 Mobile Safari/537.36 (compatible; Googlebot/2.1; +http://www.google.com/bot.html)"
5.113.236.242 - - [18/Apr/2025:21:55:05 +0330] "GET /courses/fuzzy-and-possibilistic-optimization/ HTTP/2" 200 76947 "-" "Mozilla/5.0 (Windows NT 10.0; Win64; x64) AppleWebKit/537.36 (KHTML, like Gecko) Chrome/135.0.0.0 Safari/537.36 Edg/135.0.0.0"
66.249.64.132 - - [18/Apr/2025:21:55:34 +0330] "GET /wp-content/uploads/essential-addons-elementor/eael-18728.css?ver=1741445115 HTTP/1.1" 200 1753 "https://optimyar.com/courses/chance-constrained-programming/" "Mozilla/5.0 (Linux; Android 6.0.1; Nexus 5X Build/MMB29P) AppleWebKit/537.36 (KHTML, like Gecko) Chrome/135.0.7049.84 Mobile Safari/537.36 (compatible; Googlebot/2.1; +http://www.google.com/bot.html)"
66.249.64.132 - - [18/Apr/2025:21:55:35 +0330] "GET /wp-content/plugins/elementor-pro/assets/css/modules/motion-fx.min.css?ver=3.28.2 HTTP/1.1" 200 210 "https://optimyar.com/courses/chance-constrained-programming/" "Mozilla/5.0 (Linux; Android 6.0.1; Nexus 5X Build/MMB29P) AppleWebKit/537.36 (KHTML, like Gecko) Chrome/135.0.7049.84 Mobile Safari/537.36 (compatible; Googlebot/2.1; +http://www.google.com/bot.html)"
66.249.64.132 - - [18/Apr/2025:21:55:35 +0330] "GET /wp-content/uploads/elementor/css/post-171.css?ver=1744105134 HTTP/1.1" 200 4940 "https://optimyar.com/courses/chance-constrained-programming/" "Mozilla/5.0 (Linux; Android 6.0.1; Nexus 5X Build/MMB29P) AppleWebKit/537.36 (KHTML, like Gecko) Chrome/135.0.7049.84 Mobile Safari/537.36 (compatible; Googlebot/2.1; +http://www.google.com/bot.html)"
66.249.64.132 - - [18/Apr/2025:21:55:36 +0330] "GET /wp-content/uploads/essential-addons-elementor/eael-18728.js?ver=1741445115 HTTP/1.1" 200 974 "https://optimyar.com/courses/chance-constrained-programming/" "Mozilla/5.0 (Linux; Android 6.0.1; Nexus 5X Build/MMB29P) AppleWebKit/537.36 (KHTML, like Gecko) Chrome/135.0.7049.84 Mobile Safari/537.36 (compatible; Googlebot/2.1; +http://www.google.com/bot.html)"
66.249.64.130 - - [18/Apr/2025:21:54:42 +0330] "GET /wp-content/uploads/2022/08/%D8%A8%D8%B1%D9%86%D8%A7%D9%85%D9%87-%D8%B1%DB%8C%D8%B2%DB%8C-%D8%B1%DB%8C%D8%A7%D8%B6%DB%8C.png HTTP/1.1" 200 189587 "https://optimyar.com/courses/chance-constrained-programming/" "Mozilla/5.0 (Linux; Android 6.0.1; Nexus 5X Build/MMB29P) AppleWebKit/537.36 (KHTML, like Gecko) Chrome/134.0.6998.165 Mobile Safari/537.36 (compatible; Google-InspectionTool/1.0)"
31.214.174.196 - - [18/Apr/2025:21:55:03 +0330] "POST /wp-cron.php?doing_wp_cron=1745000703.5052919387817382812500 HTTP/1.1" 200 20 "-" "WordPress/6.7.2; https://optimyar.com"
66.249.64.128 - - [18/Apr/2025:21:55:35 +0330] "GET /wp-content/uploads/elementor/css/post-35540.css?ver=1744111097 HTTP/1.1" 200 3660 "https://optimyar.com/courses/chance-constrained-programming/" "Mozilla/5.0 (Linux; Android 6.0.1; Nexus 5X Build/MMB29P) AppleWebKit/537.36 (KHTML, like Gecko) Chrome/135.0.7049.84 Mobile Safari/537.36 (compatible; Googlebot/2.1; +http://www.google.com/bot.html)"
31.214.174.196 - - [18/Apr/2025:21:59:33 +0330] "POST /?wordfence_syncAttackData=1745000973.7203 HTTP/1.1" 200 20 "-" "WordPress/6.7.2; https://optimyar.com"
134.17.14.122 - - [18/Apr/2025:21:59:32 +0330] "GET /wp-content/plugins/seo-for-wordpress/option.php HTTP/1.1" 404 15151 "-" "Mozilla/4.0 (compatible; MSIE 6.0; Windows NT 5.1; SV1)"
66.249.64.132 - - [18/Apr/2025:21:55:40 +0330] "GET /wp-content/uploads/2022/11/attention.svg HTTP/1.1" 200 16245 "https://optimyar.com/courses/chance-constrained-programming/" "Mozilla/5.0 (Linux; Android 6.0.1; Nexus 5X Build/MMB29P) AppleWebKit/537.36 (KHTML, like Gecko) Chrome/135.0.7049.84 Mobile Safari/537.36 (compatible; Googlebot/2.1; +http://www.google.com/bot.html)"
31.214.174.196 - - [18/Apr/2025:21:59:35 +0330] "POST /wp-cron.php?doing_wp_cron=1745000975.3441638946533203125000 HTTP/1.1" 200 20 "-" "WordPress/6.7.2; https://optimyar.com"
72.14.201.42 - - [18/Apr/2025:22:10:16 +0330] "GET /courses/scenario-based-robust-optimization-mulvey/ HTTP/2" 200 13350 "https://www.google.com/" "Mozilla/5.0 (Windows NT 10.0; Win64; x64) AppleWebKit/537.36 (KHTML, like Gecko) Chrome/135.0.0.0 Safari/537.36"
66.249.64.129 - - [18/Apr/2025:22:13:16 +0330] "GET /?o=504540184 HTTP/1.1" 200 32357 "-" "Mozilla/5.0 (Linux; Android 6.0.1; Nexus 5X Build/MMB29P) AppleWebKit/537.36 (KHTML, like Gecko) Chrome/135.0.7049.95 Mobile Safari/537.36 (compatible; Googlebot/2.1; +http://www.google.com/bot.html)"
4.151.241.253 - - [18/Apr/2025:22:15:59 +0330] "GET /courses/data-driven-robust-optimization/ HTTP/2" 200 0 "-" "Mozilla/5.0 AppleWebKit/537.36 (KHTML, like Gecko); compatible; ChatGPT-User/1.0; +https://openai.com/bot"
4.151.241.253 - - [18/Apr/2025:22:15:59 +0330] "GET / HTTP/2" 200 0 "-" "Mozilla/5.0 AppleWebKit/537.36 (KHTML, like Gecko); compatible; ChatGPT-User/1.0; +https://openai.com/bot"
31.214.174.196 - - [18/Apr/2025:22:16:01 +0330] "POST /wp-cron.php?doing_wp_cron=1745001961.8686819076538085937500 HTTP/1.1" 200 20 "-" "WordPress/6.7.2; https://optimyar.com"
31.214.174.196 - - [18/Apr/2025:22:21:38 +0330] "POST /wp-cron.php?doing_wp_cron=1745002298.2076129913330078125000 HTTP/1.1" 200 20 "-" "WordPress/6.7.2; https://optimyar.com"
81.0.218.149 - - [18/Apr/2025:22:09:26 +0330] "POST /xmlrpc.php HTTP/1.1" 503 7618 "-" "Mozilla/5.0 (Windows NT 10.0; Win64; x64; rv:44.0) Gecko/20100101 Firefox/44.0"
31.214.174.196 - - [18/Apr/2025:22:10:18 +0330] "POST /wp-cron.php?doing_wp_cron=1745001618.6729350090026855468750 HTTP/1.1" 200 20 "-" "WordPress/6.7.2; https://optimyar.com"
4.151.241.242 - - [18/Apr/2025:22:15:59 +0330] "GET /courses/data-driven-minimax-regret/ HTTP/2" 200 0 "-" "Mozilla/5.0 AppleWebKit/537.36 (KHTML, like Gecko); compatible; ChatGPT-User/1.0; +https://openai.com/bot"
154.222.132.65 - - [18/Apr/2025:22:21:35 +0330] "HEAD / HTTP/1.1" 200 0 "-" "Mozilla/5.0 (Windows NT 6.1; WOW64) AppleWebKit/535.1 (KHTML, like Gecko) Chrome/13.0.782.24 Safari/535.1"
66.249.64.128 - - [18/Apr/2025:22:24:37 +0330] "GET /courses/python-optimization-with-cplex-gurobi/ HTTP/1.1" 200 88986 "-" "Mozilla/5.0 (Linux; Android 6.0.1; Nexus 5X Build/MMB29P) AppleWebKit/537.36 (KHTML, like Gecko) Chrome/135.0.7049.95 Mobile Safari/537.36 (compatible; Googlebot/2.1; +http://www.google.com/bot.html)"
66.249.64.132 - - [18/Apr/2025:22:25:02 +0330] "GET /wp-content/plugins/elementor/assets/lib/animations/styles/e-animation-pop.min.css?ver=3.28.3 HTTP/1.1" 200 130 "https://optimyar.com/courses/python-optimization-with-cplex-gurobi/" "Mozilla/5.0 (Linux; Android 6.0.1; Nexus 5X Build/MMB29P) AppleWebKit/537.36 (KHTML, like Gecko) Chrome/134.0.6998.165 Mobile Safari/537.36 (compatible; Googlebot/2.1; +http://www.google.com/bot.html)"
66.249.64.129 - - [18/Apr/2025:22:25:02 +0330] "GET /wp-content/uploads/essential-addons-elementor/eael-18728.css?ver=1740260108 HTTP/1.1" 200 1753 "https://optimyar.com/courses/python-optimization-with-cplex-gurobi/" "Mozilla/5.0 (Linux; Android 6.0.1; Nexus 5X Build/MMB29P) AppleWebKit/537.36 (KHTML, like Gecko) Chrome/134.0.6998.165 Mobile Safari/537.36 (compatible; Googlebot/2.1; +http://www.google.com/bot.html)"
66.249.64.132 - - [18/Apr/2025:22:25:03 +0330] "GET /wp-content/plugins/elementor/assets/lib/font-awesome/css/all.min.css?ver=3.28.3 HTTP/1.1" 200 12380 "https://optimyar.com/courses/python-optimization-with-cplex-gurobi/" "Mozilla/5.0 (Linux; Android 6.0.1; Nexus 5X Build/MMB29P) AppleWebKit/537.36 (KHTML, like Gecko) Chrome/134.0.6998.165 Mobile Safari/537.36 (compatible; Googlebot/2.1; +http://www.google.com/bot.html)"
66.249.64.132 - - [18/Apr/2025:22:25:03 +0330] "GET /wp-content/uploads/essential-addons-elementor/eael-35052.css?ver=1740260108 HTTP/1.1" 200 1753 "https://optimyar.com/courses/python-optimization-with-cplex-gurobi/" "Mozilla/5.0 (Linux; Android 6.0.1; Nexus 5X Build/MMB29P) AppleWebKit/537.36 (KHTML, like Gecko) Chrome/134.0.6998.165 Mobile Safari/537.36 (compatible; Googlebot/2.1; +http://www.google.com/bot.html)"
66.249.64.128 - - [18/Apr/2025:22:25:04 +0330] "GET /wp-content/plugins/wpdiscuz/themes/default/style-rtl.css?ver=7.6.29 HTTP/1.1" 200 18873 "https://optimyar.com/courses/python-optimization-with-cplex-gurobi/" "Mozilla/5.0 (Linux; Android 6.0.1; Nexus 5X Build/MMB29P) AppleWebKit/537.36 (KHTML, like Gecko) Chrome/134.0.6998.165 Mobile Safari/537.36 (compatible; Googlebot/2.1; +http://www.google.com/bot.html)"
66.249.64.128 - - [18/Apr/2025:22:25:04 +0330] "GET /wp-content/uploads/essential-addons-elementor/eael-35052.js?ver=1740260108 HTTP/1.1" 200 974 "https://optimyar.com/courses/python-optimization-with-cplex-gurobi/" "Mozilla/5.0 (Linux; Android 6.0.1; Nexus 5X Build/MMB29P) AppleWebKit/537.36 (KHTML, like Gecko) Chrome/134.0.6998.165 Mobile Safari/537.36 (compatible; Googlebot/2.1; +http://www.google.com/bot.html)"
66.249.64.129 - - [18/Apr/2025:22:25:05 +0330] "GET /wp-content/uploads/essential-addons-elementor/eael-18728.js?ver=1740260108 HTTP/1.1" 200 974 "https://optimyar.com/courses/python-optimization-with-cplex-gurobi/" "Mozilla/5.0 (Linux; Android 6.0.1; Nexus 5X Build/MMB29P) AppleWebKit/537.36 (KHTML, like Gecko) Chrome/134.0.6998.165 Mobile Safari/537.36 (compatible; Googlebot/2.1; +http://www.google.com/bot.html)"
66.249.64.132 - - [18/Apr/2025:22:25:05 +0330] "GET /wp-content/plugins/elementor-pro/assets/js/elements-handlers.min.js?ver=3.28.2 HTTP/1.1" 200 10224 "https://optimyar.com/courses/python-optimization-with-cplex-gurobi/" "Mozilla/5.0 (Linux; Android 6.0.1; Nexus 5X Build/MMB29P) AppleWebKit/537.36 (KHTML, like Gecko) Chrome/134.0.6998.165 Mobile Safari/537.36 (compatible; Googlebot/2.1; +http://www.google.com/bot.html)"
66.249.64.128 - - [18/Apr/2025:22:25:03 +0330] "GET /wp-content/plugins/wpdiscuz/assets/third-party/font-awesome-5.13.0/css/fa.min.css?ver=7.6.29 HTTP/1.1" 200 2350 "https://optimyar.com/courses/python-optimization-with-cplex-gurobi/" "Mozilla/5.0 (Linux; Android 6.0.1; Nexus 5X Build/MMB29P) AppleWebKit/537.36 (KHTML, like Gecko) Chrome/134.0.6998.165 Mobile Safari/537.36 (compatible; Googlebot/2.1; +http://www.google.com/bot.html)"
66.249.64.128 - - [18/Apr/2025:22:25:04 +0330] "GET /wp-content/uploads/elementor/css/post-35052.css?ver=1744109585 HTTP/1.1" 200 6381 "https://optimyar.com/courses/python-optimization-with-cplex-gurobi/" "Mozilla/5.0 (Linux; Android 6.0.1; Nexus 5X Build/MMB29P) AppleWebKit/537.36 (KHTML, like Gecko) Chrome/134.0.6998.165 Mobile Safari/537.36 (compatible; Googlebot/2.1; +http://www.google.com/bot.html)"
66.249.64.128 - - [18/Apr/2025:22:25:04 +0330] "GET /wp-content/plugins/elementor-extras/assets/lib/nicons/css/nicons.css?ver=2.2.52 HTTP/1.1" 200 1153 "https://optimyar.com/courses/python-optimization-with-cplex-gurobi/" "Mozilla/5.0 (Linux; Android 6.0.1; Nexus 5X Build/MMB29P) AppleWebKit/537.36 (KHTML, like Gecko) Chrome/134.0.6998.165 Mobile Safari/537.36 (compatible; Googlebot/2.1; +http://www.google.com/bot.html)"
178.250.156.133 - - [18/Apr/2025:22:26:48 +0330] "POST /xmlrpc.php HTTP/1.1" 503 7618 "-" "Mozilla/5.0 (Windows NT 10.0; Win64; x64; rv:57.0) Gecko/20100101 Firefox/57.0"
66.249.64.132 - - [18/Apr/2025:22:25:05 +0330] "GET /wp-content/plugins/jet-tabs/assets/js/jet-tabs-frontend.min.js?ver=2.2.8 HTTP/1.1" 200 5800 "https://optimyar.com/courses/python-optimization-with-cplex-gurobi/" "Mozilla/5.0 (Linux; Android 6.0.1; Nexus 5X Build/MMB29P) AppleWebKit/537.36 (KHTML, like Gecko) Chrome/134.0.6998.165 Mobile Safari/537.36 (compatible; Googlebot/2.1; +http://www.google.com/bot.html)"
66.249.64.132 - - [18/Apr/2025:22:25:08 +0330] "GET /wp-content/uploads/2022/11/man.svg HTTP/1.1" 200 2534 "https://optimyar.com/courses/python-optimization-with-cplex-gurobi/" "Mozilla/5.0 (Linux; Android 6.0.1; Nexus 5X Build/MMB29P) AppleWebKit/537.36 (KHTML, like Gecko) Chrome/134.0.6998.165 Mobile Safari/537.36 (compatible; Googlebot/2.1; +http://www.google.com/bot.html)"
66.249.64.128 - - [18/Apr/2025:22:25:08 +0330] "GET /wp-content/uploads/2022/11/attention.svg HTTP/1.1" 200 16245 "https://optimyar.com/courses/python-optimization-with-cplex-gurobi/" "Mozilla/5.0 (Linux; Android 6.0.1; Nexus 5X Build/MMB29P) AppleWebKit/537.36 (KHTML, like Gecko) Chrome/134.0.6998.165 Mobile Safari/537.36 (compatible; Googlebot/2.1; +http://www.google.com/bot.html)"
31.214.174.196 - - [18/Apr/2025:22:39:03 +0330] "POST /wp-cron.php?doing_wp_cron=1745003343.5588490962982177734375 HTTP/1.1" 200 20 "-" "WordPress/6.7.2; https://optimyar.com"
95.108.213.113 - - [18/Apr/2025:22:39:01 +0330] "GET /robots.txt HTTP/1.1" 200 170 "-" "Mozilla/5.0 (compatible; YandexBot/3.0; +http://yandex.com/bots)"
5.255.231.62 - - [18/Apr/2025:22:39:05 +0330] "GET /elementskit-content/dynamic-content-widget-popup-1169aa4/ HTTP/1.1" 200 14525 "-" "Mozilla/5.0 (compatible; YandexBot/3.0; +http://yandex.com/bots)"
66.249.64.132 - - [18/Apr/2025:22:39:56 +0330] "GET /?o=17525084 HTTP/1.1" 200 32357 "-" "Mozilla/5.0 (Linux; Android 6.0.1; Nexus 5X Build/MMB29P) AppleWebKit/537.36 (KHTML, like Gecko) Chrome/135.0.7049.95 Mobile Safari/537.36 (compatible; Googlebot/2.1; +http://www.google.com/bot.html)"
31.214.174.196 - - [18/Apr/2025:22:47:19 +0330] "POST /wp-cron.php?doing_wp_cron=1745003839.9388599395751953125000 HTTP/1.1" 200 20 "-" "WordPress/6.7.2; https://optimyar.com"
66.249.64.132 - - [18/Apr/2025:22:47:17 +0330] "GET / HTTP/1.1" 200 32355 "-" "Mozilla/5.0 (compatible; Googlebot/2.1; +http://www.google.com/bot.html)"
66.249.64.132 - - [18/Apr/2025:22:47:24 +0330] "GET /wp-includes/js/jquery/ui/core.min.js?ver=1.13.3 HTTP/1.1" 200 6811 "https://optimyar.com/" "Mozilla/5.0 AppleWebKit/537.36 (KHTML, like Gecko; compatible; Googlebot/2.1; +http://www.google.com/bot.html) Chrome/134.0.6998.165 Safari/537.36"
66.249.64.128 - - [18/Apr/2025:22:40:02 +0330] "GET /wp-content/plugins/jet-elements/assets/css/addons/jet-banner-rtl.css?ver=2.7.5 HTTP/1.1" 200 1840 "https://optimyar.com/?o=17525084" "Mozilla/5.0 (Linux; Android 6.0.1; Nexus 5X Build/MMB29P) AppleWebKit/537.36 (KHTML, like Gecko) Chrome/134.0.6998.165 Mobile Safari/537.36 (compatible; Googlebot/2.1; +http://www.google.com/bot.html)"
66.249.64.128 - - [18/Apr/2025:22:40:02 +0330] "GET /wp-content/plugins/jet-elements/assets/js/lib/slick/slick.min.js?ver=1.8.1 HTTP/1.1" 200 10097 "https://optimyar.com/?o=17525084" "Mozilla/5.0 (Linux; Android 6.0.1; Nexus 5X Build/MMB29P) AppleWebKit/537.36 (KHTML, like Gecko) Chrome/134.0.6998.165 Mobile Safari/537.36 (compatible; Googlebot/2.1; +http://www.google.com/bot.html)"
44.208.200.129 - - [18/Apr/2025:22:43:02 +0330] "POST /xmlrpc.php HTTP/1.1" 503 7618 "-" "Mozilla/5.0 (Windows NT 10.0; Win64; x64; rv:100.0) Gecko/20100101 Firefox/100.0"
66.249.64.128 - - [18/Apr/2025:22:47:27 +0330] "GET /wp-content/plugins/elementor-pro/assets/js/nav-menu.a23fbd67486c5bedf26c.bundle.min.js HTTP/1.1" 200 1751 "https://optimyar.com/" "Mozilla/5.0 AppleWebKit/537.36 (KHTML, like Gecko; compatible; Googlebot/2.1; +http://www.google.com/bot.html) Chrome/134.0.6998.165 Safari/537.36"
66.249.64.128 - - [18/Apr/2025:22:56:13 +0330] "GET /note/ HTTP/1.1" 200 21522 "-" "Mozilla/5.0 (Linux; Android 6.0.1; Nexus 5X Build/MMB29P) AppleWebKit/537.36 (KHTML, like Gecko) Chrome/135.0.7049.95 Mobile Safari/537.36 (compatible; Googlebot/2.1; +http://www.google.com/bot.html)"
66.249.64.128 - - [18/Apr/2025:22:56:21 +0330] "GET /wp-content/uploads/elementor/css/post-705.css?ver=1744183625 HTTP/1.1" 200 1006 "https://optimyar.com/note/" "Mozilla/5.0 (Linux; Android 6.0.1; Nexus 5X Build/MMB29P) AppleWebKit/537.36 (KHTML, like Gecko) Chrome/134.0.6998.165 Mobile Safari/537.36 (compatible; Googlebot/2.1; +http://www.google.com/bot.html)"
137.184.230.10 - - [18/Apr/2025:23:00:33 +0330] "POST /xmlrpc.php HTTP/1.1" 503 7618 "-" "Mozilla/5.0 (Windows NT 10.0; Win64; x64; rv:90.0) Gecko/20100101 Firefox/90.0"
40.116.73.219 - - [18/Apr/2025:23:03:11 +0330] "GET / HTTP/2" 200 0 "-" "Mozilla/5.0 AppleWebKit/537.36 (KHTML, like Gecko); compatible; ChatGPT-User/1.0; +https://openai.com/bot"
162.142.125.214 - - [18/Apr/2025:23:07:55 +0330] "GET /favicon.ico HTTP/1.1" 401 53 "-" "Mozilla/5.0 (compatible; CensysInspect/1.1; +https://about.censys.io/)"
31.214.174.196 - - [18/Apr/2025:23:03:12 +0330] "POST /wp-cron.php?doing_wp_cron=1745004792.8856511116027832031250 HTTP/1.1" 200 20 "-" "WordPress/6.7.2; https://optimyar.com"
40.116.73.214 - - [18/Apr/2025:23:03:11 +0330] "GET / HTTP/2" 200 0 "-" "Mozilla/5.0 AppleWebKit/537.36 (KHTML, like Gecko); compatible; ChatGPT-User/1.0; +https://openai.com/bot"
162.142.125.214 - - [18/Apr/2025:23:07:36 +0330] "GET / HTTP/1.1" 401 53 "-" "Mozilla/5.0 (compatible; CensysInspect/1.1; +https://about.censys.io/)"
31.214.174.196 - - [18/Apr/2025:23:19:39 +0330] "POST /wp-cron.php?doing_wp_cron=1745005779.8325309753417968750000 HTTP/1.1" 200 20 "-" "WordPress/6.7.2; https://optimyar.com"
45.234.176.67 - - [18/Apr/2025:23:19:37 +0330] "POST /xmlrpc.php HTTP/1.1" 405 89 "-" "Mozilla/5.0 (Windows NT 10.0; Win64; x64; rv:66.0) Gecko/20100101 Firefox/66.0"
151.238.253.195 - - [18/Apr/2025:23:41:43 +0330] "GET /wp-content/plugins/persian-elementor/assets/css/font.css?ver=2.13.9 HTTP/2" 200 1874 "https://optimyar.com/courses/benders-decomposition-and-lagrangian-relaxation-methods/" "Mozilla/5.0 (Windows NT 10.0; Win64; x64) AppleWebKit/537.36 (KHTML, like Gecko) Chrome/134.0.0.0 Safari/537.36"
151.238.253.195 - - [18/Apr/2025:23:41:43 +0330] "GET /wp-content/plugins/elementor/assets/css/widget-heading-rtl.min.css?ver=3.28.3 HTTP/2" 200 154 "https://optimyar.com/courses/benders-decomposition-and-lagrangian-relaxation-methods/" "Mozilla/5.0 (Windows NT 10.0; Win64; x64) AppleWebKit/537.36 (KHTML, like Gecko) Chrome/134.0.0.0 Safari/537.36"
151.238.253.195 - - [18/Apr/2025:23:41:43 +0330] "GET /wp-content/plugins/elementor/assets/lib/animations/styles/e-animation-grow.min.css?ver=3.28.3 HTTP/2" 200 198 "https://optimyar.com/courses/benders-decomposition-and-lagrangian-relaxation-methods/" "Mozilla/5.0 (Windows NT 10.0; Win64; x64) AppleWebKit/537.36 (KHTML, like Gecko) Chrome/134.0.0.0 Safari/537.36"
151.238.253.195 - - [18/Apr/2025:23:41:43 +0330] "GET /wp-content/plugins/wpdiscuz/assets/third-party/font-awesome-5.13.0/css/fa.min.css?ver=7.6.29 HTTP/2" 200 2350 "https://optimyar.com/courses/benders-decomposition-and-lagrangian-relaxation-methods/" "Mozilla/5.0 (Windows NT 10.0; Win64; x64) AppleWebKit/537.36 (KHTML, like Gecko) Chrome/134.0.0.0 Safari/537.36"
151.238.253.195 - - [18/Apr/2025:23:41:43 +0330] "GET /wp-content/plugins/elementor-pro/assets/css/modules/sticky.min.css?ver=3.28.2 HTTP/2" 200 162 "https://optimyar.com/courses/benders-decomposition-and-lagrangian-relaxation-methods/" "Mozilla/5.0 (Windows NT 10.0; Win64; x64) AppleWebKit/537.36 (KHTML, like Gecko) Chrome/134.0.0.0 Safari/537.36"
151.238.253.195 - - [18/Apr/2025:23:41:43 +0330] "GET /wp-content/plugins/elementor/assets/lib/font-awesome/css/solid.min.css?ver=5.15.3 HTTP/2" 200 286 "https://optimyar.com/courses/benders-decomposition-and-lagrangian-relaxation-methods/" "Mozilla/5.0 (Windows NT 10.0; Win64; x64) AppleWebKit/537.36 (KHTML, like Gecko) Chrome/134.0.0.0 Safari/537.36"
151.238.253.195 - - [18/Apr/2025:23:41:43 +0330] "GET /wp-content/plugins/elementor/assets/lib/font-awesome/css/brands.min.css?ver=5.15.3 HTTP/2" 200 284 "https://optimyar.com/courses/benders-decomposition-and-lagrangian-relaxation-methods/" "Mozilla/5.0 (Windows NT 10.0; Win64; x64) AppleWebKit/537.36 (KHTML, like Gecko) Chrome/134.0.0.0 Safari/537.36"
151.238.253.195 - - [18/Apr/2025:23:41:43 +0330] "GET /wp-content/plugins/elementskit-lite/modules/elementskit-icon-pack/assets/css/ekiticons.css?ver=3.4.8 HTTP/2" 200 11776 "https://optimyar.com/courses/benders-decomposition-and-lagrangian-relaxation-methods/" "Mozilla/5.0 (Windows NT 10.0; Win64; x64) AppleWebKit/537.36 (KHTML, like Gecko) Chrome/134.0.0.0 Safari/537.36"
151.238.253.195 - - [18/Apr/2025:23:41:43 +0330] "GET /wp-content/plugins/jet-tabs/assets/css/jet-tabs-frontend.css?ver=2.2.8 HTTP/2" 200 3769 "https://optimyar.com/courses/benders-decomposition-and-lagrangian-relaxation-methods/" "Mozilla/5.0 (Windows NT 10.0; Win64; x64) AppleWebKit/537.36 (KHTML, like Gecko) Chrome/134.0.0.0 Safari/537.36"
151.238.253.195 - - [18/Apr/2025:23:41:43 +0330] "GET /wp-content/uploads/elementor/css/post-34.css?ver=1744105132 HTTP/2" 200 811 "https://optimyar.com/courses/benders-decomposition-and-lagrangian-relaxation-methods/" "Mozilla/5.0 (Windows NT 10.0; Win64; x64) AppleWebKit/537.36 (KHTML, like Gecko) Chrome/134.0.0.0 Safari/537.36"
151.238.253.195 - - [18/Apr/2025:23:41:43 +0330] "GET /wp-content/plugins/elementor/assets/css/widget-social-icons-rtl.min.css?ver=3.28.3 HTTP/2" 200 1069 "https://optimyar.com/courses/benders-decomposition-and-lagrangian-relaxation-methods/" "Mozilla/5.0 (Windows NT 10.0; Win64; x64) AppleWebKit/537.36 (KHTML, like Gecko) Chrome/134.0.0.0 Safari/537.36"
151.238.253.195 - - [18/Apr/2025:23:41:43 +0330] "GET /wp-content/plugins/elementor/assets/css/widget-icon-list-rtl.min.css?ver=3.28.3 HTTP/2" 200 952 "https://optimyar.com/courses/benders-decomposition-and-lagrangian-relaxation-methods/" "Mozilla/5.0 (Windows NT 10.0; Win64; x64) AppleWebKit/537.36 (KHTML, like Gecko) Chrome/134.0.0.0 Safari/537.36"
151.238.253.195 - - [18/Apr/2025:23:41:43 +0330] "GET /wp-content/plugins/elementor/assets/lib/animations/styles/e-animation-bounce-in.min.css?ver=3.28.3 HTTP/2" 200 124 "https://optimyar.com/courses/benders-decomposition-and-lagrangian-relaxation-methods/" "Mozilla/5.0 (Windows NT 10.0; Win64; x64) AppleWebKit/537.36 (KHTML, like Gecko) Chrome/134.0.0.0 Safari/537.36"
151.238.253.195 - - [18/Apr/2025:23:41:43 +0330] "GET /wp-content/plugins/elementskit-lite/widgets/init/assets/css/responsive.css?ver=3.4.8 HTTP/2" 200 2859 "https://optimyar.com/courses/benders-decomposition-and-lagrangian-relaxation-methods/" "Mozilla/5.0 (Windows NT 10.0; Win64; x64) AppleWebKit/537.36 (KHTML, like Gecko) Chrome/134.0.0.0 Safari/537.36"
151.238.253.195 - - [18/Apr/2025:23:41:43 +0330] "GET /wp-content/uploads/elementor/css/custom-jet-blocks-rtl.css?ver=1.3.17 HTTP/2" 200 5246 "https://optimyar.com/courses/benders-decomposition-and-lagrangian-relaxation-methods/" "Mozilla/5.0 (Windows NT 10.0; Win64; x64) AppleWebKit/537.36 (KHTML, like Gecko) Chrome/134.0.0.0 Safari/537.36"
