66.249.64.12 - - [17/Jul/2025:12:44:17 +0330] "GET /108428171.shtml HTTP/1.1" 200 1662 "-" "Mozilla/5.0 (Linux; Android 6.0.1; Nexus 5X Build/MMB29P) AppleWebKit/537.36 (KHTML, like Gecko) Chrome/137.0.7151.103 Mobile Safari/537.36 (compatible; Googlebot/2.1; +http://www.google.com/bot.html)"
66.249.64.12 - - [17/Jul/2025:12:46:38 +0330] "GET /310207247.shtml HTTP/1.1" 200 1662 "-" "Mozilla/5.0 (compatible; Googlebot/2.1; +http://www.google.com/bot.html)"
66.249.64.12 - - [17/Jul/2025:12:50:15 +0330] "GET /99170245.shtml HTTP/1.1" 200 1662 "-" "Mozilla/5.0 (Linux; Android 6.0.1; Nexus 5X Build/MMB29P) AppleWebKit/537.36 (KHTML, like Gecko) Chrome/137.0.7151.103 Mobile Safari/537.36 (compatible; Googlebot/2.1; +http://www.google.com/bot.html)"
66.249.64.12 - - [17/Jul/2025:12:50:15 +0330] "GET /252276903.shtml HTTP/1.1" 200 1662 "-" "Mozilla/5.0 (compatible; Googlebot/2.1; +http://www.google.com/bot.html)"
66.249.64.12 - - [17/Jul/2025:12:50:54 +0330] "GET /279269059.shtml HTTP/1.1" 200 1662 "-" "Mozilla/5.0 (Linux; Android 6.0.1; Nexus 5X Build/MMB29P) AppleWebKit/537.36 (KHTML, like Gecko) Chrome/137.0.7151.103 Mobile Safari/537.36 (compatible; Googlebot/2.1; +http://www.google.com/bot.html)"
66.249.64.13 - - [17/Jul/2025:12:55:17 +0330] "GET /69905717.shtml HTTP/1.1" 200 1662 "-" "Mozilla/5.0 (compatible; Googlebot/2.1; +http://www.google.com/bot.html)"
66.249.64.13 - - [17/Jul/2025:12:56:42 +0330] "GET /314915337.shtml HTTP/1.1" 200 1662 "-" "Mozilla/5.0 (compatible; Googlebot/2.1; +http://www.google.com/bot.html)"
66.249.64.12 - - [17/Jul/2025:12:57:08 +0330] "GET /14398897.shtml HTTP/1.1" 200 1662 "-" "Mozilla/5.0 (compatible; Googlebot/2.1; +http://www.google.com/bot.html)"
43.131.23.154 - - [17/Jul/2025:12:57:35 +0330] "GET / HTTP/1.1" 200 1837 "http://app.optimyar.com" "Mozilla/5.0 (iPhone; CPU iPhone OS 13_2_3 like Mac OS X) AppleWebKit/605.1.15 (KHTML, like Gecko) Version/13.0.3 Mobile/15E148 Safari/604.1"
66.249.64.13 - - [17/Jul/2025:12:58:14 +0330] "GET /192930581.shtml HTTP/1.1" 200 1662 "-" "Mozilla/5.0 (Linux; Android 6.0.1; Nexus 5X Build/MMB29P) AppleWebKit/537.36 (KHTML, like Gecko) Chrome/137.0.7151.103 Mobile Safari/537.36 (compatible; Googlebot/2.1; +http://www.google.com/bot.html)"
66.249.64.14 - - [17/Jul/2025:12:42:57 +0330] "GET /104058833.shtml HTTP/1.1" 200 1662 "-" "Mozilla/5.0 (Linux; Android 6.0.1; Nexus 5X Build/MMB29P) AppleWebKit/537.36 (KHTML, like Gecko) Chrome/137.0.7151.103 Mobile Safari/537.36 (compatible; Googlebot/2.1; +http://www.google.com/bot.html)"
66.249.64.12 - - [17/Jul/2025:12:44:59 +0330] "GET /310203361.shtml HTTP/1.1" 200 1662 "-" "Mozilla/5.0 (compatible; Googlebot/2.1; +http://www.google.com/bot.html)"
66.249.64.13 - - [17/Jul/2025:12:45:32 +0330] "GET /204432471.shtml HTTP/1.1" 200 1662 "-" "Mozilla/5.0 (Linux; Android 6.0.1; Nexus 5X Build/MMB29P) AppleWebKit/537.36 (KHTML, like Gecko) Chrome/137.0.7151.103 Mobile Safari/537.36 (compatible; Googlebot/2.1; +http://www.google.com/bot.html)"
66.249.64.12 - - [17/Jul/2025:12:46:30 +0330] "GET /17532353.shtml HTTP/1.1" 200 1662 "-" "Mozilla/5.0 (compatible; Googlebot/2.1; +http://www.google.com/bot.html)"
66.249.64.12 - - [17/Jul/2025:12:46:30 +0330] "GET /304937965.shtml HTTP/1.1" 200 1662 "-" "Mozilla/5.0 (Linux; Android 6.0.1; Nexus 5X Build/MMB29P) AppleWebKit/537.36 (KHTML, like Gecko) Chrome/137.0.7151.103 Mobile Safari/537.36 (compatible; Googlebot/2.1; +http://www.google.com/bot.html)"
66.249.64.13 - - [17/Jul/2025:12:51:19 +0330] "GET /100743137.shtml HTTP/1.1" 200 1662 "-" "Mozilla/5.0 (Linux; Android 6.0.1; Nexus 5X Build/MMB29P) AppleWebKit/537.36 (KHTML, like Gecko) Chrome/137.0.7151.103 Mobile Safari/537.36 (compatible; Googlebot/2.1; +http://www.google.com/bot.html)"
66.249.64.12 - - [17/Jul/2025:12:51:47 +0330] "GET /365332971.shtml HTTP/1.1" 200 1662 "-" "Mozilla/5.0 (Linux; Android 6.0.1; Nexus 5X Build/MMB29P) AppleWebKit/537.36 (KHTML, like Gecko) Chrome/137.0.7151.103 Mobile Safari/537.36 (compatible; Googlebot/2.1; +http://www.google.com/bot.html)"
66.249.64.14 - - [17/Jul/2025:12:52:44 +0330] "GET /262588873.shtml HTTP/1.1" 200 1662 "-" "Mozilla/5.0 (compatible; Googlebot/2.1; +http://www.google.com/bot.html)"
66.249.64.13 - - [17/Jul/2025:12:53:54 +0330] "GET /35131377.shtml HTTP/1.1" 200 1662 "-" "Mozilla/5.0 (compatible; Googlebot/2.1; +http://www.google.com/bot.html)"
66.249.64.12 - - [17/Jul/2025:12:55:39 +0330] "GET /9938171.shtml HTTP/1.1" 200 1662 "-" "Mozilla/5.0 (compatible; Googlebot/2.1; +http://www.google.com/bot.html)"
66.249.64.12 - - [17/Jul/2025:12:58:40 +0330] "GET /156308783.shtml HTTP/1.1" 200 1662 "-" "Mozilla/5.0 (compatible; Googlebot/2.1; +http://www.google.com/bot.html)"
66.249.64.13 - - [17/Jul/2025:13:02:47 +0330] "GET /301985543.shtml HTTP/1.1" 200 1662 "-" "Mozilla/5.0 (compatible; Googlebot/2.1; +http://www.google.com/bot.html)"
66.249.64.13 - - [17/Jul/2025:13:04:35 +0330] "GET /404287843.shtml HTTP/1.1" 200 1662 "-" "Mozilla/5.0 (compatible; Googlebot/2.1; +http://www.google.com/bot.html)"
66.249.64.13 - - [17/Jul/2025:13:04:56 +0330] "GET /230699687.shtml HTTP/1.1" 200 1662 "-" "Mozilla/5.0 (compatible; Googlebot/2.1; +http://www.google.com/bot.html)"
66.249.64.12 - - [17/Jul/2025:13:08:56 +0330] "GET /78186381.shtml HTTP/1.1" 200 1662 "-" "Mozilla/5.0 (Linux; Android 6.0.1; Nexus 5X Build/MMB29P) AppleWebKit/537.36 (KHTML, like Gecko) Chrome/137.0.7151.103 Mobile Safari/537.36 (compatible; Googlebot/2.1; +http://www.google.com/bot.html)"
66.249.64.13 - - [17/Jul/2025:13:10:58 +0330] "GET /387739915.shtml HTTP/1.1" 200 1662 "-" "Mozilla/5.0 (Linux; Android 6.0.1; Nexus 5X Build/MMB29P) AppleWebKit/537.36 (KHTML, like Gecko) Chrome/137.0.7151.103 Mobile Safari/537.36 (compatible; Googlebot/2.1; +http://www.google.com/bot.html)"
66.249.64.14 - - [17/Jul/2025:13:11:23 +0330] "GET /204644995.shtml HTTP/1.1" 200 1662 "-" "Mozilla/5.0 (compatible; Googlebot/2.1; +http://www.google.com/bot.html)"
66.249.64.14 - - [17/Jul/2025:13:12:56 +0330] "GET /384681365.shtml HTTP/1.1" 200 1662 "-" "Mozilla/5.0 (Linux; Android 6.0.1; Nexus 5X Build/MMB29P) AppleWebKit/537.36 (KHTML, like Gecko) Chrome/137.0.7151.103 Mobile Safari/537.36 (compatible; Googlebot/2.1; +http://www.google.com/bot.html)"
66.249.64.12 - - [17/Jul/2025:13:00:37 +0330] "GET /163750875.shtml HTTP/1.1" 200 1662 "-" "Mozilla/5.0 (Linux; Android 6.0.1; Nexus 5X Build/MMB29P) AppleWebKit/537.36 (KHTML, like Gecko) Chrome/137.0.7151.103 Mobile Safari/537.36 (compatible; Googlebot/2.1; +http://www.google.com/bot.html)"
66.249.64.13 - - [17/Jul/2025:13:06:43 +0330] "GET /25867823.shtml HTTP/1.1" 200 1662 "-" "Mozilla/5.0 (compatible; Googlebot/2.1; +http://www.google.com/bot.html)"
66.249.64.13 - - [17/Jul/2025:13:08:33 +0330] "GET /177435357.shtml HTTP/1.1" 200 1662 "-" "Mozilla/5.0 (Linux; Android 6.0.1; Nexus 5X Build/MMB29P) AppleWebKit/537.36 (KHTML, like Gecko) Chrome/137.0.7151.103 Mobile Safari/537.36 (compatible; Googlebot/2.1; +http://www.google.com/bot.html)"
66.249.64.14 - - [17/Jul/2025:13:09:40 +0330] "GET /51208429.shtml HTTP/1.1" 200 1662 "-" "Mozilla/5.0 (Linux; Android 6.0.1; Nexus 5X Build/MMB29P) AppleWebKit/537.36 (KHTML, like Gecko) Chrome/137.0.7151.103 Mobile Safari/537.36 (compatible; Googlebot/2.1; +http://www.google.com/bot.html)"
66.249.64.12 - - [17/Jul/2025:13:13:39 +0330] "GET /190235171.shtml HTTP/1.1" 200 1662 "-" "Mozilla/5.0 (compatible; Googlebot/2.1; +http://www.google.com/bot.html)"
66.249.64.14 - - [17/Jul/2025:13:16:07 +0330] "GET /338196363.shtml HTTP/1.1" 200 1662 "-" "Mozilla/5.0 (Linux; Android 6.0.1; Nexus 5X Build/MMB29P) AppleWebKit/537.36 (KHTML, like Gecko) Chrome/137.0.7151.103 Mobile Safari/537.36 (compatible; Googlebot/2.1; +http://www.google.com/bot.html)"
66.249.64.14 - - [17/Jul/2025:13:17:43 +0330] "GET /188612833.shtml HTTP/1.1" 200 1662 "-" "Mozilla/5.0 (compatible; Googlebot/2.1; +http://www.google.com/bot.html)"
66.249.64.13 - - [17/Jul/2025:13:28:04 +0330] "GET /187833489.shtml HTTP/1.1" 200 1662 "-" "Mozilla/5.0 (compatible; Googlebot/2.1; +http://www.google.com/bot.html)"
146.103.44.91 - - [17/Jul/2025:13:28:13 +0330] "GET /xmlrpc.php HTTP/1.1" 200 1837 "http://app.optimyar.com/xmlrpc.php" "Mozilla/5.0 (Windows NT 6.3; WOW64; rv:43.0) Gecko/20100101 Firefox/43.0"
38.170.190.222 - - [17/Jul/2025:13:28:25 +0330] "GET /xmlrpc.php HTTP/1.1" 200 1837 "http://app.optimyar.com/xmlrpc.php" "Mozilla/5.0 (Windows NT 6.3; WOW64; rv:43.0) Gecko/20100101 Firefox/43.0"
107.174.136.169 - - [17/Jul/2025:13:28:36 +0330] "GET /xmlrpc.php HTTP/1.1" 200 1837 "http://app.optimyar.com/xmlrpc.php" "Mozilla/5.0 (Macintosh; Intel Mac OS X 10_15_7) AppleWebKit/605.1.15 (KHTML, like Gecko) Version/15.1 Safari/605.1.15"
166.88.48.84 - - [17/Jul/2025:13:30:06 +0330] "GET /xmlrpc.php HTTP/1.1" 200 1837 "http://app.optimyar.com/xmlrpc.php" "Mozilla/5.0 (Windows NT 6.3; WOW64; rv:43.0) Gecko/20100101 Firefox/43.0"
67.227.37.232 - - [17/Jul/2025:13:30:10 +0330] "GET /xmlrpc.php HTTP/1.1" 200 1837 "http://app.optimyar.com/xmlrpc.php" "Mozilla/5.0 (Windows NT 6.3; WOW64; rv:43.0) Gecko/20100101 Firefox/43.0"
66.249.64.12 - - [17/Jul/2025:13:31:08 +0330] "GET /145765797.shtml HTTP/1.1" 200 1662 "-" "Mozilla/5.0 (compatible; Googlebot/2.1; +http://www.google.com/bot.html)"
66.249.64.12 - - [17/Jul/2025:13:16:53 +0330] "GET /164063363.shtml HTTP/1.1" 200 1662 "-" "Mozilla/5.0 (Linux; Android 6.0.1; Nexus 5X Build/MMB29P) AppleWebKit/537.36 (KHTML, like Gecko) Chrome/137.0.7151.103 Mobile Safari/537.36 (compatible; Googlebot/2.1; +http://www.google.com/bot.html)"
66.249.64.13 - - [17/Jul/2025:13:17:46 +0330] "GET /28538577.shtml HTTP/1.1" 200 1662 "-" "Mozilla/5.0 (compatible; Googlebot/2.1; +http://www.google.com/bot.html)"
66.249.64.12 - - [17/Jul/2025:13:18:35 +0330] "GET /149067557.shtml HTTP/1.1" 200 1662 "-" "Mozilla/5.0 (Linux; Android 6.0.1; Nexus 5X Build/MMB29P) AppleWebKit/537.36 (KHTML, like Gecko) Chrome/137.0.7151.103 Mobile Safari/537.36 (compatible; Googlebot/2.1; +http://www.google.com/bot.html)"
66.249.64.14 - - [17/Jul/2025:13:19:48 +0330] "GET /364843871.shtml HTTP/1.1" 200 1662 "-" "Mozilla/5.0 (Linux; Android 6.0.1; Nexus 5X Build/MMB29P) AppleWebKit/537.36 (KHTML, like Gecko) Chrome/137.0.7151.103 Mobile Safari/537.36 (compatible; Googlebot/2.1; +http://www.google.com/bot.html)"
66.249.64.12 - - [17/Jul/2025:13:25:25 +0330] "GET /283088327.shtml HTTP/1.1" 200 1662 "-" "Mozilla/5.0 (Linux; Android 6.0.1; Nexus 5X Build/MMB29P) AppleWebKit/537.36 (KHTML, like Gecko) Chrome/137.0.7151.103 Mobile Safari/537.36 (compatible; Googlebot/2.1; +http://www.google.com/bot.html)"
181.214.13.184 - - [17/Jul/2025:13:28:15 +0330] "GET /xmlrpc.php HTTP/1.1" 200 1837 "http://app.optimyar.com/xmlrpc.php" "Mozilla/5.0 (Macintosh; Intel Mac OS X 10_15_7) AppleWebKit/605.1.15 (KHTML, like Gecko) Version/15.1 Safari/605.1.15"
216.173.120.111 - - [17/Jul/2025:13:28:22 +0330] "GET /xmlrpc.php HTTP/1.1" 200 1837 "http://app.optimyar.com/xmlrpc.php" "Mozilla/5.0 (X11; Linux x86_64) AppleWebKit/537.36 (KHTML, like Gecko) Chrome/91.0.4472.114 Safari/537.36"
136.0.88.136 - - [17/Jul/2025:13:28:34 +0330] "GET /xmlrpc.php HTTP/1.1" 200 1837 "http://app.optimyar.com/xmlrpc.php" "Mozilla/5.0 (Windows NT 6.3; WOW64; rv:43.0) Gecko/20100101 Firefox/43.0"
66.249.64.12 - - [17/Jul/2025:13:31:35 +0330] "GET /5032833.shtml HTTP/1.1" 200 1662 "-" "Mozilla/5.0 (Linux; Android 6.0.1; Nexus 5X Build/MMB29P) AppleWebKit/537.36 (KHTML, like Gecko) Chrome/137.0.7151.103 Mobile Safari/537.36 (compatible; Googlebot/2.1; +http://www.google.com/bot.html)"
157.55.39.48 - - [17/Jul/2025:13:33:26 +0330] "GET /addFavorite/5fe22d399a0820857d4d7c9e HTTP/2" 200 1662 "-" "Mozilla/5.0 AppleWebKit/537.36 (KHTML, like Gecko; compatible; bingbot/2.0; +http://www.bing.com/bingbot.htm) Chrome/116.0.1938.76 Safari/537.36"
66.249.64.13 - - [17/Jul/2025:13:37:52 +0330] "GET /181790357.shtml HTTP/1.1" 200 1662 "-" "Mozilla/5.0 (compatible; Googlebot/2.1; +http://www.google.com/bot.html)"
66.249.64.14 - - [17/Jul/2025:13:38:02 +0330] "GET /223658657.shtml HTTP/1.1" 200 1662 "-" "Mozilla/5.0 (Linux; Android 6.0.1; Nexus 5X Build/MMB29P) AppleWebKit/537.36 (KHTML, like Gecko) Chrome/137.0.7151.103 Mobile Safari/537.36 (compatible; Googlebot/2.1; +http://www.google.com/bot.html)"
66.249.64.13 - - [17/Jul/2025:13:39:19 +0330] "GET /26639127.shtml HTTP/1.1" 200 1662 "-" "Mozilla/5.0 (Linux; Android 6.0.1; Nexus 5X Build/MMB29P) AppleWebKit/537.36 (KHTML, like Gecko) Chrome/137.0.7151.103 Mobile Safari/537.36 (compatible; Googlebot/2.1; +http://www.google.com/bot.html)"
66.249.64.13 - - [17/Jul/2025:13:43:50 +0330] "GET /117835239.shtml HTTP/1.1" 200 1662 "-" "Mozilla/5.0 (Linux; Android 6.0.1; Nexus 5X Build/MMB29P) AppleWebKit/537.36 (KHTML, like Gecko) Chrome/137.0.7151.103 Mobile Safari/537.36 (compatible; Googlebot/2.1; +http://www.google.com/bot.html)"
66.249.64.12 - - [17/Jul/2025:13:48:01 +0330] "GET /113557423.shtml HTTP/1.1" 200 1662 "-" "Mozilla/5.0 (Linux; Android 6.0.1; Nexus 5X Build/MMB29P) AppleWebKit/537.36 (KHTML, like Gecko) Chrome/137.0.7151.103 Mobile Safari/537.36 (compatible; Googlebot/2.1; +http://www.google.com/bot.html)"
66.249.64.12 - - [17/Jul/2025:13:48:55 +0330] "GET /384279365.shtml HTTP/1.1" 200 1662 "-" "Mozilla/5.0 (compatible; Googlebot/2.1; +http://www.google.com/bot.html)"
66.249.64.14 - - [17/Jul/2025:13:33:43 +0330] "GET /126336735.shtml HTTP/1.1" 200 1662 "-" "Mozilla/5.0 (compatible; Googlebot/2.1; +http://www.google.com/bot.html)"
66.249.64.12 - - [17/Jul/2025:13:34:34 +0330] "GET /146618841.shtml HTTP/1.1" 200 1662 "-" "Mozilla/5.0 (compatible; Googlebot/2.1; +http://www.google.com/bot.html)"
66.249.64.12 - - [17/Jul/2025:13:39:02 +0330] "GET /116790977.shtml HTTP/1.1" 200 1662 "-" "Mozilla/5.0 (compatible; Googlebot/2.1; +http://www.google.com/bot.html)"
66.249.64.13 - - [17/Jul/2025:13:40:56 +0330] "GET /310364429.shtml HTTP/1.1" 200 1662 "-" "Mozilla/5.0 (Linux; Android 6.0.1; Nexus 5X Build/MMB29P) AppleWebKit/537.36 (KHTML, like Gecko) Chrome/137.0.7151.103 Mobile Safari/537.36 (compatible; Googlebot/2.1; +http://www.google.com/bot.html)"
66.249.64.12 - - [17/Jul/2025:13:41:18 +0330] "GET /138138651.shtml HTTP/1.1" 200 1662 "-" "Mozilla/5.0 (compatible; Googlebot/2.1; +http://www.google.com/bot.html)"
66.249.64.12 - - [17/Jul/2025:13:47:10 +0330] "GET /115900145.shtml HTTP/1.1" 200 1662 "-" "Mozilla/5.0 (compatible; Googlebot/2.1; +http://www.google.com/bot.html)"
66.249.64.12 - - [17/Jul/2025:13:52:49 +0330] "GET /220216063.shtml HTTP/1.1" 200 1662 "-" "Mozilla/5.0 (Linux; Android 6.0.1; Nexus 5X Build/MMB29P) AppleWebKit/537.36 (KHTML, like Gecko) Chrome/137.0.7151.103 Mobile Safari/537.36 (compatible; Googlebot/2.1; +http://www.google.com/bot.html)"
66.249.64.13 - - [17/Jul/2025:13:59:53 +0330] "GET /108612555.shtml HTTP/1.1" 200 1662 "-" "Mozilla/5.0 (Linux; Android 6.0.1; Nexus 5X Build/MMB29P) AppleWebKit/537.36 (KHTML, like Gecko) Chrome/137.0.7151.103 Mobile Safari/537.36 (compatible; Googlebot/2.1; +http://www.google.com/bot.html)"
107.174.136.216 - - [17/Jul/2025:13:55:14 +0330] "GET /xmlrpc.php HTTP/1.1" 200 1837 "http://app.optimyar.com/xmlrpc.php" "Mozilla/5.0 (X11; Linux x86_64) AppleWebKit/537.36 (KHTML, like Gecko) Chrome/91.0.4472.114 Safari/537.36"
45.61.96.199 - - [17/Jul/2025:13:55:16 +0330] "GET /xmlrpc.php HTTP/1.1" 200 1837 "http://app.optimyar.com/xmlrpc.php" "Mozilla/5.0 (Windows NT 6.3; WOW64; rv:43.0) Gecko/20100101 Firefox/43.0"
66.249.64.14 - - [17/Jul/2025:14:04:13 +0330] "GET /160136895.shtml HTTP/1.1" 200 1662 "-" "Mozilla/5.0 (Linux; Android 6.0.1; Nexus 5X Build/MMB29P) AppleWebKit/537.36 (KHTML, like Gecko) Chrome/137.0.7151.103 Mobile Safari/537.36 (compatible; Googlebot/2.1; +http://www.google.com/bot.html)"
66.249.64.12 - - [17/Jul/2025:14:04:48 +0330] "GET /124446397.shtml HTTP/1.1" 200 1662 "-" "Mozilla/5.0 (Linux; Android 6.0.1; Nexus 5X Build/MMB29P) AppleWebKit/537.36 (KHTML, like Gecko) Chrome/137.0.7151.103 Mobile Safari/537.36 (compatible; Googlebot/2.1; +http://www.google.com/bot.html)"
66.249.64.14 - - [17/Jul/2025:14:05:54 +0330] "GET /190177149.shtml HTTP/1.1" 200 1662 "-" "Mozilla/5.0 (Linux; Android 6.0.1; Nexus 5X Build/MMB29P) AppleWebKit/537.36 (KHTML, like Gecko) Chrome/137.0.7151.103 Mobile Safari/537.36 (compatible; Googlebot/2.1; +http://www.google.com/bot.html)"
66.249.64.13 - - [17/Jul/2025:14:06:35 +0330] "GET /297709871.shtml HTTP/1.1" 200 1662 "-" "Mozilla/5.0 (compatible; Googlebot/2.1; +http://www.google.com/bot.html)"
66.249.64.13 - - [17/Jul/2025:14:09:36 +0330] "GET /198000739.shtml HTTP/1.1" 200 1662 "-" "Mozilla/5.0 (Linux; Android 6.0.1; Nexus 5X Build/MMB29P) AppleWebKit/537.36 (KHTML, like Gecko) Chrome/137.0.7151.103 Mobile Safari/537.36 (compatible; Googlebot/2.1; +http://www.google.com/bot.html)"
66.249.64.13 - - [17/Jul/2025:14:17:38 +0330] "GET /225423169.shtml HTTP/1.1" 200 1662 "-" "Mozilla/5.0 (compatible; Googlebot/2.1; +http://www.google.com/bot.html)"
157.55.39.13 - - [17/Jul/2025:14:18:55 +0330] "GET /index.php?sitemap-12.xml HTTP/2" 200 1662 "-" "Mozilla/5.0 AppleWebKit/537.36 (KHTML, like Gecko; compatible; bingbot/2.0; +http://www.bing.com/bingbot.htm) Chrome/116.0.1938.76 Safari/537.36"
157.55.39.13 - - [17/Jul/2025:14:18:56 +0330] "GET /index.php?sitemap-21.xml HTTP/2" 200 1662 "-" "Mozilla/5.0 AppleWebKit/537.36 (KHTML, like Gecko; compatible; bingbot/2.0; +http://www.bing.com/bingbot.htm) Chrome/116.0.1938.76 Safari/537.36"
40.77.167.254 - - [17/Jul/2025:14:19:00 +0330] "GET /index.php?sitemap-4.xml HTTP/2" 200 1662 "-" "Mozilla/5.0 AppleWebKit/537.36 (KHTML, like Gecko; compatible; bingbot/2.0; +http://www.bing.com/bingbot.htm) Chrome/116.0.1938.76 Safari/537.36"
52.167.144.195 - - [17/Jul/2025:14:19:07 +0330] "GET /index.php?sitemap-3.xml HTTP/2" 200 1662 "-" "Mozilla/5.0 AppleWebKit/537.36 (KHTML, like Gecko; compatible; bingbot/2.0; +http://www.bing.com/bingbot.htm) Chrome/116.0.1938.76 Safari/537.36"
52.167.144.195 - - [17/Jul/2025:14:19:07 +0330] "GET /index.php?sitemap-11.xml HTTP/2" 200 1662 "-" "Mozilla/5.0 AppleWebKit/537.36 (KHTML, like Gecko; compatible; bingbot/2.0; +http://www.bing.com/bingbot.htm) Chrome/116.0.1938.76 Safari/537.36"
52.167.144.195 - - [17/Jul/2025:14:19:08 +0330] "GET /index.php?sitemap-24.xml HTTP/2" 200 1662 "-" "Mozilla/5.0 AppleWebKit/537.36 (KHTML, like Gecko; compatible; bingbot/2.0; +http://www.bing.com/bingbot.htm) Chrome/116.0.1938.76 Safari/537.36"
52.167.144.195 - - [17/Jul/2025:14:19:09 +0330] "GET /index.php?sitemap-17.xml HTTP/2" 200 1662 "-" "Mozilla/5.0 AppleWebKit/537.36 (KHTML, like Gecko; compatible; bingbot/2.0; +http://www.bing.com/bingbot.htm) Chrome/116.0.1938.76 Safari/537.36"
157.55.39.13 - - [17/Jul/2025:14:19:17 +0330] "GET /index.php?sitemap-1.xml HTTP/2" 200 1662 "-" "Mozilla/5.0 AppleWebKit/537.36 (KHTML, like Gecko; compatible; bingbot/2.0; +http://www.bing.com/bingbot.htm) Chrome/116.0.1938.76 Safari/537.36"
157.55.39.13 - - [17/Jul/2025:14:19:18 +0330] "GET /index.php?sitemap-18.xml HTTP/2" 200 1662 "-" "Mozilla/5.0 AppleWebKit/537.36 (KHTML, like Gecko; compatible; bingbot/2.0; +http://www.bing.com/bingbot.htm) Chrome/116.0.1938.76 Safari/537.36"
157.55.39.13 - - [17/Jul/2025:14:19:18 +0330] "GET /index.php?sitemap-2.xml HTTP/2" 200 1662 "-" "Mozilla/5.0 AppleWebKit/537.36 (KHTML, like Gecko; compatible; bingbot/2.0; +http://www.bing.com/bingbot.htm) Chrome/116.0.1938.76 Safari/537.36"
157.55.39.13 - - [17/Jul/2025:14:19:20 +0330] "GET /index.php?sitemap-13.xml HTTP/2" 200 1662 "-" "Mozilla/5.0 AppleWebKit/537.36 (KHTML, like Gecko; compatible; bingbot/2.0; +http://www.bing.com/bingbot.htm) Chrome/116.0.1938.76 Safari/537.36"
157.55.39.13 - - [17/Jul/2025:14:19:20 +0330] "GET /index.php?sitemap-9.xml HTTP/2" 200 1662 "-" "Mozilla/5.0 AppleWebKit/537.36 (KHTML, like Gecko; compatible; bingbot/2.0; +http://www.bing.com/bingbot.htm) Chrome/116.0.1938.76 Safari/537.36"
52.167.144.195 - - [17/Jul/2025:14:19:22 +0330] "GET /index.php?sitemap-14.xml HTTP/2" 200 1662 "-" "Mozilla/5.0 AppleWebKit/537.36 (KHTML, like Gecko; compatible; bingbot/2.0; +http://www.bing.com/bingbot.htm) Chrome/116.0.1938.76 Safari/537.36"
66.249.89.13 - - [17/Jul/2025:14:19:23 +0330] "GET /static/css/2.5db30c42.chunk.css HTTP/1.1" 200 15335 "https://app.optimyar.com/224189297.shtml" "Mozilla/5.0 (X11; Linux x86_64) AppleWebKit/537.36 (KHTML, like Gecko) Chrome/137.0.7151.119 Safari/537.36"
66.249.89.13 - - [17/Jul/2025:14:19:23 +0330] "GET /static/js/main.2871af22.chunk.js HTTP/1.1" 200 66622 "https://app.optimyar.com/224189297.shtml" "Mozilla/5.0 (X11; Linux x86_64) AppleWebKit/537.36 (KHTML, like Gecko) Chrome/137.0.7151.119 Safari/537.36"
66.249.89.13 - - [17/Jul/2025:14:19:26 +0330] "GET /fa_lang.js?v=334 HTTP/1.1" 200 8246 "https://app.optimyar.com/224189297.shtml" "Mozilla/5.0 (X11; Linux x86_64) AppleWebKit/537.36 (KHTML, like Gecko) Chrome/137.0.7151.119 Safari/537.36"
66.249.89.12 - - [17/Jul/2025:14:19:26 +0330] "GET /static/js/2.727844f4.chunk.js HTTP/1.1" 200 869701 "https://app.optimyar.com/224189297.shtml" "Mozilla/5.0 (X11; Linux x86_64) AppleWebKit/537.36 (KHTML, like Gecko) Chrome/137.0.7151.119 Safari/537.36"
157.55.39.13 - - [17/Jul/2025:14:19:27 +0330] "GET /index.php?sitemap-22.xml HTTP/2" 200 1662 "-" "Mozilla/5.0 AppleWebKit/537.36 (KHTML, like Gecko; compatible; bingbot/2.0; +http://www.bing.com/bingbot.htm) Chrome/116.0.1938.76 Safari/537.36"
66.249.89.12 - - [17/Jul/2025:14:19:28 +0330] "GET /libs/xlsx/xlsx.js HTTP/1.1" 200 102175 "https://app.optimyar.com/224189297.shtml" "Mozilla/5.0 (X11; Linux x86_64) AppleWebKit/537.36 (KHTML, like Gecko) Chrome/137.0.7151.119 Safari/537.36"
66.249.89.13 - - [17/Jul/2025:14:19:29 +0330] "GET /defaults.js?v=310 HTTP/1.1" 200 425 "https://app.optimyar.com/224189297.shtml" "Mozilla/5.0 (X11; Linux x86_64) AppleWebKit/537.36 (KHTML, like Gecko) Chrome/137.0.7151.119 Safari/537.36"
66.249.89.12 - - [17/Jul/2025:14:19:30 +0330] "GET /libs/cross-domain/hub.js HTTP/1.1" 200 952 "https://app.optimyar.com/224189297.shtml" "Mozilla/5.0 (X11; Linux x86_64) AppleWebKit/537.36 (KHTML, like Gecko) Chrome/137.0.7151.119 Safari/537.36"
66.249.89.14 - - [17/Jul/2025:14:19:31 +0330] "GET /libs/stimul/stimulsoft.viewer.office2013.whiteblue.css HTTP/1.1" 200 3122 "https://app.optimyar.com/224189297.shtml" "Mozilla/5.0 (X11; Linux x86_64) AppleWebKit/537.36 (KHTML, like Gecko) Chrome/137.0.7151.119 Safari/537.36"
66.249.89.14 - - [17/Jul/2025:14:19:32 +0330] "GET /apiUrl.js?v=310 HTTP/1.1" 200 1085 "https://app.optimyar.com/224189297.shtml" "Mozilla/5.0 (X11; Linux x86_64) AppleWebKit/537.36 (KHTML, like Gecko) Chrome/137.0.7151.119 Safari/537.36"
66.249.89.12 - - [17/Jul/2025:14:19:33 +0330] "GET /app.js?v=4 HTTP/1.1" 200 2037 "https://app.optimyar.com/224189297.shtml" "Mozilla/5.0 (X11; Linux x86_64) AppleWebKit/537.36 (KHTML, like Gecko) Chrome/137.0.7151.119 Safari/537.36"
66.249.89.14 - - [17/Jul/2025:14:19:38 +0330] "GET /libs/stimul/stimulsoft.viewer.js?v=4 HTTP/1.1" 200 367025 "https://app.optimyar.com/224189297.shtml" "Mozilla/5.0 (X11; Linux x86_64) AppleWebKit/537.36 (KHTML, like Gecko) Chrome/137.0.7151.119 Safari/537.36"
66.249.64.13 - - [17/Jul/2025:14:20:02 +0330] "GET /349987827.shtml HTTP/1.1" 200 1662 "-" "Mozilla/5.0 (Linux; Android 6.0.1; Nexus 5X Build/MMB29P) AppleWebKit/537.36 (KHTML, like Gecko) Chrome/137.0.7151.103 Mobile Safari/537.36 (compatible; Googlebot/2.1; +http://www.google.com/bot.html)"
52.167.144.195 - - [17/Jul/2025:14:20:17 +0330] "GET /index.php?sitemap-6.xml HTTP/2" 200 1662 "-" "Mozilla/5.0 AppleWebKit/537.36 (KHTML, like Gecko; compatible; bingbot/2.0; +http://www.bing.com/bingbot.htm) Chrome/116.0.1938.76 Safari/537.36"
66.249.64.12 - - [17/Jul/2025:14:20:58 +0330] "GET /326074589.shtml HTTP/1.1" 200 1662 "-" "Mozilla/5.0 (Linux; Android 6.0.1; Nexus 5X Build/MMB29P) AppleWebKit/537.36 (KHTML, like Gecko) Chrome/137.0.7151.103 Mobile Safari/537.36 (compatible; Googlebot/2.1; +http://www.google.com/bot.html)"
66.249.64.13 - - [17/Jul/2025:14:21:07 +0330] "GET /213418243.shtml HTTP/1.1" 200 1662 "-" "Mozilla/5.0 (Linux; Android 6.0.1; Nexus 5X Build/MMB29P) AppleWebKit/537.36 (KHTML, like Gecko) Chrome/137.0.7151.103 Mobile Safari/537.36 (compatible; Googlebot/2.1; +http://www.google.com/bot.html)"
66.249.89.12 - - [17/Jul/2025:14:21:40 +0330] "GET /fa_lang.js HTTP/1.1" 200 8246 "https://app.optimyar.com/224189297.shtml" "Mozilla/5.0 (X11; Linux x86_64) AppleWebKit/537.36 (KHTML, like Gecko) Chrome/137.0.7151.119 Safari/537.36"
66.249.64.13 - - [17/Jul/2025:14:11:56 +0330] "GET /398296569.shtml HTTP/1.1" 200 1662 "-" "Mozilla/5.0 (compatible; Googlebot/2.1; +http://www.google.com/bot.html)"
173.252.83.11 - - [17/Jul/2025:14:12:16 +0330] "GET /robots.txt HTTP/2" 206 1459 "-" "facebookexternalhit/1.1 (+http://www.facebook.com/externalhit_uatext.php)"
40.77.167.254 - - [17/Jul/2025:14:19:11 +0330] "GET /index.php?sitemap-5.xml HTTP/2" 200 1662 "-" "Mozilla/5.0 AppleWebKit/537.36 (KHTML, like Gecko; compatible; bingbot/2.0; +http://www.bing.com/bingbot.htm) Chrome/116.0.1938.76 Safari/537.36"
40.77.167.254 - - [17/Jul/2025:14:19:12 +0330] "GET /index.php?sitemap-20.xml HTTP/2" 200 1662 "-" "Mozilla/5.0 AppleWebKit/537.36 (KHTML, like Gecko; compatible; bingbot/2.0; +http://www.bing.com/bingbot.htm) Chrome/116.0.1938.76 Safari/537.36"
40.77.167.254 - - [17/Jul/2025:14:19:19 +0330] "GET /index.php?sitemap-10.xml HTTP/2" 200 1662 "-" "Mozilla/5.0 AppleWebKit/537.36 (KHTML, like Gecko; compatible; bingbot/2.0; +http://www.bing.com/bingbot.htm) Chrome/116.0.1938.76 Safari/537.36"
66.249.89.12 - - [17/Jul/2025:14:19:22 +0330] "GET /224189297.shtml HTTP/1.1" 200 1662 "-" "Mozilla/5.0 (X11; Linux x86_64) AppleWebKit/537.36 (KHTML, like Gecko) Chrome/137.0.7151.119 Safari/537.36"
66.249.89.12 - - [17/Jul/2025:14:19:23 +0330] "GET /static/css/main.60855b2a.chunk.css HTTP/1.1" 200 98708 "https://app.optimyar.com/224189297.shtml" "Mozilla/5.0 (X11; Linux x86_64) AppleWebKit/537.36 (KHTML, like Gecko) Chrome/137.0.7151.119 Safari/537.36"
66.249.89.12 - - [17/Jul/2025:14:19:24 +0330] "GET /libs/stimul/stimulsoft.reports.js?v=4 HTTP/1.1" 200 3764274 "https://app.optimyar.com/224189297.shtml" "Mozilla/5.0 (X11; Linux x86_64) AppleWebKit/537.36 (KHTML, like Gecko) Chrome/137.0.7151.119 Safari/537.36"
66.249.89.13 - - [17/Jul/2025:14:19:37 +0330] "GET /app.css HTTP/1.1" 200 0 "https://app.optimyar.com/224189297.shtml" "Mozilla/5.0 (X11; Linux x86_64) AppleWebKit/537.36 (KHTML, like Gecko) Chrome/137.0.7151.119 Safari/537.36"
66.249.89.13 - - [17/Jul/2025:14:19:37 +0330] "GET /libs/zip/dist/zip.min.js HTTP/1.1" 200 28371 "https://app.optimyar.com/224189297.shtml" "Mozilla/5.0 (X11; Linux x86_64) AppleWebKit/537.36 (KHTML, like Gecko) Chrome/137.0.7151.119 Safari/537.36"
52.167.144.195 - - [17/Jul/2025:14:19:38 +0330] "GET /index.php?sitemap.xml HTTP/2" 200 1662 "-" "Mozilla/5.0 AppleWebKit/537.36 (KHTML, like Gecko; compatible; bingbot/2.0; +http://www.bing.com/bingbot.htm) Chrome/116.0.1938.76 Safari/537.36"
52.167.144.195 - - [17/Jul/2025:14:19:38 +0330] "GET /index.php?sitemap-16.xml HTTP/2" 200 1662 "-" "Mozilla/5.0 AppleWebKit/537.36 (KHTML, like Gecko; compatible; bingbot/2.0; +http://www.bing.com/bingbot.htm) Chrome/116.0.1938.76 Safari/537.36"
52.167.144.195 - - [17/Jul/2025:14:19:38 +0330] "GET /index.php?sitemap-8.xml HTTP/2" 200 1662 "-" "Mozilla/5.0 AppleWebKit/537.36 (KHTML, like Gecko; compatible; bingbot/2.0; +http://www.bing.com/bingbot.htm) Chrome/116.0.1938.76 Safari/537.36"
52.167.144.195 - - [17/Jul/2025:14:19:39 +0330] "GET /index.php?sitemap-19.xml HTTP/2" 200 1662 "-" "Mozilla/5.0 AppleWebKit/537.36 (KHTML, like Gecko; compatible; bingbot/2.0; +http://www.bing.com/bingbot.htm) Chrome/116.0.1938.76 Safari/537.36"
52.167.144.195 - - [17/Jul/2025:14:19:39 +0330] "GET /index.php?sitemap-15.xml HTTP/2" 200 1662 "-" "Mozilla/5.0 AppleWebKit/537.36 (KHTML, like Gecko; compatible; bingbot/2.0; +http://www.bing.com/bingbot.htm) Chrome/116.0.1938.76 Safari/537.36"
40.77.167.254 - - [17/Jul/2025:14:19:50 +0330] "GET /index.php?sitemap-23.xml HTTP/2" 200 1662 "-" "Mozilla/5.0 AppleWebKit/537.36 (KHTML, like Gecko; compatible; bingbot/2.0; +http://www.bing.com/bingbot.htm) Chrome/116.0.1938.76 Safari/537.36"
40.77.167.254 - - [17/Jul/2025:14:19:59 +0330] "GET /index.php?sitemap-7.xml HTTP/2" 200 1662 "-" "Mozilla/5.0 AppleWebKit/537.36 (KHTML, like Gecko; compatible; bingbot/2.0; +http://www.bing.com/bingbot.htm) Chrome/116.0.1938.76 Safari/537.36"
66.249.64.12 - - [17/Jul/2025:14:22:48 +0330] "GET /93584857.shtml HTTP/1.1" 200 1662 "-" "Mozilla/5.0 (Linux; Android 6.0.1; Nexus 5X Build/MMB29P) AppleWebKit/537.36 (KHTML, like Gecko) Chrome/137.0.7151.103 Mobile Safari/537.36 (compatible; Googlebot/2.1; +http://www.google.com/bot.html)"
66.249.64.14 - - [17/Jul/2025:14:22:12 +0330] "GET /3924653.shtml HTTP/1.1" 200 1662 "-" "Mozilla/5.0 (Linux; Android 6.0.1; Nexus 5X Build/MMB29P) AppleWebKit/537.36 (KHTML, like Gecko) Chrome/137.0.7151.103 Mobile Safari/537.36 (compatible; Googlebot/2.1; +http://www.google.com/bot.html)"
66.249.64.12 - - [17/Jul/2025:14:22:28 +0330] "GET /110264775.shtml HTTP/1.1" 200 1662 "-" "Mozilla/5.0 (Linux; Android 6.0.1; Nexus 5X Build/MMB29P) AppleWebKit/537.36 (KHTML, like Gecko) Chrome/137.0.7151.103 Mobile Safari/537.36 (compatible; Googlebot/2.1; +http://www.google.com/bot.html)"
66.249.64.13 - - [17/Jul/2025:14:27:51 +0330] "GET /138909687.shtml HTTP/1.1" 200 1662 "-" "Mozilla/5.0 (compatible; Googlebot/2.1; +http://www.google.com/bot.html)"
66.249.64.13 - - [17/Jul/2025:14:28:33 +0330] "GET /153069601.shtml HTTP/1.1" 200 1662 "-" "Mozilla/5.0 (compatible; Googlebot/2.1; +http://www.google.com/bot.html)"
66.249.64.12 - - [17/Jul/2025:14:29:25 +0330] "GET /64477913.shtml HTTP/1.1" 200 1662 "-" "Mozilla/5.0 (Linux; Android 6.0.1; Nexus 5X Build/MMB29P) AppleWebKit/537.36 (KHTML, like Gecko) Chrome/137.0.7151.103 Mobile Safari/537.36 (compatible; Googlebot/2.1; +http://www.google.com/bot.html)"
66.249.64.13 - - [17/Jul/2025:14:24:45 +0330] "GET /127627825.shtml HTTP/1.1" 200 1662 "-" "Mozilla/5.0 (compatible; Googlebot/2.1; +http://www.google.com/bot.html)"
66.249.64.13 - - [17/Jul/2025:14:26:52 +0330] "GET /247495515.shtml HTTP/1.1" 200 1662 "-" "Mozilla/5.0 (Linux; Android 6.0.1; Nexus 5X Build/MMB29P) AppleWebKit/537.36 (KHTML, like Gecko) Chrome/137.0.7151.103 Mobile Safari/537.36 (compatible; Googlebot/2.1; +http://www.google.com/bot.html)"
66.249.64.13 - - [17/Jul/2025:14:30:09 +0330] "GET /324777067.shtml HTTP/1.1" 200 1662 "-" "Mozilla/5.0 (compatible; Googlebot/2.1; +http://www.google.com/bot.html)"
66.249.64.12 - - [17/Jul/2025:14:30:19 +0330] "GET /137098141.shtml HTTP/1.1" 200 1662 "-" "Mozilla/5.0 (compatible; Googlebot/2.1; +http://www.google.com/bot.html)"
66.249.64.12 - - [17/Jul/2025:14:35:06 +0330] "GET /153657995.shtml HTTP/1.1" 200 1662 "-" "Mozilla/5.0 (compatible; Googlebot/2.1; +http://www.google.com/bot.html)"
66.249.64.12 - - [17/Jul/2025:14:38:39 +0330] "GET /387231653.shtml HTTP/1.1" 200 1662 "-" "Mozilla/5.0 (compatible; Googlebot/2.1; +http://www.google.com/bot.html)"
66.249.64.13 - - [17/Jul/2025:14:32:07 +0330] "GET /139851171.shtml HTTP/1.1" 200 1662 "-" "Mozilla/5.0 (compatible; Googlebot/2.1; +http://www.google.com/bot.html)"
66.249.64.12 - - [17/Jul/2025:14:32:38 +0330] "GET /265674223.shtml HTTP/1.1" 200 1662 "-" "Mozilla/5.0 (compatible; Googlebot/2.1; +http://www.google.com/bot.html)"
66.249.64.13 - - [17/Jul/2025:14:34:02 +0330] "GET /65486129.shtml HTTP/1.1" 200 1662 "-" "Mozilla/5.0 (Linux; Android 6.0.1; Nexus 5X Build/MMB29P) AppleWebKit/537.36 (KHTML, like Gecko) Chrome/137.0.7151.103 Mobile Safari/537.36 (compatible; Googlebot/2.1; +http://www.google.com/bot.html)"
66.249.64.13 - - [17/Jul/2025:14:34:14 +0330] "GET /3341485.shtml HTTP/1.1" 200 1662 "-" "Mozilla/5.0 (compatible; Googlebot/2.1; +http://www.google.com/bot.html)"
66.249.64.12 - - [17/Jul/2025:14:34:57 +0330] "GET /357838887.shtml HTTP/1.1" 200 1662 "-" "Mozilla/5.0 (compatible; Googlebot/2.1; +http://www.google.com/bot.html)"
66.249.64.12 - - [17/Jul/2025:14:39:23 +0330] "GET /145178475.shtml HTTP/1.1" 200 1662 "-" "Mozilla/5.0 (compatible; Googlebot/2.1; +http://www.google.com/bot.html)"
66.249.64.14 - - [17/Jul/2025:14:43:24 +0330] "GET /388157727.shtml HTTP/1.1" 200 1662 "-" "Mozilla/5.0 (Linux; Android 6.0.1; Nexus 5X Build/MMB29P) AppleWebKit/537.36 (KHTML, like Gecko) Chrome/137.0.7151.103 Mobile Safari/537.36 (compatible; Googlebot/2.1; +http://www.google.com/bot.html)"
66.249.64.13 - - [17/Jul/2025:14:43:25 +0330] "GET /183784947.shtml HTTP/1.1" 200 1662 "-" "Mozilla/5.0 (Linux; Android 6.0.1; Nexus 5X Build/MMB29P) AppleWebKit/537.36 (KHTML, like Gecko) Chrome/137.0.7151.103 Mobile Safari/537.36 (compatible; Googlebot/2.1; +http://www.google.com/bot.html)"
216.73.216.206 - - [17/Jul/2025:14:46:35 +0330] "GET /robots.txt HTTP/2" 200 117 "-" "Mozilla/5.0 AppleWebKit/537.36 (KHTML, like Gecko; compatible; ClaudeBot/1.0; +claudebot@anthropic.com)"
216.73.216.206 - - [17/Jul/2025:14:46:35 +0330] "GET /index.php HTTP/2" 200 1662 "-" "Mozilla/5.0 AppleWebKit/537.36 (KHTML, like Gecko; compatible; ClaudeBot/1.0; +claudebot@anthropic.com)"
66.249.64.12 - - [17/Jul/2025:14:48:30 +0330] "GET /170320761.shtml HTTP/1.1" 200 1662 "-" "Mozilla/5.0 (Linux; Android 6.0.1; Nexus 5X Build/MMB29P) AppleWebKit/537.36 (KHTML, like Gecko) Chrome/137.0.7151.103 Mobile Safari/537.36 (compatible; Googlebot/2.1; +http://www.google.com/bot.html)"
66.249.64.13 - - [17/Jul/2025:14:52:16 +0330] "GET /264648051.shtml HTTP/1.1" 200 1662 "-" "Mozilla/5.0 (compatible; Googlebot/2.1; +http://www.google.com/bot.html)"
66.249.64.12 - - [17/Jul/2025:14:56:00 +0330] "GET /271624225.shtml HTTP/1.1" 200 1662 "-" "Mozilla/5.0 (compatible; Googlebot/2.1; +http://www.google.com/bot.html)"
66.249.64.14 - - [17/Jul/2025:14:44:23 +0330] "GET /77050731.shtml HTTP/1.1" 200 1662 "-" "Mozilla/5.0 (compatible; Googlebot/2.1; +http://www.google.com/bot.html)"
66.249.64.12 - - [17/Jul/2025:14:44:45 +0330] "GET /202717941.shtml HTTP/1.1" 200 1662 "-" "Mozilla/5.0 (Linux; Android 6.0.1; Nexus 5X Build/MMB29P) AppleWebKit/537.36 (KHTML, like Gecko) Chrome/137.0.7151.103 Mobile Safari/537.36 (compatible; Googlebot/2.1; +http://www.google.com/bot.html)"
66.249.64.12 - - [17/Jul/2025:14:47:04 +0330] "GET /314163329.shtml HTTP/1.1" 200 1662 "-" "Mozilla/5.0 (compatible; Googlebot/2.1; +http://www.google.com/bot.html)"
66.249.64.12 - - [17/Jul/2025:14:49:01 +0330] "GET /262083157.shtml HTTP/1.1" 200 1662 "-" "Mozilla/5.0 (Linux; Android 6.0.1; Nexus 5X Build/MMB29P) AppleWebKit/537.36 (KHTML, like Gecko) Chrome/137.0.7151.103 Mobile Safari/537.36 (compatible; Googlebot/2.1; +http://www.google.com/bot.html)"
66.249.64.13 - - [17/Jul/2025:14:49:15 +0330] "GET /6328881.shtml HTTP/1.1" 200 1662 "-" "Mozilla/5.0 (Linux; Android 6.0.1; Nexus 5X Build/MMB29P) AppleWebKit/537.36 (KHTML, like Gecko) Chrome/137.0.7151.103 Mobile Safari/537.36 (compatible; Googlebot/2.1; +http://www.google.com/bot.html)"
66.249.64.12 - - [17/Jul/2025:14:56:16 +0330] "GET /376646055.shtml HTTP/1.1" 200 1662 "-" "Mozilla/5.0 (Linux; Android 6.0.1; Nexus 5X Build/MMB29P) AppleWebKit/537.36 (KHTML, like Gecko) Chrome/137.0.7151.103 Mobile Safari/537.36 (compatible; Googlebot/2.1; +http://www.google.com/bot.html)"
66.249.64.12 - - [17/Jul/2025:14:58:03 +0330] "GET /309980519.shtml HTTP/1.1" 200 1662 "-" "Mozilla/5.0 (compatible; Googlebot/2.1; +http://www.google.com/bot.html)"
66.249.64.13 - - [17/Jul/2025:15:01:20 +0330] "GET /189188095.shtml HTTP/1.1" 200 1662 "-" "Mozilla/5.0 (compatible; Googlebot/2.1; +http://www.google.com/bot.html)"
66.249.64.12 - - [17/Jul/2025:15:01:33 +0330] "GET /14050229.shtml HTTP/1.1" 200 1662 "-" "Mozilla/5.0 (Linux; Android 6.0.1; Nexus 5X Build/MMB29P) AppleWebKit/537.36 (KHTML, like Gecko) Chrome/137.0.7151.103 Mobile Safari/537.36 (compatible; Googlebot/2.1; +http://www.google.com/bot.html)"
66.249.64.14 - - [17/Jul/2025:15:03:30 +0330] "GET /138599611.shtml HTTP/1.1" 200 1662 "-" "Mozilla/5.0 (Linux; Android 6.0.1; Nexus 5X Build/MMB29P) AppleWebKit/537.36 (KHTML, like Gecko) Chrome/137.0.7151.103 Mobile Safari/537.36 (compatible; Googlebot/2.1; +http://www.google.com/bot.html)"
66.249.64.12 - - [17/Jul/2025:15:09:27 +0330] "GET /320801287.shtml HTTP/1.1" 200 1662 "-" "Mozilla/5.0 (Linux; Android 6.0.1; Nexus 5X Build/MMB29P) AppleWebKit/537.36 (KHTML, like Gecko) Chrome/137.0.7151.103 Mobile Safari/537.36 (compatible; Googlebot/2.1; +http://www.google.com/bot.html)"
66.249.64.13 - - [17/Jul/2025:15:11:25 +0330] "GET /294926423.shtml HTTP/1.1" 200 1662 "-" "Mozilla/5.0 (compatible; Googlebot/2.1; +http://www.google.com/bot.html)"
66.249.64.12 - - [17/Jul/2025:15:12:22 +0330] "GET /311412309.shtml HTTP/1.1" 200 1662 "-" "Mozilla/5.0 (compatible; Googlebot/2.1; +http://www.google.com/bot.html)"
66.249.64.12 - - [17/Jul/2025:14:57:25 +0330] "GET /7542251.shtml HTTP/1.1" 200 1662 "-" "Mozilla/5.0 (compatible; Googlebot/2.1; +http://www.google.com/bot.html)"
216.73.216.206 - - [17/Jul/2025:15:12:39 +0330] "GET /index.php HTTP/2" 200 1662 "-" "Mozilla/5.0 AppleWebKit/537.36 (KHTML, like Gecko; compatible; ClaudeBot/1.0; +claudebot@anthropic.com)"
66.249.64.14 - - [17/Jul/2025:15:13:23 +0330] "GET /373062895.shtml HTTP/1.1" 200 1662 "-" "Mozilla/5.0 (compatible; Googlebot/2.1; +http://www.google.com/bot.html)"
66.249.64.13 - - [17/Jul/2025:15:17:13 +0330] "GET /300417475.shtml HTTP/1.1" 200 1662 "-" "Mozilla/5.0 (Linux; Android 6.0.1; Nexus 5X Build/MMB29P) AppleWebKit/537.36 (KHTML, like Gecko) Chrome/137.0.7151.103 Mobile Safari/537.36 (compatible; Googlebot/2.1; +http://www.google.com/bot.html)"
66.249.64.14 - - [17/Jul/2025:15:22:24 +0330] "GET /40047435.shtml HTTP/1.1" 200 1662 "-" "Mozilla/5.0 (Linux; Android 6.0.1; Nexus 5X Build/MMB29P) AppleWebKit/537.36 (KHTML, like Gecko) Chrome/137.0.7151.103 Mobile Safari/537.36 (compatible; Googlebot/2.1; +http://www.google.com/bot.html)"
66.249.64.14 - - [17/Jul/2025:15:23:15 +0330] "GET /139446491.shtml HTTP/1.1" 200 1662 "-" "Mozilla/5.0 (compatible; Googlebot/2.1; +http://www.google.com/bot.html)"
66.249.64.14 - - [17/Jul/2025:15:25:35 +0330] "GET /209441927.shtml HTTP/1.1" 200 1662 "-" "Mozilla/5.0 (Linux; Android 6.0.1; Nexus 5X Build/MMB29P) AppleWebKit/537.36 (KHTML, like Gecko) Chrome/137.0.7151.103 Mobile Safari/537.36 (compatible; Googlebot/2.1; +http://www.google.com/bot.html)"
66.249.64.13 - - [17/Jul/2025:15:27:18 +0330] "GET /225423169.shtml HTTP/1.1" 200 1662 "-" "Mozilla/5.0 (Linux; Android 6.0.1; Nexus 5X Build/MMB29P) AppleWebKit/537.36 (KHTML, like Gecko) Chrome/137.0.7151.103 Mobile Safari/537.36 (compatible; Googlebot/2.1; +http://www.google.com/bot.html)"
66.249.64.12 - - [17/Jul/2025:15:27:35 +0330] "GET /279544697.shtml HTTP/1.1" 200 1662 "-" "Mozilla/5.0 (Linux; Android 6.0.1; Nexus 5X Build/MMB29P) AppleWebKit/537.36 (KHTML, like Gecko) Chrome/137.0.7151.103 Mobile Safari/537.36 (compatible; Googlebot/2.1; +http://www.google.com/bot.html)"
66.249.64.14 - - [17/Jul/2025:15:28:19 +0330] "GET /59854779.shtml HTTP/1.1" 200 1662 "-" "Mozilla/5.0 (Linux; Android 6.0.1; Nexus 5X Build/MMB29P) AppleWebKit/537.36 (KHTML, like Gecko) Chrome/137.0.7151.103 Mobile Safari/537.36 (compatible; Googlebot/2.1; +http://www.google.com/bot.html)"
57.141.0.12 - - [17/Jul/2025:15:29:49 +0330] "GET /index.php?sitemap-9.xml HTTP/2" 200 4633 "-" "meta-externalagent/1.1 (+https://developers.facebook.com/docs/sharing/webmasters/crawler)"
66.249.64.13 - - [17/Jul/2025:15:15:39 +0330] "GET /300971699.shtml HTTP/1.1" 200 1662 "-" "Mozilla/5.0 (compatible; Googlebot/2.1; +http://www.google.com/bot.html)"
66.249.64.13 - - [17/Jul/2025:15:20:55 +0330] "GET /204681577.shtml HTTP/1.1" 200 1662 "-" "Mozilla/5.0 (compatible; Googlebot/2.1; +http://www.google.com/bot.html)"
66.249.64.12 - - [17/Jul/2025:15:31:55 +0330] "GET /19582017.shtml HTTP/1.1" 200 1662 "-" "Mozilla/5.0 (compatible; Googlebot/2.1; +http://www.google.com/bot.html)"
66.249.64.14 - - [17/Jul/2025:15:37:45 +0330] "GET /129295053.shtml HTTP/1.1" 200 1662 "-" "Mozilla/5.0 (compatible; Googlebot/2.1; +http://www.google.com/bot.html)"
66.249.64.14 - - [17/Jul/2025:15:37:46 +0330] "GET /394015001.shtml HTTP/1.1" 200 1662 "-" "Mozilla/5.0 (Linux; Android 6.0.1; Nexus 5X Build/MMB29P) AppleWebKit/537.36 (KHTML, like Gecko) Chrome/137.0.7151.103 Mobile Safari/537.36 (compatible; Googlebot/2.1; +http://www.google.com/bot.html)"
66.249.64.14 - - [17/Jul/2025:15:39:41 +0330] "GET /319450835.shtml HTTP/1.1" 200 1662 "-" "Mozilla/5.0 (compatible; Googlebot/2.1; +http://www.google.com/bot.html)"
66.249.64.13 - - [17/Jul/2025:15:41:43 +0330] "GET /324777067.shtml HTTP/1.1" 200 1662 "-" "Mozilla/5.0 (Linux; Android 6.0.1; Nexus 5X Build/MMB29P) AppleWebKit/537.36 (KHTML, like Gecko) Chrome/137.0.7151.103 Mobile Safari/537.36 (compatible; Googlebot/2.1; +http://www.google.com/bot.html)"
66.249.64.13 - - [17/Jul/2025:15:45:28 +0330] "GET /22117297.shtml HTTP/1.1" 200 1662 "-" "Mozilla/5.0 (compatible; Googlebot/2.1; +http://www.google.com/bot.html)"
66.249.64.14 - - [17/Jul/2025:15:54:02 +0330] "GET /252356097.shtml HTTP/1.1" 200 1662 "-" "Mozilla/5.0 (Linux; Android 6.0.1; Nexus 5X Build/MMB29P) AppleWebKit/537.36 (KHTML, like Gecko) Chrome/137.0.7151.103 Mobile Safari/537.36 (compatible; Googlebot/2.1; +http://www.google.com/bot.html)"
66.249.64.12 - - [17/Jul/2025:15:55:22 +0330] "GET /273569503.shtml HTTP/1.1" 200 1662 "-" "Mozilla/5.0 (compatible; Googlebot/2.1; +http://www.google.com/bot.html)"
66.249.64.14 - - [17/Jul/2025:15:56:09 +0330] "GET /90569991.shtml HTTP/1.1" 200 1662 "-" "Mozilla/5.0 (compatible; Googlebot/2.1; +http://www.google.com/bot.html)"
5.217.51.13 - - [17/Jul/2025:15:59:55 +0330] "GET / HTTP/1.1" 304 0 "https://optimyar.com/" "Mozilla/5.0 (Windows NT 10.0; Win64; x64; rv:139.0) Gecko/20100101 Firefox/139.0"
5.217.51.13 - - [17/Jul/2025:15:59:55 +0330] "GET /libs/stimul/stimulsoft.viewer.office2013.whiteblue.css HTTP/1.1" 304 0 "https://app.optimyar.com/" "Mozilla/5.0 (Windows NT 10.0; Win64; x64; rv:139.0) Gecko/20100101 Firefox/139.0"
5.217.51.13 - - [17/Jul/2025:15:59:55 +0330] "GET /app.css HTTP/1.1" 304 0 "https://app.optimyar.com/" "Mozilla/5.0 (Windows NT 10.0; Win64; x64; rv:139.0) Gecko/20100101 Firefox/139.0"
5.217.51.13 - - [17/Jul/2025:15:59:55 +0330] "GET /libs/cross-domain/hub.js HTTP/1.1" 304 0 "https://app.optimyar.com/" "Mozilla/5.0 (Windows NT 10.0; Win64; x64; rv:139.0) Gecko/20100101 Firefox/139.0"
5.217.51.13 - - [17/Jul/2025:15:59:55 +0330] "GET /static/css/2.5db30c42.chunk.css HTTP/1.1" 200 15335 "https://app.optimyar.com/" "Mozilla/5.0 (Windows NT 10.0; Win64; x64; rv:139.0) Gecko/20100101 Firefox/139.0"
5.217.51.13 - - [17/Jul/2025:15:59:55 +0330] "GET /defaults.js?v=310 HTTP/1.1" 304 0 "https://app.optimyar.com/" "Mozilla/5.0 (Windows NT 10.0; Win64; x64; rv:139.0) Gecko/20100101 Firefox/139.0"
5.217.51.13 - - [17/Jul/2025:15:59:55 +0330] "GET /apiUrl.js?v=310 HTTP/1.1" 304 0 "https://app.optimyar.com/" "Mozilla/5.0 (Windows NT 10.0; Win64; x64; rv:139.0) Gecko/20100101 Firefox/139.0"
5.217.51.13 - - [17/Jul/2025:15:59:55 +0330] "GET /fa_lang.js?v=334 HTTP/1.1" 304 0 "https://app.optimyar.com/" "Mozilla/5.0 (Windows NT 10.0; Win64; x64; rv:139.0) Gecko/20100101 Firefox/139.0"
5.217.51.13 - - [17/Jul/2025:15:59:55 +0330] "GET /libs/stimul/stimulsoft.reports.js?v=4 HTTP/1.1" 304 0 "https://app.optimyar.com/" "Mozilla/5.0 (Windows NT 10.0; Win64; x64; rv:139.0) Gecko/20100101 Firefox/139.0"
5.217.51.13 - - [17/Jul/2025:15:59:55 +0330] "GET /libs/stimul/stimulsoft.viewer.js?v=4 HTTP/1.1" 304 0 "https://app.optimyar.com/" "Mozilla/5.0 (Windows NT 10.0; Win64; x64; rv:139.0) Gecko/20100101 Firefox/139.0"
5.217.51.13 - - [17/Jul/2025:15:59:55 +0330] "GET /libs/xlsx/jszip.js HTTP/1.1" 304 0 "https://app.optimyar.com/" "Mozilla/5.0 (Windows NT 10.0; Win64; x64; rv:139.0) Gecko/20100101 Firefox/139.0"
5.217.51.13 - - [17/Jul/2025:15:59:55 +0330] "GET /libs/xlsx/xlsx.js HTTP/1.1" 304 0 "https://app.optimyar.com/" "Mozilla/5.0 (Windows NT 10.0; Win64; x64; rv:139.0) Gecko/20100101 Firefox/139.0"
5.217.51.13 - - [17/Jul/2025:15:59:55 +0330] "GET /libs/zip/dist/zip.min.js HTTP/1.1" 304 0 "https://app.optimyar.com/" "Mozilla/5.0 (Windows NT 10.0; Win64; x64; rv:139.0) Gecko/20100101 Firefox/139.0"
5.217.51.13 - - [17/Jul/2025:15:59:55 +0330] "GET /app.js?v=4 HTTP/1.1" 304 0 "https://app.optimyar.com/" "Mozilla/5.0 (Windows NT 10.0; Win64; x64; rv:139.0) Gecko/20100101 Firefox/139.0"
5.217.51.13 - - [17/Jul/2025:15:59:55 +0330] "GET /static/js/2.727844f4.chunk.js HTTP/1.1" 304 0 "https://app.optimyar.com/" "Mozilla/5.0 (Windows NT 10.0; Win64; x64; rv:139.0) Gecko/20100101 Firefox/139.0"
5.217.51.13 - - [17/Jul/2025:15:59:55 +0330] "GET /static/js/main.2871af22.chunk.js HTTP/1.1" 304 0 "https://app.optimyar.com/" "Mozilla/5.0 (Windows NT 10.0; Win64; x64; rv:139.0) Gecko/20100101 Firefox/139.0"
5.217.51.13 - - [17/Jul/2025:15:59:55 +0330] "GET /static/css/main.60855b2a.chunk.css HTTP/1.1" 200 98708 "https://app.optimyar.com/" "Mozilla/5.0 (Windows NT 10.0; Win64; x64; rv:139.0) Gecko/20100101 Firefox/139.0"
5.217.51.13 - - [17/Jul/2025:16:00:03 +0330] "GET /login HTTP/1.1" 200 1662 "-" "Mozilla/5.0 (Windows NT 10.0; Win64; x64; rv:139.0) Gecko/20100101 Firefox/139.0"
5.217.51.13 - - [17/Jul/2025:16:01:07 +0330] "GET /static/media/login_bg_middle.9c351684.png HTTP/1.1" 304 0 "https://app.optimyar.com/static/css/main.60855b2a.chunk.css" "Mozilla/5.0 (Windows NT 10.0; Win64; x64; rv:139.0) Gecko/20100101 Firefox/139.0"
5.217.51.13 - - [17/Jul/2025:16:01:07 +0330] "GET /static/media/iranyekanwebregularfanum.55f541a7.woff HTTP/1.1" 304 0 "https://app.optimyar.com/static/css/main.60855b2a.chunk.css" "Mozilla/5.0 (Windows NT 10.0; Win64; x64; rv:139.0) Gecko/20100101 Firefox/139.0"
5.217.51.13 - - [17/Jul/2025:16:01:07 +0330] "GET /static/media/Pulse.c4808363.gif HTTP/1.1" 304 0 "https://app.optimyar.com/login" "Mozilla/5.0 (Windows NT 10.0; Win64; x64; rv:139.0) Gecko/20100101 Firefox/139.0"
5.217.51.13 - - [17/Jul/2025:16:01:08 +0330] "GET /fa_lang.js HTTP/1.1" 304 0 "https://app.optimyar.com/login" "Mozilla/5.0 (Windows NT 10.0; Win64; x64; rv:139.0) Gecko/20100101 Firefox/139.0"
5.217.51.13 - - [17/Jul/2025:16:01:08 +0330] "GET /assets/fonts/fontawesome/webfonts/fa-solid-900.woff2 HTTP/1.1" 200 129832 "https://app.optimyar.com/static/css/main.60855b2a.chunk.css" "Mozilla/5.0 (Windows NT 10.0; Win64; x64; rv:139.0) Gecko/20100101 Firefox/139.0"
5.217.51.13 - - [17/Jul/2025:16:01:15 +0330] "GET /static/media/iranyekanwebmediumfanum.5fb4123b.woff HTTP/1.1" 304 0 "https://app.optimyar.com/static/css/main.60855b2a.chunk.css" "Mozilla/5.0 (Windows NT 10.0; Win64; x64; rv:139.0) Gecko/20100101 Firefox/139.0"
5.217.51.13 - - [17/Jul/2025:16:01:15 +0330] "GET /static/media/iranyekanwebboldfanum.6b119610.woff HTTP/1.1" 304 0 "https://app.optimyar.com/static/css/main.60855b2a.chunk.css" "Mozilla/5.0 (Windows NT 10.0; Win64; x64; rv:139.0) Gecko/20100101 Firefox/139.0"
5.217.51.13 - - [17/Jul/2025:16:01:15 +0330] "GET /static/media/resources.9e18f21a.png HTTP/1.1" 304 0 "https://app.optimyar.com/myCourseList" "Mozilla/5.0 (Windows NT 10.0; Win64; x64; rv:139.0) Gecko/20100101 Firefox/139.0"
5.217.51.13 - - [17/Jul/2025:16:01:48 +0330] "GET /buyCourse/6372967d239d8d854379a8c1 HTTP/1.1" 200 1662 "https://optimyar.com/" "Mozilla/5.0 (Windows NT 10.0; Win64; x64; rv:139.0) Gecko/20100101 Firefox/139.0"
66.249.64.14 - - [17/Jul/2025:16:04:45 +0330] "GET /307777961.shtml HTTP/1.1" 304 0 "-" "Mozilla/5.0 (compatible; Googlebot/2.1; +http://www.google.com/bot.html)"
66.249.64.14 - - [17/Jul/2025:16:06:50 +0330] "GET /245403507.shtml HTTP/1.1" 200 1662 "-" "Mozilla/5.0 (compatible; Googlebot/2.1; +http://www.google.com/bot.html)"
66.249.64.13 - - [17/Jul/2025:16:07:01 +0330] "GET /276525945.shtml HTTP/1.1" 200 1662 "-" "Mozilla/5.0 (compatible; Googlebot/2.1; +http://www.google.com/bot.html)"
66.249.64.13 - - [17/Jul/2025:15:31:33 +0330] "GET /355615291.shtml HTTP/1.1" 200 1662 "-" "Mozilla/5.0 (compatible; Googlebot/2.1; +http://www.google.com/bot.html)"
172.96.160.216 - - [17/Jul/2025:15:35:14 +0330] "GET / HTTP/1.1" 200 1837 "-" "Mozilla/5.0 (Fedora; Linux x86_64) AppleWebKit/537.36 (KHTML, like Gecko) Chrome/127.0.0.0 Safari/537.36"
66.249.64.13 - - [17/Jul/2025:15:38:29 +0330] "GET /193189201.shtml HTTP/1.1" 200 1662 "-" "Mozilla/5.0 (compatible; Googlebot/2.1; +http://www.google.com/bot.html)"
66.249.64.14 - - [17/Jul/2025:15:47:38 +0330] "GET /145396493.shtml HTTP/1.1" 200 1662 "-" "Mozilla/5.0 (Linux; Android 6.0.1; Nexus 5X Build/MMB29P) AppleWebKit/537.36 (KHTML, like Gecko) Chrome/137.0.7151.103 Mobile Safari/537.36 (compatible; Googlebot/2.1; +http://www.google.com/bot.html)"
66.249.64.12 - - [17/Jul/2025:15:47:50 +0330] "GET /278667935.shtml HTTP/1.1" 200 1662 "-" "Mozilla/5.0 (Linux; Android 6.0.1; Nexus 5X Build/MMB29P) AppleWebKit/537.36 (KHTML, like Gecko) Chrome/137.0.7151.103 Mobile Safari/537.36 (compatible; Googlebot/2.1; +http://www.google.com/bot.html)"
66.249.64.13 - - [17/Jul/2025:15:49:58 +0330] "GET /340150351.shtml HTTP/1.1" 200 1662 "-" "Mozilla/5.0 (compatible; Googlebot/2.1; +http://www.google.com/bot.html)"
66.249.64.14 - - [17/Jul/2025:15:52:29 +0330] "GET /202130351.shtml HTTP/1.1" 200 1662 "-" "Mozilla/5.0 (Linux; Android 6.0.1; Nexus 5X Build/MMB29P) AppleWebKit/537.36 (KHTML, like Gecko) Chrome/137.0.7151.103 Mobile Safari/537.36 (compatible; Googlebot/2.1; +http://www.google.com/bot.html)"
66.249.64.12 - - [17/Jul/2025:15:56:55 +0330] "GET /347768653.shtml HTTP/1.1" 200 1662 "-" "Mozilla/5.0 (Linux; Android 6.0.1; Nexus 5X Build/MMB29P) AppleWebKit/537.36 (KHTML, like Gecko) Chrome/137.0.7151.103 Mobile Safari/537.36 (compatible; Googlebot/2.1; +http://www.google.com/bot.html)"
