114.119.145.151 - - [28/Sep/2025:22:15:18 +0330] "GET /54831322.phtml HTTP/1.1" 200 1837 "https://app.optimyar.com/sitemap-14.xml" "Mozilla/5.0 (Linux; Android 7.0;) AppleWebKit/537.36 (KHTML, like Gecko) Mobile Safari/537.36 (compatible; PetalBot;+https://webmaster.petalsearch.com/site/petalbot)"
114.119.157.156 - - [28/Sep/2025:22:16:40 +0330] "GET /54308986.phtml HTTP/1.1" 200 1837 "https://app.optimyar.com/sitemap-4.xml" "Mozilla/5.0 (Linux; Android 7.0;) AppleWebKit/537.36 (KHTML, like Gecko) Mobile Safari/537.36 (compatible; PetalBot;+https://webmaster.petalsearch.com/site/petalbot)"
57.141.0.61 - - [28/Sep/2025:22:17:24 +0330] "GET /128226922.phtml HTTP/2" 200 4633 "-" "meta-externalagent/1.1 (+https://developers.facebook.com/docs/sharing/webmasters/crawler)"
114.119.145.151 - - [28/Sep/2025:22:18:14 +0330] "GET /54307162.phtml HTTP/1.1" 200 1837 "https://app.optimyar.com/sitemap-15.xml" "Mozilla/5.0 (Linux; Android 7.0;) AppleWebKit/537.36 (KHTML, like Gecko) Mobile Safari/537.36 (compatible; PetalBot;+https://webmaster.petalsearch.com/site/petalbot)"
57.141.0.72 - - [28/Sep/2025:22:19:29 +0330] "GET /24854074.phtml HTTP/2" 200 4633 "-" "meta-externalagent/1.1 (+https://developers.facebook.com/docs/sharing/webmasters/crawler)"
57.141.0.31 - - [28/Sep/2025:22:21:46 +0330] "GET /148868026.phtml HTTP/2" 200 4633 "-" "meta-externalagent/1.1 (+https://developers.facebook.com/docs/sharing/webmasters/crawler)"
86.57.20.46 - - [28/Sep/2025:22:22:06 +0330] "GET /login HTTP/2" 200 1662 "https://app.optimyar.com/publicSessions" "Mozilla/5.0 (Windows NT 10.0; Win64; x64) AppleWebKit/537.36 (KHTML, like Gecko) Chrome/139.0.0.0 Safari/537.36"
114.119.156.56 - - [28/Sep/2025:22:22:17 +0330] "GET /53833738.phtml HTTP/1.1" 200 1837 "https://app.optimyar.com/sitemap-13.xml" "Mozilla/5.0 (Linux; Android 7.0;) AppleWebKit/537.36 (KHTML, like Gecko) Mobile Safari/537.36 (compatible; PetalBot;+https://webmaster.petalsearch.com/site/petalbot)"
57.141.0.5 - - [28/Sep/2025:22:22:54 +0330] "GET /53801866.phtml HTTP/2" 200 4633 "-" "meta-externalagent/1.1 (+https://developers.facebook.com/docs/sharing/webmasters/crawler)"
66.249.74.33 - - [28/Sep/2025:22:22:54 +0330] "GET /sitemap-4.xml HTTP/1.1" 200 1662 "-" "Mozilla/5.0 (compatible; Googlebot/2.1; +http://www.google.com/bot.html)"
114.119.143.210 - - [28/Sep/2025:22:25:02 +0330] "GET /52582186.phtml HTTP/1.1" 200 1837 "https://app.optimyar.com/sitemap-4.xml" "Mozilla/5.0 (Linux; Android 7.0;) AppleWebKit/537.36 (KHTML, like Gecko) Mobile Safari/537.36 (compatible; PetalBot;+https://webmaster.petalsearch.com/site/petalbot)"
45.138.16.215 - - [28/Sep/2025:22:25:32 +0330] "GET /style.php HTTP/2" 200 1837 "http://app.optimyar.com/style.php" "Go-http-client/2.0"
45.138.16.215 - - [28/Sep/2025:22:25:33 +0330] "GET /wp-content/style.php HTTP/2" 200 1837 "http://app.optimyar.com/wp-content/style.php" "Go-http-client/2.0"
45.138.16.215 - - [28/Sep/2025:22:25:34 +0330] "GET /wp-content/themes/style.php HTTP/2" 200 1837 "http://app.optimyar.com/wp-content/themes/style.php" "Go-http-client/2.0"
45.138.16.215 - - [28/Sep/2025:22:25:36 +0330] "GET /wp-admin/style.php HTTP/2" 200 1837 "http://app.optimyar.com/wp-admin/style.php" "Go-http-client/2.0"
45.138.16.215 - - [28/Sep/2025:22:25:37 +0330] "GET /wp-includes/style.php HTTP/2" 200 1837 "http://app.optimyar.com/wp-includes/style.php" "Go-http-client/2.0"
45.138.16.215 - - [28/Sep/2025:22:25:38 +0330] "GET /chosen.php?p= HTTP/2" 200 1837 "http://app.optimyar.com/chosen.php?p=" "Go-http-client/2.0"
45.138.16.215 - - [28/Sep/2025:22:25:40 +0330] "GET /file.php HTTP/2" 200 1837 "http://app.optimyar.com/file.php" "Go-http-client/2.0"
45.138.16.215 - - [28/Sep/2025:22:25:42 +0330] "GET /flower.php HTTP/2" 200 1837 "http://app.optimyar.com/flower.php" "Go-http-client/2.0"
45.138.16.215 - - [28/Sep/2025:22:25:42 +0330] "GET /gifclass.php HTTP/2" 200 1837 "http://app.optimyar.com/gifclass.php#888xyz999" "Go-http-client/2.0"
45.138.16.215 - - [28/Sep/2025:22:25:44 +0330] "GET /bless.php HTTP/2" 200 1837 "http://app.optimyar.com/bless.php#888xyz999" "Go-http-client/2.0"
45.138.16.215 - - [28/Sep/2025:22:25:45 +0330] "GET /class-t.api.php HTTP/2" 200 1837 "http://app.optimyar.com/class-t.api.php#888xyz999" "Go-http-client/2.0"
45.138.16.215 - - [28/Sep/2025:22:25:46 +0330] "GET /blurbs.php HTTP/2" 200 1837 "http://app.optimyar.com/blurbs.php#888xyz999" "Go-http-client/2.0"
45.138.16.215 - - [28/Sep/2025:22:25:48 +0330] "GET /akcc.php HTTP/2" 200 1837 "http://app.optimyar.com/akcc.php" "Go-http-client/2.0"
45.138.16.215 - - [28/Sep/2025:22:25:49 +0330] "GET /abcd.php HTTP/2" 200 1837 "http://app.optimyar.com/abcd.php" "Go-http-client/2.0"
45.138.16.215 - - [28/Sep/2025:22:25:50 +0330] "GET /flex.php HTTP/2" 200 1837 "http://app.optimyar.com/flex.php" "Go-http-client/2.0"
45.138.16.215 - - [28/Sep/2025:22:25:52 +0330] "GET /doc.php HTTP/2" 200 1837 "http://app.optimyar.com/doc.php" "Go-http-client/2.0"
45.138.16.215 - - [28/Sep/2025:22:25:53 +0330] "GET /wp-includes/js/thickbox/thickbox.php HTTP/2" 200 1837 "http://app.optimyar.com/wp-includes/js/thickbox/thickbox.php" "Go-http-client/2.0"
45.138.16.215 - - [28/Sep/2025:22:25:54 +0330] "GET /akc.php HTTP/2" 200 1837 "http://app.optimyar.com/akc.php" "Go-http-client/2.0"
45.138.16.215 - - [28/Sep/2025:22:25:55 +0330] "GET /zoo.php HTTP/2" 200 1837 "http://app.optimyar.com/zoo.php" "Go-http-client/2.0"
45.138.16.215 - - [28/Sep/2025:22:25:57 +0330] "GET //zwso.php HTTP/2" 200 1837 "http://app.optimyar.com//zwso.php" "Go-http-client/2.0"
45.138.16.215 - - [28/Sep/2025:22:25:58 +0330] "GET /wp-content/plugins/hellopress/wp_mna.php HTTP/2" 200 1837 "http://app.optimyar.com/wp-content/plugins/hellopress/wp_mna.php" "Go-http-client/2.0"
45.138.16.215 - - [28/Sep/2025:22:26:00 +0330] "GET /bolt.php HTTP/2" 200 1837 "http://app.optimyar.com/bolt.php" "Go-http-client/2.0"
45.138.16.215 - - [28/Sep/2025:22:26:02 +0330] "GET /shlo.php HTTP/2" 200 1837 "http://app.optimyar.com/shlo.php#lufix" "Go-http-client/2.0"
45.138.16.215 - - [28/Sep/2025:22:26:03 +0330] "GET /files.php HTTP/2" 200 1837 "http://app.optimyar.com/files.php#admin@3tu/T?TJ8v?N" "Go-http-client/2.0"
45.138.16.215 - - [28/Sep/2025:22:26:04 +0330] "GET /wp-editor.php HTTP/2" 200 1837 "http://app.optimyar.com/wp-editor.php#lufix" "Go-http-client/2.0"
114.119.145.151 - - [28/Sep/2025:22:26:25 +0330] "GET /52255546.phtml HTTP/1.1" 200 1837 "https://app.optimyar.com/sitemap-4.xml" "Mozilla/5.0 (Linux; Android 7.0;) AppleWebKit/537.36 (KHTML, like Gecko) Mobile Safari/537.36 (compatible; PetalBot;+https://webmaster.petalsearch.com/site/petalbot)"
114.119.138.32 - - [28/Sep/2025:22:29:12 +0330] "GET /51926074.phtml HTTP/1.1" 200 1837 "https://app.optimyar.com/sitemap-16.xml" "Mozilla/5.0 (Linux; Android 7.0;) AppleWebKit/537.36 (KHTML, like Gecko) Mobile Safari/537.36 (compatible; PetalBot;+https://webmaster.petalsearch.com/site/petalbot)"
2.182.201.4 - - [28/Sep/2025:22:30:08 +0330] "GET / HTTP/1.1" 200 1662 "https://optimyar.com/" "Mozilla/5.0 (Windows NT 10.0; Win64; x64; rv:142.0) Gecko/20100101 Firefox/142.0"
2.182.201.4 - - [28/Sep/2025:22:30:09 +0330] "GET /libs/stimul/stimulsoft.viewer.office2013.whiteblue.css HTTP/1.1" 200 3122 "https://app.optimyar.com/" "Mozilla/5.0 (Windows NT 10.0; Win64; x64; rv:142.0) Gecko/20100101 Firefox/142.0"
2.182.201.4 - - [28/Sep/2025:22:30:09 +0330] "GET /app.css HTTP/1.1" 200 0 "https://app.optimyar.com/" "Mozilla/5.0 (Windows NT 10.0; Win64; x64; rv:142.0) Gecko/20100101 Firefox/142.0"
2.182.201.4 - - [28/Sep/2025:22:30:09 +0330] "GET /static/css/2.5db30c42.chunk.css HTTP/1.1" 200 15335 "https://app.optimyar.com/" "Mozilla/5.0 (Windows NT 10.0; Win64; x64; rv:142.0) Gecko/20100101 Firefox/142.0"
2.182.201.4 - - [28/Sep/2025:22:30:09 +0330] "GET /static/css/main.60855b2a.chunk.css HTTP/1.1" 200 98708 "https://app.optimyar.com/" "Mozilla/5.0 (Windows NT 10.0; Win64; x64; rv:142.0) Gecko/20100101 Firefox/142.0"
2.182.201.4 - - [28/Sep/2025:22:30:14 +0330] "GET /static/media/iranyekanwebregularfanum.55f541a7.woff HTTP/1.1" 200 33585 "https://app.optimyar.com/static/css/main.60855b2a.chunk.css" "Mozilla/5.0 (Windows NT 10.0; Win64; x64; rv:142.0) Gecko/20100101 Firefox/142.0"
2.182.201.4 - - [28/Sep/2025:22:30:14 +0330] "GET /static/media/Pulse.c4808363.gif HTTP/1.1" 200 79252 "https://app.optimyar.com/login?returnUrl=/myCourseList" "Mozilla/5.0 (Windows NT 10.0; Win64; x64; rv:142.0) Gecko/20100101 Firefox/142.0"
2.182.201.4 - - [28/Sep/2025:22:30:15 +0330] "GET /assets/fonts/fontawesome/webfonts/fa-solid-900.woff2 HTTP/1.1" 200 129832 "https://app.optimyar.com/static/css/main.60855b2a.chunk.css" "Mozilla/5.0 (Windows NT 10.0; Win64; x64; rv:142.0) Gecko/20100101 Firefox/142.0"
114.119.143.210 - - [28/Sep/2025:22:32:09 +0330] "GET /50741338.phtml HTTP/1.1" 200 1837 "https://app.optimyar.com/sitemap-15.xml" "Mozilla/5.0 (Linux; Android 7.0;) AppleWebKit/537.36 (KHTML, like Gecko) Mobile Safari/537.36 (compatible; PetalBot;+https://webmaster.petalsearch.com/site/petalbot)"
57.141.0.74 - - [28/Sep/2025:22:32:45 +0330] "GET /127064458.phtml HTTP/2" 200 4633 "-" "meta-externalagent/1.1 (+https://developers.facebook.com/docs/sharing/webmasters/crawler)"
57.141.0.18 - - [28/Sep/2025:22:21:49 +0330] "GET /22291258.phtml HTTP/2" 200 4633 "-" "meta-externalagent/1.1 (+https://developers.facebook.com/docs/sharing/webmasters/crawler)"
114.119.138.32 - - [28/Sep/2025:22:23:39 +0330] "GET /52732954.phtml HTTP/1.1" 200 1837 "https://app.optimyar.com/sitemap-3.xml" "Mozilla/5.0 (Linux; Android 7.0;) AppleWebKit/537.36 (KHTML, like Gecko) Mobile Safari/537.36 (compatible; PetalBot;+https://webmaster.petalsearch.com/site/petalbot)"
57.141.0.22 - - [28/Sep/2025:22:24:53 +0330] "GET /93348490.phtml HTTP/2" 200 4633 "-" "meta-externalagent/1.1 (+https://developers.facebook.com/docs/sharing/webmasters/crawler)"
114.119.145.22 - - [28/Sep/2025:22:27:50 +0330] "GET /52138618.phtml HTTP/1.1" 200 1837 "https://app.optimyar.com/sitemap-9.xml" "Mozilla/5.0 (Linux; Android 7.0;) AppleWebKit/537.36 (KHTML, like Gecko) Mobile Safari/537.36 (compatible; PetalBot;+https://webmaster.petalsearch.com/site/petalbot)"
114.119.145.22 - - [28/Sep/2025:22:30:36 +0330] "GET /51346522.phtml HTTP/1.1" 200 1837 "https://app.optimyar.com/sitemap-3.xml" "Mozilla/5.0 (Linux; Android 7.0;) AppleWebKit/537.36 (KHTML, like Gecko) Mobile Safari/537.36 (compatible; PetalBot;+https://webmaster.petalsearch.com/site/petalbot)"
57.141.0.22 - - [28/Sep/2025:22:31:38 +0330] "GET /137158570.phtml HTTP/2" 200 4633 "-" "meta-externalagent/1.1 (+https://developers.facebook.com/docs/sharing/webmasters/crawler)"
2.182.201.4 - - [28/Sep/2025:22:34:41 +0330] "GET /static/media/resources.9e18f21a.png HTTP/1.1" 200 11527 "https://app.optimyar.com/myCourseList" "Mozilla/5.0 (Windows NT 10.0; Win64; x64; rv:142.0) Gecko/20100101 Firefox/142.0"
57.141.0.3 - - [28/Sep/2025:22:34:53 +0330] "GET /126872890.phtml HTTP/2" 200 4633 "-" "meta-externalagent/1.1 (+https://developers.facebook.com/docs/sharing/webmasters/crawler)"
57.141.0.14 - - [28/Sep/2025:22:36:00 +0330] "GET /76881178.phtml HTTP/2" 200 4633 "-" "meta-externalagent/1.1 (+https://developers.facebook.com/docs/sharing/webmasters/crawler)"
57.141.0.33 - - [28/Sep/2025:22:38:01 +0330] "GET /7374106.phtml HTTP/2" 200 4633 "-" "meta-externalagent/1.1 (+https://developers.facebook.com/docs/sharing/webmasters/crawler)"
114.119.145.22 - - [28/Sep/2025:22:33:23 +0330] "GET /49874506.phtml HTTP/1.1" 200 1837 "-" "Mozilla/5.0 (Linux; Android 7.0;) AppleWebKit/537.36 (KHTML, like Gecko) Mobile Safari/537.36 (compatible; PetalBot;+https://webmaster.petalsearch.com/site/petalbot)"
114.119.145.22 - - [28/Sep/2025:22:34:47 +0330] "GET /49498618.phtml HTTP/1.1" 200 1837 "https://app.optimyar.com/sitemap-11.xml" "Mozilla/5.0 (Linux; Android 7.0;) AppleWebKit/537.36 (KHTML, like Gecko) Mobile Safari/537.36 (compatible; PetalBot;+https://webmaster.petalsearch.com/site/petalbot)"
114.119.145.151 - - [28/Sep/2025:22:36:09 +0330] "GET /49057786.phtml HTTP/1.1" 200 1837 "https://app.optimyar.com/sitemap-16.xml" "Mozilla/5.0 (Linux; Android 7.0;) AppleWebKit/537.36 (KHTML, like Gecko) Mobile Safari/537.36 (compatible; PetalBot;+https://webmaster.petalsearch.com/site/petalbot)"
114.119.150.38 - - [28/Sep/2025:22:37:34 +0330] "GET /48807178.phtml HTTP/1.1" 200 1837 "https://app.optimyar.com/sitemap-8.xml" "Mozilla/5.0 (Linux; Android 7.0;) AppleWebKit/537.36 (KHTML, like Gecko) Mobile Safari/537.36 (compatible; PetalBot;+https://webmaster.petalsearch.com/site/petalbot)"
57.141.0.5 - - [28/Sep/2025:22:39:10 +0330] "GET /29161498.phtml HTTP/2" 200 4633 "-" "meta-externalagent/1.1 (+https://developers.facebook.com/docs/sharing/webmasters/crawler)"
114.119.143.152 - - [28/Sep/2025:22:40:30 +0330] "GET /47565706.phtml HTTP/1.1" 200 1837 "https://app.optimyar.com/sitemap-15.xml" "Mozilla/5.0 (Linux; Android 7.0;) AppleWebKit/537.36 (KHTML, like Gecko) Mobile Safari/537.36 (compatible; PetalBot;+https://webmaster.petalsearch.com/site/petalbot)"
40.77.167.70 - - [28/Sep/2025:22:42:43 +0330] "GET /static/css/main.60855b2a.chunk.css HTTP/2" 200 98708 "-" "Mozilla/5.0 AppleWebKit/537.36 (KHTML, like Gecko; compatible; bingbot/2.0; +http://www.bing.com/bingbot.htm) Chrome/116.0.1938.76 Safari/537.36"
114.119.143.152 - - [28/Sep/2025:22:43:08 +0330] "GET /47027914.phtml HTTP/1.1" 200 1837 "https://app.optimyar.com/sitemap-8.xml" "Mozilla/5.0 (Linux; Android 7.0;) AppleWebKit/537.36 (KHTML, like Gecko) Mobile Safari/537.36 (compatible; PetalBot;+https://webmaster.petalsearch.com/site/petalbot)"
57.141.0.67 - - [28/Sep/2025:22:43:41 +0330] "GET /31696858.phtml HTTP/2" 200 4633 "-" "meta-externalagent/1.1 (+https://developers.facebook.com/docs/sharing/webmasters/crawler)"
57.141.0.63 - - [28/Sep/2025:22:45:50 +0330] "GET /74791210.phtml HTTP/2" 200 4633 "-" "meta-externalagent/1.1 (+https://developers.facebook.com/docs/sharing/webmasters/crawler)"
114.119.156.56 - - [28/Sep/2025:22:45:55 +0330] "GET /46663594.phtml HTTP/1.1" 200 1837 "https://app.optimyar.com/sitemap-15.xml" "Mozilla/5.0 (Linux; Android 7.0;) AppleWebKit/537.36 (KHTML, like Gecko) Mobile Safari/537.36 (compatible; PetalBot;+https://webmaster.petalsearch.com/site/petalbot)"
2.182.201.4 - - [28/Sep/2025:22:38:32 +0330] "GET /static/media/iranyekanwebboldfanum.6b119610.woff HTTP/1.1" 200 33581 "https://app.optimyar.com/static/css/main.60855b2a.chunk.css" "Mozilla/5.0 (Windows NT 10.0; Win64; x64; rv:142.0) Gecko/20100101 Firefox/142.0"
114.119.143.152 - - [28/Sep/2025:22:39:04 +0330] "GET /48556810.phtml HTTP/1.1" 200 1837 "https://app.optimyar.com/sitemap-12.xml" "Mozilla/5.0 (Linux; Android 7.0;) AppleWebKit/537.36 (KHTML, like Gecko) Mobile Safari/537.36 (compatible; PetalBot;+https://webmaster.petalsearch.com/site/petalbot)"
114.119.143.210 - - [28/Sep/2025:22:41:45 +0330] "GET /47453866.phtml HTTP/1.1" 200 1837 "https://app.optimyar.com/sitemap-11.xml" "Mozilla/5.0 (Linux; Android 7.0;) AppleWebKit/537.36 (KHTML, like Gecko) Mobile Safari/537.36 (compatible; PetalBot;+https://webmaster.petalsearch.com/site/petalbot)"
207.46.13.229 - - [28/Sep/2025:22:42:21 +0330] "GET /robots.txt HTTP/2" 200 97 "-" "Mozilla/5.0 AppleWebKit/537.36 (KHTML, like Gecko; compatible; bingbot/2.0; +http://www.bing.com/bingbot.htm) Chrome/116.0.1938.76 Safari/537.36"
52.167.144.233 - - [28/Sep/2025:22:42:29 +0330] "GET /ctg/search/searchByKeywordDetailConditionView/ HTTP/2" 200 1662 "-" "Mozilla/5.0 AppleWebKit/537.36 (KHTML, like Gecko; compatible; bingbot/2.0; +http://www.bing.com/bingbot.htm) Chrome/116.0.1938.76 Safari/537.36"
52.167.144.168 - - [28/Sep/2025:22:43:53 +0330] "GET /libs/stimul/stimulsoft.viewer.office2013.whiteblue.css HTTP/2" 200 3122 "-" "Mozilla/5.0 AppleWebKit/537.36 (KHTML, like Gecko; compatible; bingbot/2.0; +http://www.bing.com/bingbot.htm) Chrome/116.0.1938.76 Safari/537.36"
52.167.144.168 - - [28/Sep/2025:22:43:53 +0330] "GET /static/css/2.5db30c42.chunk.css HTTP/2" 200 15335 "-" "Mozilla/5.0 AppleWebKit/537.36 (KHTML, like Gecko; compatible; bingbot/2.0; +http://www.bing.com/bingbot.htm) Chrome/116.0.1938.76 Safari/537.36"
114.119.157.156 - - [28/Sep/2025:22:44:32 +0330] "GET /46692634.phtml HTTP/1.1" 200 1837 "https://app.optimyar.com/sitemap-13.xml" "Mozilla/5.0 (Linux; Android 7.0;) AppleWebKit/537.36 (KHTML, like Gecko) Mobile Safari/537.36 (compatible; PetalBot;+https://webmaster.petalsearch.com/site/petalbot)"
114.119.143.210 - - [28/Sep/2025:22:47:19 +0330] "GET /46396426.phtml HTTP/1.1" 200 1837 "https://app.optimyar.com/sitemap-14.xml" "Mozilla/5.0 (Linux; Android 7.0;) AppleWebKit/537.36 (KHTML, like Gecko) Mobile Safari/537.36 (compatible; PetalBot;+https://webmaster.petalsearch.com/site/petalbot)"
114.119.156.56 - - [28/Sep/2025:22:50:09 +0330] "GET /45610474.phtml HTTP/1.1" 200 1837 "https://app.optimyar.com/sitemap-4.xml" "Mozilla/5.0 (Linux; Android 7.0;) AppleWebKit/537.36 (KHTML, like Gecko) Mobile Safari/537.36 (compatible; PetalBot;+https://webmaster.petalsearch.com/site/petalbot)"
114.119.138.32 - - [28/Sep/2025:22:52:55 +0330] "GET /43298938.phtml HTTP/1.1" 200 1837 "https://app.optimyar.com/sitemap-7.xml" "Mozilla/5.0 (Linux; Android 7.0;) AppleWebKit/537.36 (KHTML, like Gecko) Mobile Safari/537.36 (compatible; PetalBot;+https://webmaster.petalsearch.com/site/petalbot)"
2.182.201.4 - - [28/Sep/2025:22:54:50 +0330] "GET /logo192.png HTTP/1.1" 200 4153 "https://app.optimyar.com/" "Mozilla/5.0 (Windows NT 10.0; Win64; x64; rv:142.0) Gecko/20100101 Firefox/142.0"
2.182.201.4 - - [28/Sep/2025:22:54:51 +0330] "GET /static/media/iranyekanwebregularfanum.55f541a7.woff HTTP/1.1" 200 33585 "https://app.optimyar.com/static/css/main.60855b2a.chunk.css" "Mozilla/5.0 (Windows NT 10.0; Win64; x64; rv:142.0) Gecko/20100101 Firefox/142.0"
2.182.201.4 - - [28/Sep/2025:22:54:51 +0330] "GET /static/media/iranyekanwebmediumfanum.5fb4123b.woff HTTP/1.1" 200 34625 "https://app.optimyar.com/static/css/main.60855b2a.chunk.css" "Mozilla/5.0 (Windows NT 10.0; Win64; x64; rv:142.0) Gecko/20100101 Firefox/142.0"
2.182.201.4 - - [28/Sep/2025:22:54:52 +0330] "GET /static/media/resources.9e18f21a.png HTTP/1.1" 200 11527 "https://app.optimyar.com/myCourseList" "Mozilla/5.0 (Windows NT 10.0; Win64; x64; rv:142.0) Gecko/20100101 Firefox/142.0"
114.119.143.210 - - [28/Sep/2025:22:48:46 +0330] "GET /46076554.phtml HTTP/1.1" 200 1837 "https://app.optimyar.com/sitemap-8.xml" "Mozilla/5.0 (Linux; Android 7.0;) AppleWebKit/537.36 (KHTML, like Gecko) Mobile Safari/537.36 (compatible; PetalBot;+https://webmaster.petalsearch.com/site/petalbot)"
114.119.138.32 - - [28/Sep/2025:22:51:40 +0330] "GET /45030490.phtml HTTP/1.1" 200 1837 "https://app.optimyar.com/sitemap-9.xml" "Mozilla/5.0 (Linux; Android 7.0;) AppleWebKit/537.36 (KHTML, like Gecko) Mobile Safari/537.36 (compatible; PetalBot;+https://webmaster.petalsearch.com/site/petalbot)"
57.141.0.25 - - [28/Sep/2025:22:52:35 +0330] "GET /109079050.phtml HTTP/2" 200 4633 "-" "meta-externalagent/1.1 (+https://developers.facebook.com/docs/sharing/webmasters/crawler)"
57.141.0.54 - - [28/Sep/2025:22:53:41 +0330] "GET /14038378.phtml HTTP/2" 200 4633 "-" "meta-externalagent/1.1 (+https://developers.facebook.com/docs/sharing/webmasters/crawler)"
114.119.157.156 - - [28/Sep/2025:22:54:21 +0330] "GET /43212682.phtml HTTP/1.1" 200 1837 "https://app.optimyar.com/sitemap-3.xml" "Mozilla/5.0 (Linux; Android 7.0;) AppleWebKit/537.36 (KHTML, like Gecko) Mobile Safari/537.36 (compatible; PetalBot;+https://webmaster.petalsearch.com/site/petalbot)"
57.141.0.51 - - [28/Sep/2025:22:54:44 +0330] "GET /140670394.phtml HTTP/2" 200 4633 "-" "meta-externalagent/1.1 (+https://developers.facebook.com/docs/sharing/webmasters/crawler)"
2.182.201.4 - - [28/Sep/2025:22:54:47 +0330] "GET /libs/stimul/stimulsoft.viewer.office2013.whiteblue.css HTTP/2" 200 3122 "https://app.optimyar.com/" "Mozilla/5.0 (Windows NT 10.0; Win64; x64; rv:142.0) Gecko/20100101 Firefox/142.0"
2.182.201.4 - - [28/Sep/2025:22:54:47 +0330] "GET /app.css HTTP/2" 200 0 "https://app.optimyar.com/" "Mozilla/5.0 (Windows NT 10.0; Win64; x64; rv:142.0) Gecko/20100101 Firefox/142.0"
2.182.201.4 - - [28/Sep/2025:22:54:47 +0330] "GET /static/css/2.5db30c42.chunk.css HTTP/2" 200 15335 "https://app.optimyar.com/" "Mozilla/5.0 (Windows NT 10.0; Win64; x64; rv:142.0) Gecko/20100101 Firefox/142.0"
2.182.201.4 - - [28/Sep/2025:22:54:47 +0330] "GET /static/css/main.60855b2a.chunk.css HTTP/2" 200 98708 "https://app.optimyar.com/" "Mozilla/5.0 (Windows NT 10.0; Win64; x64; rv:142.0) Gecko/20100101 Firefox/142.0"
114.119.143.152 - - [28/Sep/2025:22:57:06 +0330] "GET /42147034.phtml HTTP/1.1" 200 1837 "https://app.optimyar.com/sitemap-16.xml" "Mozilla/5.0 (Linux; Android 7.0;) AppleWebKit/537.36 (KHTML, like Gecko) Mobile Safari/537.36 (compatible; PetalBot;+https://webmaster.petalsearch.com/site/petalbot)"
114.119.150.38 - - [28/Sep/2025:22:58:34 +0330] "GET /41801722.phtml HTTP/1.1" 200 1837 "https://app.optimyar.com/sitemap-13.xml" "Mozilla/5.0 (Linux; Android 7.0;) AppleWebKit/537.36 (KHTML, like Gecko) Mobile Safari/537.36 (compatible; PetalBot;+https://webmaster.petalsearch.com/site/petalbot)"
114.119.145.151 - - [28/Sep/2025:22:59:55 +0330] "GET /41584330.phtml HTTP/1.1" 200 1837 "https://app.optimyar.com/sitemap-6.xml" "Mozilla/5.0 (Linux; Android 7.0;) AppleWebKit/537.36 (KHTML, like Gecko) Mobile Safari/537.36 (compatible; PetalBot;+https://webmaster.petalsearch.com/site/petalbot)"
57.141.0.1 - - [28/Sep/2025:23:01:17 +0330] "GET /88273690.phtml HTTP/2" 200 4633 "-" "meta-externalagent/1.1 (+https://developers.facebook.com/docs/sharing/webmasters/crawler)"
57.141.0.55 - - [28/Sep/2025:23:04:25 +0330] "GET /56093002.phtml HTTP/2" 200 4633 "-" "meta-externalagent/1.1 (+https://developers.facebook.com/docs/sharing/webmasters/crawler)"
57.141.0.31 - - [28/Sep/2025:23:05:19 +0330] "GET /125286154.phtml HTTP/2" 200 4633 "-" "meta-externalagent/1.1 (+https://developers.facebook.com/docs/sharing/webmasters/crawler)"
114.119.145.151 - - [28/Sep/2025:23:05:28 +0330] "GET /40212250.phtml HTTP/1.1" 200 1837 "https://app.optimyar.com/sitemap-8.xml" "Mozilla/5.0 (Linux; Android 7.0;) AppleWebKit/537.36 (KHTML, like Gecko) Mobile Safari/537.36 (compatible; PetalBot;+https://webmaster.petalsearch.com/site/petalbot)"
114.119.143.152 - - [28/Sep/2025:23:06:53 +0330] "GET /40104106.phtml HTTP/1.1" 200 1837 "https://app.optimyar.com/sitemap-10.xml" "Mozilla/5.0 (Linux; Android 7.0;) AppleWebKit/537.36 (KHTML, like Gecko) Mobile Safari/537.36 (compatible; PetalBot;+https://webmaster.petalsearch.com/site/petalbot)"
57.141.0.27 - - [28/Sep/2025:23:07:50 +0330] "GET /87340234.phtml HTTP/2" 200 4633 "-" "meta-externalagent/1.1 (+https://developers.facebook.com/docs/sharing/webmasters/crawler)"
114.119.157.156 - - [28/Sep/2025:23:08:23 +0330] "GET /39958666.phtml HTTP/1.1" 200 1837 "https://app.optimyar.com/sitemap-6.xml" "Mozilla/5.0 (Linux; Android 7.0;) AppleWebKit/537.36 (KHTML, like Gecko) Mobile Safari/537.36 (compatible; PetalBot;+https://webmaster.petalsearch.com/site/petalbot)"
57.141.0.32 - - [28/Sep/2025:23:08:50 +0330] "GET /118140250.phtml HTTP/2" 200 4633 "-" "meta-externalagent/1.1 (+https://developers.facebook.com/docs/sharing/webmasters/crawler)"
57.141.0.53 - - [28/Sep/2025:23:08:57 +0330] "GET /37530202.phtml HTTP/2" 200 4633 "-" "meta-externalagent/1.1 (+https://developers.facebook.com/docs/sharing/webmasters/crawler)"
114.119.150.38 - - [28/Sep/2025:23:09:42 +0330] "GET /39916570.phtml HTTP/1.1" 200 1837 "https://app.optimyar.com/sitemap-9.xml" "Mozilla/5.0 (Linux; Android 7.0;) AppleWebKit/537.36 (KHTML, like Gecko) Mobile Safari/537.36 (compatible; PetalBot;+https://webmaster.petalsearch.com/site/petalbot)"
52.167.144.145 - - [28/Sep/2025:23:10:07 +0330] "GET /73656394.phtml HTTP/2" 200 1662 "-" "Mozilla/5.0 AppleWebKit/537.36 (KHTML, like Gecko; compatible; bingbot/2.0; +http://www.bing.com/bingbot.htm) Chrome/116.0.1938.76 Safari/537.36"
57.141.0.8 - - [28/Sep/2025:23:11:50 +0330] "GET /97708714.phtml HTTP/2" 200 4633 "-" "meta-externalagent/1.1 (+https://developers.facebook.com/docs/sharing/webmasters/crawler)"
114.119.143.210 - - [28/Sep/2025:22:55:46 +0330] "GET /43021114.phtml HTTP/1.1" 200 1837 "https://app.optimyar.com/sitemap-15.xml" "Mozilla/5.0 (Linux; Android 7.0;) AppleWebKit/537.36 (KHTML, like Gecko) Mobile Safari/537.36 (compatible; PetalBot;+https://webmaster.petalsearch.com/site/petalbot)"
57.141.0.6 - - [28/Sep/2025:22:56:44 +0330] "GET /113903098.phtml HTTP/2" 200 4633 "-" "meta-externalagent/1.1 (+https://developers.facebook.com/docs/sharing/webmasters/crawler)"
65.55.210.115 - - [28/Sep/2025:22:58:40 +0330] "GET /app.css HTTP/2" 200 0 "https://app.optimyar.com/ctg/search/searchByKeywordDetailConditionView/" "Mozilla/5.0 AppleWebKit/537.36 (KHTML, like Gecko; compatible; bingbot/2.0; +http://www.bing.com/bingbot.htm) Chrome/136.0.0.0 Safari/537.36"
114.119.156.56 - - [28/Sep/2025:23:01:21 +0330] "GET /41142586.phtml HTTP/1.1" 200 1837 "https://app.optimyar.com/sitemap-2.xml" "Mozilla/5.0 (Linux; Android 7.0;) AppleWebKit/537.36 (KHTML, like Gecko) Mobile Safari/537.36 (compatible; PetalBot;+https://webmaster.petalsearch.com/site/petalbot)"
216.244.66.243 - - [28/Sep/2025:23:02:20 +0330] "GET /robots.txt HTTP/1.1" 200 825 "-" "Mozilla/5.0 (compatible; DotBot/1.2; +https://opensiteexplorer.org/dotbot; help@moz.com)"
57.141.0.53 - - [28/Sep/2025:23:02:22 +0330] "GET /72178378.phtml HTTP/2" 200 4633 "-" "meta-externalagent/1.1 (+https://developers.facebook.com/docs/sharing/webmasters/crawler)"
114.119.157.156 - - [28/Sep/2025:23:02:43 +0330] "GET /41035354.phtml HTTP/1.1" 200 1837 "https://app.optimyar.com/sitemap-14.xml" "Mozilla/5.0 (Linux; Android 7.0;) AppleWebKit/537.36 (KHTML, like Gecko) Mobile Safari/537.36 (compatible; PetalBot;+https://webmaster.petalsearch.com/site/petalbot)"
57.141.0.52 - - [28/Sep/2025:23:03:25 +0330] "GET /47853322.phtml HTTP/2" 200 4633 "-" "meta-externalagent/1.1 (+https://developers.facebook.com/docs/sharing/webmasters/crawler)"
114.119.156.56 - - [28/Sep/2025:23:04:04 +0330] "GET /40589194.phtml HTTP/1.1" 200 1837 "https://app.optimyar.com/sitemap-3.xml" "Mozilla/5.0 (Linux; Android 7.0;) AppleWebKit/537.36 (KHTML, like Gecko) Mobile Safari/537.36 (compatible; PetalBot;+https://webmaster.petalsearch.com/site/petalbot)"
57.141.0.8 - - [28/Sep/2025:23:06:12 +0330] "GET /106959130.phtml HTTP/2" 200 4633 "-" "meta-externalagent/1.1 (+https://developers.facebook.com/docs/sharing/webmasters/crawler)"
57.141.0.15 - - [28/Sep/2025:23:09:54 +0330] "GET /8983114.phtml HTTP/2" 200 4633 "-" "meta-externalagent/1.1 (+https://developers.facebook.com/docs/sharing/webmasters/crawler)"
114.119.145.151 - - [28/Sep/2025:23:11:04 +0330] "GET /39679498.phtml HTTP/1.1" 200 1837 "https://app.optimyar.com/sitemap-4.xml" "Mozilla/5.0 (Linux; Android 7.0;) AppleWebKit/537.36 (KHTML, like Gecko) Mobile Safari/537.36 (compatible; PetalBot;+https://webmaster.petalsearch.com/site/petalbot)"
57.141.0.11 - - [28/Sep/2025:23:15:17 +0330] "GET /17614042.phtml HTTP/2" 200 4633 "-" "meta-externalagent/1.1 (+https://developers.facebook.com/docs/sharing/webmasters/crawler)"
57.141.0.22 - - [28/Sep/2025:23:16:22 +0330] "GET /135692362.phtml HTTP/2" 200 4633 "-" "meta-externalagent/1.1 (+https://developers.facebook.com/docs/sharing/webmasters/crawler)"
114.119.145.151 - - [28/Sep/2025:23:18:05 +0330] "GET /38459530.phtml HTTP/1.1" 200 1837 "https://app.optimyar.com/sitemap-4.xml" "Mozilla/5.0 (Linux; Android 7.0;) AppleWebKit/537.36 (KHTML, like Gecko) Mobile Safari/537.36 (compatible; PetalBot;+https://webmaster.petalsearch.com/site/petalbot)"
114.119.150.38 - - [28/Sep/2025:23:19:23 +0330] "GET /38387434.phtml HTTP/1.1" 200 1837 "https://app.optimyar.com/sitemap-2.xml" "Mozilla/5.0 (Linux; Android 7.0;) AppleWebKit/537.36 (KHTML, like Gecko) Mobile Safari/537.36 (compatible; PetalBot;+https://webmaster.petalsearch.com/site/petalbot)"
52.167.144.23 - - [28/Sep/2025:23:19:52 +0330] "GET /buyCourse/636cf92b239d8d854379a595 HTTP/2" 200 1662 "-" "Mozilla/5.0 AppleWebKit/537.36 (KHTML, like Gecko; compatible; bingbot/2.0; +http://www.bing.com/bingbot.htm) Chrome/116.0.1938.76 Safari/537.36"
57.141.0.18 - - [28/Sep/2025:23:20:37 +0330] "GET /144223978.phtml HTTP/2" 200 4633 "-" "meta-externalagent/1.1 (+https://developers.facebook.com/docs/sharing/webmasters/crawler)"
57.141.0.32 - - [28/Sep/2025:23:22:40 +0330] "GET /49654810.phtml HTTP/2" 200 4633 "-" "meta-externalagent/1.1 (+https://developers.facebook.com/docs/sharing/webmasters/crawler)"
114.119.157.156 - - [28/Sep/2025:23:23:37 +0330] "GET /38192554.phtml HTTP/1.1" 200 1837 "https://app.optimyar.com/sitemap-1.xml" "Mozilla/5.0 (Linux; Android 7.0;) AppleWebKit/537.36 (KHTML, like Gecko) Mobile Safari/537.36 (compatible; PetalBot;+https://webmaster.petalsearch.com/site/petalbot)"
114.119.143.210 - - [28/Sep/2025:23:25:10 +0330] "GET /38159770.phtml HTTP/1.1" 200 1837 "https://app.optimyar.com/sitemap-16.xml" "Mozilla/5.0 (Linux; Android 7.0;) AppleWebKit/537.36 (KHTML, like Gecko) Mobile Safari/537.36 (compatible; PetalBot;+https://webmaster.petalsearch.com/site/petalbot)"
40.77.177.7 - - [28/Sep/2025:23:26:19 +0330] "GET /libs/xlsx/xlsx.js HTTP/2" 200 566579 "-" "Mozilla/5.0 AppleWebKit/537.36 (KHTML, like Gecko; compatible; bingbot/2.0; +http://www.bing.com/bingbot.htm) Chrome/100.0.4896.127 Safari/537.36"
114.119.143.210 - - [28/Sep/2025:23:27:44 +0330] "GET /37807546.phtml HTTP/1.1" 200 1837 "https://app.optimyar.com/sitemap-9.xml" "Mozilla/5.0 (Linux; Android 7.0;) AppleWebKit/537.36 (KHTML, like Gecko) Mobile Safari/537.36 (compatible; PetalBot;+https://webmaster.petalsearch.com/site/petalbot)"
57.141.0.29 - - [28/Sep/2025:23:27:51 +0330] "GET /106136122.phtml HTTP/2" 200 4633 "-" "meta-externalagent/1.1 (+https://developers.facebook.com/docs/sharing/webmasters/crawler)"
114.119.138.32 - - [28/Sep/2025:23:12:37 +0330] "GET /39096922.phtml HTTP/1.1" 200 1837 "https://app.optimyar.com/sitemap-13.xml" "Mozilla/5.0 (Linux; Android 7.0;) AppleWebKit/537.36 (KHTML, like Gecko) Mobile Safari/537.36 (compatible; PetalBot;+https://webmaster.petalsearch.com/site/petalbot)"
114.119.150.38 - - [28/Sep/2025:23:13:51 +0330] "GET /38678026.phtml HTTP/1.1" 200 1837 "https://app.optimyar.com/sitemap-14.xml" "Mozilla/5.0 (Linux; Android 7.0;) AppleWebKit/537.36 (KHTML, like Gecko) Mobile Safari/537.36 (compatible; PetalBot;+https://webmaster.petalsearch.com/site/petalbot)"
114.119.156.56 - - [28/Sep/2025:23:15:20 +0330] "GET /38621626.phtml HTTP/1.1" 200 1837 "https://app.optimyar.com/sitemap-16.xml" "Mozilla/5.0 (Linux; Android 7.0;) AppleWebKit/537.36 (KHTML, like Gecko) Mobile Safari/537.36 (compatible; PetalBot;+https://webmaster.petalsearch.com/site/petalbot)"
114.119.143.152 - - [28/Sep/2025:23:16:38 +0330] "GET /38500906.phtml HTTP/1.1" 200 1837 "https://app.optimyar.com/sitemap-10.xml" "Mozilla/5.0 (Linux; Android 7.0;) AppleWebKit/537.36 (KHTML, like Gecko) Mobile Safari/537.36 (compatible; PetalBot;+https://webmaster.petalsearch.com/site/petalbot)"
57.141.0.61 - - [28/Sep/2025:23:17:24 +0330] "GET /36347914.phtml HTTP/2" 200 4633 "-" "meta-externalagent/1.1 (+https://developers.facebook.com/docs/sharing/webmasters/crawler)"
57.141.0.17 - - [28/Sep/2025:23:19:32 +0330] "GET /43912378.phtml HTTP/2" 200 4633 "-" "meta-externalagent/1.1 (+https://developers.facebook.com/docs/sharing/webmasters/crawler)"
114.119.143.210 - - [28/Sep/2025:23:20:49 +0330] "GET /38376442.phtml HTTP/1.1" 200 1837 "https://app.optimyar.com/sitemap-5.xml" "Mozilla/5.0 (Linux; Android 7.0;) AppleWebKit/537.36 (KHTML, like Gecko) Mobile Safari/537.36 (compatible; PetalBot;+https://webmaster.petalsearch.com/site/petalbot)"
114.119.145.151 - - [28/Sep/2025:23:22:12 +0330] "GET /38275882.phtml HTTP/1.1" 200 1837 "https://app.optimyar.com/sitemap-13.xml" "Mozilla/5.0 (Linux; Android 7.0;) AppleWebKit/537.36 (KHTML, like Gecko) Mobile Safari/537.36 (compatible; PetalBot;+https://webmaster.petalsearch.com/site/petalbot)"
57.141.0.55 - - [28/Sep/2025:23:22:46 +0330] "GET /93443626.phtml HTTP/2" 200 4633 "-" "meta-externalagent/1.1 (+https://developers.facebook.com/docs/sharing/webmasters/crawler)"
57.141.0.5 - - [28/Sep/2025:23:23:53 +0330] "GET /49268794.phtml HTTP/2" 200 4633 "-" "meta-externalagent/1.1 (+https://developers.facebook.com/docs/sharing/webmasters/crawler)"
57.141.0.24 - - [28/Sep/2025:23:25:49 +0330] "GET /129163930.phtml HTTP/2" 200 4633 "-" "meta-externalagent/1.1 (+https://developers.facebook.com/docs/sharing/webmasters/crawler)"
40.77.178.59 - - [28/Sep/2025:23:26:18 +0330] "GET /libs/cross-domain/hub.js HTTP/2" 200 2378 "-" "Mozilla/5.0 AppleWebKit/537.36 (KHTML, like Gecko; compatible; bingbot/2.0; +http://www.bing.com/bingbot.htm) Chrome/100.0.4896.127 Safari/537.36"
40.77.178.237 - - [28/Sep/2025:23:26:22 +0330] "GET /app.js?v=4 HTTP/2" 200 6260 "-" "Mozilla/5.0 AppleWebKit/537.36 (KHTML, like Gecko; compatible; bingbot/2.0; +http://www.bing.com/bingbot.htm) Chrome/100.0.4896.127 Safari/537.36"
114.119.143.152 - - [28/Sep/2025:23:26:30 +0330] "GET /37871338.phtml HTTP/1.1" 200 1837 "https://app.optimyar.com/sitemap-11.xml" "Mozilla/5.0 (Linux; Android 7.0;) AppleWebKit/537.36 (KHTML, like Gecko) Mobile Safari/537.36 (compatible; PetalBot;+https://webmaster.petalsearch.com/site/petalbot)"
57.141.0.22 - - [28/Sep/2025:23:27:54 +0330] "GET /111514906.phtml HTTP/2" 200 4633 "-" "meta-externalagent/1.1 (+https://developers.facebook.com/docs/sharing/webmasters/crawler)"
57.141.0.3 - - [28/Sep/2025:23:32:09 +0330] "GET /35001754.phtml HTTP/2" 200 4633 "-" "meta-externalagent/1.1 (+https://developers.facebook.com/docs/sharing/webmasters/crawler)"
130.33.64.218 - - [28/Sep/2025:23:34:20 +0330] "GET /wp-content/plugins/hellopress/wp_filemanager.php HTTP/1.1" 200 4633 "-" "-"
130.33.64.218 - - [28/Sep/2025:23:34:21 +0330] "GET /shoha.php HTTP/1.1" 200 4633 "-" "-"
57.141.0.15 - - [28/Sep/2025:23:34:21 +0330] "GET /118465306.phtml HTTP/2" 200 4633 "-" "meta-externalagent/1.1 (+https://developers.facebook.com/docs/sharing/webmasters/crawler)"
130.33.64.218 - - [28/Sep/2025:23:34:21 +0330] "GET /mr.php HTTP/1.1" 200 4633 "-" "-"
130.33.64.218 - - [28/Sep/2025:23:34:22 +0330] "GET /pm.php HTTP/1.1" 200 4633 "-" "-"
130.33.64.218 - - [28/Sep/2025:23:34:22 +0330] "GET /vxrl.php HTTP/1.1" 200 4633 "-" "-"
130.33.64.218 - - [28/Sep/2025:23:34:23 +0330] "GET /shorw.php HTTP/1.1" 200 4633 "-" "-"
130.33.64.218 - - [28/Sep/2025:23:34:23 +0330] "GET /gifclass.php HTTP/1.1" 200 4633 "-" "-"
130.33.64.218 - - [28/Sep/2025:23:34:24 +0330] "GET /orm.php HTTP/1.1" 200 4633 "-" "-"
130.33.64.218 - - [28/Sep/2025:23:34:25 +0330] "GET /gmo.php HTTP/1.1" 200 4633 "-" "-"
130.33.64.218 - - [28/Sep/2025:23:34:25 +0330] "GET /ioxi2.php HTTP/1.1" 200 4633 "-" "-"
130.33.64.218 - - [28/Sep/2025:23:34:26 +0330] "GET /MARIJUANA.php HTTP/1.1" 200 4633 "-" "-"
130.33.64.218 - - [28/Sep/2025:23:34:26 +0330] "GET /file17.php HTTP/1.1" 200 4633 "-" "-"
130.33.64.218 - - [28/Sep/2025:23:34:27 +0330] "GET /H.php HTTP/1.1" 200 4633 "-" "-"
130.33.64.218 - - [28/Sep/2025:23:34:27 +0330] "GET /zcxb.php HTTP/1.1" 200 4633 "-" "-"
18.207.150.126 - - [28/Sep/2025:23:34:27 +0330] "HEAD / HTTP/1.1" 200 0 "-" "Mozilla/5.0"
130.33.64.218 - - [28/Sep/2025:23:34:28 +0330] "GET /wpls.php HTTP/1.1" 200 4633 "-" "-"
130.33.64.218 - - [28/Sep/2025:23:34:28 +0330] "GET /testas.php HTTP/1.1" 200 4633 "-" "-"
130.33.64.218 - - [28/Sep/2025:23:34:29 +0330] "GET /nope.php HTTP/1.1" 200 4633 "-" "-"
130.33.64.218 - - [28/Sep/2025:23:34:29 +0330] "GET /reyna.php HTTP/1.1" 200 4633 "-" "-"
130.33.64.218 - - [28/Sep/2025:23:34:30 +0330] "GET /ma1.php HTTP/1.1" 200 4633 "-" "-"
130.33.64.218 - - [28/Sep/2025:23:34:30 +0330] "GET /bypltspd.php HTTP/1.1" 200 4633 "-" "-"
130.33.64.218 - - [28/Sep/2025:23:34:31 +0330] "GET /aaa.php HTTP/1.1" 200 4633 "-" "-"
130.33.64.218 - - [28/Sep/2025:23:34:32 +0330] "GET /wp-xx.php HTTP/1.1" 200 4633 "-" "-"
130.33.64.218 - - [28/Sep/2025:23:34:32 +0330] "GET /wp-xm.php HTTP/1.1" 200 4633 "-" "-"
130.33.64.218 - - [28/Sep/2025:23:34:33 +0330] "GET /zeal.php HTTP/1.1" 200 4633 "-" "-"
130.33.64.218 - - [28/Sep/2025:23:34:33 +0330] "GET /h8h9.php HTTP/1.1" 200 4633 "-" "-"
130.33.64.218 - - [28/Sep/2025:23:34:34 +0330] "GET /zasd.php HTTP/1.1" 200 4633 "-" "-"
130.33.64.218 - - [28/Sep/2025:23:34:34 +0330] "GET /xzs.php HTTP/1.1" 200 4633 "-" "-"
130.33.64.218 - - [28/Sep/2025:23:34:35 +0330] "GET /yep.php HTTP/1.1" 200 4633 "-" "-"
130.33.64.218 - - [28/Sep/2025:23:34:35 +0330] "GET /des.php HTTP/1.1" 200 4633 "-" "-"
130.33.64.218 - - [28/Sep/2025:23:34:36 +0330] "GET /xex.php HTTP/1.1" 200 4633 "-" "-"
130.33.64.218 - - [28/Sep/2025:23:34:36 +0330] "GET /tox.php HTTP/1.1" 200 4633 "-" "-"
130.33.64.218 - - [28/Sep/2025:23:34:37 +0330] "GET /racs3.php HTTP/1.1" 200 4633 "-" "-"
130.33.64.218 - - [28/Sep/2025:23:34:37 +0330] "GET /wp-cliner.php HTTP/1.1" 200 4633 "-" "-"
130.33.64.218 - - [28/Sep/2025:23:34:38 +0330] "GET /law.php HTTP/1.1" 200 4633 "-" "-"
130.33.64.218 - - [28/Sep/2025:23:34:39 +0330] "GET /moo.php HTTP/1.1" 200 4633 "-" "-"
130.33.64.218 - - [28/Sep/2025:23:34:39 +0330] "GET /89.php HTTP/1.1" 200 4633 "-" "-"
130.33.64.218 - - [28/Sep/2025:23:34:40 +0330] "GET /noe.php HTTP/1.1" 200 4633 "-" "-"
130.33.64.218 - - [28/Sep/2025:23:34:40 +0330] "GET /fe5.php HTTP/1.1" 200 4633 "-" "-"
130.33.64.218 - - [28/Sep/2025:23:34:41 +0330] "GET /gg.php HTTP/1.1" 200 4633 "-" "-"
130.33.64.218 - - [28/Sep/2025:23:34:41 +0330] "GET /fresh3.php HTTP/1.1" 200 4633 "-" "-"
130.33.64.218 - - [28/Sep/2025:23:34:42 +0330] "GET /mo.php HTTP/1.1" 200 4633 "-" "-"
130.33.64.218 - - [28/Sep/2025:23:34:42 +0330] "GET /6erg.php HTTP/1.1" 200 4633 "-" "-"
130.33.64.218 - - [28/Sep/2025:23:34:43 +0330] "GET /rsnu.php HTTP/1.1" 200 4633 "-" "-"
130.33.64.218 - - [28/Sep/2025:23:34:43 +0330] "GET /card.php HTTP/1.1" 200 4633 "-" "-"
130.33.64.218 - - [28/Sep/2025:23:34:44 +0330] "GET /aa17.php HTTP/1.1" 200 4633 "-" "-"
130.33.64.218 - - [28/Sep/2025:23:34:45 +0330] "GET /admi.php HTTP/1.1" 200 4633 "-" "-"
130.33.64.218 - - [28/Sep/2025:23:34:45 +0330] "GET /note.php HTTP/1.1" 200 4633 "-" "-"
130.33.64.218 - - [28/Sep/2025:23:34:46 +0330] "GET /png.php HTTP/1.1" 200 4633 "-" "-"
130.33.64.218 - - [28/Sep/2025:23:34:46 +0330] "GET /ava.php HTTP/1.1" 200 4633 "-" "-"
130.33.64.218 - - [28/Sep/2025:23:34:47 +0330] "GET /resp.php HTTP/1.1" 200 4633 "-" "-"
130.33.64.218 - - [28/Sep/2025:23:34:47 +0330] "GET /algox.php HTTP/1.1" 200 4633 "-" "-"
130.33.64.218 - - [28/Sep/2025:23:34:48 +0330] "GET /v2.php HTTP/1.1" 200 4633 "-" "-"
130.33.64.218 - - [28/Sep/2025:23:34:48 +0330] "GET /hb02ugyh.php HTTP/1.1" 200 4633 "-" "-"
130.33.64.218 - - [28/Sep/2025:23:34:49 +0330] "GET /sxb.php HTTP/1.1" 200 4633 "-" "-"
130.33.64.218 - - [28/Sep/2025:23:34:49 +0330] "GET /gm.php HTTP/1.1" 200 4633 "-" "-"
130.33.64.218 - - [28/Sep/2025:23:34:50 +0330] "GET /jga.php HTTP/1.1" 200 4633 "-" "-"
130.33.64.218 - - [28/Sep/2025:23:34:50 +0330] "GET /file5.php HTTP/1.1" 200 4633 "-" "-"
130.33.64.218 - - [28/Sep/2025:23:34:51 +0330] "GET /miansha.php HTTP/1.1" 200 4633 "-" "-"
130.33.64.218 - - [28/Sep/2025:23:34:52 +0330] "GET /mjq.php HTTP/1.1" 200 4633 "-" "-"
130.33.64.218 - - [28/Sep/2025:23:34:52 +0330] "GET /yasnu.php HTTP/1.1" 200 4633 "-" "-"
130.33.64.218 - - [28/Sep/2025:23:34:53 +0330] "GET /yanki.php HTTP/1.1" 200 4633 "-" "-"
130.33.64.218 - - [28/Sep/2025:23:34:53 +0330] "GET /elf.php HTTP/1.1" 200 4633 "-" "-"
130.33.64.218 - - [28/Sep/2025:23:34:54 +0330] "GET /7wom.php HTTP/1.1" 200 4633 "-" "-"
130.33.64.218 - - [28/Sep/2025:23:34:54 +0330] "GET /new4.php HTTP/1.1" 200 4633 "-" "-"
130.33.64.218 - - [28/Sep/2025:23:34:55 +0330] "GET /pola.php HTTP/1.1" 200 4633 "-" "-"
130.33.64.218 - - [28/Sep/2025:23:34:55 +0330] "GET /mbg.php HTTP/1.1" 200 4633 "-" "-"
130.33.64.218 - - [28/Sep/2025:23:34:56 +0330] "GET /1a.php HTTP/1.1" 200 4633 "-" "-"
130.33.64.218 - - [28/Sep/2025:23:34:56 +0330] "GET /karak.php HTTP/1.1" 200 4633 "-" "-"
130.33.64.218 - - [28/Sep/2025:23:34:57 +0330] "GET /loli.php HTTP/1.1" 200 4633 "-" "-"
130.33.64.218 - - [28/Sep/2025:23:34:57 +0330] "GET /667.php HTTP/1.1" 200 4633 "-" "-"
130.33.64.218 - - [28/Sep/2025:23:34:58 +0330] "GET /a2.php HTTP/1.1" 200 4633 "-" "-"
130.33.64.218 - - [28/Sep/2025:23:34:58 +0330] "GET /ertg.php HTTP/1.1" 200 4633 "-" "-"
130.33.64.218 - - [28/Sep/2025:23:34:59 +0330] "GET /jlex3.php HTTP/1.1" 200 4633 "-" "-"
130.33.64.218 - - [28/Sep/2025:23:35:00 +0330] "GET /cool.php HTTP/1.1" 200 4633 "-" "-"
130.33.64.218 - - [28/Sep/2025:23:35:00 +0330] "GET /13.php HTTP/1.1" 200 4633 "-" "-"
130.33.64.218 - - [28/Sep/2025:23:35:01 +0330] "GET /lol.php HTTP/1.1" 200 4633 "-" "-"
130.33.64.218 - - [28/Sep/2025:23:35:01 +0330] "GET /iov.php HTTP/1.1" 200 4633 "-" "-"
130.33.64.218 - - [28/Sep/2025:23:35:02 +0330] "GET /bolt.php HTTP/1.1" 200 4633 "-" "-"
130.33.64.218 - - [28/Sep/2025:23:35:02 +0330] "GET /as4AaPasd.php HTTP/1.1" 200 4633 "-" "-"
130.33.64.218 - - [28/Sep/2025:23:35:03 +0330] "GET /w3llstore.php HTTP/1.1" 200 4633 "-" "-"
130.33.64.218 - - [28/Sep/2025:23:35:03 +0330] "GET /shell20250630.php HTTP/1.1" 200 4633 "-" "-"
130.33.64.218 - - [28/Sep/2025:23:35:04 +0330] "GET /aaaa.php HTTP/1.1" 200 4633 "-" "-"
130.33.64.218 - - [28/Sep/2025:23:35:04 +0330] "GET /css.php HTTP/1.1" 200 4633 "-" "-"
130.33.64.218 - - [28/Sep/2025:23:35:05 +0330] "GET /.lajuju.php HTTP/1.1" 200 4633 "-" "-"
130.33.64.218 - - [28/Sep/2025:23:35:06 +0330] "GET /wp-gr.php HTTP/1.1" 200 4633 "-" "-"
114.119.143.152 - - [28/Sep/2025:23:29:12 +0330] "GET /37575466.phtml HTTP/1.1" 200 1837 "https://app.optimyar.com/sitemap-13.xml" "Mozilla/5.0 (Linux; Android 7.0;) AppleWebKit/537.36 (KHTML, like Gecko) Mobile Safari/537.36 (compatible; PetalBot;+https://webmaster.petalsearch.com/site/petalbot)"
57.141.0.2 - - [28/Sep/2025:23:30:02 +0330] "GET /96218026.phtml HTTP/2" 200 4633 "-" "meta-externalagent/1.1 (+https://developers.facebook.com/docs/sharing/webmasters/crawler)"
57.141.0.33 - - [28/Sep/2025:23:30:11 +0330] "GET /117882154.phtml HTTP/2" 200 4633 "-" "meta-externalagent/1.1 (+https://developers.facebook.com/docs/sharing/webmasters/crawler)"
114.119.150.38 - - [28/Sep/2025:23:30:40 +0330] "GET /37566106.phtml HTTP/1.1" 200 1837 "https://app.optimyar.com/sitemap-4.xml" "Mozilla/5.0 (Linux; Android 7.0;) AppleWebKit/537.36 (KHTML, like Gecko) Mobile Safari/537.36 (compatible; PetalBot;+https://webmaster.petalsearch.com/site/petalbot)"
114.119.143.210 - - [28/Sep/2025:23:31:55 +0330] "GET /37553434.phtml HTTP/1.1" 200 1837 "https://app.optimyar.com/sitemap-4.xml" "Mozilla/5.0 (Linux; Android 7.0;) AppleWebKit/537.36 (KHTML, like Gecko) Mobile Safari/537.36 (compatible; PetalBot;+https://webmaster.petalsearch.com/site/petalbot)"
57.141.0.41 - - [28/Sep/2025:23:32:15 +0330] "GET /56818330.phtml HTTP/2" 200 4633 "-" "meta-externalagent/1.1 (+https://developers.facebook.com/docs/sharing/webmasters/crawler)"
114.119.143.210 - - [28/Sep/2025:23:33:23 +0330] "GET /37512586.phtml HTTP/1.1" 200 1837 "https://app.optimyar.com/sitemap-9.xml" "Mozilla/5.0 (Linux; Android 7.0;) AppleWebKit/537.36 (KHTML, like Gecko) Mobile Safari/537.36 (compatible; PetalBot;+https://webmaster.petalsearch.com/site/petalbot)"
57.141.0.39 - - [28/Sep/2025:23:34:15 +0330] "GET /111068026.phtml HTTP/2" 200 4633 "-" "meta-externalagent/1.1 (+https://developers.facebook.com/docs/sharing/webmasters/crawler)"
114.119.157.156 - - [28/Sep/2025:23:34:44 +0330] "GET /37390666.phtml HTTP/1.1" 200 1837 "https://app.optimyar.com/sitemap-11.xml" "Mozilla/5.0 (Linux; Android 7.0;) AppleWebKit/537.36 (KHTML, like Gecko) Mobile Safari/537.36 (compatible; PetalBot;+https://webmaster.petalsearch.com/site/petalbot)"
114.119.150.38 - - [28/Sep/2025:23:36:07 +0330] "GET /37261306.phtml HTTP/1.1" 200 1837 "https://app.optimyar.com/sitemap-9.xml" "Mozilla/5.0 (Linux; Android 7.0;) AppleWebKit/537.36 (KHTML, like Gecko) Mobile Safari/537.36 (compatible; PetalBot;+https://webmaster.petalsearch.com/site/petalbot)"
114.119.138.32 - - [28/Sep/2025:23:37:30 +0330] "GET /37099018.phtml HTTP/1.1" 200 1837 "https://app.optimyar.com/sitemap-12.xml" "Mozilla/5.0 (Linux; Android 7.0;) AppleWebKit/537.36 (KHTML, like Gecko) Mobile Safari/537.36 (compatible; PetalBot;+https://webmaster.petalsearch.com/site/petalbot)"
114.119.145.151 - - [28/Sep/2025:23:38:54 +0330] "GET /37075402.phtml HTTP/1.1" 200 1837 "https://app.optimyar.com/sitemap-7.xml" "Mozilla/5.0 (Linux; Android 7.0;) AppleWebKit/537.36 (KHTML, like Gecko) Mobile Safari/537.36 (compatible; PetalBot;+https://webmaster.petalsearch.com/site/petalbot)"
114.119.150.38 - - [28/Sep/2025:23:40:16 +0330] "GET /36041722.phtml HTTP/1.1" 200 1837 "https://app.optimyar.com/sitemap-2.xml" "Mozilla/5.0 (Linux; Android 7.0;) AppleWebKit/537.36 (KHTML, like Gecko) Mobile Safari/537.36 (compatible; PetalBot;+https://webmaster.petalsearch.com/site/petalbot)"
114.119.145.151 - - [28/Sep/2025:23:41:40 +0330] "GET /35152810.phtml HTTP/1.1" 200 1837 "https://app.optimyar.com/sitemap-1.xml" "Mozilla/5.0 (Linux; Android 7.0;) AppleWebKit/537.36 (KHTML, like Gecko) Mobile Safari/537.36 (compatible; PetalBot;+https://webmaster.petalsearch.com/site/petalbot)"
57.141.0.45 - - [28/Sep/2025:23:42:03 +0330] "GET /66165178.phtml HTTP/2" 200 4633 "-" "meta-externalagent/1.1 (+https://developers.facebook.com/docs/sharing/webmasters/crawler)"
114.119.143.152 - - [28/Sep/2025:23:43:14 +0330] "GET /34597162.phtml HTTP/1.1" 200 1837 "https://app.optimyar.com/sitemap-2.xml" "Mozilla/5.0 (Linux; Android 7.0;) AppleWebKit/537.36 (KHTML, like Gecko) Mobile Safari/537.36 (compatible; PetalBot;+https://webmaster.petalsearch.com/site/petalbot)"
57.141.0.38 - - [28/Sep/2025:23:44:11 +0330] "GET /59283514.phtml HTTP/2" 200 4633 "-" "meta-externalagent/1.1 (+https://developers.facebook.com/docs/sharing/webmasters/crawler)"
114.119.157.156 - - [28/Sep/2025:23:44:28 +0330] "GET /34220842.phtml HTTP/1.1" 200 1837 "https://app.optimyar.com/sitemap-12.xml" "Mozilla/5.0 (Linux; Android 7.0;) AppleWebKit/537.36 (KHTML, like Gecko) Mobile Safari/537.36 (compatible; PetalBot;+https://webmaster.petalsearch.com/site/petalbot)"
216.244.66.243 - - [28/Sep/2025:23:44:58 +0330] "GET /buyCourse/636536dfefbcaebe16d59ac9 HTTP/1.1" 200 4633 "-" "Mozilla/5.0 (compatible; DotBot/1.2; +https://opensiteexplorer.org/dotbot; help@moz.com)"
130.33.64.218 - - [28/Sep/2025:23:35:06 +0330] "GET /ffile.php HTTP/1.1" 200 4633 "-" "-"
130.33.64.218 - - [28/Sep/2025:23:35:07 +0330] "GET /trd.php HTTP/1.1" 200 4633 "-" "-"
130.33.64.218 - - [28/Sep/2025:23:35:07 +0330] "GET /goh.php HTTP/1.1" 200 4633 "-" "-"
130.33.64.218 - - [28/Sep/2025:23:35:08 +0330] "GET /class-t.api.php HTTP/1.1" 200 4633 "-" "-"
130.33.64.218 - - [28/Sep/2025:23:35:08 +0330] "GET /tcp.php HTTP/1.1" 200 4633 "-" "-"
130.33.64.218 - - [28/Sep/2025:23:35:09 +0330] "GET /ioxi.php HTTP/1.1" 200 4633 "-" "-"
130.33.64.218 - - [28/Sep/2025:23:35:09 +0330] "GET /jmfi2.php HTTP/1.1" 200 4633 "-" "-"
57.141.0.25 - - [28/Sep/2025:23:36:27 +0330] "GET /47131930.phtml HTTP/2" 200 4633 "-" "meta-externalagent/1.1 (+https://developers.facebook.com/docs/sharing/webmasters/crawler)"
52.167.144.208 - - [28/Sep/2025:23:38:09 +0330] "GET /38574442.phtml HTTP/2" 200 1662 "-" "Mozilla/5.0 AppleWebKit/537.36 (KHTML, like Gecko; compatible; bingbot/2.0; +http://www.bing.com/bingbot.htm) Chrome/116.0.1938.76 Safari/537.36"
57.141.0.48 - - [28/Sep/2025:23:40:55 +0330] "GET /50444314.phtml HTTP/2" 200 4633 "-" "meta-externalagent/1.1 (+https://developers.facebook.com/docs/sharing/webmasters/crawler)"
94.23.188.210 - - [28/Sep/2025:23:44:55 +0330] "GET /robots.txt HTTP/2" 200 97 "-" "Mozilla/5.0 (compatible; AhrefsBot/7.0; +http://ahrefs.com/robot/)"
51.89.129.154 - - [28/Sep/2025:23:44:56 +0330] "GET /99618442.phtml HTTP/2" 200 1662 "-" "Mozilla/5.0 (compatible; AhrefsBot/7.0; +http://ahrefs.com/robot/)"
57.141.0.44 - - [28/Sep/2025:23:45:17 +0330] "GET /134548762.phtml HTTP/2" 200 4633 "-" "meta-externalagent/1.1 (+https://developers.facebook.com/docs/sharing/webmasters/crawler)"
114.119.145.22 - - [28/Sep/2025:23:45:51 +0330] "GET /34115050.phtml HTTP/1.1" 200 1837 "https://app.optimyar.com/sitemap-7.xml" "Mozilla/5.0 (Linux; Android 7.0;) AppleWebKit/537.36 (KHTML, like Gecko) Mobile Safari/537.36 (compatible; PetalBot;+https://webmaster.petalsearch.com/site/petalbot)"
198.244.183.206 - - [28/Sep/2025:23:47:15 +0330] "GET /99479194.phtml HTTP/2" 200 1662 "-" "Mozilla/5.0 (compatible; AhrefsBot/7.0; +http://ahrefs.com/robot/)"
114.119.138.32 - - [28/Sep/2025:23:47:17 +0330] "GET /33821530.phtml HTTP/1.1" 200 1837 "https://app.optimyar.com/sitemap-6.xml" "Mozilla/5.0 (Linux; Android 7.0;) AppleWebKit/537.36 (KHTML, like Gecko) Mobile Safari/537.36 (compatible; PetalBot;+https://webmaster.petalsearch.com/site/petalbot)"
57.141.0.32 - - [28/Sep/2025:23:49:38 +0330] "GET /136663834.phtml HTTP/2" 200 4633 "-" "meta-externalagent/1.1 (+https://developers.facebook.com/docs/sharing/webmasters/crawler)"
51.195.244.40 - - [28/Sep/2025:23:51:52 +0330] "GET /97397866.phtml HTTP/2" 200 1662 "-" "Mozilla/5.0 (compatible; AhrefsBot/7.0; +http://ahrefs.com/robot/)"
114.119.150.38 - - [28/Sep/2025:23:52:52 +0330] "GET /32919850.phtml HTTP/1.1" 200 1837 "https://app.optimyar.com/sitemap-10.xml" "Mozilla/5.0 (Linux; Android 7.0;) AppleWebKit/537.36 (KHTML, like Gecko) Mobile Safari/537.36 (compatible; PetalBot;+https://webmaster.petalsearch.com/site/petalbot)"
57.141.0.45 - - [28/Sep/2025:23:52:56 +0330] "GET /140611594.phtml HTTP/2" 200 4633 "-" "meta-externalagent/1.1 (+https://developers.facebook.com/docs/sharing/webmasters/crawler)"
