114.119.145.151 - - [28/Sep/2025:20:05:36 +0330] "GET /94738570.phtml HTTP/1.1" 200 1837 "https://app.optimyar.com/sitemap-4.xml" "Mozilla/5.0 (Linux; Android 7.0;) AppleWebKit/537.36 (KHTML, like Gecko) Mobile Safari/537.36 (compatible; PetalBot;+https://webmaster.petalsearch.com/site/petalbot)"
114.119.156.56 - - [28/Sep/2025:20:07:01 +0330] "GET /93861658.phtml HTTP/1.1" 200 1837 "https://app.optimyar.com/sitemap-16.xml" "Mozilla/5.0 (Linux; Android 7.0;) AppleWebKit/537.36 (KHTML, like Gecko) Mobile Safari/537.36 (compatible; PetalBot;+https://webmaster.petalsearch.com/site/petalbot)"
114.119.145.151 - - [28/Sep/2025:20:08:25 +0330] "GET /93838810.phtml HTTP/1.1" 200 1837 "https://app.optimyar.com/sitemap-4.xml" "Mozilla/5.0 (Linux; Android 7.0;) AppleWebKit/537.36 (KHTML, like Gecko) Mobile Safari/537.36 (compatible; PetalBot;+https://webmaster.petalsearch.com/site/petalbot)"
57.141.0.41 - - [28/Sep/2025:20:08:35 +0330] "GET /148889050.phtml HTTP/2" 200 4633 "-" "meta-externalagent/1.1 (+https://developers.facebook.com/docs/sharing/webmasters/crawler)"
114.119.156.56 - - [28/Sep/2025:20:09:48 +0330] "GET /92422762.phtml HTTP/1.1" 200 1837 "https://app.optimyar.com/sitemap-1.xml" "Mozilla/5.0 (Linux; Android 7.0;) AppleWebKit/537.36 (KHTML, like Gecko) Mobile Safari/537.36 (compatible; PetalBot;+https://webmaster.petalsearch.com/site/petalbot)"
114.119.138.32 - - [28/Sep/2025:20:11:12 +0330] "GET /90698410.phtml HTTP/1.1" 200 1837 "https://app.optimyar.com/sitemap-10.xml" "Mozilla/5.0 (Linux; Android 7.0;) AppleWebKit/537.36 (KHTML, like Gecko) Mobile Safari/537.36 (compatible; PetalBot;+https://webmaster.petalsearch.com/site/petalbot)"
57.141.0.54 - - [28/Sep/2025:20:11:45 +0330] "GET /52923178.phtml HTTP/2" 200 4633 "-" "meta-externalagent/1.1 (+https://developers.facebook.com/docs/sharing/webmasters/crawler)"
114.119.145.22 - - [28/Sep/2025:20:12:39 +0330] "GET /9056554.phtml HTTP/1.1" 200 1837 "https://app.optimyar.com/sitemap-12.xml" "Mozilla/5.0 (Linux; Android 7.0;) AppleWebKit/537.36 (KHTML, like Gecko) Mobile Safari/537.36 (compatible; PetalBot;+https://webmaster.petalsearch.com/site/petalbot)"
114.119.145.22 - - [28/Sep/2025:20:14:03 +0330] "GET /90158698.phtml HTTP/1.1" 200 1837 "https://app.optimyar.com/sitemap-5.xml" "Mozilla/5.0 (Linux; Android 7.0;) AppleWebKit/537.36 (KHTML, like Gecko) Mobile Safari/537.36 (compatible; PetalBot;+https://webmaster.petalsearch.com/site/petalbot)"
57.141.0.4 - - [28/Sep/2025:20:14:52 +0330] "GET /12393802.phtml HTTP/2" 200 4633 "-" "meta-externalagent/1.1 (+https://developers.facebook.com/docs/sharing/webmasters/crawler)"
57.141.0.18 - - [28/Sep/2025:20:15:59 +0330] "GET /140809066.phtml HTTP/2" 200 4633 "-" "meta-externalagent/1.1 (+https://developers.facebook.com/docs/sharing/webmasters/crawler)"
57.141.0.51 - - [28/Sep/2025:20:18:00 +0330] "GET /49182346.phtml HTTP/2" 200 4633 "-" "meta-externalagent/1.1 (+https://developers.facebook.com/docs/sharing/webmasters/crawler)"
114.119.157.156 - - [28/Sep/2025:20:18:11 +0330] "GET /88768714.phtml HTTP/1.1" 200 1837 "https://app.optimyar.com/sitemap-6.xml" "Mozilla/5.0 (Linux; Android 7.0;) AppleWebKit/537.36 (KHTML, like Gecko) Mobile Safari/537.36 (compatible; PetalBot;+https://webmaster.petalsearch.com/site/petalbot)"
57.141.0.53 - - [28/Sep/2025:20:19:13 +0330] "GET /94831498.phtml HTTP/2" 200 4633 "-" "meta-externalagent/1.1 (+https://developers.facebook.com/docs/sharing/webmasters/crawler)"
216.244.66.243 - - [28/Sep/2025:20:19:16 +0330] "GET /robots.txt HTTP/1.1" 200 825 "-" "Mozilla/5.0 (compatible; DotBot/1.2; +https://opensiteexplorer.org/dotbot; help@moz.com)"
114.119.145.151 - - [28/Sep/2025:20:20:58 +0330] "GET /87140794.phtml HTTP/1.1" 200 1837 "https://app.optimyar.com/sitemap-6.xml" "Mozilla/5.0 (Linux; Android 7.0;) AppleWebKit/537.36 (KHTML, like Gecko) Mobile Safari/537.36 (compatible; PetalBot;+https://webmaster.petalsearch.com/site/petalbot)"
86.57.20.46 - - [28/Sep/2025:20:21:35 +0330] "GET /static/media/resources.9e18f21a.png HTTP/2" 200 11527 "https://app.optimyar.com/myCourseList" "Mozilla/5.0 (Windows NT 10.0; Win64; x64) AppleWebKit/537.36 (KHTML, like Gecko) Chrome/139.0.0.0 Safari/537.36"
57.141.0.21 - - [28/Sep/2025:20:23:42 +0330] "GET /59086954.phtml HTTP/2" 200 4633 "-" "meta-externalagent/1.1 (+https://developers.facebook.com/docs/sharing/webmasters/crawler)"
57.141.0.61 - - [28/Sep/2025:20:10:45 +0330] "GET /130387882.phtml HTTP/2" 200 4633 "-" "meta-externalagent/1.1 (+https://developers.facebook.com/docs/sharing/webmasters/crawler)"
57.141.0.8 - - [28/Sep/2025:20:13:39 +0330] "GET /55367578.phtml HTTP/2" 200 4633 "-" "meta-externalagent/1.1 (+https://developers.facebook.com/docs/sharing/webmasters/crawler)"
114.119.138.32 - - [28/Sep/2025:20:15:23 +0330] "GET /90105562.phtml HTTP/1.1" 200 1837 "https://app.optimyar.com/sitemap-4.xml" "Mozilla/5.0 (Linux; Android 7.0;) AppleWebKit/537.36 (KHTML, like Gecko) Mobile Safari/537.36 (compatible; PetalBot;+https://webmaster.petalsearch.com/site/petalbot)"
86.57.20.46 - - [28/Sep/2025:20:16:40 +0330] "GET / HTTP/2" 200 1662 "-" "Mozilla/5.0 (Windows NT 10.0; Win64; x64) AppleWebKit/537.36 (KHTML, like Gecko) Chrome/139.0.0.0 Safari/537.36"
86.57.20.46 - - [28/Sep/2025:20:16:43 +0330] "GET /static/media/Pulse.c4808363.gif HTTP/2" 200 79252 "https://app.optimyar.com/login?returnUrl=/myCourseList" "Mozilla/5.0 (Windows NT 10.0; Win64; x64) AppleWebKit/537.36 (KHTML, like Gecko) Chrome/139.0.0.0 Safari/537.36"
86.57.20.46 - - [28/Sep/2025:20:16:43 +0330] "GET /static/media/login_bg_middle.9c351684.png HTTP/2" 200 399210 "https://app.optimyar.com/static/css/main.60855b2a.chunk.css" "Mozilla/5.0 (Windows NT 10.0; Win64; x64) AppleWebKit/537.36 (KHTML, like Gecko) Chrome/139.0.0.0 Safari/537.36"
86.57.20.46 - - [28/Sep/2025:20:16:44 +0330] "GET /assets/fonts/fontawesome/webfonts/fa-solid-900.woff2 HTTP/2" 200 129832 "https://app.optimyar.com/static/css/main.60855b2a.chunk.css" "Mozilla/5.0 (Windows NT 10.0; Win64; x64) AppleWebKit/537.36 (KHTML, like Gecko) Chrome/139.0.0.0 Safari/537.36"
114.119.138.32 - - [28/Sep/2025:20:16:49 +0330] "GET /89141050.phtml HTTP/1.1" 200 1837 "https://app.optimyar.com/sitemap-7.xml" "Mozilla/5.0 (Linux; Android 7.0;) AppleWebKit/537.36 (KHTML, like Gecko) Mobile Safari/537.36 (compatible; PetalBot;+https://webmaster.petalsearch.com/site/petalbot)"
114.119.145.22 - - [28/Sep/2025:20:19:35 +0330] "GET /87797386.phtml HTTP/1.1" 200 1837 "https://app.optimyar.com/sitemap-2.xml" "Mozilla/5.0 (Linux; Android 7.0;) AppleWebKit/537.36 (KHTML, like Gecko) Mobile Safari/537.36 (compatible; PetalBot;+https://webmaster.petalsearch.com/site/petalbot)"
57.141.0.48 - - [28/Sep/2025:20:21:29 +0330] "GET /150658858.phtml HTTP/2" 200 4633 "-" "meta-externalagent/1.1 (+https://developers.facebook.com/docs/sharing/webmasters/crawler)"
114.119.138.32 - - [28/Sep/2025:20:22:22 +0330] "GET /85777642.phtml HTTP/1.1" 200 1837 "https://app.optimyar.com/sitemap-2.xml" "Mozilla/5.0 (Linux; Android 7.0;) AppleWebKit/537.36 (KHTML, like Gecko) Mobile Safari/537.36 (compatible; PetalBot;+https://webmaster.petalsearch.com/site/petalbot)"
114.119.156.56 - - [28/Sep/2025:20:23:45 +0330] "GET /85494442.phtml HTTP/1.1" 200 1837 "https://app.optimyar.com/sitemap-4.xml" "Mozilla/5.0 (Linux; Android 7.0;) AppleWebKit/537.36 (KHTML, like Gecko) Mobile Safari/537.36 (compatible; PetalBot;+https://webmaster.petalsearch.com/site/petalbot)"
57.141.0.66 - - [28/Sep/2025:20:24:47 +0330] "GET /67377130.phtml HTTP/2" 200 4633 "-" "meta-externalagent/1.1 (+https://developers.facebook.com/docs/sharing/webmasters/crawler)"
114.119.138.32 - - [28/Sep/2025:20:26:33 +0330] "GET /84678442.phtml HTTP/1.1" 200 1837 "https://app.optimyar.com/sitemap-9.xml" "Mozilla/5.0 (Linux; Android 7.0;) AppleWebKit/537.36 (KHTML, like Gecko) Mobile Safari/537.36 (compatible; PetalBot;+https://webmaster.petalsearch.com/site/petalbot)"
57.141.0.34 - - [28/Sep/2025:20:26:51 +0330] "GET /51504010.phtml HTTP/2" 200 4633 "-" "meta-externalagent/1.1 (+https://developers.facebook.com/docs/sharing/webmasters/crawler)"
57.141.0.64 - - [28/Sep/2025:20:26:56 +0330] "GET /80256442.phtml HTTP/2" 200 4633 "-" "meta-externalagent/1.1 (+https://developers.facebook.com/docs/sharing/webmasters/crawler)"
114.119.157.156 - - [28/Sep/2025:20:27:58 +0330] "GET /84531274.phtml HTTP/1.1" 200 1837 "https://app.optimyar.com/sitemap-7.xml" "Mozilla/5.0 (Linux; Android 7.0;) AppleWebKit/537.36 (KHTML, like Gecko) Mobile Safari/537.36 (compatible; PetalBot;+https://webmaster.petalsearch.com/site/petalbot)"
57.141.0.50 - - [28/Sep/2025:20:30:46 +0330] "GET /141128122.phtml HTTP/2" 200 4633 "-" "meta-externalagent/1.1 (+https://developers.facebook.com/docs/sharing/webmasters/crawler)"
114.119.150.38 - - [28/Sep/2025:20:30:52 +0330] "GET /83943130.phtml HTTP/1.1" 200 1837 "https://app.optimyar.com/sitemap-7.xml" "Mozilla/5.0 (Linux; Android 7.0;) AppleWebKit/537.36 (KHTML, like Gecko) Mobile Safari/537.36 (compatible; PetalBot;+https://webmaster.petalsearch.com/site/petalbot)"
114.119.138.32 - - [28/Sep/2025:20:32:08 +0330] "GET /83245978.phtml HTTP/1.1" 200 1837 "https://app.optimyar.com/sitemap-4.xml" "Mozilla/5.0 (Linux; Android 7.0;) AppleWebKit/537.36 (KHTML, like Gecko) Mobile Safari/537.36 (compatible; PetalBot;+https://webmaster.petalsearch.com/site/petalbot)"
57.141.0.16 - - [28/Sep/2025:20:32:47 +0330] "GET /93383338.phtml HTTP/2" 200 4633 "-" "meta-externalagent/1.1 (+https://developers.facebook.com/docs/sharing/webmasters/crawler)"
114.119.156.56 - - [28/Sep/2025:20:25:09 +0330] "GET /85300762.phtml HTTP/1.1" 200 1837 "https://app.optimyar.com/sitemap-1.xml" "Mozilla/5.0 (Linux; Android 7.0;) AppleWebKit/537.36 (KHTML, like Gecko) Mobile Safari/537.36 (compatible; PetalBot;+https://webmaster.petalsearch.com/site/petalbot)"
57.141.0.54 - - [28/Sep/2025:20:27:56 +0330] "GET /149393386.phtml HTTP/2" 200 4633 "-" "meta-externalagent/1.1 (+https://developers.facebook.com/docs/sharing/webmasters/crawler)"
114.119.145.151 - - [28/Sep/2025:20:29:20 +0330] "GET /84388474.phtml HTTP/1.1" 200 1837 "https://app.optimyar.com/sitemap-13.xml" "Mozilla/5.0 (Linux; Android 7.0;) AppleWebKit/537.36 (KHTML, like Gecko) Mobile Safari/537.36 (compatible; PetalBot;+https://webmaster.petalsearch.com/site/petalbot)"
57.141.0.60 - - [28/Sep/2025:20:29:27 +0330] "GET /13562218.phtml HTTP/2" 200 4633 "-" "meta-externalagent/1.1 (+https://developers.facebook.com/docs/sharing/webmasters/crawler)"
57.141.0.41 - - [28/Sep/2025:20:34:55 +0330] "GET /142987306.phtml HTTP/2" 200 4633 "-" "meta-externalagent/1.1 (+https://developers.facebook.com/docs/sharing/webmasters/crawler)"
114.119.150.38 - - [28/Sep/2025:20:34:58 +0330] "GET /8218810.phtml HTTP/1.1" 200 1837 "https://app.optimyar.com/sitemap-14.xml" "Mozilla/5.0 (Linux; Android 7.0;) AppleWebKit/537.36 (KHTML, like Gecko) Mobile Safari/537.36 (compatible; PetalBot;+https://webmaster.petalsearch.com/site/petalbot)"
57.141.0.55 - - [28/Sep/2025:20:36:03 +0330] "GET /132853642.phtml HTTP/2" 200 4633 "-" "meta-externalagent/1.1 (+https://developers.facebook.com/docs/sharing/webmasters/crawler)"
114.119.150.38 - - [28/Sep/2025:20:36:20 +0330] "GET /81608554.phtml HTTP/1.1" 200 1837 "https://app.optimyar.com/sitemap-6.xml" "Mozilla/5.0 (Linux; Android 7.0;) AppleWebKit/537.36 (KHTML, like Gecko) Mobile Safari/537.36 (compatible; PetalBot;+https://webmaster.petalsearch.com/site/petalbot)"
57.141.0.56 - - [28/Sep/2025:20:38:23 +0330] "GET /83302858.phtml HTTP/2" 200 4633 "-" "meta-externalagent/1.1 (+https://developers.facebook.com/docs/sharing/webmasters/crawler)"
114.119.145.151 - - [28/Sep/2025:20:40:31 +0330] "GET /80917162.phtml HTTP/1.1" 200 1837 "https://app.optimyar.com/sitemap-7.xml" "Mozilla/5.0 (Linux; Android 7.0;) AppleWebKit/537.36 (KHTML, like Gecko) Mobile Safari/537.36 (compatible; PetalBot;+https://webmaster.petalsearch.com/site/petalbot)"
57.141.0.59 - - [28/Sep/2025:20:40:36 +0330] "GET /149722090.phtml HTTP/2" 200 4633 "-" "meta-externalagent/1.1 (+https://developers.facebook.com/docs/sharing/webmasters/crawler)"
57.141.0.20 - - [28/Sep/2025:20:32:54 +0330] "GET /59450938.phtml HTTP/2" 200 4633 "-" "meta-externalagent/1.1 (+https://developers.facebook.com/docs/sharing/webmasters/crawler)"
114.119.145.151 - - [28/Sep/2025:20:33:32 +0330] "GET /82654282.phtml HTTP/1.1" 200 1837 "https://app.optimyar.com/sitemap-5.xml" "Mozilla/5.0 (Linux; Android 7.0;) AppleWebKit/537.36 (KHTML, like Gecko) Mobile Safari/537.36 (compatible; PetalBot;+https://webmaster.petalsearch.com/site/petalbot)"
114.119.150.38 - - [28/Sep/2025:20:37:43 +0330] "GET /81386074.phtml HTTP/1.1" 200 1837 "https://app.optimyar.com/sitemap-16.xml" "Mozilla/5.0 (Linux; Android 7.0;) AppleWebKit/537.36 (KHTML, like Gecko) Mobile Safari/537.36 (compatible; PetalBot;+https://webmaster.petalsearch.com/site/petalbot)"
114.119.138.32 - - [28/Sep/2025:20:39:15 +0330] "GET /80938378.phtml HTTP/1.1" 200 1837 "https://app.optimyar.com/sitemap-16.xml" "Mozilla/5.0 (Linux; Android 7.0;) AppleWebKit/537.36 (KHTML, like Gecko) Mobile Safari/537.36 (compatible; PetalBot;+https://webmaster.petalsearch.com/site/petalbot)"
57.141.0.26 - - [28/Sep/2025:20:40:33 +0330] "GET /101226250.phtml HTTP/2" 200 4633 "-" "meta-externalagent/1.1 (+https://developers.facebook.com/docs/sharing/webmasters/crawler)"
114.119.150.38 - - [28/Sep/2025:20:41:54 +0330] "GET /79673722.phtml HTTP/1.1" 200 1837 "https://app.optimyar.com/sitemap-13.xml" "Mozilla/5.0 (Linux; Android 7.0;) AppleWebKit/537.36 (KHTML, like Gecko) Mobile Safari/537.36 (compatible; PetalBot;+https://webmaster.petalsearch.com/site/petalbot)"
57.141.0.54 - - [28/Sep/2025:20:42:37 +0330] "GET /17376202.phtml HTTP/2" 200 4633 "-" "meta-externalagent/1.1 (+https://developers.facebook.com/docs/sharing/webmasters/crawler)"
114.119.145.151 - - [28/Sep/2025:20:43:16 +0330] "GET /78754426.phtml HTTP/1.1" 200 1837 "https://app.optimyar.com/sitemap-15.xml" "Mozilla/5.0 (Linux; Android 7.0;) AppleWebKit/537.36 (KHTML, like Gecko) Mobile Safari/537.36 (compatible; PetalBot;+https://webmaster.petalsearch.com/site/petalbot)"
57.141.0.16 - - [28/Sep/2025:20:43:49 +0330] "GET /127568698.phtml HTTP/2" 200 4633 "-" "meta-externalagent/1.1 (+https://developers.facebook.com/docs/sharing/webmasters/crawler)"
57.141.0.39 - - [28/Sep/2025:20:46:01 +0330] "GET /104340394.phtml HTTP/2" 200 4633 "-" "meta-externalagent/1.1 (+https://developers.facebook.com/docs/sharing/webmasters/crawler)"
114.119.157.156 - - [28/Sep/2025:20:47:34 +0330] "GET /77744746.phtml HTTP/1.1" 200 1837 "https://app.optimyar.com/sitemap-10.xml" "Mozilla/5.0 (Linux; Android 7.0;) AppleWebKit/537.36 (KHTML, like Gecko) Mobile Safari/537.36 (compatible; PetalBot;+https://webmaster.petalsearch.com/site/petalbot)"
114.119.143.210 - - [28/Sep/2025:20:49:00 +0330] "GET /76713370.phtml HTTP/1.1" 200 1837 "https://app.optimyar.com/sitemap-15.xml" "Mozilla/5.0 (Linux; Android 7.0;) AppleWebKit/537.36 (KHTML, like Gecko) Mobile Safari/537.36 (compatible; PetalBot;+https://webmaster.petalsearch.com/site/petalbot)"
57.141.0.29 - - [28/Sep/2025:20:50:05 +0330] "GET /28617562.phtml HTTP/2" 200 4633 "-" "meta-externalagent/1.1 (+https://developers.facebook.com/docs/sharing/webmasters/crawler)"
57.141.0.22 - - [28/Sep/2025:20:50:11 +0330] "GET /91006522.phtml HTTP/2" 200 4633 "-" "meta-externalagent/1.1 (+https://developers.facebook.com/docs/sharing/webmasters/crawler)"
114.119.145.22 - - [28/Sep/2025:20:50:23 +0330] "GET /75544858.phtml HTTP/1.1" 200 1837 "https://app.optimyar.com/sitemap-10.xml" "Mozilla/5.0 (Linux; Android 7.0;) AppleWebKit/537.36 (KHTML, like Gecko) Mobile Safari/537.36 (compatible; PetalBot;+https://webmaster.petalsearch.com/site/petalbot)"
114.119.145.22 - - [28/Sep/2025:20:53:09 +0330] "GET /75015850.phtml HTTP/1.1" 200 1837 "https://app.optimyar.com/sitemap-2.xml" "Mozilla/5.0 (Linux; Android 7.0;) AppleWebKit/537.36 (KHTML, like Gecko) Mobile Safari/537.36 (compatible; PetalBot;+https://webmaster.petalsearch.com/site/petalbot)"
57.141.0.49 - - [28/Sep/2025:20:53:27 +0330] "GET /58184506.phtml HTTP/2" 200 4633 "-" "meta-externalagent/1.1 (+https://developers.facebook.com/docs/sharing/webmasters/crawler)"
57.141.0.5 - - [28/Sep/2025:20:54:27 +0330] "GET /85830298.phtml HTTP/2" 200 4633 "-" "meta-externalagent/1.1 (+https://developers.facebook.com/docs/sharing/webmasters/crawler)"
57.141.0.51 - - [28/Sep/2025:20:55:25 +0330] "GET /131814010.phtml HTTP/2" 200 4633 "-" "meta-externalagent/1.1 (+https://developers.facebook.com/docs/sharing/webmasters/crawler)"
57.141.0.1 - - [28/Sep/2025:20:57:13 +0330] "GET /53143402.phtml HTTP/2" 200 4633 "-" "meta-externalagent/1.1 (+https://developers.facebook.com/docs/sharing/webmasters/crawler)"
114.119.145.151 - - [28/Sep/2025:20:57:17 +0330] "GET /74531146.phtml HTTP/1.1" 200 1837 "https://app.optimyar.com/sitemap-16.xml" "Mozilla/5.0 (Linux; Android 7.0;) AppleWebKit/537.36 (KHTML, like Gecko) Mobile Safari/537.36 (compatible; PetalBot;+https://webmaster.petalsearch.com/site/petalbot)"
57.141.0.68 - - [28/Sep/2025:20:57:19 +0330] "GET /57323914.phtml HTTP/2" 200 4633 "-" "meta-externalagent/1.1 (+https://developers.facebook.com/docs/sharing/webmasters/crawler)"
114.119.138.32 - - [28/Sep/2025:20:44:40 +0330] "GET /78249850.phtml HTTP/1.1" 200 1837 "https://app.optimyar.com/sitemap-10.xml" "Mozilla/5.0 (Linux; Android 7.0;) AppleWebKit/537.36 (KHTML, like Gecko) Mobile Safari/537.36 (compatible; PetalBot;+https://webmaster.petalsearch.com/site/petalbot)"
57.141.0.58 - - [28/Sep/2025:20:46:03 +0330] "GET /67876330.phtml HTTP/2" 200 4633 "-" "meta-externalagent/1.1 (+https://developers.facebook.com/docs/sharing/webmasters/crawler)"
114.119.145.22 - - [28/Sep/2025:20:46:05 +0330] "GET /77876602.phtml HTTP/1.1" 200 1837 "https://app.optimyar.com/sitemap-3.xml" "Mozilla/5.0 (Linux; Android 7.0;) AppleWebKit/537.36 (KHTML, like Gecko) Mobile Safari/537.36 (compatible; PetalBot;+https://webmaster.petalsearch.com/site/petalbot)"
57.141.0.74 - - [28/Sep/2025:20:48:05 +0330] "GET /14913322.phtml HTTP/2" 200 4633 "-" "meta-externalagent/1.1 (+https://developers.facebook.com/docs/sharing/webmasters/crawler)"
114.119.145.22 - - [28/Sep/2025:20:51:44 +0330] "GET /75294346.phtml HTTP/1.1" 200 1837 "https://app.optimyar.com/sitemap-9.xml" "Mozilla/5.0 (Linux; Android 7.0;) AppleWebKit/537.36 (KHTML, like Gecko) Mobile Safari/537.36 (compatible; PetalBot;+https://webmaster.petalsearch.com/site/petalbot)"
57.141.0.21 - - [28/Sep/2025:20:52:35 +0330] "GET /79884442.phtml HTTP/2" 200 4633 "-" "meta-externalagent/1.1 (+https://developers.facebook.com/docs/sharing/webmasters/crawler)"
114.119.138.32 - - [28/Sep/2025:20:54:26 +0330] "GET /74877850.phtml HTTP/1.1" 200 1837 "https://app.optimyar.com/sitemap-14.xml" "Mozilla/5.0 (Linux; Android 7.0;) AppleWebKit/537.36 (KHTML, like Gecko) Mobile Safari/537.36 (compatible; PetalBot;+https://webmaster.petalsearch.com/site/petalbot)"
114.119.145.151 - - [28/Sep/2025:20:55:53 +0330] "GET /74744410.phtml HTTP/1.1" 200 1837 "https://app.optimyar.com/sitemap-4.xml" "Mozilla/5.0 (Linux; Android 7.0;) AppleWebKit/537.36 (KHTML, like Gecko) Mobile Safari/537.36 (compatible; PetalBot;+https://webmaster.petalsearch.com/site/petalbot)"
114.119.157.156 - - [28/Sep/2025:20:58:38 +0330] "GET /74081386.phtml HTTP/1.1" 200 1837 "https://app.optimyar.com/sitemap-4.xml" "Mozilla/5.0 (Linux; Android 7.0;) AppleWebKit/537.36 (KHTML, like Gecko) Mobile Safari/537.36 (compatible; PetalBot;+https://webmaster.petalsearch.com/site/petalbot)"
114.119.150.38 - - [28/Sep/2025:20:59:59 +0330] "GET /73751002.phtml HTTP/1.1" 200 1837 "https://app.optimyar.com/sitemap-5.xml" "Mozilla/5.0 (Linux; Android 7.0;) AppleWebKit/537.36 (KHTML, like Gecko) Mobile Safari/537.36 (compatible; PetalBot;+https://webmaster.petalsearch.com/site/petalbot)"
57.141.0.38 - - [28/Sep/2025:21:02:26 +0330] "GET /80878378.phtml HTTP/2" 200 4633 "-" "meta-externalagent/1.1 (+https://developers.facebook.com/docs/sharing/webmasters/crawler)"
74.125.217.33 - - [28/Sep/2025:21:03:15 +0330] "GET /271846799.shtml HTTP/1.1" 200 1662 "-" "Mozilla/5.0 (X11; Linux x86_64) AppleWebKit/537.36 (KHTML, like Gecko) Chrome/139.0.7258.127 Safari/537.36"
74.125.217.33 - - [28/Sep/2025:21:03:27 +0330] "GET /libs/stimul/stimulsoft.viewer.js?v=4 HTTP/1.1" 200 367025 "https://app.optimyar.com/271846799.shtml" "Mozilla/5.0 (X11; Linux x86_64) AppleWebKit/537.36 (KHTML, like Gecko) Chrome/139.0.7258.127 Safari/537.36"
74.125.217.33 - - [28/Sep/2025:21:03:28 +0330] "GET /fa_lang.js?v=334 HTTP/1.1" 200 8246 "https://app.optimyar.com/271846799.shtml" "Mozilla/5.0 (X11; Linux x86_64) AppleWebKit/537.36 (KHTML, like Gecko) Chrome/139.0.7258.127 Safari/537.36"
74.125.217.33 - - [28/Sep/2025:21:03:29 +0330] "GET /libs/cross-domain/hub.js HTTP/1.1" 200 952 "https://app.optimyar.com/271846799.shtml" "Mozilla/5.0 (X11; Linux x86_64) AppleWebKit/537.36 (KHTML, like Gecko) Chrome/139.0.7258.127 Safari/537.36"
216.244.66.243 - - [28/Sep/2025:21:03:29 +0330] "GET /buyCourse/62e85aad5b8144649bfc2f0f HTTP/1.1" 200 4633 "-" "Mozilla/5.0 (compatible; DotBot/1.2; +https://opensiteexplorer.org/dotbot; help@moz.com)"
74.125.217.33 - - [28/Sep/2025:21:03:30 +0330] "GET /libs/stimul/stimulsoft.reports.js?v=4 HTTP/1.1" 200 3875294 "https://app.optimyar.com/271846799.shtml" "Mozilla/5.0 (X11; Linux x86_64) AppleWebKit/537.36 (KHTML, like Gecko) Chrome/139.0.7258.127 Safari/537.36"
74.125.217.34 - - [28/Sep/2025:21:03:36 +0330] "GET /libs/xlsx/xlsx.js HTTP/1.1" 200 102175 "https://app.optimyar.com/271846799.shtml" "Mozilla/5.0 (X11; Linux x86_64) AppleWebKit/537.36 (KHTML, like Gecko) Chrome/139.0.7258.127 Safari/537.36"
114.119.156.56 - - [28/Sep/2025:21:04:10 +0330] "GET /72157498.phtml HTTP/1.1" 200 1837 "https://app.optimyar.com/sitemap-3.xml" "Mozilla/5.0 (Linux; Android 7.0;) AppleWebKit/537.36 (KHTML, like Gecko) Mobile Safari/537.36 (compatible; PetalBot;+https://webmaster.petalsearch.com/site/petalbot)"
74.125.217.34 - - [28/Sep/2025:21:04:11 +0330] "GET /static/css/main.60855b2a.chunk.css HTTP/1.1" 200 98708 "https://app.optimyar.com/271846799.shtml" "Mozilla/5.0 (X11; Linux x86_64) AppleWebKit/537.36 (KHTML, like Gecko) Chrome/139.0.7258.127 Safari/537.36"
74.125.217.34 - - [28/Sep/2025:21:04:12 +0330] "GET /libs/xlsx/jszip.js HTTP/1.1" 200 72470 "https://app.optimyar.com/271846799.shtml" "Mozilla/5.0 (X11; Linux x86_64) AppleWebKit/537.36 (KHTML, like Gecko) Chrome/139.0.7258.127 Safari/537.36"
74.125.217.34 - - [28/Sep/2025:21:04:13 +0330] "GET /static/js/main.2871af22.chunk.js HTTP/1.1" 200 66622 "https://app.optimyar.com/271846799.shtml" "Mozilla/5.0 (X11; Linux x86_64) AppleWebKit/537.36 (KHTML, like Gecko) Chrome/139.0.7258.127 Safari/537.36"
74.125.217.34 - - [28/Sep/2025:21:04:15 +0330] "GET /libs/stimul/stimulsoft.viewer.office2013.whiteblue.css HTTP/1.1" 200 3122 "https://app.optimyar.com/271846799.shtml" "Mozilla/5.0 (X11; Linux x86_64) AppleWebKit/537.36 (KHTML, like Gecko) Chrome/139.0.7258.127 Safari/537.36"
74.125.217.34 - - [28/Sep/2025:21:04:16 +0330] "GET /app.js?v=4 HTTP/1.1" 200 2037 "https://app.optimyar.com/271846799.shtml" "Mozilla/5.0 (X11; Linux x86_64) AppleWebKit/537.36 (KHTML, like Gecko) Chrome/139.0.7258.127 Safari/537.36"
57.141.0.26 - - [28/Sep/2025:20:58:13 +0330] "GET /70414138.phtml HTTP/2" 200 4633 "-" "meta-externalagent/1.1 (+https://developers.facebook.com/docs/sharing/webmasters/crawler)"
57.141.0.28 - - [28/Sep/2025:21:00:13 +0330] "GET /142383994.phtml HTTP/2" 200 4633 "-" "meta-externalagent/1.1 (+https://developers.facebook.com/docs/sharing/webmasters/crawler)"
114.119.156.56 - - [28/Sep/2025:21:01:24 +0330] "GET /73646506.phtml HTTP/1.1" 200 1837 "https://app.optimyar.com/sitemap-10.xml" "Mozilla/5.0 (Linux; Android 7.0;) AppleWebKit/537.36 (KHTML, like Gecko) Mobile Safari/537.36 (compatible; PetalBot;+https://webmaster.petalsearch.com/site/petalbot)"
114.119.150.38 - - [28/Sep/2025:21:02:46 +0330] "GET /73294906.phtml HTTP/1.1" 200 1837 "https://app.optimyar.com/sitemap-3.xml" "Mozilla/5.0 (Linux; Android 7.0;) AppleWebKit/537.36 (KHTML, like Gecko) Mobile Safari/537.36 (compatible; PetalBot;+https://webmaster.petalsearch.com/site/petalbot)"
74.125.217.34 - - [28/Sep/2025:21:03:21 +0330] "GET /app.css HTTP/1.1" 200 0 "https://app.optimyar.com/271846799.shtml" "Mozilla/5.0 (X11; Linux x86_64) AppleWebKit/537.36 (KHTML, like Gecko) Chrome/139.0.7258.127 Safari/537.36"
57.141.0.69 - - [28/Sep/2025:21:03:33 +0330] "GET /132517642.phtml HTTP/2" 200 4633 "-" "meta-externalagent/1.1 (+https://developers.facebook.com/docs/sharing/webmasters/crawler)"
74.125.217.34 - - [28/Sep/2025:21:03:41 +0330] "GET /apiUrl.js?v=310 HTTP/1.1" 200 1085 "https://app.optimyar.com/271846799.shtml" "Mozilla/5.0 (X11; Linux x86_64) AppleWebKit/537.36 (KHTML, like Gecko) Chrome/139.0.7258.127 Safari/537.36"
74.125.217.34 - - [28/Sep/2025:21:03:46 +0330] "GET /libs/zip/dist/zip.min.js HTTP/1.1" 200 28371 "https://app.optimyar.com/271846799.shtml" "Mozilla/5.0 (X11; Linux x86_64) AppleWebKit/537.36 (KHTML, like Gecko) Chrome/139.0.7258.127 Safari/537.36"
74.125.217.35 - - [28/Sep/2025:21:04:10 +0330] "GET /static/css/2.5db30c42.chunk.css HTTP/1.1" 200 15335 "https://app.optimyar.com/271846799.shtml" "Mozilla/5.0 (X11; Linux x86_64) AppleWebKit/537.36 (KHTML, like Gecko) Chrome/139.0.7258.127 Safari/537.36"
74.125.217.33 - - [28/Sep/2025:21:04:17 +0330] "GET /static/js/2.727844f4.chunk.js HTTP/1.1" 200 919699 "https://app.optimyar.com/271846799.shtml" "Mozilla/5.0 (X11; Linux x86_64) AppleWebKit/537.36 (KHTML, like Gecko) Chrome/139.0.7258.127 Safari/537.36"
74.125.217.33 - - [28/Sep/2025:21:04:28 +0330] "GET /defaults.js?v=310 HTTP/1.1" 200 425 "https://app.optimyar.com/271846799.shtml" "Mozilla/5.0 (X11; Linux x86_64) AppleWebKit/537.36 (KHTML, like Gecko) Chrome/139.0.7258.127 Safari/537.36"
114.119.145.151 - - [28/Sep/2025:21:05:33 +0330] "GET /71633866.phtml HTTP/1.1" 200 1837 "https://app.optimyar.com/sitemap-3.xml" "Mozilla/5.0 (Linux; Android 7.0;) AppleWebKit/537.36 (KHTML, like Gecko) Mobile Safari/537.36 (compatible; PetalBot;+https://webmaster.petalsearch.com/site/petalbot)"
114.119.145.22 - - [28/Sep/2025:21:07:00 +0330] "GET /7140154.phtml HTTP/1.1" 200 1837 "https://app.optimyar.com/sitemap-7.xml" "Mozilla/5.0 (Linux; Android 7.0;) AppleWebKit/537.36 (KHTML, like Gecko) Mobile Safari/537.36 (compatible; PetalBot;+https://webmaster.petalsearch.com/site/petalbot)"
114.119.145.22 - - [28/Sep/2025:21:08:21 +0330] "GET /71109802.phtml HTTP/1.1" 200 1837 "https://app.optimyar.com/sitemap-4.xml" "Mozilla/5.0 (Linux; Android 7.0;) AppleWebKit/537.36 (KHTML, like Gecko) Mobile Safari/537.36 (compatible; PetalBot;+https://webmaster.petalsearch.com/site/petalbot)"
57.141.0.72 - - [28/Sep/2025:21:08:44 +0330] "GET /21935770.phtml HTTP/2" 200 4633 "-" "meta-externalagent/1.1 (+https://developers.facebook.com/docs/sharing/webmasters/crawler)"
114.119.150.38 - - [28/Sep/2025:21:11:08 +0330] "GET /70451530.phtml HTTP/1.1" 200 1837 "https://app.optimyar.com/sitemap-7.xml" "Mozilla/5.0 (Linux; Android 7.0;) AppleWebKit/537.36 (KHTML, like Gecko) Mobile Safari/537.36 (compatible; PetalBot;+https://webmaster.petalsearch.com/site/petalbot)"
57.141.0.48 - - [28/Sep/2025:21:04:36 +0330] "GET /143627242.phtml HTTP/2" 200 4633 "-" "meta-externalagent/1.1 (+https://developers.facebook.com/docs/sharing/webmasters/crawler)"
74.125.217.34 - - [28/Sep/2025:21:05:10 +0330] "GET /fa_lang.js HTTP/1.1" 200 8246 "https://app.optimyar.com/271846799.shtml" "Mozilla/5.0 (X11; Linux x86_64) AppleWebKit/537.36 (KHTML, like Gecko) Chrome/139.0.7258.127 Safari/537.36"
114.119.145.151 - - [28/Sep/2025:21:09:47 +0330] "GET /70473706.phtml HTTP/1.1" 200 1837 "https://app.optimyar.com/sitemap-5.xml" "Mozilla/5.0 (Linux; Android 7.0;) AppleWebKit/537.36 (KHTML, like Gecko) Mobile Safari/537.36 (compatible; PetalBot;+https://webmaster.petalsearch.com/site/petalbot)"
57.141.0.1 - - [28/Sep/2025:21:10:51 +0330] "GET /107236474.phtml HTTP/2" 200 4633 "-" "meta-externalagent/1.1 (+https://developers.facebook.com/docs/sharing/webmasters/crawler)"
57.141.0.19 - - [28/Sep/2025:21:13:13 +0330] "GET /149537338.phtml HTTP/2" 200 4633 "-" "meta-externalagent/1.1 (+https://developers.facebook.com/docs/sharing/webmasters/crawler)"
114.119.157.156 - - [28/Sep/2025:21:12:32 +0330] "GET /70155850.phtml HTTP/1.1" 200 1837 "https://app.optimyar.com/sitemap-5.xml" "Mozilla/5.0 (Linux; Android 7.0;) AppleWebKit/537.36 (KHTML, like Gecko) Mobile Safari/537.36 (compatible; PetalBot;+https://webmaster.petalsearch.com/site/petalbot)"
114.119.138.32 - - [28/Sep/2025:21:13:56 +0330] "GET /70077034.phtml HTTP/1.1" 200 1837 "https://app.optimyar.com/sitemap-11.xml" "Mozilla/5.0 (Linux; Android 7.0;) AppleWebKit/537.36 (KHTML, like Gecko) Mobile Safari/537.36 (compatible; PetalBot;+https://webmaster.petalsearch.com/site/petalbot)"
114.119.143.210 - - [28/Sep/2025:21:19:30 +0330] "GET /69374458.phtml HTTP/1.1" 200 1837 "https://app.optimyar.com/sitemap-4.xml" "Mozilla/5.0 (Linux; Android 7.0;) AppleWebKit/537.36 (KHTML, like Gecko) Mobile Safari/537.36 (compatible; PetalBot;+https://webmaster.petalsearch.com/site/petalbot)"
57.141.0.13 - - [28/Sep/2025:21:19:46 +0330] "GET /144508378.phtml HTTP/2" 200 4633 "-" "meta-externalagent/1.1 (+https://developers.facebook.com/docs/sharing/webmasters/crawler)"
57.141.0.24 - - [28/Sep/2025:21:20:49 +0330] "GET /71885050.phtml HTTP/2" 200 4633 "-" "meta-externalagent/1.1 (+https://developers.facebook.com/docs/sharing/webmasters/crawler)"
114.119.138.32 - - [28/Sep/2025:21:20:56 +0330] "GET /68691850.phtml HTTP/1.1" 200 1837 "https://app.optimyar.com/sitemap-8.xml" "Mozilla/5.0 (Linux; Android 7.0;) AppleWebKit/537.36 (KHTML, like Gecko) Mobile Safari/537.36 (compatible; PetalBot;+https://webmaster.petalsearch.com/site/petalbot)"
57.141.0.49 - - [28/Sep/2025:21:21:48 +0330] "GET /101421370.phtml HTTP/2" 200 4633 "-" "meta-externalagent/1.1 (+https://developers.facebook.com/docs/sharing/webmasters/crawler)"
114.119.143.152 - - [28/Sep/2025:21:22:18 +0330] "GET /67766506.phtml HTTP/1.1" 200 1837 "https://app.optimyar.com/sitemap-13.xml" "Mozilla/5.0 (Linux; Android 7.0;) AppleWebKit/537.36 (KHTML, like Gecko) Mobile Safari/537.36 (compatible; PetalBot;+https://webmaster.petalsearch.com/site/petalbot)"
57.141.0.64 - - [28/Sep/2025:21:22:41 +0330] "GET /76274602.phtml HTTP/2" 200 4633 "-" "meta-externalagent/1.1 (+https://developers.facebook.com/docs/sharing/webmasters/crawler)"
66.249.74.35 - - [28/Sep/2025:21:23:06 +0330] "GET /robots.txt HTTP/1.1" 200 97 "-" "Mozilla/5.0 (compatible; Googlebot/2.1; +http://www.google.com/bot.html)"
66.249.74.33 - - [28/Sep/2025:21:23:10 +0330] "GET /.well-known/assetlinks.json HTTP/1.1" 200 1662 "-" "Mozilla/5.0 (compatible; Googlebot/2.1; +http://www.google.com/bot.html)"
114.119.145.151 - - [28/Sep/2025:21:23:46 +0330] "GET /67417450.phtml HTTP/1.1" 200 1837 "https://app.optimyar.com/sitemap-11.xml" "Mozilla/5.0 (Linux; Android 7.0;) AppleWebKit/537.36 (KHTML, like Gecko) Mobile Safari/537.36 (compatible; PetalBot;+https://webmaster.petalsearch.com/site/petalbot)"
114.119.138.32 - - [28/Sep/2025:21:25:07 +0330] "GET /6737626.phtml HTTP/1.1" 200 1837 "https://app.optimyar.com/sitemap-8.xml" "Mozilla/5.0 (Linux; Android 7.0;) AppleWebKit/537.36 (KHTML, like Gecko) Mobile Safari/537.36 (compatible; PetalBot;+https://webmaster.petalsearch.com/site/petalbot)"
114.119.145.151 - - [28/Sep/2025:21:26:29 +0330] "GET /67331818.phtml HTTP/1.1" 200 1837 "https://app.optimyar.com/sitemap-16.xml" "Mozilla/5.0 (Linux; Android 7.0;) AppleWebKit/537.36 (KHTML, like Gecko) Mobile Safari/537.36 (compatible; PetalBot;+https://webmaster.petalsearch.com/site/petalbot)"
57.141.0.21 - - [28/Sep/2025:21:27:46 +0330] "GET /16754506.phtml HTTP/2" 200 4633 "-" "meta-externalagent/1.1 (+https://developers.facebook.com/docs/sharing/webmasters/crawler)"
114.119.156.56 - - [28/Sep/2025:21:27:55 +0330] "GET /66998026.phtml HTTP/1.1" 200 1837 "https://app.optimyar.com/sitemap-16.xml" "Mozilla/5.0 (Linux; Android 7.0;) AppleWebKit/537.36 (KHTML, like Gecko) Mobile Safari/537.36 (compatible; PetalBot;+https://webmaster.petalsearch.com/site/petalbot)"
57.141.0.51 - - [28/Sep/2025:21:28:31 +0330] "GET /114676954.phtml HTTP/2" 200 4633 "-" "meta-externalagent/1.1 (+https://developers.facebook.com/docs/sharing/webmasters/crawler)"
114.119.157.156 - - [28/Sep/2025:21:29:16 +0330] "GET /66930106.phtml HTTP/1.1" 200 1837 "https://app.optimyar.com/sitemap-13.xml" "Mozilla/5.0 (Linux; Android 7.0;) AppleWebKit/537.36 (KHTML, like Gecko) Mobile Safari/537.36 (compatible; PetalBot;+https://webmaster.petalsearch.com/site/petalbot)"
114.119.145.151 - - [28/Sep/2025:21:15:20 +0330] "GET /69984970.phtml HTTP/1.1" 200 1837 "https://app.optimyar.com/sitemap-5.xml" "Mozilla/5.0 (Linux; Android 7.0;) AppleWebKit/537.36 (KHTML, like Gecko) Mobile Safari/537.36 (compatible; PetalBot;+https://webmaster.petalsearch.com/site/petalbot)"
114.119.143.210 - - [28/Sep/2025:21:16:51 +0330] "GET /6989578.phtml HTTP/1.1" 200 1837 "https://app.optimyar.com/sitemap-11.xml" "Mozilla/5.0 (Linux; Android 7.0;) AppleWebKit/537.36 (KHTML, like Gecko) Mobile Safari/537.36 (compatible; PetalBot;+https://webmaster.petalsearch.com/site/petalbot)"
57.141.0.40 - - [28/Sep/2025:21:17:37 +0330] "GET /49421530.phtml HTTP/2" 200 4633 "-" "meta-externalagent/1.1 (+https://developers.facebook.com/docs/sharing/webmasters/crawler)"
114.119.156.56 - - [28/Sep/2025:21:18:09 +0330] "GET /69879034.phtml HTTP/1.1" 200 1837 "https://app.optimyar.com/sitemap-13.xml" "Mozilla/5.0 (Linux; Android 7.0;) AppleWebKit/537.36 (KHTML, like Gecko) Mobile Safari/537.36 (compatible; PetalBot;+https://webmaster.petalsearch.com/site/petalbot)"
57.141.0.3 - - [28/Sep/2025:21:24:51 +0330] "GET /126068938.phtml HTTP/2" 200 4633 "-" "meta-externalagent/1.1 (+https://developers.facebook.com/docs/sharing/webmasters/crawler)"
57.141.0.70 - - [28/Sep/2025:21:25:05 +0330] "GET /77901034.phtml HTTP/2" 200 4633 "-" "meta-externalagent/1.1 (+https://developers.facebook.com/docs/sharing/webmasters/crawler)"
57.141.0.6 - - [28/Sep/2025:21:26:07 +0330] "GET /138043594.phtml HTTP/2" 200 4633 "-" "meta-externalagent/1.1 (+https://developers.facebook.com/docs/sharing/webmasters/crawler)"
57.141.0.32 - - [28/Sep/2025:21:26:57 +0330] "GET /18658042.phtml HTTP/2" 200 4633 "-" "meta-externalagent/1.1 (+https://developers.facebook.com/docs/sharing/webmasters/crawler)"
57.141.0.74 - - [28/Sep/2025:21:30:01 +0330] "GET /57955882.phtml HTTP/2" 200 4633 "-" "meta-externalagent/1.1 (+https://developers.facebook.com/docs/sharing/webmasters/crawler)"
57.141.0.24 - - [28/Sep/2025:21:30:06 +0330] "GET /87519130.phtml HTTP/2" 200 4633 "-" "meta-externalagent/1.1 (+https://developers.facebook.com/docs/sharing/webmasters/crawler)"
57.141.0.56 - - [28/Sep/2025:21:30:57 +0330] "GET /49014682.phtml HTTP/2" 200 4633 "-" "meta-externalagent/1.1 (+https://developers.facebook.com/docs/sharing/webmasters/crawler)"
114.119.138.32 - - [28/Sep/2025:21:30:41 +0330] "GET /65615194.phtml HTTP/1.1" 200 1837 "https://app.optimyar.com/sitemap-14.xml" "Mozilla/5.0 (Linux; Android 7.0;) AppleWebKit/537.36 (KHTML, like Gecko) Mobile Safari/537.36 (compatible; PetalBot;+https://webmaster.petalsearch.com/site/petalbot)"
114.119.145.151 - - [28/Sep/2025:21:32:03 +0330] "GET /65614042.phtml HTTP/1.1" 200 1837 "https://app.optimyar.com/sitemap-16.xml" "Mozilla/5.0 (Linux; Android 7.0;) AppleWebKit/537.36 (KHTML, like Gecko) Mobile Safari/537.36 (compatible; PetalBot;+https://webmaster.petalsearch.com/site/petalbot)"
114.119.145.151 - - [28/Sep/2025:21:33:29 +0330] "GET /65339146.phtml HTTP/1.1" 200 1837 "https://app.optimyar.com/sitemap-8.xml" "Mozilla/5.0 (Linux; Android 7.0;) AppleWebKit/537.36 (KHTML, like Gecko) Mobile Safari/537.36 (compatible; PetalBot;+https://webmaster.petalsearch.com/site/petalbot)"
57.141.0.5 - - [28/Sep/2025:21:36:22 +0330] "GET /63372010.phtml HTTP/2" 200 4633 "-" "meta-externalagent/1.1 (+https://developers.facebook.com/docs/sharing/webmasters/crawler)"
57.141.0.38 - - [28/Sep/2025:21:37:25 +0330] "GET /96816058.phtml HTTP/2" 200 4633 "-" "meta-externalagent/1.1 (+https://developers.facebook.com/docs/sharing/webmasters/crawler)"
114.119.145.22 - - [28/Sep/2025:21:38:11 +0330] "GET /64472650.phtml HTTP/1.1" 200 1837 "https://app.optimyar.com/sitemap-9.xml" "Mozilla/5.0 (Linux; Android 7.0;) AppleWebKit/537.36 (KHTML, like Gecko) Mobile Safari/537.36 (compatible; PetalBot;+https://webmaster.petalsearch.com/site/petalbot)"
57.141.0.35 - - [28/Sep/2025:21:38:39 +0330] "GET /90612874.phtml HTTP/2" 200 4633 "-" "meta-externalagent/1.1 (+https://developers.facebook.com/docs/sharing/webmasters/crawler)"
114.119.143.152 - - [28/Sep/2025:21:39:13 +0330] "GET /91589290.phtml HTTP/1.1" 200 1837 "https://app.optimyar.com/sitemap-8.xml" "Mozilla/5.0 (Linux; Android 7.0;) AppleWebKit/537.36 (KHTML, like Gecko) Mobile Safari/537.36 (compatible; PetalBot;+https://webmaster.petalsearch.com/site/petalbot)"
114.119.145.22 - - [28/Sep/2025:21:40:29 +0330] "GET /85533514.phtml HTTP/1.1" 200 1837 "https://app.optimyar.com/sitemap-1.xml" "Mozilla/5.0 (Linux; Android 7.0;) AppleWebKit/537.36 (KHTML, like Gecko) Mobile Safari/537.36 (compatible; PetalBot;+https://webmaster.petalsearch.com/site/petalbot)"
114.119.145.151 - - [28/Sep/2025:21:41:52 +0330] "GET /70656922.phtml HTTP/1.1" 200 1837 "https://app.optimyar.com/sitemap-9.xml" "Mozilla/5.0 (Linux; Android 7.0;) AppleWebKit/537.36 (KHTML, like Gecko) Mobile Safari/537.36 (compatible; PetalBot;+https://webmaster.petalsearch.com/site/petalbot)"
114.119.143.152 - - [28/Sep/2025:21:43:14 +0330] "GET /69012730.phtml HTTP/1.1" 200 1837 "https://app.optimyar.com/sitemap-2.xml" "Mozilla/5.0 (Linux; Android 7.0;) AppleWebKit/537.36 (KHTML, like Gecko) Mobile Safari/537.36 (compatible; PetalBot;+https://webmaster.petalsearch.com/site/petalbot)"
57.141.0.10 - - [28/Sep/2025:21:43:58 +0330] "GET /92943322.phtml HTTP/2" 200 4633 "-" "meta-externalagent/1.1 (+https://developers.facebook.com/docs/sharing/webmasters/crawler)"
57.141.0.54 - - [28/Sep/2025:21:44:02 +0330] "GET /66314314.phtml HTTP/2" 200 4633 "-" "meta-externalagent/1.1 (+https://developers.facebook.com/docs/sharing/webmasters/crawler)"
114.119.138.32 - - [28/Sep/2025:21:46:11 +0330] "GET /63060442.phtml HTTP/1.1" 200 1837 "https://app.optimyar.com/sitemap-16.xml" "Mozilla/5.0 (Linux; Android 7.0;) AppleWebKit/537.36 (KHTML, like Gecko) Mobile Safari/537.36 (compatible; PetalBot;+https://webmaster.petalsearch.com/site/petalbot)"
57.141.0.21 - - [28/Sep/2025:21:48:10 +0330] "GET /107712490.phtml HTTP/2" 200 4633 "-" "meta-externalagent/1.1 (+https://developers.facebook.com/docs/sharing/webmasters/crawler)"
57.141.0.32 - - [28/Sep/2025:21:31:42 +0330] "GET /49002826.phtml HTTP/2" 200 4633 "-" "meta-externalagent/1.1 (+https://developers.facebook.com/docs/sharing/webmasters/crawler)"
57.141.0.43 - - [28/Sep/2025:21:33:21 +0330] "GET /149324842.phtml HTTP/2" 200 4633 "-" "meta-externalagent/1.1 (+https://developers.facebook.com/docs/sharing/webmasters/crawler)"
57.141.0.31 - - [28/Sep/2025:21:34:22 +0330] "GET /12638314.phtml HTTP/2" 200 4633 "-" "meta-externalagent/1.1 (+https://developers.facebook.com/docs/sharing/webmasters/crawler)"
57.141.0.35 - - [28/Sep/2025:21:34:30 +0330] "GET /15316282.phtml HTTP/2" 200 4633 "-" "meta-externalagent/1.1 (+https://developers.facebook.com/docs/sharing/webmasters/crawler)"
114.119.150.38 - - [28/Sep/2025:21:34:56 +0330] "GET /64719802.phtml HTTP/1.1" 200 1837 "https://app.optimyar.com/sitemap-7.xml" "Mozilla/5.0 (Linux; Android 7.0;) AppleWebKit/537.36 (KHTML, like Gecko) Mobile Safari/537.36 (compatible; PetalBot;+https://webmaster.petalsearch.com/site/petalbot)"
114.119.143.210 - - [28/Sep/2025:21:36:53 +0330] "GET /64674586.phtml HTTP/1.1" 200 1837 "-" "Mozilla/5.0 (Linux; Android 7.0;) AppleWebKit/537.36 (KHTML, like Gecko) Mobile Safari/537.36 (compatible; PetalBot;+https://webmaster.petalsearch.com/site/petalbot)"
57.141.0.51 - - [28/Sep/2025:21:40:48 +0330] "GET /112751194.phtml HTTP/2" 200 4633 "-" "meta-externalagent/1.1 (+https://developers.facebook.com/docs/sharing/webmasters/crawler)"
57.141.0.38 - - [28/Sep/2025:21:42:50 +0330] "GET /55636666.phtml HTTP/2" 200 4633 "-" "meta-externalagent/1.1 (+https://developers.facebook.com/docs/sharing/webmasters/crawler)"
114.119.156.56 - - [28/Sep/2025:21:44:43 +0330] "GET /64196938.phtml HTTP/1.1" 200 1837 "https://app.optimyar.com/sitemap-1.xml" "Mozilla/5.0 (Linux; Android 7.0;) AppleWebKit/537.36 (KHTML, like Gecko) Mobile Safari/537.36 (compatible; PetalBot;+https://webmaster.petalsearch.com/site/petalbot)"
114.119.150.38 - - [28/Sep/2025:21:47:27 +0330] "GET /62027050.phtml HTTP/1.1" 200 1837 "https://app.optimyar.com/sitemap-10.xml" "Mozilla/5.0 (Linux; Android 7.0;) AppleWebKit/537.36 (KHTML, like Gecko) Mobile Safari/537.36 (compatible; PetalBot;+https://webmaster.petalsearch.com/site/petalbot)"
114.119.143.152 - - [28/Sep/2025:21:50:16 +0330] "GET /61399114.phtml HTTP/1.1" 200 1837 "https://app.optimyar.com/sitemap-3.xml" "Mozilla/5.0 (Linux; Android 7.0;) AppleWebKit/537.36 (KHTML, like Gecko) Mobile Safari/537.36 (compatible; PetalBot;+https://webmaster.petalsearch.com/site/petalbot)"
57.141.0.25 - - [28/Sep/2025:21:50:18 +0330] "GET /127397578.phtml HTTP/2" 200 4633 "-" "meta-externalagent/1.1 (+https://developers.facebook.com/docs/sharing/webmasters/crawler)"
114.119.145.22 - - [28/Sep/2025:21:54:24 +0330] "GET /59963818.phtml HTTP/1.1" 200 1837 "https://app.optimyar.com/sitemap-16.xml" "Mozilla/5.0 (Linux; Android 7.0;) AppleWebKit/537.36 (KHTML, like Gecko) Mobile Safari/537.36 (compatible; PetalBot;+https://webmaster.petalsearch.com/site/petalbot)"
57.141.0.19 - - [28/Sep/2025:21:54:26 +0330] "GET /15512314.phtml HTTP/2" 200 4633 "-" "meta-externalagent/1.1 (+https://developers.facebook.com/docs/sharing/webmasters/crawler)"
114.119.143.152 - - [28/Sep/2025:21:58:35 +0330] "GET /59631226.phtml HTTP/1.1" 200 1837 "https://app.optimyar.com/sitemap-4.xml" "Mozilla/5.0 (Linux; Android 7.0;) AppleWebKit/537.36 (KHTML, like Gecko) Mobile Safari/537.36 (compatible; PetalBot;+https://webmaster.petalsearch.com/site/petalbot)"
114.119.156.56 - - [28/Sep/2025:21:59:58 +0330] "GET /59581018.phtml HTTP/1.1" 200 1837 "https://app.optimyar.com/sitemap-16.xml" "Mozilla/5.0 (Linux; Android 7.0;) AppleWebKit/537.36 (KHTML, like Gecko) Mobile Safari/537.36 (compatible; PetalBot;+https://webmaster.petalsearch.com/site/petalbot)"
114.119.150.38 - - [28/Sep/2025:22:02:49 +0330] "GET /58971610.phtml HTTP/1.1" 200 1837 "https://app.optimyar.com/sitemap-6.xml" "Mozilla/5.0 (Linux; Android 7.0;) AppleWebKit/537.36 (KHTML, like Gecko) Mobile Safari/537.36 (compatible; PetalBot;+https://webmaster.petalsearch.com/site/petalbot)"
57.141.0.48 - - [28/Sep/2025:22:04:20 +0330] "GET /49158490.phtml HTTP/2" 200 4633 "-" "meta-externalagent/1.1 (+https://developers.facebook.com/docs/sharing/webmasters/crawler)"
114.119.138.32 - - [28/Sep/2025:21:48:50 +0330] "GET /61615882.phtml HTTP/1.1" 200 1837 "https://app.optimyar.com/sitemap-15.xml" "Mozilla/5.0 (Linux; Android 7.0;) AppleWebKit/537.36 (KHTML, like Gecko) Mobile Safari/537.36 (compatible; PetalBot;+https://webmaster.petalsearch.com/site/petalbot)"
57.141.0.73 - - [28/Sep/2025:21:49:16 +0330] "GET /45283546.phtml HTTP/2" 200 4633 "-" "meta-externalagent/1.1 (+https://developers.facebook.com/docs/sharing/webmasters/crawler)"
57.141.0.61 - - [28/Sep/2025:21:51:17 +0330] "GET /52612234.phtml HTTP/2" 200 4633 "-" "meta-externalagent/1.1 (+https://developers.facebook.com/docs/sharing/webmasters/crawler)"
114.119.150.38 - - [28/Sep/2025:21:51:42 +0330] "GET /60886426.phtml HTTP/1.1" 200 1837 "https://app.optimyar.com/sitemap-4.xml" "Mozilla/5.0 (Linux; Android 7.0;) AppleWebKit/537.36 (KHTML, like Gecko) Mobile Safari/537.36 (compatible; PetalBot;+https://webmaster.petalsearch.com/site/petalbot)"
114.119.150.38 - - [28/Sep/2025:21:53:00 +0330] "GET /60228202.phtml HTTP/1.1" 200 1837 "https://app.optimyar.com/sitemap-3.xml" "Mozilla/5.0 (Linux; Android 7.0;) AppleWebKit/537.36 (KHTML, like Gecko) Mobile Safari/537.36 (compatible; PetalBot;+https://webmaster.petalsearch.com/site/petalbot)"
24.144.88.142 - - [28/Sep/2025:21:54:59 +0330] "GET / HTTP/1.1" 200 4633 "-" "-"
24.144.88.142 - - [28/Sep/2025:21:54:59 +0330] "GET /wp-admin/install.php HTTP/1.1" 200 4633 "-" "-"
24.144.88.142 - - [28/Sep/2025:21:54:59 +0330] "GET /wp-admin/setup-config.php HTTP/1.1" 200 4633 "-" "-"
57.141.0.19 - - [28/Sep/2025:21:55:32 +0330] "GET /23245498.phtml HTTP/2" 200 4633 "-" "meta-externalagent/1.1 (+https://developers.facebook.com/docs/sharing/webmasters/crawler)"
114.119.145.151 - - [28/Sep/2025:21:55:52 +0330] "GET /59883754.phtml HTTP/1.1" 200 1837 "https://app.optimyar.com/sitemap-9.xml" "Mozilla/5.0 (Linux; Android 7.0;) AppleWebKit/537.36 (KHTML, like Gecko) Mobile Safari/537.36 (compatible; PetalBot;+https://webmaster.petalsearch.com/site/petalbot)"
114.119.145.151 - - [28/Sep/2025:21:57:09 +0330] "GET /59832586.phtml HTTP/1.1" 200 1837 "https://app.optimyar.com/sitemap-16.xml" "Mozilla/5.0 (Linux; Android 7.0;) AppleWebKit/537.36 (KHTML, like Gecko) Mobile Safari/537.36 (compatible; PetalBot;+https://webmaster.petalsearch.com/site/petalbot)"
57.141.0.51 - - [28/Sep/2025:21:57:34 +0330] "GET /49126906.phtml HTTP/2" 200 4633 "-" "meta-externalagent/1.1 (+https://developers.facebook.com/docs/sharing/webmasters/crawler)"
57.141.0.41 - - [28/Sep/2025:22:01:01 +0330] "GET /99442666.phtml HTTP/2" 200 4633 "-" "meta-externalagent/1.1 (+https://developers.facebook.com/docs/sharing/webmasters/crawler)"
114.119.143.152 - - [28/Sep/2025:22:01:21 +0330] "GET /59536522.phtml HTTP/1.1" 200 1837 "https://app.optimyar.com/sitemap-9.xml" "Mozilla/5.0 (Linux; Android 7.0;) AppleWebKit/537.36 (KHTML, like Gecko) Mobile Safari/537.36 (compatible; PetalBot;+https://webmaster.petalsearch.com/site/petalbot)"
57.141.0.75 - - [28/Sep/2025:22:03:13 +0330] "GET /53090890.phtml HTTP/2" 200 4633 "-" "meta-externalagent/1.1 (+https://developers.facebook.com/docs/sharing/webmasters/crawler)"
114.119.145.151 - - [28/Sep/2025:22:04:08 +0330] "GET /58255546.phtml HTTP/1.1" 200 1837 "-" "Mozilla/5.0 (Linux; Android 7.0;) AppleWebKit/537.36 (KHTML, like Gecko) Mobile Safari/537.36 (compatible; PetalBot;+https://webmaster.petalsearch.com/site/petalbot)"
114.119.143.152 - - [28/Sep/2025:22:05:32 +0330] "GET /58028554.phtml HTTP/1.1" 200 1837 "https://app.optimyar.com/sitemap-13.xml" "Mozilla/5.0 (Linux; Android 7.0;) AppleWebKit/537.36 (KHTML, like Gecko) Mobile Safari/537.36 (compatible; PetalBot;+https://webmaster.petalsearch.com/site/petalbot)"
114.119.145.22 - - [28/Sep/2025:22:06:55 +0330] "GET /56807626.phtml HTTP/1.1" 200 1837 "https://app.optimyar.com/sitemap-3.xml" "Mozilla/5.0 (Linux; Android 7.0;) AppleWebKit/537.36 (KHTML, like Gecko) Mobile Safari/537.36 (compatible; PetalBot;+https://webmaster.petalsearch.com/site/petalbot)"
114.119.143.210 - - [28/Sep/2025:22:08:20 +0330] "GET /56419834.phtml HTTP/1.1" 200 1837 "https://app.optimyar.com/sitemap-12.xml" "Mozilla/5.0 (Linux; Android 7.0;) AppleWebKit/537.36 (KHTML, like Gecko) Mobile Safari/537.36 (compatible; PetalBot;+https://webmaster.petalsearch.com/site/petalbot)"
114.119.157.156 - - [28/Sep/2025:22:09:47 +0330] "GET /55847770.phtml HTTP/1.1" 200 1837 "https://app.optimyar.com/sitemap-11.xml" "Mozilla/5.0 (Linux; Android 7.0;) AppleWebKit/537.36 (KHTML, like Gecko) Mobile Safari/537.36 (compatible; PetalBot;+https://webmaster.petalsearch.com/site/petalbot)"
114.119.145.22 - - [28/Sep/2025:22:11:06 +0330] "GET /55711210.phtml HTTP/1.1" 200 1837 "https://app.optimyar.com/sitemap-13.xml" "Mozilla/5.0 (Linux; Android 7.0;) AppleWebKit/537.36 (KHTML, like Gecko) Mobile Safari/537.36 (compatible; PetalBot;+https://webmaster.petalsearch.com/site/petalbot)"
114.119.143.152 - - [28/Sep/2025:22:13:52 +0330] "GET /54844090.phtml HTTP/1.1" 200 1837 "https://app.optimyar.com/sitemap-7.xml" "Mozilla/5.0 (Linux; Android 7.0;) AppleWebKit/537.36 (KHTML, like Gecko) Mobile Safari/537.36 (compatible; PetalBot;+https://webmaster.petalsearch.com/site/petalbot)"
57.141.0.23 - - [28/Sep/2025:22:17:29 +0330] "GET /23004682.phtml HTTP/2" 200 4633 "-" "meta-externalagent/1.1 (+https://developers.facebook.com/docs/sharing/webmasters/crawler)"
114.119.143.152 - - [28/Sep/2025:22:19:27 +0330] "GET /54035914.phtml HTTP/1.1" 200 1837 "https://app.optimyar.com/sitemap-15.xml" "Mozilla/5.0 (Linux; Android 7.0;) AppleWebKit/537.36 (KHTML, like Gecko) Mobile Safari/537.36 (compatible; PetalBot;+https://webmaster.petalsearch.com/site/petalbot)"
57.141.0.9 - - [28/Sep/2025:22:20:38 +0330] "GET /45078490.phtml HTTP/2" 200 4633 "-" "meta-externalagent/1.1 (+https://developers.facebook.com/docs/sharing/webmasters/crawler)"
114.119.157.156 - - [28/Sep/2025:22:20:54 +0330] "GET /53898586.phtml HTTP/1.1" 200 1837 "https://app.optimyar.com/sitemap-14.xml" "Mozilla/5.0 (Linux; Android 7.0;) AppleWebKit/537.36 (KHTML, like Gecko) Mobile Safari/537.36 (compatible; PetalBot;+https://webmaster.petalsearch.com/site/petalbot)"
216.244.66.243 - - [28/Sep/2025:22:08:18 +0330] "GET /robots.txt HTTP/1.1" 200 825 "-" "Mozilla/5.0 (compatible; DotBot/1.2; +https://opensiteexplorer.org/dotbot; help@moz.com)"
114.119.156.56 - - [28/Sep/2025:22:12:29 +0330] "GET /55115866.phtml HTTP/1.1" 200 1837 "https://app.optimyar.com/sitemap-3.xml" "Mozilla/5.0 (Linux; Android 7.0;) AppleWebKit/537.36 (KHTML, like Gecko) Mobile Safari/537.36 (compatible; PetalBot;+https://webmaster.petalsearch.com/site/petalbot)"
57.141.0.29 - - [28/Sep/2025:22:15:15 +0330] "GET /6289642.phtml HTTP/2" 200 4633 "-" "meta-externalagent/1.1 (+https://developers.facebook.com/docs/sharing/webmasters/crawler)"
