216.73.216.19 - - [16/Nov/2025:08:18:19 +0330] "GET /robots.txt HTTP/2" 200 121 "-" "Mozilla/5.0 AppleWebKit/537.36 (KHTML, like Gecko; compatible; ClaudeBot/1.0; +claudebot@anthropic.com)"
216.73.216.19 - - [16/Nov/2025:08:28:31 +0330] "GET /robots.txt HTTP/2" 200 121 "http://api.optimyar.com/robots.txt" "Mozilla/5.0 AppleWebKit/537.36 (KHTML, like Gecko; compatible; ClaudeBot/1.0; +claudebot@anthropic.com)"
94.183.116.65 - - [16/Nov/2025:08:54:04 +0330] "GET /sessions/getResourcesForLevel/5fdb68f548b2a674dc30176d HTTP/2" 200 7955 "-" "Mozilla/5.0 (Windows NT 6.1; WOW64) AppleWebKit/537.36 (KHTML, like Gecko) optimyar-app/2022.6.3 Chrome/98.0.4758.141 Electron/17.4.7 Safari/537.36"
94.183.116.65 - - [16/Nov/2025:08:54:25 +0330] "POST /user-playbacks/refreshPlayback HTTP/2" 200 93 "-" "Mozilla/5.0 (Windows NT 6.1; WOW64) AppleWebKit/537.36 (KHTML, like Gecko) optimyar-app/2022.6.3 Chrome/98.0.4758.141 Electron/17.4.7 Safari/537.36"
5.114.17.24 - - [16/Nov/2025:09:21:25 +0330] "GET /companies?version=2022.06.03 HTTP/1.1" 200 700 "-" "Mozilla/5.0 (Windows NT 10.0; WOW64) AppleWebKit/537.36 (KHTML, like Gecko) optimyar-app/2022.6.3 Chrome/98.0.4758.141 Electron/17.4.7 Safari/537.36"
5.114.17.24 - - [16/Nov/2025:09:21:25 +0330] "GET /user-courses?isConfirm=true&_sort=buyDate:DESC&version=2022.06.03 HTTP/1.1" 200 1350 "-" "Mozilla/5.0 (Windows NT 10.0; WOW64) AppleWebKit/537.36 (KHTML, like Gecko) optimyar-app/2022.6.3 Chrome/98.0.4758.141 Electron/17.4.7 Safari/537.36"
5.114.17.24 - - [16/Nov/2025:09:21:25 +0330] "GET /user-courses/isCourseLive/690734aa5964fbfe9e194598 HTTP/1.1" 200 61 "-" "Mozilla/5.0 (Windows NT 10.0; WOW64) AppleWebKit/537.36 (KHTML, like Gecko) optimyar-app/2022.6.3 Chrome/98.0.4758.141 Electron/17.4.7 Safari/537.36"
5.114.17.24 - - [16/Nov/2025:09:21:25 +0330] "GET /user-courses/isCourseLive/68e1a6d31fd0cc82fb4fcb79 HTTP/1.1" 200 61 "-" "Mozilla/5.0 (Windows NT 10.0; WOW64) AppleWebKit/537.36 (KHTML, like Gecko) optimyar-app/2022.6.3 Chrome/98.0.4758.141 Electron/17.4.7 Safari/537.36"
5.114.17.24 - - [16/Nov/2025:09:21:25 +0330] "GET /user-courses/isCourseLive/68e1a65d1fd0cc82fb4fcb78 HTTP/1.1" 200 61 "-" "Mozilla/5.0 (Windows NT 10.0; WOW64) AppleWebKit/537.36 (KHTML, like Gecko) optimyar-app/2022.6.3 Chrome/98.0.4758.141 Electron/17.4.7 Safari/537.36"
5.114.17.24 - - [16/Nov/2025:09:21:27 +0330] "GET /sessions/getResourcesForLevel/6372967d239d8d854379a8c1 HTTP/1.1" 200 1636 "-" "Mozilla/5.0 (Windows NT 10.0; WOW64) AppleWebKit/537.36 (KHTML, like Gecko) optimyar-app/2022.6.3 Chrome/98.0.4758.141 Electron/17.4.7 Safari/537.36"
5.114.17.24 - - [16/Nov/2025:09:21:33 +0330] "POST /user-playbacks/refreshPlayback HTTP/1.1" 200 94 "-" "Mozilla/5.0 (Windows NT 10.0; WOW64) AppleWebKit/537.36 (KHTML, like Gecko) optimyar-app/2022.6.3 Chrome/98.0.4758.141 Electron/17.4.7 Safari/537.36"
185.21.76.138 - - [16/Nov/2025:09:32:36 +0330] "GET /companies?version=2022.06.03 HTTP/1.1" 200 700 "-" "Mozilla/5.0 (Windows NT 10.0; WOW64) AppleWebKit/537.36 (KHTML, like Gecko) optimyar-app/2022.6.3 Chrome/98.0.4758.141 Electron/17.4.7 Safari/537.36"
185.21.76.138 - - [16/Nov/2025:09:32:36 +0330] "GET /user-courses?isConfirm=true&_sort=buyDate:DESC&version=2022.06.03 HTTP/1.1" 200 1948 "-" "Mozilla/5.0 (Windows NT 10.0; WOW64) AppleWebKit/537.36 (KHTML, like Gecko) optimyar-app/2022.6.3 Chrome/98.0.4758.141 Electron/17.4.7 Safari/537.36"
185.21.76.138 - - [16/Nov/2025:09:32:37 +0330] "GET /user-courses/isCourseLive/68ecaf7d1fd0cc82fb4fd011 HTTP/1.1" 200 61 "-" "Mozilla/5.0 (Windows NT 10.0; WOW64) AppleWebKit/537.36 (KHTML, like Gecko) optimyar-app/2022.6.3 Chrome/98.0.4758.141 Electron/17.4.7 Safari/537.36"
185.21.76.138 - - [16/Nov/2025:09:32:37 +0330] "GET /user-courses/isCourseLive/673e23c95f6bd494337a117a HTTP/1.1" 200 61 "-" "Mozilla/5.0 (Windows NT 10.0; WOW64) AppleWebKit/537.36 (KHTML, like Gecko) optimyar-app/2022.6.3 Chrome/98.0.4758.141 Electron/17.4.7 Safari/537.36"
185.21.76.138 - - [16/Nov/2025:09:32:37 +0330] "GET /user-courses/isCourseLive/673e23c95f6bd494337a117a HTTP/1.1" 200 61 "-" "Mozilla/5.0 (Windows NT 10.0; WOW64) AppleWebKit/537.36 (KHTML, like Gecko) optimyar-app/2022.6.3 Chrome/98.0.4758.141 Electron/17.4.7 Safari/537.36"
185.21.76.138 - - [16/Nov/2025:09:32:37 +0330] "GET /user-courses/isCourseLive/673e23c95f6bd494337a117a HTTP/1.1" 200 61 "-" "Mozilla/5.0 (Windows NT 10.0; WOW64) AppleWebKit/537.36 (KHTML, like Gecko) optimyar-app/2022.6.3 Chrome/98.0.4758.141 Electron/17.4.7 Safari/537.36"
185.21.76.138 - - [16/Nov/2025:09:32:37 +0330] "GET /user-courses/isCourseLive/673e23c95f6bd494337a117a HTTP/1.1" 200 61 "-" "Mozilla/5.0 (Windows NT 10.0; WOW64) AppleWebKit/537.36 (KHTML, like Gecko) optimyar-app/2022.6.3 Chrome/98.0.4758.141 Electron/17.4.7 Safari/537.36"
185.21.76.138 - - [16/Nov/2025:09:32:37 +0330] "GET /user-courses/isCourseLive/673e23c95f6bd494337a117a HTTP/1.1" 200 61 "-" "Mozilla/5.0 (Windows NT 10.0; WOW64) AppleWebKit/537.36 (KHTML, like Gecko) optimyar-app/2022.6.3 Chrome/98.0.4758.141 Electron/17.4.7 Safari/537.36"
185.21.76.138 - - [16/Nov/2025:09:36:20 +0330] "GET /sessions/getResourcesForLevel/68ecaefd1fd0cc82fb4fd010 HTTP/1.1" 200 944 "-" "Mozilla/5.0 (Windows NT 10.0; WOW64) AppleWebKit/537.36 (KHTML, like Gecko) optimyar-app/2022.6.3 Chrome/98.0.4758.141 Electron/17.4.7 Safari/537.36"
185.21.76.138 - - [16/Nov/2025:09:36:23 +0330] "POST /user-playbacks/refreshPlayback HTTP/1.1" 200 93 "-" "Mozilla/5.0 (Windows NT 10.0; WOW64) AppleWebKit/537.36 (KHTML, like Gecko) optimyar-app/2022.6.3 Chrome/98.0.4758.141 Electron/17.4.7 Safari/537.36"
5.114.17.24 - - [16/Nov/2025:10:01:40 +0330] "GET /sessions/getResourcesForLevel/6372967d239d8d854379a8c1 HTTP/1.1" 200 1636 "-" "Mozilla/5.0 (Windows NT 10.0; WOW64) AppleWebKit/537.36 (KHTML, like Gecko) optimyar-app/2022.6.3 Chrome/98.0.4758.141 Electron/17.4.7 Safari/537.36"
46.164.116.177 - - [16/Nov/2025:10:07:36 +0330] "GET /companies?version=2022.06.03 HTTP/1.1" 200 700 "-" "Mozilla/5.0 (Windows NT 10.0; WOW64) AppleWebKit/537.36 (KHTML, like Gecko) optimyar-app/2022.6.3 Chrome/98.0.4758.141 Electron/17.4.7 Safari/537.36"
46.164.116.177 - - [16/Nov/2025:10:07:36 +0330] "GET /user-courses?isConfirm=true&_sort=buyDate:DESC&version=2022.06.03 HTTP/1.1" 200 2144 "-" "Mozilla/5.0 (Windows NT 10.0; WOW64) AppleWebKit/537.36 (KHTML, like Gecko) optimyar-app/2022.6.3 Chrome/98.0.4758.141 Electron/17.4.7 Safari/537.36"
46.164.116.177 - - [16/Nov/2025:10:07:37 +0330] "GET /user-courses/isCourseLive/667aee96b282b351e5563042 HTTP/1.1" 200 61 "-" "Mozilla/5.0 (Windows NT 10.0; WOW64) AppleWebKit/537.36 (KHTML, like Gecko) optimyar-app/2022.6.3 Chrome/98.0.4758.141 Electron/17.4.7 Safari/537.36"
46.164.116.177 - - [16/Nov/2025:10:07:37 +0330] "GET /user-courses/isCourseLive/67d7d1bfd07d6a70badfa2c7 HTTP/1.1" 200 61 "-" "Mozilla/5.0 (Windows NT 10.0; WOW64) AppleWebKit/537.36 (KHTML, like Gecko) optimyar-app/2022.6.3 Chrome/98.0.4758.141 Electron/17.4.7 Safari/537.36"
46.164.116.177 - - [16/Nov/2025:10:07:37 +0330] "GET /user-courses/isCourseLive/677515e067c3d0f873398069 HTTP/1.1" 200 61 "-" "Mozilla/5.0 (Windows NT 10.0; WOW64) AppleWebKit/537.36 (KHTML, like Gecko) optimyar-app/2022.6.3 Chrome/98.0.4758.141 Electron/17.4.7 Safari/537.36"
46.164.116.177 - - [16/Nov/2025:10:07:37 +0330] "GET /user-courses/isCourseLive/677515e067c3d0f873398069 HTTP/1.1" 200 61 "-" "Mozilla/5.0 (Windows NT 10.0; WOW64) AppleWebKit/537.36 (KHTML, like Gecko) optimyar-app/2022.6.3 Chrome/98.0.4758.141 Electron/17.4.7 Safari/537.36"
46.164.116.177 - - [16/Nov/2025:10:07:56 +0330] "GET /sessions/getResourcesForLevel/63652b26efbcaebe16d59aba HTTP/1.1" 200 1155 "-" "Mozilla/5.0 (Windows NT 10.0; WOW64) AppleWebKit/537.36 (KHTML, like Gecko) optimyar-app/2022.6.3 Chrome/98.0.4758.141 Electron/17.4.7 Safari/537.36"
46.164.116.177 - - [16/Nov/2025:10:07:59 +0330] "GET /user-courses?isConfirm=true&_sort=buyDate:DESC&version=2022.06.03 HTTP/1.1" 200 2144 "-" "Mozilla/5.0 (Windows NT 10.0; WOW64) AppleWebKit/537.36 (KHTML, like Gecko) optimyar-app/2022.6.3 Chrome/98.0.4758.141 Electron/17.4.7 Safari/537.36"
46.164.116.177 - - [16/Nov/2025:10:07:59 +0330] "GET /user-courses/isCourseLive/67d7d1bfd07d6a70badfa2c7 HTTP/1.1" 200 61 "-" "Mozilla/5.0 (Windows NT 10.0; WOW64) AppleWebKit/537.36 (KHTML, like Gecko) optimyar-app/2022.6.3 Chrome/98.0.4758.141 Electron/17.4.7 Safari/537.36"
46.164.116.177 - - [16/Nov/2025:10:07:59 +0330] "GET /user-courses/isCourseLive/667aee96b282b351e5563042 HTTP/1.1" 200 61 "-" "Mozilla/5.0 (Windows NT 10.0; WOW64) AppleWebKit/537.36 (KHTML, like Gecko) optimyar-app/2022.6.3 Chrome/98.0.4758.141 Electron/17.4.7 Safari/537.36"
46.164.116.177 - - [16/Nov/2025:10:07:59 +0330] "GET /user-courses/isCourseLive/677515e067c3d0f873398069 HTTP/1.1" 200 61 "-" "Mozilla/5.0 (Windows NT 10.0; WOW64) AppleWebKit/537.36 (KHTML, like Gecko) optimyar-app/2022.6.3 Chrome/98.0.4758.141 Electron/17.4.7 Safari/537.36"
46.164.116.177 - - [16/Nov/2025:10:07:59 +0330] "GET /user-courses/isCourseLive/677515e067c3d0f873398069 HTTP/1.1" 200 61 "-" "Mozilla/5.0 (Windows NT 10.0; WOW64) AppleWebKit/537.36 (KHTML, like Gecko) optimyar-app/2022.6.3 Chrome/98.0.4758.141 Electron/17.4.7 Safari/537.36"
46.164.116.177 - - [16/Nov/2025:10:08:05 +0330] "GET /sessions/getResourcesForLevel/63b93d4aad57ce768c6997ea HTTP/1.1" 200 1418 "-" "Mozilla/5.0 (Windows NT 10.0; WOW64) AppleWebKit/537.36 (KHTML, like Gecko) optimyar-app/2022.6.3 Chrome/98.0.4758.141 Electron/17.4.7 Safari/537.36"
46.164.116.177 - - [16/Nov/2025:10:08:08 +0330] "GET /user-courses?isConfirm=true&_sort=buyDate:DESC&version=2022.06.03 HTTP/1.1" 200 2144 "-" "Mozilla/5.0 (Windows NT 10.0; WOW64) AppleWebKit/537.36 (KHTML, like Gecko) optimyar-app/2022.6.3 Chrome/98.0.4758.141 Electron/17.4.7 Safari/537.36"
46.164.116.177 - - [16/Nov/2025:10:08:08 +0330] "GET /user-courses/isCourseLive/67d7d1bfd07d6a70badfa2c7 HTTP/1.1" 200 61 "-" "Mozilla/5.0 (Windows NT 10.0; WOW64) AppleWebKit/537.36 (KHTML, like Gecko) optimyar-app/2022.6.3 Chrome/98.0.4758.141 Electron/17.4.7 Safari/537.36"
46.164.116.177 - - [16/Nov/2025:10:08:08 +0330] "GET /user-courses/isCourseLive/667aee96b282b351e5563042 HTTP/1.1" 200 61 "-" "Mozilla/5.0 (Windows NT 10.0; WOW64) AppleWebKit/537.36 (KHTML, like Gecko) optimyar-app/2022.6.3 Chrome/98.0.4758.141 Electron/17.4.7 Safari/537.36"
46.164.116.177 - - [16/Nov/2025:10:08:08 +0330] "GET /user-courses/isCourseLive/677515e067c3d0f873398069 HTTP/1.1" 200 61 "-" "Mozilla/5.0 (Windows NT 10.0; WOW64) AppleWebKit/537.36 (KHTML, like Gecko) optimyar-app/2022.6.3 Chrome/98.0.4758.141 Electron/17.4.7 Safari/537.36"
46.164.116.177 - - [16/Nov/2025:10:08:09 +0330] "GET /user-courses/isCourseLive/677515e067c3d0f873398069 HTTP/1.1" 200 61 "-" "Mozilla/5.0 (Windows NT 10.0; WOW64) AppleWebKit/537.36 (KHTML, like Gecko) optimyar-app/2022.6.3 Chrome/98.0.4758.141 Electron/17.4.7 Safari/537.36"
46.164.116.177 - - [16/Nov/2025:10:08:11 +0330] "GET /sessions/getResourcesForLevel/5fdb68f548b2a674dc30176d HTTP/1.1" 200 8018 "-" "Mozilla/5.0 (Windows NT 10.0; WOW64) AppleWebKit/537.36 (KHTML, like Gecko) optimyar-app/2022.6.3 Chrome/98.0.4758.141 Electron/17.4.7 Safari/537.36"
46.164.116.177 - - [16/Nov/2025:10:08:56 +0330] "GET /sessions/getResourcesForLevel/5fdb68f548b2a674dc30176d HTTP/1.1" 200 7946 "-" "Mozilla/5.0 (Windows NT 10.0; WOW64) AppleWebKit/537.36 (KHTML, like Gecko) optimyar-app/2022.6.3 Chrome/98.0.4758.141 Electron/17.4.7 Safari/537.36"
216.73.216.19 - - [16/Nov/2025:10:06:40 +0330] "GET /robots.txt HTTP/2" 200 121 "http://api.optimyar.com/robots.txt" "Mozilla/5.0 AppleWebKit/537.36 (KHTML, like Gecko; compatible; ClaudeBot/1.0; +claudebot@anthropic.com)"
46.164.116.177 - - [16/Nov/2025:10:07:21 +0330] "GET /companies?version=2022.06.03 HTTP/1.1" 200 700 "-" "Mozilla/5.0 (Windows NT 10.0; WOW64) AppleWebKit/537.36 (KHTML, like Gecko) optimyar-app/2022.6.3 Chrome/98.0.4758.141 Electron/17.4.7 Safari/537.36"
46.164.116.177 - - [16/Nov/2025:10:07:21 +0330] "GET /captchas/make?version=2022.06.03 HTTP/1.1" 200 4958 "-" "Mozilla/5.0 (Windows NT 10.0; WOW64) AppleWebKit/537.36 (KHTML, like Gecko) optimyar-app/2022.6.3 Chrome/98.0.4758.141 Electron/17.4.7 Safari/537.36"
46.164.116.177 - - [16/Nov/2025:10:07:21 +0330] "GET /uploads/minilogo7_fd0c99920b.png HTTP/1.1" 200 25203 "-" "Mozilla/5.0 (Windows NT 10.0; WOW64) AppleWebKit/537.36 (KHTML, like Gecko) optimyar-app/2022.6.3 Chrome/98.0.4758.141 Electron/17.4.7 Safari/537.36"
46.164.116.177 - - [16/Nov/2025:10:07:29 +0330] "POST /auth/local HTTP/1.1" 200 301 "-" "Mozilla/5.0 (Windows NT 10.0; WOW64) AppleWebKit/537.36 (KHTML, like Gecko) optimyar-app/2022.6.3 Chrome/98.0.4758.141 Electron/17.4.7 Safari/537.36"
46.164.116.177 - - [16/Nov/2025:10:07:29 +0330] "GET /user-sessions/c0:35:32:3e:64:03 HTTP/1.1" 200 5 "-" "Mozilla/5.0 (Windows NT 10.0; WOW64) AppleWebKit/537.36 (KHTML, like Gecko) optimyar-app/2022.6.3 Chrome/98.0.4758.141 Electron/17.4.7 Safari/537.36"
46.164.116.177 - - [16/Nov/2025:10:07:29 +0330] "POST /user-sessions HTTP/1.1" 400 109 "-" "Mozilla/5.0 (Windows NT 10.0; WOW64) AppleWebKit/537.36 (KHTML, like Gecko) optimyar-app/2022.6.3 Chrome/98.0.4758.141 Electron/17.4.7 Safari/537.36"
52.167.144.191 - - [16/Nov/2025:10:08:03 +0330] "GET /companies?version=3000.99 HTTP/2" 200 700 "-" "Mozilla/5.0 AppleWebKit/537.36 (KHTML, like Gecko; compatible; bingbot/2.0; +http://www.bing.com/bingbot.htm) Chrome/116.0.1938.76 Safari/537.36"
94.183.116.65 - - [16/Nov/2025:11:01:56 +0330] "GET /sessions/getResourcesForLevel/5fdb68f548b2a674dc30176d HTTP/2" 200 7946 "-" "Mozilla/5.0 (Windows NT 6.1; WOW64) AppleWebKit/537.36 (KHTML, like Gecko) optimyar-app/2022.6.3 Chrome/98.0.4758.141 Electron/17.4.7 Safari/537.36"
188.75.126.34 - - [16/Nov/2025:11:40:29 +0330] "GET /sessions/getResourcesForLevel/636cfbdb239d8d854379a5a3 HTTP/2" 200 1421 "-" "Mozilla/5.0 (Windows NT 10.0; WOW64) AppleWebKit/537.36 (KHTML, like Gecko) optimyar-app/2022.6.3 Chrome/98.0.4758.141 Electron/17.4.7 Safari/537.36"
188.75.126.34 - - [16/Nov/2025:11:40:33 +0330] "POST /user-playbacks/refreshPlayback HTTP/2" 200 93 "-" "Mozilla/5.0 (Windows NT 10.0; WOW64) AppleWebKit/537.36 (KHTML, like Gecko) optimyar-app/2022.6.3 Chrome/98.0.4758.141 Electron/17.4.7 Safari/537.36"
45.148.10.152 - - [16/Nov/2025:12:07:31 +0330] "GET /.git/config HTTP/1.1" 403 787 "-" "Mozilla/5.0 (Macintosh; U; Intel Mac OS X 10_6_8; es-es) AppleWebKit/533.21.1 (KHTML, like Gecko) Version/5.0.5 Safari/533.21.1"
216.73.216.19 - - [16/Nov/2025:12:39:42 +0330] "GET /robots.txt HTTP/2" 200 121 "http://api.optimyar.com/robots.txt" "Mozilla/5.0 AppleWebKit/537.36 (KHTML, like Gecko; compatible; ClaudeBot/1.0; +claudebot@anthropic.com)"
115.231.78.8 - - [16/Nov/2025:12:56:40 +0330] "GET / HTTP/1.1" 200 3549 "-" "Mozilla/5.0 (Windows NT 6.1) AppleWebKit/537.36 (KHTML, like Gecko) Chrome/71.0.2623.112 Safari/537.36"
115.231.78.8 - - [16/Nov/2025:12:56:50 +0330] "GET / HTTP/1.1" 200 1545 "-" "Mozilla/5.0 (Windows NT 6.1; WOW64) AppleWebKit/537.36 (KHTML, like Gecko) Chrome/63.0.3239.132 Safari/537.36 QIHU 360SE"
115.231.78.8 - - [16/Nov/2025:12:56:52 +0330] "GET /favicon.ico HTTP/1.1" 200 463 "-" "Mozilla/5.0 (Windows NT 6.1; WOW64) AppleWebKit/537.36 (KHTML, like Gecko) Chrome/63.0.3239.132 Safari/537.36 QIHU 360SE"
115.231.78.8 - - [16/Nov/2025:12:56:54 +0330] "GET /robots.txt HTTP/1.1" 200 121 "-" "Mozilla/5.0 (Windows NT 6.1; WOW64) AppleWebKit/537.36 (KHTML, like Gecko) Chrome/63.0.3239.132 Safari/537.36 QIHU 360SE"
115.231.78.8 - - [16/Nov/2025:12:57:26 +0330] "GET / HTTP/1.1" 200 1545 "http://31.214.174.197:80" "Mozilla/5.0 (Windows NT 6.1; WOW64) AppleWebKit/537.36 (KHTML, like Gecko) Chrome/63.0.3239.132 Safari/537.36 QIHU 360SE"
115.231.78.8 - - [16/Nov/2025:12:57:30 +0330] "GET /favicon.ico HTTP/1.1" 200 463 "http://31.214.174.197:80/favicon.ico" "Mozilla/5.0 (Windows NT 6.1; WOW64) AppleWebKit/537.36 (KHTML, like Gecko) Chrome/63.0.3239.132 Safari/537.36 QIHU 360SE"
115.231.78.8 - - [16/Nov/2025:12:57:31 +0330] "GET / HTTP/1.1" 200 1545 "-" "Mozilla/5.0 (Windows NT 6.1; WOW64) AppleWebKit/537.36 (KHTML, like Gecko) Chrome/63.0.3239.132 Safari/537.36 QIHU 360SE"
151.238.88.213 - - [16/Nov/2025:14:15:13 +0330] "GET /user-courses?isConfirm=true&_sort=buyDate:DESC&version=2022.06.03 HTTP/1.1" 401 68 "-" "Mozilla/5.0 (Windows NT 10.0; WOW64) AppleWebKit/537.36 (KHTML, like Gecko) optimyar-app/2022.6.3 Chrome/98.0.4758.141 Electron/17.4.7 Safari/537.36"
151.238.88.213 - - [16/Nov/2025:14:15:13 +0330] "GET /companies?version=2022.06.03 HTTP/1.1" 200 700 "-" "Mozilla/5.0 (Windows NT 10.0; WOW64) AppleWebKit/537.36 (KHTML, like Gecko) optimyar-app/2022.6.3 Chrome/98.0.4758.141 Electron/17.4.7 Safari/537.36"
5.237.14.126 - - [16/Nov/2025:14:38:28 +0330] "GET /companies?version=2022.06.03 HTTP/1.1" 200 700 "-" "Mozilla/5.0 (Windows NT 10.0; WOW64) AppleWebKit/537.36 (KHTML, like Gecko) optimyar-app/2022.6.3 Chrome/98.0.4758.141 Electron/17.4.7 Safari/537.36"
5.237.14.126 - - [16/Nov/2025:14:38:28 +0330] "GET /captchas/make?version=2022.06.03 HTTP/1.1" 200 5513 "-" "Mozilla/5.0 (Windows NT 10.0; WOW64) AppleWebKit/537.36 (KHTML, like Gecko) optimyar-app/2022.6.3 Chrome/98.0.4758.141 Electron/17.4.7 Safari/537.36"
5.237.14.126 - - [16/Nov/2025:14:38:28 +0330] "GET /uploads/minilogo7_fd0c99920b.png HTTP/1.1" 200 25203 "-" "Mozilla/5.0 (Windows NT 10.0; WOW64) AppleWebKit/537.36 (KHTML, like Gecko) optimyar-app/2022.6.3 Chrome/98.0.4758.141 Electron/17.4.7 Safari/537.36"
5.237.14.126 - - [16/Nov/2025:14:39:04 +0330] "POST /auth/local HTTP/1.1" 200 276 "-" "Mozilla/5.0 (Windows NT 10.0; WOW64) AppleWebKit/537.36 (KHTML, like Gecko) optimyar-app/2022.6.3 Chrome/98.0.4758.141 Electron/17.4.7 Safari/537.36"
5.237.14.126 - - [16/Nov/2025:14:39:04 +0330] "GET /user-sessions/cc:15:31:6d:45:ca HTTP/1.1" 200 454 "-" "Mozilla/5.0 (Windows NT 10.0; WOW64) AppleWebKit/537.36 (KHTML, like Gecko) optimyar-app/2022.6.3 Chrome/98.0.4758.141 Electron/17.4.7 Safari/537.36"
5.237.14.126 - - [16/Nov/2025:14:39:04 +0330] "GET /user-courses?isConfirm=true&_sort=buyDate:DESC&version=2022.06.03 HTTP/1.1" 200 3884 "-" "Mozilla/5.0 (Windows NT 10.0; WOW64) AppleWebKit/537.36 (KHTML, like Gecko) optimyar-app/2022.6.3 Chrome/98.0.4758.141 Electron/17.4.7 Safari/537.36"
5.237.14.126 - - [16/Nov/2025:14:39:04 +0330] "GET /user-courses/isCourseLive/67b19f50de62e0fcfe23bb35 HTTP/1.1" 200 61 "-" "Mozilla/5.0 (Windows NT 10.0; WOW64) AppleWebKit/537.36 (KHTML, like Gecko) optimyar-app/2022.6.3 Chrome/98.0.4758.141 Electron/17.4.7 Safari/537.36"
5.237.14.126 - - [16/Nov/2025:14:39:04 +0330] "GET /user-courses/isCourseLive/67eba8a0d5511fd801236fb5 HTTP/1.1" 200 61 "-" "Mozilla/5.0 (Windows NT 10.0; WOW64) AppleWebKit/537.36 (KHTML, like Gecko) optimyar-app/2022.6.3 Chrome/98.0.4758.141 Electron/17.4.7 Safari/537.36"
5.237.14.126 - - [16/Nov/2025:14:39:04 +0330] "GET /user-courses/isCourseLive/67e135aed5511fd801236a3d HTTP/1.1" 200 61 "-" "Mozilla/5.0 (Windows NT 10.0; WOW64) AppleWebKit/537.36 (KHTML, like Gecko) optimyar-app/2022.6.3 Chrome/98.0.4758.141 Electron/17.4.7 Safari/537.36"
5.237.14.126 - - [16/Nov/2025:14:39:04 +0330] "GET /user-courses/isCourseLive/67e13b72d5511fd801236a4b HTTP/1.1" 200 61 "-" "Mozilla/5.0 (Windows NT 10.0; WOW64) AppleWebKit/537.36 (KHTML, like Gecko) optimyar-app/2022.6.3 Chrome/98.0.4758.141 Electron/17.4.7 Safari/537.36"
5.237.14.126 - - [16/Nov/2025:14:39:04 +0330] "GET /user-courses/isCourseLive/6650b71118be2e65db7fd636 HTTP/1.1" 200 61 "-" "Mozilla/5.0 (Windows NT 10.0; WOW64) AppleWebKit/537.36 (KHTML, like Gecko) optimyar-app/2022.6.3 Chrome/98.0.4758.141 Electron/17.4.7 Safari/537.36"
5.237.14.126 - - [16/Nov/2025:14:39:04 +0330] "GET /user-courses/isCourseLive/68c6e1359874d280c6f405da HTTP/1.1" 200 61 "-" "Mozilla/5.0 (Windows NT 10.0; WOW64) AppleWebKit/537.36 (KHTML, like Gecko) optimyar-app/2022.6.3 Chrome/98.0.4758.141 Electron/17.4.7 Safari/537.36"
5.237.14.126 - - [16/Nov/2025:14:39:04 +0330] "GET /user-courses/isCourseLive/67e1393ed5511fd801236a47 HTTP/1.1" 200 61 "-" "Mozilla/5.0 (Windows NT 10.0; WOW64) AppleWebKit/537.36 (KHTML, like Gecko) optimyar-app/2022.6.3 Chrome/98.0.4758.141 Electron/17.4.7 Safari/537.36"
5.237.14.126 - - [16/Nov/2025:14:39:04 +0330] "GET /user-courses/isCourseLive/68909cb4a596cbeb035e1be6 HTTP/1.1" 200 61 "-" "Mozilla/5.0 (Windows NT 10.0; WOW64) AppleWebKit/537.36 (KHTML, like Gecko) optimyar-app/2022.6.3 Chrome/98.0.4758.141 Electron/17.4.7 Safari/537.36"
5.237.14.126 - - [16/Nov/2025:14:39:04 +0330] "GET /user-courses/isCourseLive/6859413874ef7667cf484f43 HTTP/1.1" 200 61 "-" "Mozilla/5.0 (Windows NT 10.0; WOW64) AppleWebKit/537.36 (KHTML, like Gecko) optimyar-app/2022.6.3 Chrome/98.0.4758.141 Electron/17.4.7 Safari/537.36"
5.237.14.126 - - [16/Nov/2025:14:39:08 +0330] "GET /sessions/getResourcesForLevel/6376762655be478e44096c2e HTTP/1.1" 200 1357 "-" "Mozilla/5.0 (Windows NT 10.0; WOW64) AppleWebKit/537.36 (KHTML, like Gecko) optimyar-app/2022.6.3 Chrome/98.0.4758.141 Electron/17.4.7 Safari/537.36"
5.237.14.126 - - [16/Nov/2025:14:39:15 +0330] "POST /user-playbacks/refreshPlayback HTTP/1.1" 200 93 "-" "Mozilla/5.0 (Windows NT 10.0; WOW64) AppleWebKit/537.36 (KHTML, like Gecko) optimyar-app/2022.6.3 Chrome/98.0.4758.141 Electron/17.4.7 Safari/537.36"
5.237.14.126 - - [16/Nov/2025:14:39:19 +0330] "GET /sessions/getResourcesForLevel/6376762655be478e44096c2e HTTP/1.1" 200 1357 "-" "Mozilla/5.0 (Windows NT 10.0; WOW64) AppleWebKit/537.36 (KHTML, like Gecko) optimyar-app/2022.6.3 Chrome/98.0.4758.141 Electron/17.4.7 Safari/537.36"
5.237.14.126 - - [16/Nov/2025:14:39:29 +0330] "POST /user-playbacks/refreshPlayback HTTP/1.1" 200 93 "-" "Mozilla/5.0 (Windows NT 10.0; WOW64) AppleWebKit/537.36 (KHTML, like Gecko) optimyar-app/2022.6.3 Chrome/98.0.4758.141 Electron/17.4.7 Safari/537.36"
216.73.216.19 - - [16/Nov/2025:14:38:07 +0330] "GET /robots.txt HTTP/2" 200 121 "http://api.optimyar.com/robots.txt" "Mozilla/5.0 AppleWebKit/537.36 (KHTML, like Gecko; compatible; ClaudeBot/1.0; +claudebot@anthropic.com)"
94.183.116.65 - - [16/Nov/2025:14:55:50 +0330] "GET /companies?version=2022.06.03 HTTP/2" 200 700 "-" "Mozilla/5.0 (Windows NT 6.1; WOW64) AppleWebKit/537.36 (KHTML, like Gecko) optimyar-app/2022.6.3 Chrome/98.0.4758.141 Electron/17.4.7 Safari/537.36"
94.183.116.65 - - [16/Nov/2025:14:55:50 +0330] "GET /user-courses?isConfirm=true&_sort=buyDate:DESC&version=2022.06.03 HTTP/2" 200 2927 "-" "Mozilla/5.0 (Windows NT 6.1; WOW64) AppleWebKit/537.36 (KHTML, like Gecko) optimyar-app/2022.6.3 Chrome/98.0.4758.141 Electron/17.4.7 Safari/537.36"
94.183.116.65 - - [16/Nov/2025:14:55:52 +0330] "GET /user-courses/isCourseLive/67dceba4d5511fd80123664a HTTP/2" 200 61 "-" "Mozilla/5.0 (Windows NT 6.1; WOW64) AppleWebKit/537.36 (KHTML, like Gecko) optimyar-app/2022.6.3 Chrome/98.0.4758.141 Electron/17.4.7 Safari/537.36"
94.183.116.65 - - [16/Nov/2025:14:55:52 +0330] "GET /user-courses/isCourseLive/67dcedbbd5511fd80123664d HTTP/2" 200 61 "-" "Mozilla/5.0 (Windows NT 6.1; WOW64) AppleWebKit/537.36 (KHTML, like Gecko) optimyar-app/2022.6.3 Chrome/98.0.4758.141 Electron/17.4.7 Safari/537.36"
94.183.116.65 - - [16/Nov/2025:14:55:52 +0330] "GET /user-courses/isCourseLive/67dcec6cd5511fd80123664b HTTP/2" 200 61 "-" "Mozilla/5.0 (Windows NT 6.1; WOW64) AppleWebKit/537.36 (KHTML, like Gecko) optimyar-app/2022.6.3 Chrome/98.0.4758.141 Electron/17.4.7 Safari/537.36"
94.183.116.65 - - [16/Nov/2025:14:55:52 +0330] "GET /user-courses/isCourseLive/65fc593f531c205dd6d60066 HTTP/2" 200 61 "-" "Mozilla/5.0 (Windows NT 6.1; WOW64) AppleWebKit/537.36 (KHTML, like Gecko) optimyar-app/2022.6.3 Chrome/98.0.4758.141 Electron/17.4.7 Safari/537.36"
94.183.116.65 - - [16/Nov/2025:14:55:52 +0330] "GET /user-courses/isCourseLive/663b908918be2e65db7fcfe6 HTTP/2" 200 61 "-" "Mozilla/5.0 (Windows NT 6.1; WOW64) AppleWebKit/537.36 (KHTML, like Gecko) optimyar-app/2022.6.3 Chrome/98.0.4758.141 Electron/17.4.7 Safari/537.36"
94.183.116.65 - - [16/Nov/2025:15:00:10 +0330] "GET /sessions/getResourcesForLevel/5fdb68f548b2a674dc30176d HTTP/2" 200 7946 "-" "Mozilla/5.0 (Windows NT 6.1; WOW64) AppleWebKit/537.36 (KHTML, like Gecko) optimyar-app/2022.6.3 Chrome/98.0.4758.141 Electron/17.4.7 Safari/537.36"
94.183.116.65 - - [16/Nov/2025:15:00:16 +0330] "POST /user-playbacks/refreshPlayback HTTP/2" 200 93 "-" "Mozilla/5.0 (Windows NT 6.1; WOW64) AppleWebKit/537.36 (KHTML, like Gecko) optimyar-app/2022.6.3 Chrome/98.0.4758.141 Electron/17.4.7 Safari/537.36"
188.75.126.34 - - [16/Nov/2025:15:17:13 +0330] "GET /sessions/getResourcesForLevel/636cfbdb239d8d854379a5a3 HTTP/2" 200 1421 "-" "Mozilla/5.0 (Windows NT 10.0; WOW64) AppleWebKit/537.36 (KHTML, like Gecko) optimyar-app/2022.6.3 Chrome/98.0.4758.141 Electron/17.4.7 Safari/537.36"
188.75.126.34 - - [16/Nov/2025:15:17:24 +0330] "POST /user-playbacks/refreshPlayback HTTP/2" 200 93 "-" "Mozilla/5.0 (Windows NT 10.0; WOW64) AppleWebKit/537.36 (KHTML, like Gecko) optimyar-app/2022.6.3 Chrome/98.0.4758.141 Electron/17.4.7 Safari/537.36"
216.73.216.19 - - [16/Nov/2025:15:48:42 +0330] "GET /robots.txt HTTP/2" 200 121 "http://api.optimyar.com/robots.txt" "Mozilla/5.0 AppleWebKit/537.36 (KHTML, like Gecko; compatible; ClaudeBot/1.0; +claudebot@anthropic.com)"
216.73.216.19 - - [16/Nov/2025:15:48:42 +0330] "GET /admin/users/me/permissions HTTP/2" 403 60 "http://api.optimyar.com/admin/users/me/permissions" "Mozilla/5.0 AppleWebKit/537.36 (KHTML, like Gecko; compatible; ClaudeBot/1.0; +claudebot@anthropic.com)"
216.73.216.19 - - [16/Nov/2025:15:48:47 +0330] "GET /admin/information HTTP/2" 403 60 "http://api.optimyar.com/admin/information" "Mozilla/5.0 AppleWebKit/537.36 (KHTML, like Gecko; compatible; ClaudeBot/1.0; +claudebot@anthropic.com)"
216.73.216.19 - - [16/Nov/2025:15:48:52 +0330] "GET /users HTTP/2" 403 60 "http://api.optimyar.com/users" "Mozilla/5.0 AppleWebKit/537.36 (KHTML, like Gecko; compatible; ClaudeBot/1.0; +claudebot@anthropic.com)"
45.148.10.152 - - [16/Nov/2025:16:27:57 +0330] "GET /.env HTTP/1.1" 404 9 "-" "Mozilla/5.0 (X11; Linux x86_64; rv:1.9.5.20) Gecko/ Firefox/3.6.17"
94.183.116.65 - - [16/Nov/2025:16:50:10 +0330] "GET /sessions/getResourcesForLevel/5fdb68f548b2a674dc30176d HTTP/2" 200 7955 "-" "Mozilla/5.0 (Windows NT 6.1; WOW64) AppleWebKit/537.36 (KHTML, like Gecko) optimyar-app/2022.6.3 Chrome/98.0.4758.141 Electron/17.4.7 Safari/537.36"
94.183.116.65 - - [16/Nov/2025:17:26:59 +0330] "POST /user-playbacks/refreshPlayback HTTP/2" 200 93 "-" "Mozilla/5.0 (Windows NT 6.1; WOW64) AppleWebKit/537.36 (KHTML, like Gecko) optimyar-app/2022.6.3 Chrome/98.0.4758.141 Electron/17.4.7 Safari/537.36"
2.187.120.244 - - [16/Nov/2025:17:17:05 +0330] "GET /companies?version=2022.06.03 HTTP/1.1" 200 700 "-" "Mozilla/5.0 (Windows NT 10.0; WOW64) AppleWebKit/537.36 (KHTML, like Gecko) optimyar-app/2022.6.3 Chrome/98.0.4758.141 Electron/17.4.7 Safari/537.36"
2.187.120.244 - - [16/Nov/2025:17:17:05 +0330] "GET /user-courses?isConfirm=true&_sort=buyDate:DESC&version=2022.06.03 HTTP/1.1" 200 1810 "-" "Mozilla/5.0 (Windows NT 10.0; WOW64) AppleWebKit/537.36 (KHTML, like Gecko) optimyar-app/2022.6.3 Chrome/98.0.4758.141 Electron/17.4.7 Safari/537.36"
2.187.120.244 - - [16/Nov/2025:17:17:05 +0330] "GET /user-courses/isCourseLive/66ab1ced4bb8fa502486ed29 HTTP/1.1" 200 61 "-" "Mozilla/5.0 (Windows NT 10.0; WOW64) AppleWebKit/537.36 (KHTML, like Gecko) optimyar-app/2022.6.3 Chrome/98.0.4758.141 Electron/17.4.7 Safari/537.36"
2.187.120.244 - - [16/Nov/2025:17:17:05 +0330] "GET /user-courses/isCourseLive/67b0d96fde62e0fcfe23baff HTTP/1.1" 200 61 "-" "Mozilla/5.0 (Windows NT 10.0; WOW64) AppleWebKit/537.36 (KHTML, like Gecko) optimyar-app/2022.6.3 Chrome/98.0.4758.141 Electron/17.4.7 Safari/537.36"
2.187.120.244 - - [16/Nov/2025:17:17:05 +0330] "GET /user-courses/isCourseLive/66caee4e4bb8fa502486f6bd HTTP/1.1" 200 61 "-" "Mozilla/5.0 (Windows NT 10.0; WOW64) AppleWebKit/537.36 (KHTML, like Gecko) optimyar-app/2022.6.3 Chrome/98.0.4758.141 Electron/17.4.7 Safari/537.36"
2.187.120.244 - - [16/Nov/2025:17:17:10 +0330] "GET /sessions/getResourcesForLevel/636cfbdb239d8d854379a5a3 HTTP/1.1" 200 1421 "-" "Mozilla/5.0 (Windows NT 10.0; WOW64) AppleWebKit/537.36 (KHTML, like Gecko) optimyar-app/2022.6.3 Chrome/98.0.4758.141 Electron/17.4.7 Safari/537.36"
2.187.120.244 - - [16/Nov/2025:17:17:16 +0330] "POST /user-playbacks/refreshPlayback HTTP/1.1" 200 93 "-" "Mozilla/5.0 (Windows NT 10.0; WOW64) AppleWebKit/537.36 (KHTML, like Gecko) optimyar-app/2022.6.3 Chrome/98.0.4758.141 Electron/17.4.7 Safari/537.36"
216.73.216.19 - - [16/Nov/2025:17:51:07 +0330] "GET /robots.txt HTTP/2" 200 121 "http://api.optimyar.com/robots.txt" "Mozilla/5.0 AppleWebKit/537.36 (KHTML, like Gecko; compatible; ClaudeBot/1.0; +claudebot@anthropic.com)"
94.183.116.65 - - [16/Nov/2025:18:43:26 +0330] "GET /sessions/getResourcesForLevel/5fdb68f548b2a674dc30176d HTTP/2" 200 7955 "-" "Mozilla/5.0 (Windows NT 6.1; WOW64) AppleWebKit/537.36 (KHTML, like Gecko) optimyar-app/2022.6.3 Chrome/98.0.4758.141 Electron/17.4.7 Safari/537.36"
216.73.216.19 - - [16/Nov/2025:18:52:30 +0330] "GET /robots.txt HTTP/2" 200 121 "http://api.optimyar.com/robots.txt" "Mozilla/5.0 AppleWebKit/537.36 (KHTML, like Gecko; compatible; ClaudeBot/1.0; +claudebot@anthropic.com)"
94.183.116.65 - - [16/Nov/2025:18:45:01 +0330] "GET /sessions/getResourcesForLevel/5fdb68f548b2a674dc30176d HTTP/2" 200 7955 "-" "Mozilla/5.0 (Windows NT 6.1; WOW64) AppleWebKit/537.36 (KHTML, like Gecko) optimyar-app/2022.6.3 Chrome/98.0.4758.141 Electron/17.4.7 Safari/537.36"
94.183.116.65 - - [16/Nov/2025:18:45:22 +0330] "GET /sessions/getResourcesForLevel/5fdb68f548b2a674dc30176d HTTP/2" 200 7946 "-" "Mozilla/5.0 (Windows NT 6.1; WOW64) AppleWebKit/537.36 (KHTML, like Gecko) optimyar-app/2022.6.3 Chrome/98.0.4758.141 Electron/17.4.7 Safari/537.36"
94.183.116.65 - - [16/Nov/2025:18:45:33 +0330] "GET /sessions/getResourcesForLevel/5fdb68f548b2a674dc30176d HTTP/2" 200 7955 "-" "Mozilla/5.0 (Windows NT 6.1; WOW64) AppleWebKit/537.36 (KHTML, like Gecko) optimyar-app/2022.6.3 Chrome/98.0.4758.141 Electron/17.4.7 Safari/537.36"
94.183.116.65 - - [16/Nov/2025:18:47:14 +0330] "GET /sessions/getResourcesForLevel/5fdb68f548b2a674dc30176d HTTP/2" 200 7955 "-" "Mozilla/5.0 (Windows NT 6.1; WOW64) AppleWebKit/537.36 (KHTML, like Gecko) optimyar-app/2022.6.3 Chrome/98.0.4758.141 Electron/17.4.7 Safari/537.36"
2.187.120.244 - - [16/Nov/2025:18:48:58 +0330] "GET /sessions/getResourcesForLevel/636cfbdb239d8d854379a5a3 HTTP/1.1" 200 1421 "-" "Mozilla/5.0 (Windows NT 10.0; WOW64) AppleWebKit/537.36 (KHTML, like Gecko) optimyar-app/2022.6.3 Chrome/98.0.4758.141 Electron/17.4.7 Safari/537.36"
2.187.120.244 - - [16/Nov/2025:18:49:09 +0330] "POST /user-playbacks/refreshPlayback HTTP/1.1" 200 94 "-" "Mozilla/5.0 (Windows NT 10.0; WOW64) AppleWebKit/537.36 (KHTML, like Gecko) optimyar-app/2022.6.3 Chrome/98.0.4758.141 Electron/17.4.7 Safari/537.36"
204.76.203.25 - - [16/Nov/2025:19:44:18 +0330] "GET /.env HTTP/1.1" 404 9 "-" "Mozilla/5.0 (Windows NT 10.0; Win64; x64) AppleWebKit/537.36 (KHTML, like Gecko) Chrome/134.0.0.0 Safari/537.3"
78.197.189.36 - - [16/Nov/2025:19:45:42 +0330] "GET /companies?version=3000.99 HTTP/1.1" 200 700 "https://app.optimyar.com/" "Mozilla/5.0 (Macintosh; Intel Mac OS X 10_15_7) AppleWebKit/605.1.15 (KHTML, like Gecko) Version/26.1 Safari/605.1.15"
78.197.189.36 - - [16/Nov/2025:19:45:42 +0330] "GET /captchas/make?version=3000.99 HTTP/1.1" 200 5705 "https://app.optimyar.com/" "Mozilla/5.0 (Macintosh; Intel Mac OS X 10_15_7) AppleWebKit/605.1.15 (KHTML, like Gecko) Version/26.1 Safari/605.1.15"
78.197.189.36 - - [16/Nov/2025:19:45:42 +0330] "GET /uploads/minilogo7_fd0c99920b.png HTTP/1.1" 200 25203 "https://app.optimyar.com/" "Mozilla/5.0 (Macintosh; Intel Mac OS X 10_15_7) AppleWebKit/605.1.15 (KHTML, like Gecko) Version/26.1 Safari/605.1.15"
216.73.216.19 - - [16/Nov/2025:20:08:42 +0330] "GET /robots.txt HTTP/2" 200 121 "http://api.optimyar.com/robots.txt" "Mozilla/5.0 AppleWebKit/537.36 (KHTML, like Gecko; compatible; ClaudeBot/1.0; +claudebot@anthropic.com)"
216.73.216.19 - - [16/Nov/2025:20:27:49 +0330] "GET /robots.txt HTTP/2" 200 121 "-" "Mozilla/5.0 AppleWebKit/537.36 (KHTML, like Gecko; compatible; ClaudeBot/1.0; +claudebot@anthropic.com)"
216.73.216.19 - - [16/Nov/2025:20:29:07 +0330] "GET /admin/plugins/content-manager/collectionType/application::session.session/create HTTP/2" 200 447 "-" "Mozilla/5.0 AppleWebKit/537.36 (KHTML, like Gecko; compatible; ClaudeBot/1.0; +claudebot@anthropic.com)"
103.8.27.27 - - [16/Nov/2025:21:13:47 +0330] "GET /core/.env HTTP/1.1" 404 9 "-" "Mozilla/5.0 (X11; Linux x86_64)"
151.238.71.245 - - [16/Nov/2025:21:21:38 +0330] "GET /user-courses?isConfirm=true&_sort=buyDate:DESC&version=2022.06.03 HTTP/1.1" 401 68 "-" "Mozilla/5.0 (Windows NT 10.0; WOW64) AppleWebKit/537.36 (KHTML, like Gecko) optimyar-app/2022.6.3 Chrome/98.0.4758.141 Electron/17.4.7 Safari/537.36"
151.238.71.245 - - [16/Nov/2025:21:21:38 +0330] "GET /companies?version=2022.06.03 HTTP/1.1" 200 700 "-" "Mozilla/5.0 (Windows NT 10.0; WOW64) AppleWebKit/537.36 (KHTML, like Gecko) optimyar-app/2022.6.3 Chrome/98.0.4758.141 Electron/17.4.7 Safari/537.36"
216.73.216.19 - - [16/Nov/2025:21:24:26 +0330] "GET /robots.txt HTTP/2" 200 121 "http://api.optimyar.com/robots.txt" "Mozilla/5.0 AppleWebKit/537.36 (KHTML, like Gecko; compatible; ClaudeBot/1.0; +claudebot@anthropic.com)"
5.237.14.126 - - [16/Nov/2025:22:38:43 +0330] "GET /sessions/getResourcesForLevel/6376762655be478e44096c2e HTTP/1.1" 200 1357 "-" "Mozilla/5.0 (Windows NT 10.0; WOW64) AppleWebKit/537.36 (KHTML, like Gecko) optimyar-app/2022.6.3 Chrome/98.0.4758.141 Electron/17.4.7 Safari/537.36"
5.237.14.126 - - [16/Nov/2025:22:38:46 +0330] "POST /user-playbacks/refreshPlayback HTTP/1.1" 200 93 "-" "Mozilla/5.0 (Windows NT 10.0; WOW64) AppleWebKit/537.36 (KHTML, like Gecko) optimyar-app/2022.6.3 Chrome/98.0.4758.141 Electron/17.4.7 Safari/537.36"
2.182.201.4 - - [16/Nov/2025:22:41:54 +0330] "GET /companies?version=3000.99 HTTP/2" 200 700 "https://app.optimyar.com/" "Mozilla/5.0 (Windows NT 10.0; Win64; x64; rv:145.0) Gecko/20100101 Firefox/145.0"
2.182.201.4 - - [16/Nov/2025:22:41:54 +0330] "GET /captchas/make?version=3000.99 HTTP/2" 200 5554 "https://app.optimyar.com/" "Mozilla/5.0 (Windows NT 10.0; Win64; x64; rv:145.0) Gecko/20100101 Firefox/145.0"
2.182.201.4 - - [16/Nov/2025:22:41:54 +0330] "GET /uploads/minilogo7_fd0c99920b.png HTTP/2" 200 25203 "https://app.optimyar.com/" "Mozilla/5.0 (Windows NT 10.0; Win64; x64; rv:145.0) Gecko/20100101 Firefox/145.0"
216.73.216.19 - - [16/Nov/2025:22:41:58 +0330] "GET /robots.txt HTTP/2" 200 121 "http://api.optimyar.com/robots.txt" "Mozilla/5.0 AppleWebKit/537.36 (KHTML, like Gecko; compatible; ClaudeBot/1.0; +claudebot@anthropic.com)"
45.131.155.101 - - [16/Nov/2025:22:42:51 +0330] "GET / HTTP/2" 200 1545 "-" "Mozilla/5.0 (Windows NT 10.0; Win64; x64) AppleWebKit/537.36 (KHTML, like Gecko) Chrome/117.0.5938.132 Safari/537.36"
2.182.201.4 - - [16/Nov/2025:22:43:01 +0330] "OPTIONS /auth/local HTTP/1.1" 204 0 "https://app.optimyar.com/" "Mozilla/5.0 (Windows NT 10.0; Win64; x64; rv:145.0) Gecko/20100101 Firefox/145.0"
2.182.201.4 - - [16/Nov/2025:22:43:01 +0330] "POST /auth/local HTTP/1.1" 200 306 "https://app.optimyar.com/" "Mozilla/5.0 (Windows NT 10.0; Win64; x64; rv:145.0) Gecko/20100101 Firefox/145.0"
2.182.201.4 - - [16/Nov/2025:22:43:02 +0330] "OPTIONS /user-courses?isConfirm=true&_sort=buyDate:DESC&version=3000.99 HTTP/1.1" 204 0 "https://app.optimyar.com/" "Mozilla/5.0 (Windows NT 10.0; Win64; x64; rv:145.0) Gecko/20100101 Firefox/145.0"
2.182.201.4 - - [16/Nov/2025:22:43:02 +0330] "GET /user-courses?isConfirm=true&_sort=buyDate:DESC&version=3000.99 HTTP/1.1" 200 1047 "https://app.optimyar.com/" "Mozilla/5.0 (Windows NT 10.0; Win64; x64; rv:145.0) Gecko/20100101 Firefox/145.0"
2.182.201.4 - - [16/Nov/2025:22:43:02 +0330] "OPTIONS /user-courses/isCourseLive/68d55f169874d280c6f40943 HTTP/1.1" 204 0 "https://app.optimyar.com/" "Mozilla/5.0 (Windows NT 10.0; Win64; x64; rv:145.0) Gecko/20100101 Firefox/145.0"
2.182.201.4 - - [16/Nov/2025:22:43:02 +0330] "OPTIONS /user-courses/isCourseLive/68d55f5d9874d280c6f40944 HTTP/1.1" 204 0 "https://app.optimyar.com/" "Mozilla/5.0 (Windows NT 10.0; Win64; x64; rv:145.0) Gecko/20100101 Firefox/145.0"
5.237.14.126 - - [16/Nov/2025:22:43:52 +0330] "OPTIONS /user-courses?isConfirm=true&_sort=buyDate:DESC&version=3000.99 HTTP/1.1" 204 0 "https://app.optimyar.com/" "Mozilla/5.0 (Windows NT 10.0; Win64; x64) AppleWebKit/537.36 (KHTML, like Gecko) Chrome/142.0.0.0 Safari/537.36 Edg/142.0.0.0"
5.237.14.126 - - [16/Nov/2025:22:43:52 +0330] "GET /user-courses?isConfirm=true&_sort=buyDate:DESC&version=3000.99 HTTP/1.1" 200 3884 "https://app.optimyar.com/" "Mozilla/5.0 (Windows NT 10.0; Win64; x64) AppleWebKit/537.36 (KHTML, like Gecko) Chrome/142.0.0.0 Safari/537.36 Edg/142.0.0.0"
5.237.14.126 - - [16/Nov/2025:22:43:53 +0330] "OPTIONS /user-courses/isCourseLive/68c6e1359874d280c6f405da HTTP/1.1" 204 0 "https://app.optimyar.com/" "Mozilla/5.0 (Windows NT 10.0; Win64; x64) AppleWebKit/537.36 (KHTML, like Gecko) Chrome/142.0.0.0 Safari/537.36 Edg/142.0.0.0"
5.237.14.126 - - [16/Nov/2025:22:43:53 +0330] "OPTIONS /user-courses/isCourseLive/68909cb4a596cbeb035e1be6 HTTP/1.1" 204 0 "https://app.optimyar.com/" "Mozilla/5.0 (Windows NT 10.0; Win64; x64) AppleWebKit/537.36 (KHTML, like Gecko) Chrome/142.0.0.0 Safari/537.36 Edg/142.0.0.0"
5.237.14.126 - - [16/Nov/2025:22:43:53 +0330] "OPTIONS /user-courses/isCourseLive/6859413874ef7667cf484f43 HTTP/1.1" 204 0 "https://app.optimyar.com/" "Mozilla/5.0 (Windows NT 10.0; Win64; x64) AppleWebKit/537.36 (KHTML, like Gecko) Chrome/142.0.0.0 Safari/537.36 Edg/142.0.0.0"
5.237.14.126 - - [16/Nov/2025:22:43:53 +0330] "OPTIONS /user-courses/isCourseLive/67eba8a0d5511fd801236fb5 HTTP/1.1" 204 0 "https://app.optimyar.com/" "Mozilla/5.0 (Windows NT 10.0; Win64; x64) AppleWebKit/537.36 (KHTML, like Gecko) Chrome/142.0.0.0 Safari/537.36 Edg/142.0.0.0"
5.237.14.126 - - [16/Nov/2025:22:43:53 +0330] "OPTIONS /user-courses/isCourseLive/67e13b72d5511fd801236a4b HTTP/1.1" 204 0 "https://app.optimyar.com/" "Mozilla/5.0 (Windows NT 10.0; Win64; x64) AppleWebKit/537.36 (KHTML, like Gecko) Chrome/142.0.0.0 Safari/537.36 Edg/142.0.0.0"
5.237.14.126 - - [16/Nov/2025:22:43:53 +0330] "OPTIONS /user-courses/isCourseLive/67e1393ed5511fd801236a47 HTTP/1.1" 204 0 "https://app.optimyar.com/" "Mozilla/5.0 (Windows NT 10.0; Win64; x64) AppleWebKit/537.36 (KHTML, like Gecko) Chrome/142.0.0.0 Safari/537.36 Edg/142.0.0.0"
5.237.14.126 - - [16/Nov/2025:22:43:53 +0330] "OPTIONS /user-courses/isCourseLive/67e135aed5511fd801236a3d HTTP/1.1" 204 0 "https://app.optimyar.com/" "Mozilla/5.0 (Windows NT 10.0; Win64; x64) AppleWebKit/537.36 (KHTML, like Gecko) Chrome/142.0.0.0 Safari/537.36 Edg/142.0.0.0"
5.237.14.126 - - [16/Nov/2025:22:43:53 +0330] "OPTIONS /user-courses/isCourseLive/67b19f50de62e0fcfe23bb35 HTTP/1.1" 204 0 "https://app.optimyar.com/" "Mozilla/5.0 (Windows NT 10.0; Win64; x64) AppleWebKit/537.36 (KHTML, like Gecko) Chrome/142.0.0.0 Safari/537.36 Edg/142.0.0.0"
5.237.14.126 - - [16/Nov/2025:22:43:53 +0330] "OPTIONS /user-courses/isCourseLive/6650b71118be2e65db7fd636 HTTP/1.1" 204 0 "https://app.optimyar.com/" "Mozilla/5.0 (Windows NT 10.0; Win64; x64) AppleWebKit/537.36 (KHTML, like Gecko) Chrome/142.0.0.0 Safari/537.36 Edg/142.0.0.0"
5.237.14.126 - - [16/Nov/2025:22:43:53 +0330] "GET /user-courses/isCourseLive/68c6e1359874d280c6f405da HTTP/1.1" 200 61 "https://app.optimyar.com/" "Mozilla/5.0 (Windows NT 10.0; Win64; x64) AppleWebKit/537.36 (KHTML, like Gecko) Chrome/142.0.0.0 Safari/537.36 Edg/142.0.0.0"
5.237.14.126 - - [16/Nov/2025:22:43:53 +0330] "GET /user-courses/isCourseLive/68909cb4a596cbeb035e1be6 HTTP/1.1" 200 61 "https://app.optimyar.com/" "Mozilla/5.0 (Windows NT 10.0; Win64; x64) AppleWebKit/537.36 (KHTML, like Gecko) Chrome/142.0.0.0 Safari/537.36 Edg/142.0.0.0"
5.237.14.126 - - [16/Nov/2025:22:43:53 +0330] "GET /user-courses/isCourseLive/67eba8a0d5511fd801236fb5 HTTP/1.1" 200 61 "https://app.optimyar.com/" "Mozilla/5.0 (Windows NT 10.0; Win64; x64) AppleWebKit/537.36 (KHTML, like Gecko) Chrome/142.0.0.0 Safari/537.36 Edg/142.0.0.0"
2.182.201.4 - - [16/Nov/2025:22:43:02 +0330] "GET /user-courses/isCourseLive/68d55f169874d280c6f40943 HTTP/1.1" 200 61 "https://app.optimyar.com/" "Mozilla/5.0 (Windows NT 10.0; Win64; x64; rv:145.0) Gecko/20100101 Firefox/145.0"
2.182.201.4 - - [16/Nov/2025:22:43:02 +0330] "GET /user-courses/isCourseLive/68d55f5d9874d280c6f40944 HTTP/1.1" 200 61 "https://app.optimyar.com/" "Mozilla/5.0 (Windows NT 10.0; Win64; x64; rv:145.0) Gecko/20100101 Firefox/145.0"
2.182.201.4 - - [16/Nov/2025:22:43:15 +0330] "GET /user-courses?isConfirm=true&_sort=buyDate:DESC&version=3000.99 HTTP/1.1" 200 1047 "https://app.optimyar.com/" "Mozilla/5.0 (Windows NT 10.0; Win64; x64; rv:145.0) Gecko/20100101 Firefox/145.0"
2.182.201.4 - - [16/Nov/2025:22:43:15 +0330] "GET /user-courses/isCourseLive/68d55f169874d280c6f40943 HTTP/1.1" 200 61 "https://app.optimyar.com/" "Mozilla/5.0 (Windows NT 10.0; Win64; x64; rv:145.0) Gecko/20100101 Firefox/145.0"
2.182.201.4 - - [16/Nov/2025:22:43:15 +0330] "GET /user-courses/isCourseLive/68d55f5d9874d280c6f40944 HTTP/1.1" 200 61 "https://app.optimyar.com/" "Mozilla/5.0 (Windows NT 10.0; Win64; x64; rv:145.0) Gecko/20100101 Firefox/145.0"
2.182.201.4 - - [16/Nov/2025:22:43:21 +0330] "OPTIONS /getPublicSessions?isPrivate=false HTTP/1.1" 204 0 "https://app.optimyar.com/" "Mozilla/5.0 (Windows NT 10.0; Win64; x64; rv:145.0) Gecko/20100101 Firefox/145.0"
2.182.201.4 - - [16/Nov/2025:22:43:21 +0330] "GET /getPublicSessions?isPrivate=false HTTP/1.1" 200 15 "https://app.optimyar.com/" "Mozilla/5.0 (Windows NT 10.0; Win64; x64; rv:145.0) Gecko/20100101 Firefox/145.0"
5.237.14.126 - - [16/Nov/2025:22:43:43 +0330] "GET /companies?version=3000.99 HTTP/2" 200 700 "https://app.optimyar.com/" "Mozilla/5.0 (Windows NT 10.0; Win64; x64) AppleWebKit/537.36 (KHTML, like Gecko) Chrome/142.0.0.0 Safari/537.36 Edg/142.0.0.0"
5.237.14.126 - - [16/Nov/2025:22:43:43 +0330] "GET /captchas/make?version=3000.99 HTTP/2" 200 5989 "https://app.optimyar.com/" "Mozilla/5.0 (Windows NT 10.0; Win64; x64) AppleWebKit/537.36 (KHTML, like Gecko) Chrome/142.0.0.0 Safari/537.36 Edg/142.0.0.0"
2.182.201.4 - - [16/Nov/2025:22:43:48 +0330] "GET /user-courses?isConfirm=true&_sort=buyDate:DESC&version=3000.99 HTTP/1.1" 200 1047 "https://app.optimyar.com/" "Mozilla/5.0 (Windows NT 10.0; Win64; x64; rv:145.0) Gecko/20100101 Firefox/145.0"
2.182.201.4 - - [16/Nov/2025:22:43:48 +0330] "GET /user-courses/isCourseLive/68d55f169874d280c6f40943 HTTP/1.1" 200 61 "https://app.optimyar.com/" "Mozilla/5.0 (Windows NT 10.0; Win64; x64; rv:145.0) Gecko/20100101 Firefox/145.0"
2.182.201.4 - - [16/Nov/2025:22:43:48 +0330] "GET /user-courses/isCourseLive/68d55f5d9874d280c6f40944 HTTP/1.1" 200 61 "https://app.optimyar.com/" "Mozilla/5.0 (Windows NT 10.0; Win64; x64; rv:145.0) Gecko/20100101 Firefox/145.0"
5.237.14.126 - - [16/Nov/2025:22:43:51 +0330] "OPTIONS /auth/local HTTP/2" 204 0 "https://app.optimyar.com/" "Mozilla/5.0 (Windows NT 10.0; Win64; x64) AppleWebKit/537.36 (KHTML, like Gecko) Chrome/142.0.0.0 Safari/537.36 Edg/142.0.0.0"
5.237.14.126 - - [16/Nov/2025:22:43:51 +0330] "POST /auth/local HTTP/2" 200 276 "https://app.optimyar.com/" "Mozilla/5.0 (Windows NT 10.0; Win64; x64) AppleWebKit/537.36 (KHTML, like Gecko) Chrome/142.0.0.0 Safari/537.36 Edg/142.0.0.0"
2.182.201.4 - - [16/Nov/2025:22:44:52 +0330] "GET /companies?version=3000.99 HTTP/1.1" 200 700 "https://app.optimyar.com/" "Mozilla/5.0 (Windows NT 10.0; Win64; x64; rv:145.0) Gecko/20100101 Firefox/145.0"
2.182.201.4 - - [16/Nov/2025:22:44:52 +0330] "GET /user-courses?isConfirm=true&_sort=buyDate:DESC&version=3000.99 HTTP/1.1" 200 1047 "https://app.optimyar.com/" "Mozilla/5.0 (Windows NT 10.0; Win64; x64; rv:145.0) Gecko/20100101 Firefox/145.0"
2.182.201.4 - - [16/Nov/2025:22:44:52 +0330] "GET /user-courses/isCourseLive/68d55f169874d280c6f40943 HTTP/1.1" 200 61 "https://app.optimyar.com/" "Mozilla/5.0 (Windows NT 10.0; Win64; x64; rv:145.0) Gecko/20100101 Firefox/145.0"
2.182.201.4 - - [16/Nov/2025:22:44:52 +0330] "GET /user-courses/isCourseLive/68d55f5d9874d280c6f40944 HTTP/1.1" 200 61 "https://app.optimyar.com/" "Mozilla/5.0 (Windows NT 10.0; Win64; x64; rv:145.0) Gecko/20100101 Firefox/145.0"
2.182.201.4 - - [16/Nov/2025:22:45:27 +0330] "OPTIONS /certifications/getCertifications HTTP/1.1" 204 0 "https://app.optimyar.com/" "Mozilla/5.0 (Windows NT 10.0; Win64; x64; rv:145.0) Gecko/20100101 Firefox/145.0"
2.182.201.4 - - [16/Nov/2025:22:45:27 +0330] "POST /certifications/getCertifications HTTP/1.1" 200 88 "https://app.optimyar.com/" "Mozilla/5.0 (Windows NT 10.0; Win64; x64; rv:145.0) Gecko/20100101 Firefox/145.0"
2.187.120.244 - - [16/Nov/2025:22:46:10 +0330] "GET /sessions/getResourcesForLevel/636cfbdb239d8d854379a5a3 HTTP/1.1" 200 1421 "-" "Mozilla/5.0 (Windows NT 10.0; WOW64) AppleWebKit/537.36 (KHTML, like Gecko) optimyar-app/2022.6.3 Chrome/98.0.4758.141 Electron/17.4.7 Safari/537.36"
2.187.120.244 - - [16/Nov/2025:22:46:16 +0330] "GET /user-courses?isConfirm=true&_sort=buyDate:DESC&version=2022.06.03 HTTP/1.1" 200 1810 "-" "Mozilla/5.0 (Windows NT 10.0; WOW64) AppleWebKit/537.36 (KHTML, like Gecko) optimyar-app/2022.6.3 Chrome/98.0.4758.141 Electron/17.4.7 Safari/537.36"
2.187.120.244 - - [16/Nov/2025:22:46:16 +0330] "GET /user-courses/isCourseLive/66ab1ced4bb8fa502486ed29 HTTP/1.1" 200 61 "-" "Mozilla/5.0 (Windows NT 10.0; WOW64) AppleWebKit/537.36 (KHTML, like Gecko) optimyar-app/2022.6.3 Chrome/98.0.4758.141 Electron/17.4.7 Safari/537.36"
2.187.120.244 - - [16/Nov/2025:22:46:16 +0330] "GET /user-courses/isCourseLive/67b0d96fde62e0fcfe23baff HTTP/1.1" 200 61 "-" "Mozilla/5.0 (Windows NT 10.0; WOW64) AppleWebKit/537.36 (KHTML, like Gecko) optimyar-app/2022.6.3 Chrome/98.0.4758.141 Electron/17.4.7 Safari/537.36"
2.187.120.244 - - [16/Nov/2025:22:46:16 +0330] "GET /user-courses/isCourseLive/66caee4e4bb8fa502486f6bd HTTP/1.1" 200 61 "-" "Mozilla/5.0 (Windows NT 10.0; WOW64) AppleWebKit/537.36 (KHTML, like Gecko) optimyar-app/2022.6.3 Chrome/98.0.4758.141 Electron/17.4.7 Safari/537.36"
5.237.14.126 - - [16/Nov/2025:22:43:53 +0330] "GET /user-courses/isCourseLive/67e13b72d5511fd801236a4b HTTP/1.1" 200 61 "https://app.optimyar.com/" "Mozilla/5.0 (Windows NT 10.0; Win64; x64) AppleWebKit/537.36 (KHTML, like Gecko) Chrome/142.0.0.0 Safari/537.36 Edg/142.0.0.0"
5.237.14.126 - - [16/Nov/2025:22:43:53 +0330] "GET /user-courses/isCourseLive/67b19f50de62e0fcfe23bb35 HTTP/1.1" 200 61 "https://app.optimyar.com/" "Mozilla/5.0 (Windows NT 10.0; Win64; x64) AppleWebKit/537.36 (KHTML, like Gecko) Chrome/142.0.0.0 Safari/537.36 Edg/142.0.0.0"
5.237.14.126 - - [16/Nov/2025:22:43:53 +0330] "GET /user-courses/isCourseLive/67e135aed5511fd801236a3d HTTP/1.1" 200 61 "https://app.optimyar.com/" "Mozilla/5.0 (Windows NT 10.0; Win64; x64) AppleWebKit/537.36 (KHTML, like Gecko) Chrome/142.0.0.0 Safari/537.36 Edg/142.0.0.0"
5.237.14.126 - - [16/Nov/2025:22:43:53 +0330] "GET /user-courses/isCourseLive/6650b71118be2e65db7fd636 HTTP/1.1" 200 61 "https://app.optimyar.com/" "Mozilla/5.0 (Windows NT 10.0; Win64; x64) AppleWebKit/537.36 (KHTML, like Gecko) Chrome/142.0.0.0 Safari/537.36 Edg/142.0.0.0"
5.237.14.126 - - [16/Nov/2025:22:43:53 +0330] "GET /user-courses/isCourseLive/6859413874ef7667cf484f43 HTTP/1.1" 200 61 "https://app.optimyar.com/" "Mozilla/5.0 (Windows NT 10.0; Win64; x64) AppleWebKit/537.36 (KHTML, like Gecko) Chrome/142.0.0.0 Safari/537.36 Edg/142.0.0.0"
5.237.14.126 - - [16/Nov/2025:22:43:53 +0330] "GET /user-courses/isCourseLive/67e1393ed5511fd801236a47 HTTP/1.1" 200 61 "https://app.optimyar.com/" "Mozilla/5.0 (Windows NT 10.0; Win64; x64) AppleWebKit/537.36 (KHTML, like Gecko) Chrome/142.0.0.0 Safari/537.36 Edg/142.0.0.0"
5.237.14.126 - - [16/Nov/2025:22:43:44 +0330] "GET /uploads/minilogo7_fd0c99920b.png HTTP/1.1" 200 25203 "https://app.optimyar.com/" "Mozilla/5.0 (Windows NT 10.0; Win64; x64) AppleWebKit/537.36 (KHTML, like Gecko) Chrome/142.0.0.0 Safari/537.36 Edg/142.0.0.0"
172.236.192.243 - - [16/Nov/2025:23:01:51 +0330] "GET /sessions/getResourcesForLevel/6376762655be478e44096c2e HTTP/2" 200 1357 "-" "Mozilla/5.0 (Windows NT 10.0; WOW64) AppleWebKit/537.36 (KHTML, like Gecko) optimyar-app/2022.6.3 Chrome/98.0.4758.141 Electron/17.4.7 Safari/537.36"
172.236.192.243 - - [16/Nov/2025:23:01:55 +0330] "POST /user-playbacks/refreshPlayback HTTP/2" 200 93 "-" "Mozilla/5.0 (Windows NT 10.0; WOW64) AppleWebKit/537.36 (KHTML, like Gecko) optimyar-app/2022.6.3 Chrome/98.0.4758.141 Electron/17.4.7 Safari/537.36"
5.237.14.126 - - [16/Nov/2025:23:02:26 +0330] "GET /sessions/getResourcesForLevel/6376762655be478e44096c2e HTTP/1.1" 200 1357 "-" "Mozilla/5.0 (Windows NT 10.0; WOW64) AppleWebKit/537.36 (KHTML, like Gecko) optimyar-app/2022.6.3 Chrome/98.0.4758.141 Electron/17.4.7 Safari/537.36"
5.237.14.126 - - [16/Nov/2025:23:02:28 +0330] "POST /user-playbacks/refreshPlayback HTTP/1.1" 200 93 "-" "Mozilla/5.0 (Windows NT 10.0; WOW64) AppleWebKit/537.36 (KHTML, like Gecko) optimyar-app/2022.6.3 Chrome/98.0.4758.141 Electron/17.4.7 Safari/537.36"
5.237.14.126 - - [16/Nov/2025:23:02:49 +0330] "GET /sessions/getResourcesForLevel/6376762655be478e44096c2e HTTP/1.1" 200 1357 "-" "Mozilla/5.0 (Windows NT 10.0; WOW64) AppleWebKit/537.36 (KHTML, like Gecko) optimyar-app/2022.6.3 Chrome/98.0.4758.141 Electron/17.4.7 Safari/537.36"
45.148.10.152 - - [16/Nov/2025:23:13:13 +0330] "GET /.git/config HTTP/1.1" 403 787 "-" "Mozilla/5.0 (X11; Linux x86_64) AppleWebKit/537.36 (KHTML, like Gecko) Chrome/129.0.0.0 Safari/537.36"
