203.132.71.38 - - [08/Nov/2025:19:39:58 +0330] "GET /companies?version=3000.99 HTTP/2" 200 700 "https://app.optimyar.com/" "Mozilla/5.0 (Windows NT 10.0; Win64; x64) AppleWebKit/537.36 (KHTML, like Gecko) Chrome/141.0.0.0 Safari/537.36"
203.132.71.38 - - [08/Nov/2025:19:39:58 +0330] "GET /getPublicSessions?isPrivate=false HTTP/2" 200 155 "https://app.optimyar.com/" "Mozilla/5.0 (Windows NT 10.0; Win64; x64) AppleWebKit/537.36 (KHTML, like Gecko) Chrome/141.0.0.0 Safari/537.36"
213.142.96.66 - - [08/Nov/2025:19:39:00 +0330] "GET /companies?version=3000.99 HTTP/2" 200 700 "https://app.optimyar.com/" "Mozilla/5.0 (iPhone; CPU iPhone OS 18_5 like Mac OS X) AppleWebKit/605.1.15 (KHTML, like Gecko) Version/18.5 Mobile/22F76 Safari/604.1"
213.142.96.66 - - [08/Nov/2025:19:39:00 +0330] "GET /getPublicSessions?isPrivate=false HTTP/2" 200 155 "https://app.optimyar.com/" "Mozilla/5.0 (iPhone; CPU iPhone OS 18_5 like Mac OS X) AppleWebKit/605.1.15 (KHTML, like Gecko) Version/18.5 Mobile/22F76 Safari/604.1"
213.142.96.66 - - [08/Nov/2025:19:39:46 +0330] "OPTIONS /startPublicSession HTTP/1.1" 204 0 "https://app.optimyar.com/" "Mozilla/5.0 (iPhone; CPU iPhone OS 18_5 like Mac OS X) AppleWebKit/605.1.15 (KHTML, like Gecko) Version/18.5 Mobile/22F76 Safari/604.1"
213.142.96.66 - - [08/Nov/2025:19:39:47 +0330] "POST /startPublicSession HTTP/2" 200 219 "https://app.optimyar.com/" "Mozilla/5.0 (iPhone; CPU iPhone OS 18_5 like Mac OS X) AppleWebKit/605.1.15 (KHTML, like Gecko) Version/18.5 Mobile/22F76 Safari/604.1"
213.142.96.66 - - [08/Nov/2025:19:39:53 +0330] "GET /getMeetingInfoByInteralId/c5a3d0e2af35660c26ac0aa76a7c025e695b6513-1762611977290 HTTP/2" 200 648 "https://b3.optimyar.com/" "Mozilla/5.0 (iPhone; CPU iPhone OS 18_5 like Mac OS X) AppleWebKit/605.1.15 (KHTML, like Gecko) Version/18.5 Mobile/22F76 Safari/604.1"
213.142.96.66 - - [08/Nov/2025:19:40:24 +0330] "GET /companies?version=3000.99 HTTP/2" 200 700 "https://app.optimyar.com/" "Mozilla/5.0 (iPhone; CPU iPhone OS 18_5 like Mac OS X) AppleWebKit/605.1.15 (KHTML, like Gecko) Version/18.5 Mobile/22F76 Safari/604.1"
213.142.96.66 - - [08/Nov/2025:19:40:24 +0330] "GET /getPublicSessions?isPrivate=false HTTP/2" 200 155 "https://app.optimyar.com/" "Mozilla/5.0 (iPhone; CPU iPhone OS 18_5 like Mac OS X) AppleWebKit/605.1.15 (KHTML, like Gecko) Version/18.5 Mobile/22F76 Safari/604.1"
103.83.86.245 - - [08/Nov/2025:19:52:12 +0330] "GET /companies?version=3000.99 HTTP/2" 200 700 "https://app.optimyar.com/" "Mozilla/5.0 (Linux; Android 10; K) AppleWebKit/537.36 (KHTML, like Gecko) Chrome/141.0.0.0 Mobile Safari/537.36"
103.83.86.245 - - [08/Nov/2025:19:52:12 +0330] "GET /getPublicSessions?isPrivate=false HTTP/2" 200 196 "https://app.optimyar.com/" "Mozilla/5.0 (Linux; Android 10; K) AppleWebKit/537.36 (KHTML, like Gecko) Chrome/141.0.0.0 Mobile Safari/537.36"
5.114.49.221 - - [08/Nov/2025:19:54:43 +0330] "GET /companies?version=3000.99 HTTP/1.1" 200 700 "https://app.optimyar.com/" "Mozilla/5.0 (Windows NT 10.0; Win64; x64) AppleWebKit/537.36 (KHTML, like Gecko) Chrome/141.0.0.0 Safari/537.36"
5.114.49.221 - - [08/Nov/2025:19:54:43 +0330] "GET /getPublicSessions?isPrivate=false HTTP/1.1" 200 196 "https://app.optimyar.com/" "Mozilla/5.0 (Windows NT 10.0; Win64; x64) AppleWebKit/537.36 (KHTML, like Gecko) Chrome/141.0.0.0 Safari/537.36"
5.114.49.221 - - [08/Nov/2025:19:54:51 +0330] "GET /captchas/make?version=3000.99 HTTP/1.1" 200 4581 "https://app.optimyar.com/" "Mozilla/5.0 (Windows NT 10.0; Win64; x64) AppleWebKit/537.36 (KHTML, like Gecko) Chrome/141.0.0.0 Safari/537.36"
5.114.49.221 - - [08/Nov/2025:19:54:51 +0330] "GET /uploads/minilogo7_fd0c99920b.png HTTP/1.1" 200 25203 "https://app.optimyar.com/" "Mozilla/5.0 (Windows NT 10.0; Win64; x64) AppleWebKit/537.36 (KHTML, like Gecko) Chrome/141.0.0.0 Safari/537.36"
5.114.49.221 - - [08/Nov/2025:19:55:26 +0330] "OPTIONS /auth/local HTTP/1.1" 204 0 "https://app.optimyar.com/" "Mozilla/5.0 (Windows NT 10.0; Win64; x64) AppleWebKit/537.36 (KHTML, like Gecko) Chrome/141.0.0.0 Safari/537.36"
5.114.49.221 - - [08/Nov/2025:19:55:26 +0330] "POST /auth/local HTTP/1.1" 200 273 "https://app.optimyar.com/" "Mozilla/5.0 (Windows NT 10.0; Win64; x64) AppleWebKit/537.36 (KHTML, like Gecko) Chrome/141.0.0.0 Safari/537.36"
5.114.49.221 - - [08/Nov/2025:19:55:34 +0330] "OPTIONS /getPublicSessions?isPrivate=false HTTP/1.1" 204 0 "https://app.optimyar.com/" "Mozilla/5.0 (Windows NT 10.0; Win64; x64) AppleWebKit/537.36 (KHTML, like Gecko) Chrome/141.0.0.0 Safari/537.36"
5.114.49.221 - - [08/Nov/2025:19:55:34 +0330] "GET /getPublicSessions?isPrivate=false HTTP/1.1" 200 196 "https://app.optimyar.com/" "Mozilla/5.0 (Windows NT 10.0; Win64; x64) AppleWebKit/537.36 (KHTML, like Gecko) Chrome/141.0.0.0 Safari/537.36"
5.114.49.221 - - [08/Nov/2025:19:55:50 +0330] "OPTIONS /startPublicSession HTTP/1.1" 204 0 "https://app.optimyar.com/" "Mozilla/5.0 (Windows NT 10.0; Win64; x64) AppleWebKit/537.36 (KHTML, like Gecko) Chrome/141.0.0.0 Safari/537.36"
5.114.49.221 - - [08/Nov/2025:19:55:50 +0330] "POST /startPublicSession HTTP/1.1" 200 196 "https://app.optimyar.com/" "Mozilla/5.0 (Windows NT 10.0; Win64; x64) AppleWebKit/537.36 (KHTML, like Gecko) Chrome/141.0.0.0 Safari/537.36"
5.114.49.221 - - [08/Nov/2025:19:56:16 +0330] "GET /getMeetingInfoByInteralId/d9a450595449172d24722c1e888fe881ecc87a2e-1762618606502 HTTP/1.1" 200 703 "https://b3.optimyar.com/" "Mozilla/5.0 (Windows NT 10.0; Win64; x64) AppleWebKit/537.36 (KHTML, like Gecko) Chrome/141.0.0.0 Safari/537.36"
172.56.168.120 - - [08/Nov/2025:19:56:26 +0330] "GET /companies?version=3000.99 HTTP/2" 200 700 "https://app.optimyar.com/" "Mozilla/5.0 (Windows NT 10.0; Win64; x64) AppleWebKit/537.36 (KHTML, like Gecko) Chrome/142.0.0.0 Safari/537.36"
204.18.215.213 - - [08/Nov/2025:19:46:10 +0330] "GET /companies?version=3000.99 HTTP/2" 200 700 "https://app.optimyar.com/" "Mozilla/5.0 (Windows NT 10.0; Win64; x64) AppleWebKit/537.36 (KHTML, like Gecko) Chrome/141.0.0.0 Safari/537.36"
204.18.215.213 - - [08/Nov/2025:19:46:46 +0330] "POST /sessions HTTP/1.1" 200 221 "https://app.optimyar.com/" "Mozilla/5.0 (Windows NT 10.0; Win64; x64) AppleWebKit/537.36 (KHTML, like Gecko) Chrome/141.0.0.0 Safari/537.36"
203.132.71.38 - - [08/Nov/2025:19:48:47 +0330] "GET /companies?version=3000.99 HTTP/2" 200 700 "https://app.optimyar.com/" "Mozilla/5.0 (Windows NT 10.0; Win64; x64) AppleWebKit/537.36 (KHTML, like Gecko) Chrome/141.0.0.0 Safari/537.36"
203.132.71.38 - - [08/Nov/2025:19:48:47 +0330] "GET /getPublicSessions?isPrivate=false HTTP/2" 200 196 "https://app.optimyar.com/" "Mozilla/5.0 (Windows NT 10.0; Win64; x64) AppleWebKit/537.36 (KHTML, like Gecko) Chrome/141.0.0.0 Safari/537.36"
5.114.49.221 - - [08/Nov/2025:19:54:43 +0330] "GET /companies?version=3000.99 HTTP/2" 200 700 "https://app.optimyar.com/" "Mozilla/5.0 (Windows NT 10.0; Win64; x64) AppleWebKit/537.36 (KHTML, like Gecko) Chrome/141.0.0.0 Safari/537.36"
5.114.49.221 - - [08/Nov/2025:19:54:43 +0330] "GET /getPublicSessions?isPrivate=false HTTP/2" 200 196 "https://app.optimyar.com/" "Mozilla/5.0 (Windows NT 10.0; Win64; x64) AppleWebKit/537.36 (KHTML, like Gecko) Chrome/141.0.0.0 Safari/537.36"
37.148.54.199 - - [08/Nov/2025:19:55:39 +0330] "GET /companies?version=3000.99 HTTP/2" 200 700 "https://app.optimyar.com/" "Mozilla/5.0 (Linux; Android 13; K) AppleWebKit/537.36 (KHTML, like Gecko) Chrome/141.0.7390.122 Mobile Safari/537.36"
37.148.54.199 - - [08/Nov/2025:19:55:39 +0330] "GET /getPublicSessions?isPrivate=false HTTP/2" 200 196 "https://app.optimyar.com/" "Mozilla/5.0 (Linux; Android 13; K) AppleWebKit/537.36 (KHTML, like Gecko) Chrome/141.0.7390.122 Mobile Safari/537.36"
37.148.54.199 - - [08/Nov/2025:19:56:25 +0330] "OPTIONS /startPublicSession HTTP/2" 204 0 "https://app.optimyar.com/" "Mozilla/5.0 (Linux; Android 13; K) AppleWebKit/537.36 (KHTML, like Gecko) Chrome/141.0.7390.122 Mobile Safari/537.36"
37.148.54.199 - - [08/Nov/2025:19:56:25 +0330] "POST /startPublicSession HTTP/1.1" 200 243 "https://app.optimyar.com/" "Mozilla/5.0 (Linux; Android 13; K) AppleWebKit/537.36 (KHTML, like Gecko) Chrome/141.0.7390.122 Mobile Safari/537.36"
37.148.54.199 - - [08/Nov/2025:19:56:38 +0330] "GET /getMeetingInfoByInteralId/d9a450595449172d24722c1e888fe881ecc87a2e-1762618606502 HTTP/1.1" 200 766 "https://b3.optimyar.com/" "Mozilla/5.0 (Linux; Android 13; K) AppleWebKit/537.36 (KHTML, like Gecko) Chrome/141.0.7390.122 Mobile Safari/537.36"
172.56.168.120 - - [08/Nov/2025:19:56:48 +0330] "OPTIONS /startPublicSession HTTP/1.1" 204 0 "https://app.optimyar.com/" "Mozilla/5.0 (Windows NT 10.0; Win64; x64) AppleWebKit/537.36 (KHTML, like Gecko) Chrome/142.0.0.0 Safari/537.36"
172.56.168.120 - - [08/Nov/2025:19:56:48 +0330] "POST /startPublicSession HTTP/1.1" 200 190 "https://app.optimyar.com/" "Mozilla/5.0 (Windows NT 10.0; Win64; x64) AppleWebKit/537.36 (KHTML, like Gecko) Chrome/142.0.0.0 Safari/537.36"
172.56.168.120 - - [08/Nov/2025:19:56:58 +0330] "GET /getMeetingInfoByInteralId/d9a450595449172d24722c1e888fe881ecc87a2e-1762618606502 HTTP/1.1" 200 806 "https://b3.optimyar.com/" "Mozilla/5.0 (Windows NT 10.0; Win64; x64) AppleWebKit/537.36 (KHTML, like Gecko) Chrome/142.0.0.0 Safari/537.36"
172.56.168.120 - - [08/Nov/2025:19:56:26 +0330] "GET /getPublicSessions?isPrivate=false HTTP/2" 200 196 "https://app.optimyar.com/" "Mozilla/5.0 (Windows NT 10.0; Win64; x64) AppleWebKit/537.36 (KHTML, like Gecko) Chrome/142.0.0.0 Safari/537.36"
46.41.214.189 - - [08/Nov/2025:19:59:18 +0330] "GET /companies?version=3000.99 HTTP/2" 200 700 "https://app.optimyar.com/" "Mozilla/5.0 (Windows NT 10.0; Win64; x64) AppleWebKit/537.36 (KHTML, like Gecko) Chrome/109.0.0.0 Safari/537.36"
46.41.214.189 - - [08/Nov/2025:19:59:18 +0330] "GET /getPublicSessions?isPrivate=false HTTP/2" 200 196 "https://app.optimyar.com/" "Mozilla/5.0 (Windows NT 10.0; Win64; x64) AppleWebKit/537.36 (KHTML, like Gecko) Chrome/109.0.0.0 Safari/537.36"
203.132.71.38 - - [08/Nov/2025:19:59:43 +0330] "GET /companies?version=3000.99 HTTP/1.1" 200 700 "https://app.optimyar.com/" "Mozilla/5.0 (Windows NT 10.0; Win64; x64) AppleWebKit/537.36 (KHTML, like Gecko) Chrome/141.0.0.0 Safari/537.36"
203.132.71.38 - - [08/Nov/2025:19:59:43 +0330] "GET /getPublicSessions?isPrivate=false HTTP/1.1" 200 196 "https://app.optimyar.com/" "Mozilla/5.0 (Windows NT 10.0; Win64; x64) AppleWebKit/537.36 (KHTML, like Gecko) Chrome/141.0.0.0 Safari/537.36"
203.132.71.38 - - [08/Nov/2025:19:59:50 +0330] "POST /startPublicSession HTTP/1.1" 200 190 "https://app.optimyar.com/" "Mozilla/5.0 (Windows NT 10.0; Win64; x64) AppleWebKit/537.36 (KHTML, like Gecko) Chrome/141.0.0.0 Safari/537.36"
203.132.71.38 - - [08/Nov/2025:20:00:25 +0330] "GET /companies?version=3000.99 HTTP/1.1" 200 700 "https://app.optimyar.com/" "Mozilla/5.0 (Windows NT 10.0; Win64; x64) AppleWebKit/537.36 (KHTML, like Gecko) Chrome/141.0.0.0 Safari/537.36"
203.132.71.38 - - [08/Nov/2025:20:00:25 +0330] "GET /getPublicSessions?isPrivate=false HTTP/1.1" 200 196 "https://app.optimyar.com/" "Mozilla/5.0 (Windows NT 10.0; Win64; x64) AppleWebKit/537.36 (KHTML, like Gecko) Chrome/141.0.0.0 Safari/537.36"
46.41.214.189 - - [08/Nov/2025:20:00:28 +0330] "GET /getMeetingInfoByInteralId/d9a450595449172d24722c1e888fe881ecc87a2e-1762618606502 HTTP/2" 200 850 "https://b3.optimyar.com/" "Mozilla/5.0 (Windows NT 10.0; Win64; x64) AppleWebKit/537.36 (KHTML, like Gecko) Chrome/109.0.0.0 Safari/537.36"
203.132.71.38 - - [08/Nov/2025:20:00:34 +0330] "POST /startPublicSession HTTP/1.1" 200 190 "https://app.optimyar.com/" "Mozilla/5.0 (Windows NT 10.0; Win64; x64) AppleWebKit/537.36 (KHTML, like Gecko) Chrome/141.0.0.0 Safari/537.36"
203.132.71.38 - - [08/Nov/2025:20:01:26 +0330] "GET /getMeetingInfoByInteralId/d9a450595449172d24722c1e888fe881ecc87a2e-1762618606502 HTTP/1.1" 200 890 "https://b3.optimyar.com/" "Mozilla/5.0 (Windows NT 10.0; Win64; x64) AppleWebKit/537.36 (KHTML, like Gecko) Chrome/141.0.0.0 Safari/537.36"
203.132.71.38 - - [08/Nov/2025:20:01:29 +0330] "GET /getMeetingInfoByInteralId/d9a450595449172d24722c1e888fe881ecc87a2e-1762618606502 HTTP/1.1" 200 890 "https://b3.optimyar.com/" "Mozilla/5.0 (Windows NT 10.0; Win64; x64) AppleWebKit/537.36 (KHTML, like Gecko) Chrome/141.0.0.0 Safari/537.36"
203.132.71.38 - - [08/Nov/2025:20:01:30 +0330] "GET /getMeetingInfoByInteralId/d9a450595449172d24722c1e888fe881ecc87a2e-1762618606502 HTTP/1.1" 200 890 "https://b3.optimyar.com/" "Mozilla/5.0 (Windows NT 10.0; Win64; x64) AppleWebKit/537.36 (KHTML, like Gecko) Chrome/141.0.0.0 Safari/537.36"
120.16.132.175 - - [08/Nov/2025:20:01:39 +0330] "GET /companies?version=3000.99 HTTP/2" 200 700 "https://app.optimyar.com/" "Mozilla/5.0 (iPhone; CPU iPhone OS 18_6_2 like Mac OS X) AppleWebKit/605.1.15 (KHTML, like Gecko) Version/18.6.2 Mobile/22G100 Safari/604.1"
120.16.132.175 - - [08/Nov/2025:20:01:39 +0330] "GET /getPublicSessions?isPrivate=false HTTP/2" 200 196 "https://app.optimyar.com/" "Mozilla/5.0 (iPhone; CPU iPhone OS 18_6_2 like Mac OS X) AppleWebKit/605.1.15 (KHTML, like Gecko) Version/18.6.2 Mobile/22G100 Safari/604.1"
194.225.232.131 - - [08/Nov/2025:20:01:56 +0330] "OPTIONS /startPublicSession HTTP/1.1" 204 0 "https://app.optimyar.com/" "Mozilla/5.0 (Windows NT 10.0; Win64; x64; rv:144.0) Gecko/20100101 Firefox/144.0"
194.225.232.131 - - [08/Nov/2025:20:01:56 +0330] "POST /startPublicSession HTTP/1.1" 200 223 "https://app.optimyar.com/" "Mozilla/5.0 (Windows NT 10.0; Win64; x64; rv:144.0) Gecko/20100101 Firefox/144.0"
194.225.232.131 - - [08/Nov/2025:20:02:24 +0330] "GET /getMeetingInfoByInteralId/d9a450595449172d24722c1e888fe881ecc87a2e-1762618606502 HTTP/1.1" 200 924 "https://b3.optimyar.com/" "Mozilla/5.0 (Windows NT 10.0; Win64; x64; rv:144.0) Gecko/20100101 Firefox/144.0"
85.90.207.58 - - [08/Nov/2025:20:02:47 +0330] "GET /companies?version=3000.99 HTTP/2" 200 700 "https://app.optimyar.com/" "Mozilla/5.0 (Windows NT 10.0; Win64; x64) AppleWebKit/537.36 (KHTML, like Gecko) Chrome/142.0.0.0 Safari/537.36 Edg/142.0.0.0"
85.90.207.58 - - [08/Nov/2025:20:02:47 +0330] "GET /getPublicSessions?isPrivate=false HTTP/2" 200 196 "https://app.optimyar.com/" "Mozilla/5.0 (Windows NT 10.0; Win64; x64) AppleWebKit/537.36 (KHTML, like Gecko) Chrome/142.0.0.0 Safari/537.36 Edg/142.0.0.0"
203.132.71.38 - - [08/Nov/2025:20:02:47 +0330] "GET /getMeetingInfoByInteralId/d9a450595449172d24722c1e888fe881ecc87a2e-1762618606502 HTTP/1.1" 200 924 "https://b3.optimyar.com/" "Mozilla/5.0 (Windows NT 10.0; Win64; x64) AppleWebKit/537.36 (KHTML, like Gecko) Chrome/141.0.0.0 Safari/537.36"
194.225.232.131 - - [08/Nov/2025:20:03:07 +0330] "POST /startPublicSession HTTP/1.1" 200 223 "https://app.optimyar.com/" "Mozilla/5.0 (Windows NT 10.0; Win64; x64; rv:144.0) Gecko/20100101 Firefox/144.0"
194.225.232.131 - - [08/Nov/2025:20:03:13 +0330] "GET /getMeetingInfoByInteralId/d9a450595449172d24722c1e888fe881ecc87a2e-1762618606502 HTTP/1.1" 200 923 "https://b3.optimyar.com/" "Mozilla/5.0 (Windows NT 10.0; Win64; x64; rv:144.0) Gecko/20100101 Firefox/144.0"
85.90.207.58 - - [08/Nov/2025:20:03:14 +0330] "OPTIONS /startPublicSession HTTP/2" 204 0 "https://app.optimyar.com/" "Mozilla/5.0 (Windows NT 10.0; Win64; x64) AppleWebKit/537.36 (KHTML, like Gecko) Chrome/142.0.0.0 Safari/537.36 Edg/142.0.0.0"
85.90.207.58 - - [08/Nov/2025:20:03:14 +0330] "POST /startPublicSession HTTP/2" 200 226 "https://app.optimyar.com/" "Mozilla/5.0 (Windows NT 10.0; Win64; x64) AppleWebKit/537.36 (KHTML, like Gecko) Chrome/142.0.0.0 Safari/537.36 Edg/142.0.0.0"
13.134.149.22 - - [08/Nov/2025:20:03:24 +0330] "GET /companies?version=3000.99 HTTP/2" 200 700 "https://app.optimyar.com/" "Mozilla/5.0 (Linux; Android 10; K) AppleWebKit/537.36 (KHTML, like Gecko) SamsungBrowser/29.0 Chrome/136.0.0.0 Mobile Safari/537.36"
13.134.149.22 - - [08/Nov/2025:20:03:24 +0330] "GET /getPublicSessions?isPrivate=false HTTP/2" 200 196 "https://app.optimyar.com/" "Mozilla/5.0 (Linux; Android 10; K) AppleWebKit/537.36 (KHTML, like Gecko) SamsungBrowser/29.0 Chrome/136.0.0.0 Mobile Safari/537.36"
85.90.207.58 - - [08/Nov/2025:20:03:29 +0330] "GET /getMeetingInfoByInteralId/d9a450595449172d24722c1e888fe881ecc87a2e-1762618606502 HTTP/2" 200 959 "https://b3.optimyar.com/" "Mozilla/5.0 (Windows NT 10.0; Win64; x64) AppleWebKit/537.36 (KHTML, like Gecko) Chrome/142.0.0.0 Safari/537.36 Edg/142.0.0.0"
13.134.149.22 - - [08/Nov/2025:20:03:38 +0330] "OPTIONS /startPublicSession HTTP/2" 204 0 "https://app.optimyar.com/" "Mozilla/5.0 (Linux; Android 10; K) AppleWebKit/537.36 (KHTML, like Gecko) SamsungBrowser/29.0 Chrome/136.0.0.0 Mobile Safari/537.36"
13.134.149.22 - - [08/Nov/2025:20:03:38 +0330] "POST /startPublicSession HTTP/2" 200 215 "https://app.optimyar.com/" "Mozilla/5.0 (Linux; Android 10; K) AppleWebKit/537.36 (KHTML, like Gecko) SamsungBrowser/29.0 Chrome/136.0.0.0 Mobile Safari/537.36"
13.134.149.22 - - [08/Nov/2025:20:03:58 +0330] "GET /getMeetingInfoByInteralId/d9a450595449172d24722c1e888fe881ecc87a2e-1762618606502 HTTP/2" 200 994 "https://b3.optimyar.com/" "Mozilla/5.0 (Linux; Android 10; K) AppleWebKit/537.36 (KHTML, like Gecko) SamsungBrowser/29.0 Chrome/136.0.0.0 Mobile Safari/537.36"
46.41.214.189 - - [08/Nov/2025:20:04:26 +0330] "GET /companies?version=3000.99 HTTP/1.1" 200 700 "https://app.optimyar.com/" "Mozilla/5.0 (Windows NT 10.0; Win64; x64) AppleWebKit/537.36 (KHTML, like Gecko) Chrome/109.0.0.0 Safari/537.36"
203.132.71.38 - - [08/Nov/2025:19:58:20 +0330] "OPTIONS /startPublicSession HTTP/2" 204 0 "https://app.optimyar.com/" "Mozilla/5.0 (Windows NT 10.0; Win64; x64) AppleWebKit/537.36 (KHTML, like Gecko) Chrome/141.0.0.0 Safari/537.36"
203.132.71.38 - - [08/Nov/2025:19:58:22 +0330] "POST /startPublicSession HTTP/2" 200 190 "https://app.optimyar.com/" "Mozilla/5.0 (Windows NT 10.0; Win64; x64) AppleWebKit/537.36 (KHTML, like Gecko) Chrome/141.0.0.0 Safari/537.36"
46.41.214.189 - - [08/Nov/2025:19:59:46 +0330] "OPTIONS /startPublicSession HTTP/1.1" 204 0 "https://app.optimyar.com/" "Mozilla/5.0 (Windows NT 10.0; Win64; x64) AppleWebKit/537.36 (KHTML, like Gecko) Chrome/109.0.0.0 Safari/537.36"
46.41.214.189 - - [08/Nov/2025:19:59:46 +0330] "POST /startPublicSession HTTP/1.1" 200 225 "https://app.optimyar.com/" "Mozilla/5.0 (Windows NT 10.0; Win64; x64) AppleWebKit/537.36 (KHTML, like Gecko) Chrome/109.0.0.0 Safari/537.36"
194.225.232.131 - - [08/Nov/2025:20:01:25 +0330] "GET /companies?version=3000.99 HTTP/2" 200 700 "https://app.optimyar.com/" "Mozilla/5.0 (Windows NT 10.0; Win64; x64; rv:144.0) Gecko/20100101 Firefox/144.0"
194.225.232.131 - - [08/Nov/2025:20:01:25 +0330] "GET /getPublicSessions?isPrivate=false HTTP/2" 200 196 "https://app.optimyar.com/" "Mozilla/5.0 (Windows NT 10.0; Win64; x64; rv:144.0) Gecko/20100101 Firefox/144.0"
37.148.54.199 - - [08/Nov/2025:20:03:49 +0330] "GET /companies?version=3000.99 HTTP/1.1" 200 700 "https://app.optimyar.com/" "Mozilla/5.0 (Linux; Android 13; K) AppleWebKit/537.36 (KHTML, like Gecko) Chrome/141.0.7390.122 Mobile Safari/537.36"
37.148.54.199 - - [08/Nov/2025:20:03:49 +0330] "GET /getPublicSessions?isPrivate=false HTTP/1.1" 200 196 "https://app.optimyar.com/" "Mozilla/5.0 (Linux; Android 13; K) AppleWebKit/537.36 (KHTML, like Gecko) Chrome/141.0.7390.122 Mobile Safari/537.36"
185.251.19.82 - - [08/Nov/2025:20:04:00 +0330] "GET /companies?version=3000.99 HTTP/2" 200 700 "https://app.optimyar.com/" "Mozilla/5.0 (Windows NT 10.0; Win64; x64) AppleWebKit/537.36 (KHTML, like Gecko) Chrome/141.0.0.0 Safari/537.36"
185.251.19.82 - - [08/Nov/2025:20:04:00 +0330] "GET /getPublicSessions?isPrivate=false HTTP/2" 200 196 "https://app.optimyar.com/" "Mozilla/5.0 (Windows NT 10.0; Win64; x64) AppleWebKit/537.36 (KHTML, like Gecko) Chrome/141.0.0.0 Safari/537.36"
37.148.54.199 - - [08/Nov/2025:20:04:07 +0330] "POST /startPublicSession HTTP/1.1" 200 243 "https://app.optimyar.com/" "Mozilla/5.0 (Linux; Android 13; K) AppleWebKit/537.36 (KHTML, like Gecko) Chrome/141.0.7390.122 Mobile Safari/537.36"
185.251.19.82 - - [08/Nov/2025:20:04:10 +0330] "OPTIONS /startPublicSession HTTP/2" 204 0 "https://app.optimyar.com/" "Mozilla/5.0 (Windows NT 10.0; Win64; x64) AppleWebKit/537.36 (KHTML, like Gecko) Chrome/141.0.0.0 Safari/537.36"
185.251.19.82 - - [08/Nov/2025:20:04:11 +0330] "POST /startPublicSession HTTP/2" 200 212 "https://app.optimyar.com/" "Mozilla/5.0 (Windows NT 10.0; Win64; x64) AppleWebKit/537.36 (KHTML, like Gecko) Chrome/141.0.0.0 Safari/537.36"
37.148.54.199 - - [08/Nov/2025:20:04:17 +0330] "GET /getMeetingInfoByInteralId/d9a450595449172d24722c1e888fe881ecc87a2e-1762618606502 HTTP/1.1" 200 996 "https://b3.optimyar.com/" "Mozilla/5.0 (Linux; Android 13; K) AppleWebKit/537.36 (KHTML, like Gecko) Chrome/141.0.7390.122 Mobile Safari/537.36"
185.251.19.82 - - [08/Nov/2025:20:04:34 +0330] "GET /getMeetingInfoByInteralId/d9a450595449172d24722c1e888fe881ecc87a2e-1762618606502 HTTP/2" 200 1024 "https://b3.optimyar.com/" "Mozilla/5.0 (Windows NT 10.0; Win64; x64) AppleWebKit/537.36 (KHTML, like Gecko) Chrome/141.0.0.0 Safari/537.36"
2.179.8.123 - - [08/Nov/2025:20:05:14 +0330] "GET /getMeetingInfoByInteralId/d9a450595449172d24722c1e888fe881ecc87a2e-1762618606502 HTTP/2" 200 1034 "https://b3.optimyar.com/" "Mozilla/5.0 (Linux; Android 10; K) AppleWebKit/537.36 (KHTML, like Gecko) SamsungBrowser/29.0 Chrome/136.0.0.0 Mobile Safari/537.36"
37.148.54.199 - - [08/Nov/2025:20:06:19 +0330] "GET /getMeetingInfoByInteralId/null HTTP/2" 400 125 "https://b3.optimyar.com/" "Mozilla/5.0 (Linux; Android 10; K) AppleWebKit/537.36 (KHTML, like Gecko) Chrome/111.0.0.0 Mobile Safari/537.36"
46.41.214.189 - - [08/Nov/2025:20:09:44 +0330] "GET /getMeetingInfoByInteralId/d9a450595449172d24722c1e888fe881ecc87a2e-1762618606502 HTTP/1.1" 200 1023 "https://b3.optimyar.com/" "Mozilla/5.0 (Windows NT 10.0; Win64; x64) AppleWebKit/537.36 (KHTML, like Gecko) Chrome/109.0.0.0 Safari/537.36"
5.115.175.123 - - [08/Nov/2025:20:10:49 +0330] "GET /companies?version=3000.99 HTTP/2" 200 700 "https://app.optimyar.com/" "Mozilla/5.0 (Linux; Android 10; JNY-LX1; HMSCore 6.15.4.312) AppleWebKit/537.36 (KHTML, like Gecko) Chrome/114.0.5735.196 HuaweiBrowser/16.0.6.300 Mobile Safari/537.36"
5.115.175.123 - - [08/Nov/2025:20:10:49 +0330] "GET /getPublicSessions?isPrivate=false HTTP/2" 200 196 "https://app.optimyar.com/" "Mozilla/5.0 (Linux; Android 10; JNY-LX1; HMSCore 6.15.4.312) AppleWebKit/537.36 (KHTML, like Gecko) Chrome/114.0.5735.196 HuaweiBrowser/16.0.6.300 Mobile Safari/537.36"
5.115.175.123 - - [08/Nov/2025:20:11:05 +0330] "OPTIONS /startPublicSession HTTP/1.1" 204 0 "https://app.optimyar.com/" "Mozilla/5.0 (Linux; Android 10; JNY-LX1; HMSCore 6.15.4.312) AppleWebKit/537.36 (KHTML, like Gecko) Chrome/114.0.5735.196 HuaweiBrowser/16.0.6.300 Mobile Safari/537.36"
5.115.175.123 - - [08/Nov/2025:20:11:05 +0330] "POST /startPublicSession HTTP/1.1" 200 227 "https://app.optimyar.com/" "Mozilla/5.0 (Linux; Android 10; JNY-LX1; HMSCore 6.15.4.312) AppleWebKit/537.36 (KHTML, like Gecko) Chrome/114.0.5735.196 HuaweiBrowser/16.0.6.300 Mobile Safari/537.36"
5.115.175.123 - - [08/Nov/2025:20:11:21 +0330] "GET /getMeetingInfoByInteralId/d9a450595449172d24722c1e888fe881ecc87a2e-1762618606502 HTTP/1.1" 200 1050 "https://b3.optimyar.com/" "Mozilla/5.0 (Linux; Android 10; JNY-LX1; HMSCore 6.15.4.312) AppleWebKit/537.36 (KHTML, like Gecko) Chrome/114.0.5735.196 HuaweiBrowser/16.0.6.300 Mobile Safari/537.36"
213.142.96.66 - - [08/Nov/2025:20:11:25 +0330] "GET /companies?version=3000.99 HTTP/1.1" 200 700 "https://app.optimyar.com/" "Mozilla/5.0 (iPhone; CPU iPhone OS 18_5 like Mac OS X) AppleWebKit/605.1.15 (KHTML, like Gecko) Version/18.5 Mobile/22F76 Safari/604.1"
213.142.96.66 - - [08/Nov/2025:20:11:25 +0330] "GET /getPublicSessions?isPrivate=false HTTP/1.1" 200 196 "https://app.optimyar.com/" "Mozilla/5.0 (iPhone; CPU iPhone OS 18_5 like Mac OS X) AppleWebKit/605.1.15 (KHTML, like Gecko) Version/18.5 Mobile/22F76 Safari/604.1"
5.215.171.82 - - [08/Nov/2025:20:11:55 +0330] "GET /companies?version=3000.99 HTTP/2" 200 700 "https://app.optimyar.com/" "Mozilla/5.0 (Linux; Android 15; K) AppleWebKit/537.36 (KHTML, like Gecko) Chrome/141.0.7390.122 Mobile Safari/537.36"
5.215.171.82 - - [08/Nov/2025:20:11:55 +0330] "GET /getPublicSessions?isPrivate=false HTTP/2" 200 196 "https://app.optimyar.com/" "Mozilla/5.0 (Linux; Android 15; K) AppleWebKit/537.36 (KHTML, like Gecko) Chrome/141.0.7390.122 Mobile Safari/537.36"
5.215.171.82 - - [08/Nov/2025:20:12:18 +0330] "OPTIONS /startPublicSession HTTP/2" 204 0 "https://app.optimyar.com/" "Mozilla/5.0 (Linux; Android 15; K) AppleWebKit/537.36 (KHTML, like Gecko) Chrome/141.0.7390.122 Mobile Safari/537.36"
5.215.171.82 - - [08/Nov/2025:20:12:18 +0330] "POST /startPublicSession HTTP/2" 200 204 "https://app.optimyar.com/" "Mozilla/5.0 (Linux; Android 15; K) AppleWebKit/537.36 (KHTML, like Gecko) Chrome/141.0.7390.122 Mobile Safari/537.36"
76.34.178.37 - - [08/Nov/2025:20:12:26 +0330] "GET /companies?version=2022.06.03 HTTP/1.1" 200 700 "-" "Mozilla/5.0 (Windows NT 10.0; WOW64) AppleWebKit/537.36 (KHTML, like Gecko) optimyar-app/2022.6.3 Chrome/98.0.4758.141 Electron/17.4.7 Safari/537.36"
76.34.178.37 - - [08/Nov/2025:20:12:26 +0330] "GET /captchas/make?version=2022.06.03 HTTP/1.1" 200 4796 "-" "Mozilla/5.0 (Windows NT 10.0; WOW64) AppleWebKit/537.36 (KHTML, like Gecko) optimyar-app/2022.6.3 Chrome/98.0.4758.141 Electron/17.4.7 Safari/537.36"
76.34.178.37 - - [08/Nov/2025:20:12:26 +0330] "GET /uploads/minilogo7_fd0c99920b.png HTTP/1.1" 200 25203 "-" "Mozilla/5.0 (Windows NT 10.0; WOW64) AppleWebKit/537.36 (KHTML, like Gecko) optimyar-app/2022.6.3 Chrome/98.0.4758.141 Electron/17.4.7 Safari/537.36"
213.142.96.66 - - [08/Nov/2025:20:12:41 +0330] "OPTIONS /startPublicSession HTTP/1.1" 204 0 "https://app.optimyar.com/" "Mozilla/5.0 (iPhone; CPU iPhone OS 18_5 like Mac OS X) AppleWebKit/605.1.15 (KHTML, like Gecko) Version/18.5 Mobile/22F76 Safari/604.1"
46.41.214.189 - - [08/Nov/2025:20:04:26 +0330] "GET /getPublicSessions?isPrivate=false HTTP/1.1" 200 196 "https://app.optimyar.com/" "Mozilla/5.0 (Windows NT 10.0; Win64; x64) AppleWebKit/537.36 (KHTML, like Gecko) Chrome/109.0.0.0 Safari/537.36"
46.41.214.189 - - [08/Nov/2025:20:04:39 +0330] "POST /startPublicSession HTTP/1.1" 200 225 "https://app.optimyar.com/" "Mozilla/5.0 (Windows NT 10.0; Win64; x64) AppleWebKit/537.36 (KHTML, like Gecko) Chrome/109.0.0.0 Safari/537.36"
46.41.214.189 - - [08/Nov/2025:20:04:53 +0330] "GET /getMeetingInfoByInteralId/d9a450595449172d24722c1e888fe881ecc87a2e-1762618606502 HTTP/1.1" 200 1027 "https://b3.optimyar.com/" "Mozilla/5.0 (Windows NT 10.0; Win64; x64) AppleWebKit/537.36 (KHTML, like Gecko) Chrome/109.0.0.0 Safari/537.36"
37.148.54.199 - - [08/Nov/2025:20:06:49 +0330] "GET /getMeetingInfoByInteralId/null HTTP/1.1" 400 125 "https://b3.optimyar.com/" "Mozilla/5.0 (Android 13; Mobile; rv:142.0) Gecko/142.0 Firefox/142.0"
213.142.96.66 - - [08/Nov/2025:20:12:14 +0330] "GET /companies?version=3000.99 HTTP/1.1" 200 700 "https://app.optimyar.com/" "Mozilla/5.0 (iPhone; CPU iPhone OS 18_5 like Mac OS X) AppleWebKit/605.1.15 (KHTML, like Gecko) Version/18.5 Mobile/22F76 Safari/604.1"
213.142.96.66 - - [08/Nov/2025:20:12:14 +0330] "GET /captchas/make?version=3000.99 HTTP/1.1" 200 7172 "https://app.optimyar.com/" "Mozilla/5.0 (iPhone; CPU iPhone OS 18_5 like Mac OS X) AppleWebKit/605.1.15 (KHTML, like Gecko) Version/18.5 Mobile/22F76 Safari/604.1"
213.142.96.66 - - [08/Nov/2025:20:12:14 +0330] "GET /uploads/minilogo7_fd0c99920b.png HTTP/1.1" 200 25203 "https://app.optimyar.com/" "Mozilla/5.0 (iPhone; CPU iPhone OS 18_5 like Mac OS X) AppleWebKit/605.1.15 (KHTML, like Gecko) Version/18.5 Mobile/22F76 Safari/604.1"
213.142.96.66 - - [08/Nov/2025:20:12:19 +0330] "GET /companies?version=3000.99 HTTP/1.1" 200 700 "https://app.optimyar.com/" "Mozilla/5.0 (iPhone; CPU iPhone OS 18_5 like Mac OS X) AppleWebKit/605.1.15 (KHTML, like Gecko) Version/18.5 Mobile/22F76 Safari/604.1"
213.142.96.66 - - [08/Nov/2025:20:12:19 +0330] "GET /getPublicSessions?isPrivate=false HTTP/1.1" 200 196 "https://app.optimyar.com/" "Mozilla/5.0 (iPhone; CPU iPhone OS 18_5 like Mac OS X) AppleWebKit/605.1.15 (KHTML, like Gecko) Version/18.5 Mobile/22F76 Safari/604.1"
5.215.171.82 - - [08/Nov/2025:20:12:27 +0330] "GET /getMeetingInfoByInteralId/d9a450595449172d24722c1e888fe881ecc87a2e-1762618606502 HTTP/1.1" 200 1072 "https://b3.optimyar.com/" "Mozilla/5.0 (Linux; Android 15; K) AppleWebKit/537.36 (KHTML, like Gecko) Chrome/141.0.7390.122 Mobile Safari/537.36"
213.142.96.66 - - [08/Nov/2025:20:12:41 +0330] "POST /startPublicSession HTTP/1.1" 200 216 "https://app.optimyar.com/" "Mozilla/5.0 (iPhone; CPU iPhone OS 18_5 like Mac OS X) AppleWebKit/605.1.15 (KHTML, like Gecko) Version/18.5 Mobile/22F76 Safari/604.1"
213.142.96.66 - - [08/Nov/2025:20:12:47 +0330] "GET /getMeetingInfoByInteralId/d9a450595449172d24722c1e888fe881ecc87a2e-1762618606502 HTTP/1.1" 200 1113 "https://b3.optimyar.com/" "Mozilla/5.0 (iPhone; CPU iPhone OS 18_5 like Mac OS X) AppleWebKit/605.1.15 (KHTML, like Gecko) Version/18.5 Mobile/22F76 Safari/604.1"
91.107.137.70 - - [08/Nov/2025:20:13:44 +0330] "GET /companies?version=3000.99 HTTP/2" 200 700 "https://app.optimyar.com/" "Mozilla/5.0 (Linux; Android 13; K) AppleWebKit/537.36 (KHTML, like Gecko) Chrome/141.0.7390.122 Mobile Safari/537.36"
91.107.137.70 - - [08/Nov/2025:20:13:44 +0330] "GET /getPublicSessions?isPrivate=false HTTP/2" 200 196 "https://app.optimyar.com/" "Mozilla/5.0 (Linux; Android 13; K) AppleWebKit/537.36 (KHTML, like Gecko) Chrome/141.0.7390.122 Mobile Safari/537.36"
91.107.137.70 - - [08/Nov/2025:20:14:56 +0330] "OPTIONS /startPublicSession HTTP/2" 204 0 "https://app.optimyar.com/" "Mozilla/5.0 (Linux; Android 13; K) AppleWebKit/537.36 (KHTML, like Gecko) Chrome/141.0.7390.122 Mobile Safari/537.36"
91.107.137.70 - - [08/Nov/2025:20:14:56 +0330] "POST /startPublicSession HTTP/2" 200 243 "https://app.optimyar.com/" "Mozilla/5.0 (Linux; Android 13; K) AppleWebKit/537.36 (KHTML, like Gecko) Chrome/141.0.7390.122 Mobile Safari/537.36"
91.107.137.70 - - [08/Nov/2025:20:15:08 +0330] "GET /getMeetingInfoByInteralId/d9a450595449172d24722c1e888fe881ecc87a2e-1762618606502 HTTP/2" 200 1154 "https://b3.optimyar.com/" "Mozilla/5.0 (Linux; Android 13; K) AppleWebKit/537.36 (KHTML, like Gecko) Chrome/141.0.7390.122 Mobile Safari/537.36"
37.148.54.199 - - [08/Nov/2025:20:15:34 +0330] "GET /getMeetingInfoByInteralId/null HTTP/2" 400 125 "https://b3.optimyar.com/" "Mozilla/5.0 (Windows NT 6.1; Win64; x64; rv:109.0) Gecko/20100101 Firefox/115.0"
37.148.54.199 - - [08/Nov/2025:20:16:24 +0330] "GET /getMeetingInfoByInteralId/null HTTP/1.1" 400 125 "https://b3.optimyar.com/" "Mozilla/5.0 (Windows NT 10.0; Win64; x64) AppleWebKit/537.36 (KHTML, like Gecko) Chrome/109.0.0.0 Safari/537.36"
76.34.178.37 - - [08/Nov/2025:20:17:37 +0330] "GET /companies?version=3000.99 HTTP/2" 200 700 "https://app.optimyar.com/" "Mozilla/5.0 (Windows NT 10.0; Win64; x64) AppleWebKit/537.36 (KHTML, like Gecko) Chrome/142.0.0.0 Safari/537.36"
76.34.178.37 - - [08/Nov/2025:20:17:37 +0330] "GET /captchas/make?version=3000.99 HTTP/2" 200 6411 "https://app.optimyar.com/" "Mozilla/5.0 (Windows NT 10.0; Win64; x64) AppleWebKit/537.36 (KHTML, like Gecko) Chrome/142.0.0.0 Safari/537.36"
76.34.178.37 - - [08/Nov/2025:20:18:20 +0330] "POST /auth/local HTTP/1.1" 400 115 "-" "Mozilla/5.0 (Windows NT 10.0; WOW64) AppleWebKit/537.36 (KHTML, like Gecko) optimyar-app/2022.6.3 Chrome/98.0.4758.141 Electron/17.4.7 Safari/537.36"
76.34.178.37 - - [08/Nov/2025:20:18:21 +0330] "GET /captchas/make?version=2022.06.03 HTTP/1.1" 200 5180 "-" "Mozilla/5.0 (Windows NT 10.0; WOW64) AppleWebKit/537.36 (KHTML, like Gecko) optimyar-app/2022.6.3 Chrome/98.0.4758.141 Electron/17.4.7 Safari/537.36"
37.148.54.199 - - [08/Nov/2025:20:18:32 +0330] "GET /getMeetingInfoByInteralId/null HTTP/1.1" 400 125 "https://b3.optimyar.com/" "Mozilla/5.0 (Windows NT 10.0; Win64; x64) AppleWebKit/537.36 (KHTML, like Gecko) Chrome/109.0.0.0 Safari/537.36"
76.34.178.37 - - [08/Nov/2025:20:18:36 +0330] "POST /auth/local HTTP/1.1" 200 292 "-" "Mozilla/5.0 (Windows NT 10.0; WOW64) AppleWebKit/537.36 (KHTML, like Gecko) optimyar-app/2022.6.3 Chrome/98.0.4758.141 Electron/17.4.7 Safari/537.36"
76.34.178.37 - - [08/Nov/2025:20:18:37 +0330] "GET /user-sessions/28:95:29:2c:43:d6 HTTP/1.1" 200 489 "-" "Mozilla/5.0 (Windows NT 10.0; WOW64) AppleWebKit/537.36 (KHTML, like Gecko) optimyar-app/2022.6.3 Chrome/98.0.4758.141 Electron/17.4.7 Safari/537.36"
76.34.178.37 - - [08/Nov/2025:20:18:37 +0330] "GET /user-courses?isConfirm=true&_sort=buyDate:DESC&version=2022.06.03 HTTP/1.1" 200 2716 "-" "Mozilla/5.0 (Windows NT 10.0; WOW64) AppleWebKit/537.36 (KHTML, like Gecko) optimyar-app/2022.6.3 Chrome/98.0.4758.141 Electron/17.4.7 Safari/537.36"
76.34.178.37 - - [08/Nov/2025:20:18:37 +0330] "GET /user-courses/isCourseLive/685ac3b874ef7667cf484fcf HTTP/1.1" 200 61 "-" "Mozilla/5.0 (Windows NT 10.0; WOW64) AppleWebKit/537.36 (KHTML, like Gecko) optimyar-app/2022.6.3 Chrome/98.0.4758.141 Electron/17.4.7 Safari/537.36"
76.34.178.37 - - [08/Nov/2025:20:18:37 +0330] "GET /user-courses/isCourseLive/685abef374ef7667cf484fcc HTTP/1.1" 200 61 "-" "Mozilla/5.0 (Windows NT 10.0; WOW64) AppleWebKit/537.36 (KHTML, like Gecko) optimyar-app/2022.6.3 Chrome/98.0.4758.141 Electron/17.4.7 Safari/537.36"
76.34.178.37 - - [08/Nov/2025:20:18:37 +0330] "GET /user-courses/isCourseLive/685abf6174ef7667cf484fcd HTTP/1.1" 200 61 "-" "Mozilla/5.0 (Windows NT 10.0; WOW64) AppleWebKit/537.36 (KHTML, like Gecko) optimyar-app/2022.6.3 Chrome/98.0.4758.141 Electron/17.4.7 Safari/537.36"
76.34.178.37 - - [08/Nov/2025:20:18:37 +0330] "GET /user-courses/isCourseLive/685ac43f74ef7667cf484fd1 HTTP/1.1" 200 61 "-" "Mozilla/5.0 (Windows NT 10.0; WOW64) AppleWebKit/537.36 (KHTML, like Gecko) optimyar-app/2022.6.3 Chrome/98.0.4758.141 Electron/17.4.7 Safari/537.36"
76.34.178.37 - - [08/Nov/2025:20:18:37 +0330] "GET /user-courses/isCourseLive/685ac32c74ef7667cf484fce HTTP/1.1" 200 61 "-" "Mozilla/5.0 (Windows NT 10.0; WOW64) AppleWebKit/537.36 (KHTML, like Gecko) optimyar-app/2022.6.3 Chrome/98.0.4758.141 Electron/17.4.7 Safari/537.36"
76.34.178.37 - - [08/Nov/2025:20:18:37 +0330] "GET /user-courses/isCourseLive/685ac4e874ef7667cf484fd2 HTTP/1.1" 200 61 "-" "Mozilla/5.0 (Windows NT 10.0; WOW64) AppleWebKit/537.36 (KHTML, like Gecko) optimyar-app/2022.6.3 Chrome/98.0.4758.141 Electron/17.4.7 Safari/537.36"
76.34.178.37 - - [08/Nov/2025:20:18:37 +0330] "GET /user-courses/isCourseLive/685ac54074ef7667cf484fd3 HTTP/1.1" 200 61 "-" "Mozilla/5.0 (Windows NT 10.0; WOW64) AppleWebKit/537.36 (KHTML, like Gecko) optimyar-app/2022.6.3 Chrome/98.0.4758.141 Electron/17.4.7 Safari/537.36"
76.34.178.37 - - [08/Nov/2025:20:18:37 +0330] "GET /user-courses/isCourseLive/676c00ba5f6bd494337a1b67 HTTP/1.1" 200 61 "-" "Mozilla/5.0 (Windows NT 10.0; WOW64) AppleWebKit/537.36 (KHTML, like Gecko) optimyar-app/2022.6.3 Chrome/98.0.4758.141 Electron/17.4.7 Safari/537.36"
76.34.178.37 - - [08/Nov/2025:20:18:37 +0330] "GET /user-courses/isCourseLive/67266236f6f755e4ec403852 HTTP/1.1" 200 61 "-" "Mozilla/5.0 (Windows NT 10.0; WOW64) AppleWebKit/537.36 (KHTML, like Gecko) optimyar-app/2022.6.3 Chrome/98.0.4758.141 Electron/17.4.7 Safari/537.36"
37.148.54.199 - - [08/Nov/2025:20:18:45 +0330] "GET /getMeetingInfoByInteralId/null HTTP/2" 400 125 "https://b3.optimyar.com/" "Mozilla/5.0 (Windows NT 6.1; Win64; x64; rv:109.0) Gecko/20100101 Firefox/115.0"
178.131.184.242 - - [08/Nov/2025:20:19:46 +0330] "GET /companies?version=3000.99 HTTP/2" 200 700 "https://app.optimyar.com/" "Mozilla/5.0 (iPhone; CPU iPhone OS 18_6_2 like Mac OS X) AppleWebKit/605.1.15 (KHTML, like Gecko) Version/18.6.2 Mobile/22G100 Safari/604.1"
178.131.184.242 - - [08/Nov/2025:20:19:46 +0330] "GET /getPublicSessions?isPrivate=false HTTP/2" 200 196 "https://app.optimyar.com/" "Mozilla/5.0 (iPhone; CPU iPhone OS 18_6_2 like Mac OS X) AppleWebKit/605.1.15 (KHTML, like Gecko) Version/18.6.2 Mobile/22G100 Safari/604.1"
178.131.184.242 - - [08/Nov/2025:20:20:06 +0330] "POST /startPublicSession HTTP/2" 200 218 "https://app.optimyar.com/" "Mozilla/5.0 (iPhone; CPU iPhone OS 18_6_2 like Mac OS X) AppleWebKit/605.1.15 (KHTML, like Gecko) Version/18.6.2 Mobile/22G100 Safari/604.1"
89.199.133.147 - - [08/Nov/2025:20:22:52 +0330] "GET /companies?version=3000.99 HTTP/2" 200 700 "https://app.optimyar.com/" "Mozilla/5.0 (iPhone; CPU iPhone OS 18_6_2 like Mac OS X) AppleWebKit/605.1.15 (KHTML, like Gecko) Version/18.6.2 Mobile/22G100 Safari/604.1"
89.199.133.147 - - [08/Nov/2025:20:22:52 +0330] "GET /getPublicSessions?isPrivate=false HTTP/2" 200 196 "https://app.optimyar.com/" "Mozilla/5.0 (iPhone; CPU iPhone OS 18_6_2 like Mac OS X) AppleWebKit/605.1.15 (KHTML, like Gecko) Version/18.6.2 Mobile/22G100 Safari/604.1"
89.199.133.147 - - [08/Nov/2025:20:23:09 +0330] "POST /startPublicSession HTTP/2" 200 219 "https://app.optimyar.com/" "Mozilla/5.0 (iPhone; CPU iPhone OS 18_6_2 like Mac OS X) AppleWebKit/605.1.15 (KHTML, like Gecko) Version/18.6.2 Mobile/22G100 Safari/604.1"
89.199.133.147 - - [08/Nov/2025:20:23:15 +0330] "GET /getMeetingInfoByInteralId/d9a450595449172d24722c1e888fe881ecc87a2e-1762618606502 HTTP/2" 200 1217 "https://b3.optimyar.com/" "Mozilla/5.0 (iPhone; CPU iPhone OS 18_6_2 like Mac OS X) AppleWebKit/605.1.15 (KHTML, like Gecko) Version/18.6.2 Mobile/22G100 Safari/604.1"
37.148.54.199 - - [08/Nov/2025:20:14:19 +0330] "GET /getMeetingInfoByInteralId/null HTTP/2" 400 125 "https://b3.optimyar.com/" "Mozilla/5.0 (Windows NT 10.0; Win64; x64) AppleWebKit/537.36 (KHTML, like Gecko) Chrome/109.0.0.0 Safari/537.36"
76.34.178.37 - - [08/Nov/2025:20:17:37 +0330] "GET /uploads/minilogo7_fd0c99920b.png HTTP/1.1" 200 25203 "https://app.optimyar.com/" "Mozilla/5.0 (Windows NT 10.0; Win64; x64) AppleWebKit/537.36 (KHTML, like Gecko) Chrome/142.0.0.0 Safari/537.36"
178.131.184.242 - - [08/Nov/2025:20:20:06 +0330] "OPTIONS /startPublicSession HTTP/2" 204 0 "https://app.optimyar.com/" "Mozilla/5.0 (iPhone; CPU iPhone OS 18_6_2 like Mac OS X) AppleWebKit/605.1.15 (KHTML, like Gecko) Version/18.6.2 Mobile/22G100 Safari/604.1"
89.199.133.147 - - [08/Nov/2025:20:20:17 +0330] "GET /getMeetingInfoByInteralId/d9a450595449172d24722c1e888fe881ecc87a2e-1762618606502 HTTP/2" 200 1200 "https://b3.optimyar.com/" "Mozilla/5.0 (iPhone; CPU iPhone OS 18_6_2 like Mac OS X) AppleWebKit/605.1.15 (KHTML, like Gecko) Version/18.6.2 Mobile/22G100 Safari/604.1"
5.114.49.221 - - [08/Nov/2025:20:33:43 +0330] "GET /companies?version=3000.99 HTTP/1.1" 200 700 "https://app.optimyar.com/" "Mozilla/5.0 (Windows NT 10.0; Win64; x64) AppleWebKit/537.36 (KHTML, like Gecko) Chrome/141.0.0.0 Safari/537.36"
5.114.49.221 - - [08/Nov/2025:20:33:43 +0330] "GET /getPublicSessions?isPrivate=false HTTP/1.1" 200 196 "https://app.optimyar.com/" "Mozilla/5.0 (Windows NT 10.0; Win64; x64) AppleWebKit/537.36 (KHTML, like Gecko) Chrome/141.0.0.0 Safari/537.36"
5.114.49.221 - - [08/Nov/2025:20:34:01 +0330] "POST /startPublicSession HTTP/1.1" 200 196 "https://app.optimyar.com/" "Mozilla/5.0 (Windows NT 10.0; Win64; x64) AppleWebKit/537.36 (KHTML, like Gecko) Chrome/141.0.0.0 Safari/537.36"
5.114.49.221 - - [08/Nov/2025:20:34:16 +0330] "GET /getMeetingInfoByInteralId/d9a450595449172d24722c1e888fe881ecc87a2e-1762618606502 HTTP/1.1" 200 1201 "https://b3.optimyar.com/" "Mozilla/5.0 (Windows NT 10.0; Win64; x64) AppleWebKit/537.36 (KHTML, like Gecko) Chrome/141.0.0.0 Safari/537.36"
5.215.171.82 - - [08/Nov/2025:20:31:37 +0330] "GET /companies?version=3000.99 HTTP/1.1" 200 700 "https://app.optimyar.com/" "Mozilla/5.0 (Linux; Android 15; K) AppleWebKit/537.36 (KHTML, like Gecko) Chrome/141.0.7390.122 Mobile Safari/537.36"
5.215.171.82 - - [08/Nov/2025:20:31:37 +0330] "GET /getPublicSessions?isPrivate=false HTTP/1.1" 200 196 "https://app.optimyar.com/" "Mozilla/5.0 (Linux; Android 15; K) AppleWebKit/537.36 (KHTML, like Gecko) Chrome/141.0.7390.122 Mobile Safari/537.36"
5.215.171.82 - - [08/Nov/2025:20:31:52 +0330] "POST /startPublicSession HTTP/1.1" 200 205 "https://app.optimyar.com/" "Mozilla/5.0 (Linux; Android 15; K) AppleWebKit/537.36 (KHTML, like Gecko) Chrome/141.0.7390.122 Mobile Safari/537.36"
5.215.171.82 - - [08/Nov/2025:20:31:58 +0330] "GET /getMeetingInfoByInteralId/d9a450595449172d24722c1e888fe881ecc87a2e-1762618606502 HTTP/1.1" 200 1214 "https://b3.optimyar.com/" "Mozilla/5.0 (Linux; Android 15; K) AppleWebKit/537.36 (KHTML, like Gecko) Chrome/141.0.7390.122 Mobile Safari/537.36"
5.215.171.82 - - [08/Nov/2025:20:33:57 +0330] "GET /companies?version=3000.99 HTTP/1.1" 200 700 "https://app.optimyar.com/" "Mozilla/5.0 (Linux; Android 15; K) AppleWebKit/537.36 (KHTML, like Gecko) Chrome/141.0.7390.122 Mobile Safari/537.36"
5.215.171.82 - - [08/Nov/2025:20:33:57 +0330] "GET /getPublicSessions?isPrivate=false HTTP/1.1" 200 196 "https://app.optimyar.com/" "Mozilla/5.0 (Linux; Android 15; K) AppleWebKit/537.36 (KHTML, like Gecko) Chrome/141.0.7390.122 Mobile Safari/537.36"
5.215.171.82 - - [08/Nov/2025:20:34:14 +0330] "POST /startPublicSession HTTP/1.1" 200 242 "https://app.optimyar.com/" "Mozilla/5.0 (Linux; Android 15; K) AppleWebKit/537.36 (KHTML, like Gecko) Chrome/141.0.7390.122 Mobile Safari/537.36"
5.215.171.82 - - [08/Nov/2025:20:34:27 +0330] "GET /getMeetingInfoByInteralId/d9a450595449172d24722c1e888fe881ecc87a2e-1762618606502 HTTP/1.1" 200 1217 "https://b3.optimyar.com/" "Mozilla/5.0 (Linux; Android 15; K) AppleWebKit/537.36 (KHTML, like Gecko) Chrome/141.0.7390.122 Mobile Safari/537.36"
5.215.171.82 - - [08/Nov/2025:20:42:47 +0330] "GET /getMeetingInfoByInteralId/null HTTP/2" 400 125 "https://b3.optimyar.com/" "Mozilla/5.0 (Linux; Android 10; K) AppleWebKit/537.36 (KHTML, like Gecko) Chrome/142.0.0.0 Mobile Safari/537.36"
46.41.214.189 - - [08/Nov/2025:20:43:24 +0330] "GET /getMeetingInfoByInteralId/d9a450595449172d24722c1e888fe881ecc87a2e-1762618606502 HTTP/1.1" 200 1217 "https://b3.optimyar.com/" "Mozilla/5.0 (Windows NT 10.0; Win64; x64) AppleWebKit/537.36 (KHTML, like Gecko) Chrome/109.0.0.0 Safari/537.36"
5.215.171.82 - - [08/Nov/2025:20:44:04 +0330] "GET /companies?version=3000.99 HTTP/1.1" 200 700 "https://app.optimyar.com/" "Mozilla/5.0 (Linux; Android 10; K) AppleWebKit/537.36 (KHTML, like Gecko) Chrome/142.0.0.0 Mobile Safari/537.36"
5.215.171.82 - - [08/Nov/2025:20:44:04 +0330] "GET /getPublicSessions?isPrivate=false HTTP/1.1" 200 196 "https://app.optimyar.com/" "Mozilla/5.0 (Linux; Android 10; K) AppleWebKit/537.36 (KHTML, like Gecko) Chrome/142.0.0.0 Mobile Safari/537.36"
5.215.171.82 - - [08/Nov/2025:20:44:21 +0330] "OPTIONS /startPublicSession HTTP/1.1" 204 0 "https://app.optimyar.com/" "Mozilla/5.0 (Linux; Android 10; K) AppleWebKit/537.36 (KHTML, like Gecko) Chrome/142.0.0.0 Mobile Safari/537.36"
5.215.171.82 - - [08/Nov/2025:20:44:21 +0330] "POST /startPublicSession HTTP/1.1" 200 242 "https://app.optimyar.com/" "Mozilla/5.0 (Linux; Android 10; K) AppleWebKit/537.36 (KHTML, like Gecko) Chrome/142.0.0.0 Mobile Safari/537.36"
5.215.171.82 - - [08/Nov/2025:20:44:28 +0330] "GET /getMeetingInfoByInteralId/d9a450595449172d24722c1e888fe881ecc87a2e-1762618606502 HTTP/1.1" 200 1213 "https://b3.optimyar.com/" "Mozilla/5.0 (Linux; Android 10; K) AppleWebKit/537.36 (KHTML, like Gecko) Chrome/142.0.0.0 Mobile Safari/537.36"
5.115.175.123 - - [08/Nov/2025:20:40:05 +0330] "GET /getMeetingInfoByInteralId/d9a450595449172d24722c1e888fe881ecc87a2e-1762618606502 HTTP/1.1" 200 1225 "https://b3.optimyar.com/" "Mozilla/5.0 (Linux; Android 10; JNY-LX1; HMSCore 6.15.4.312) AppleWebKit/537.36 (KHTML, like Gecko) Chrome/114.0.5735.196 HuaweiBrowser/16.0.6.300 Mobile Safari/537.36"
5.215.171.82 - - [08/Nov/2025:20:40:30 +0330] "POST /startPublicSession HTTP/2" 200 242 "https://app.optimyar.com/" "Mozilla/5.0 (Linux; Android 15; K) AppleWebKit/537.36 (KHTML, like Gecko) Chrome/141.0.7390.122 Mobile Safari/537.36"
5.215.171.82 - - [08/Nov/2025:20:40:37 +0330] "GET /getMeetingInfoByInteralId/d9a450595449172d24722c1e888fe881ecc87a2e-1762618606502 HTTP/2" 200 1225 "https://b3.optimyar.com/" "Mozilla/5.0 (Linux; Android 15; K) AppleWebKit/537.36 (KHTML, like Gecko) Chrome/141.0.7390.122 Mobile Safari/537.36"
173.252.82.17 - - [08/Nov/2025:21:09:26 +0330] "GET /robots.txt HTTP/2" 200 121 "-" "facebookexternalhit/1.1 (+http://www.facebook.com/externalhit_uatext.php)"
151.238.88.9 - - [08/Nov/2025:21:29:28 +0330] "GET /user-courses?isConfirm=true&_sort=buyDate:DESC&version=2022.06.03 HTTP/1.1" 401 68 "-" "Mozilla/5.0 (Windows NT 10.0; WOW64) AppleWebKit/537.36 (KHTML, like Gecko) optimyar-app/2022.6.3 Chrome/98.0.4758.141 Electron/17.4.7 Safari/537.36"
151.238.88.9 - - [08/Nov/2025:21:29:28 +0330] "GET /companies?version=2022.06.03 HTTP/1.1" 200 700 "-" "Mozilla/5.0 (Windows NT 10.0; WOW64) AppleWebKit/537.36 (KHTML, like Gecko) optimyar-app/2022.6.3 Chrome/98.0.4758.141 Electron/17.4.7 Safari/537.36"
172.111.36.238 - - [08/Nov/2025:21:46:48 +0330] "GET /companies?version=3000.99 HTTP/2" 200 700 "https://app.optimyar.com/" "Mozilla/5.0 (iPhone; CPU iPhone OS 18_7 like Mac OS X) AppleWebKit/605.1.15 (KHTML, like Gecko) Version/26.0.1 Mobile/23A355 Safari/604.1"
172.111.36.238 - - [08/Nov/2025:21:46:48 +0330] "GET /getPublicSessions?isPrivate=false HTTP/2" 200 196 "https://app.optimyar.com/" "Mozilla/5.0 (iPhone; CPU iPhone OS 18_7 like Mac OS X) AppleWebKit/605.1.15 (KHTML, like Gecko) Version/26.0.1 Mobile/23A355 Safari/604.1"
172.111.36.238 - - [08/Nov/2025:21:46:54 +0330] "GET /uploads/minilogo7_fd0c99920b.png HTTP/2" 200 25203 "https://app.optimyar.com/" "Mozilla/5.0 (iPhone; CPU iPhone OS 18_7 like Mac OS X) AppleWebKit/605.1.15 (KHTML, like Gecko) Version/26.0.1 Mobile/23A355 Safari/604.1"
172.111.36.238 - - [08/Nov/2025:21:46:54 +0330] "GET /captchas/make?version=3000.99 HTTP/2" 200 5878 "https://app.optimyar.com/" "Mozilla/5.0 (iPhone; CPU iPhone OS 18_7 like Mac OS X) AppleWebKit/605.1.15 (KHTML, like Gecko) Version/26.0.1 Mobile/23A355 Safari/604.1"
172.111.36.238 - - [08/Nov/2025:21:47:28 +0330] "POST /auth/local HTTP/2" 400 121 "https://app.optimyar.com/" "Mozilla/5.0 (iPhone; CPU iPhone OS 18_7 like Mac OS X) AppleWebKit/605.1.15 (KHTML, like Gecko) Version/26.0.1 Mobile/23A355 Safari/604.1"
172.111.36.238 - - [08/Nov/2025:21:47:28 +0330] "GET /captchas/make?version=3000.99 HTTP/2" 200 5680 "https://app.optimyar.com/" "Mozilla/5.0 (iPhone; CPU iPhone OS 18_7 like Mac OS X) AppleWebKit/605.1.15 (KHTML, like Gecko) Version/26.0.1 Mobile/23A355 Safari/604.1"
172.111.36.238 - - [08/Nov/2025:21:47:57 +0330] "POST /auth/local HTTP/2" 200 274 "https://app.optimyar.com/" "Mozilla/5.0 (iPhone; CPU iPhone OS 18_7 like Mac OS X) AppleWebKit/605.1.15 (KHTML, like Gecko) Version/26.0.1 Mobile/23A355 Safari/604.1"
172.111.36.238 - - [08/Nov/2025:21:48:02 +0330] "OPTIONS /getPublicSessions?isPrivate=false HTTP/1.1" 204 0 "https://app.optimyar.com/" "Mozilla/5.0 (iPhone; CPU iPhone OS 18_7 like Mac OS X) AppleWebKit/605.1.15 (KHTML, like Gecko) Version/26.0.1 Mobile/23A355 Safari/604.1"
172.111.36.238 - - [08/Nov/2025:21:48:03 +0330] "GET /getPublicSessions?isPrivate=false HTTP/2" 200 196 "https://app.optimyar.com/" "Mozilla/5.0 (iPhone; CPU iPhone OS 18_7 like Mac OS X) AppleWebKit/605.1.15 (KHTML, like Gecko) Version/26.0.1 Mobile/23A355 Safari/604.1"
172.111.36.238 - - [08/Nov/2025:21:48:13 +0330] "OPTIONS /startPublicSession HTTP/1.1" 204 0 "https://app.optimyar.com/" "Mozilla/5.0 (iPhone; CPU iPhone OS 18_7 like Mac OS X) AppleWebKit/605.1.15 (KHTML, like Gecko) Version/26.0.1 Mobile/23A355 Safari/604.1"
172.111.36.238 - - [08/Nov/2025:21:48:13 +0330] "POST /startPublicSession HTTP/2" 200 194 "https://app.optimyar.com/" "Mozilla/5.0 (iPhone; CPU iPhone OS 18_7 like Mac OS X) AppleWebKit/605.1.15 (KHTML, like Gecko) Version/26.0.1 Mobile/23A355 Safari/604.1"
172.111.36.238 - - [08/Nov/2025:21:48:25 +0330] "GET /getMeetingInfoByInteralId/d9a450595449172d24722c1e888fe881ecc87a2e-1762618606502 HTTP/2" 200 1094 "https://b3.optimyar.com/" "Mozilla/5.0 (iPhone; CPU iPhone OS 18_7 like Mac OS X) AppleWebKit/605.1.15 (KHTML, like Gecko) Version/26.0.1 Mobile/23A355 Safari/604.1"
15.235.121.8 - - [08/Nov/2025:21:45:07 +0330] "GET /companies?version=2022.06.03 HTTP/2" 200 700 "https://localhost/" "Mozilla/5.0 (Linux; Android 14; 2502FRA65G Build/UP1A.231005.007; wv) AppleWebKit/537.36 (KHTML, like Gecko) Version/4.0 Chrome/141.0.7390.122 Mobile Safari/537.36"
15.235.121.8 - - [08/Nov/2025:21:45:07 +0330] "GET /captchas/make?version=2022.06.03 HTTP/2" 200 5592 "https://localhost/" "Mozilla/5.0 (Linux; Android 14; 2502FRA65G Build/UP1A.231005.007; wv) AppleWebKit/537.36 (KHTML, like Gecko) Version/4.0 Chrome/141.0.7390.122 Mobile Safari/537.36"
172.111.36.238 - - [08/Nov/2025:21:47:27 +0330] "OPTIONS /auth/local HTTP/1.1" 204 0 "https://app.optimyar.com/" "Mozilla/5.0 (iPhone; CPU iPhone OS 18_7 like Mac OS X) AppleWebKit/605.1.15 (KHTML, like Gecko) Version/26.0.1 Mobile/23A355 Safari/604.1"
85.90.207.58 - - [08/Nov/2025:21:49:22 +0330] "GET /getMeetingInfoByInteralId/d9a450595449172d24722c1e888fe881ecc87a2e-1762618606502 HTTP/2" 200 1097 "https://b3.optimyar.com/" "Mozilla/5.0 (Windows NT 10.0; Win64; x64) AppleWebKit/537.36 (KHTML, like Gecko) Chrome/142.0.0.0 Safari/537.36 Edg/142.0.0.0"
5.215.171.82 - - [08/Nov/2025:22:07:07 +0330] "GET /getMeetingInfoByInteralId/d9a450595449172d24722c1e888fe881ecc87a2e-1762618606502 HTTP/1.1" 200 1101 "https://b3.optimyar.com/" "Mozilla/5.0 (Linux; Android 10; K) AppleWebKit/537.36 (KHTML, like Gecko) Chrome/142.0.0.0 Mobile Safari/537.36"
91.107.137.70 - - [08/Nov/2025:22:08:19 +0330] "GET /companies?version=3000.99 HTTP/2" 200 700 "https://app.optimyar.com/" "Mozilla/5.0 (Linux; Android 13; K) AppleWebKit/537.36 (KHTML, like Gecko) Chrome/141.0.7390.122 Mobile Safari/537.36"
