31.214.174.196 - - [07/Oct/2025:15:41:56 +0330] "POST /wp-cron.php?doing_wp_cron=1759839116.6416449546813964843750 HTTP/1.1" 200 20 "-" "WordPress/6.8.3; https://optimyar.com"
103.110.84.40 - - [07/Oct/2025:15:41:58 +0330] "POST /wp-login.php HTTP/1.1" 503 7189 "http://optimyar.com" "Mozilla/5.0 (Windows NT 10.0; Win64; x64) AppleWebKit/537.36 (KHTML, like Gecko) Chrome/116.0.5845.96 Safari/537.36"
103.163.214.6 - - [07/Oct/2025:15:47:01 +0330] "POST /xmlrpc.php HTTP/1.1" 503 7610 "http://optimyar.com" "Mozilla/5.0 (Macintosh; Intel Mac OS X 10_15_7) AppleWebKit/537.36 (KHTML, like Gecko) Chrome/112.0.5615.138 Safari/537.36"
31.214.174.196 - - [07/Oct/2025:16:02:59 +0330] "POST /wp-cron.php?doing_wp_cron=1759840379.3689970970153808593750 HTTP/1.1" 200 20 "-" "WordPress/6.8.3; https://optimyar.com"
162.214.121.103 - - [07/Oct/2025:16:02:54 +0330] "POST /xmlrpc.php HTTP/1.1" 503 7609 "http://optimyar.com" "Mozilla/5.0 (Windows NT 10.0; Win64; x64) AppleWebKit/537.36 (KHTML, like Gecko) Chrome/113.0.5672.93 Safari/537.36"
221.229.106.25 - - [07/Oct/2025:16:05:00 +0330] "GET / HTTP/1.1" 301 20 "-" "Mozilla/5.0 (iPhone; CPU iPhone OS 13_2_3 like Mac OS X) AppleWebKit/605.1.15 (KHTML, like Gecko) Version/13.0.3 Mobile/15E148 Safari/604.1"
128.199.23.132 - - [07/Oct/2025:16:08:02 +0330] "POST /xmlrpc.php HTTP/1.1" 503 7609 "http://optimyar.com" "Mozilla/5.0 (Macintosh; Intel Mac OS X 10_15_7) AppleWebKit/537.36 (KHTML, like Gecko) Chrome/112.0.5615.138 Safari/537.36"
31.214.174.196 - - [07/Oct/2025:16:23:31 +0330] "POST /wp-cron.php?doing_wp_cron=1759841611.2190320491790771484375 HTTP/1.1" 200 20 "-" "WordPress/6.8.3; https://optimyar.com"
92.204.53.8 - - [07/Oct/2025:16:23:26 +0330] "POST /xmlrpc.php HTTP/1.1" 405 89 "http://optimyar.com" "Mozilla/5.0 (Macintosh; Intel Mac OS X 10_15_7) AppleWebKit/537.36 (KHTML, like Gecko) Chrome/112.0.5615.138 Safari/537.36"
103.110.84.40 - - [07/Oct/2025:15:41:52 +0330] "POST /xmlrpc.php HTTP/1.1" 503 7609 "http://optimyar.com" "Mozilla/5.0 (Windows NT 11.0; Win64; x64) AppleWebKit/537.36 (KHTML, like Gecko) Chrome/126.0.0.0 Safari/537.36 Edg/126.0.0.0"
103.163.214.6 - - [07/Oct/2025:15:47:05 +0330] "POST /wp-login.php HTTP/1.1" 503 7609 "http://optimyar.com" "Mozilla/5.0 (Macintosh; Intel Mac OS X 10_15_7) AppleWebKit/537.36 (KHTML, like Gecko) Chrome/126.0.0.0 Safari/537.36"
31.214.174.196 - - [07/Oct/2025:15:52:26 +0330] "POST /wp-cron.php?doing_wp_cron=1759839746.5482909679412841796875 HTTP/1.1" 200 20 "-" "WordPress/6.8.3; https://optimyar.com"
67.205.42.10 - - [07/Oct/2025:15:52:22 +0330] "POST /xmlrpc.php HTTP/1.1" 503 7609 "http://optimyar.com" "Mozilla/5.0 (Windows NT 10.0; Win64; x64) AppleWebKit/537.36 (KHTML, like Gecko) Chrome/116.0.5845.96 Safari/537.36 Edg/116.0.1938.62"
67.205.42.10 - - [07/Oct/2025:15:52:28 +0330] "POST /wp-login.php HTTP/1.1" 503 7188 "http://optimyar.com" "Mozilla/5.0 (Windows NT 11.0; Win64; x64) AppleWebKit/537.36 (KHTML, like Gecko) Chrome/126.0.0.0 Safari/537.36 Edg/126.0.0.0"
162.214.121.103 - - [07/Oct/2025:16:03:00 +0330] "POST /wp-login.php HTTP/1.1" 503 7189 "http://optimyar.com" "Mozilla/5.0 (Windows NT 10.0; Win64; x64) AppleWebKit/537.36 (KHTML, like Gecko) Chrome/113.0.5672.126 Safari/537.36 Edg/113.0.1774.50"
31.214.174.196 - - [07/Oct/2025:16:08:05 +0330] "POST /wp-cron.php?doing_wp_cron=1759840685.3486249446868896484375 HTTP/1.1" 200 20 "-" "WordPress/6.8.3; https://optimyar.com"
128.199.23.132 - - [07/Oct/2025:16:08:06 +0330] "POST /wp-login.php HTTP/1.1" 503 7610 "http://optimyar.com" "Mozilla/5.0 (Macintosh; Intel Mac OS X 13_3) AppleWebKit/537.36 (KHTML, like Gecko) Chrome/126.0.0.0 Safari/537.36"
92.204.53.8 - - [07/Oct/2025:16:23:31 +0330] "POST /wp-login.php HTTP/1.1" 302 20 "http://optimyar.com" "Mozilla/5.0 (Macintosh; Intel Mac OS X 10_15_7; rv:126.0) Gecko/20100101 Firefox/126.0"
92.204.53.8 - - [07/Oct/2025:16:23:33 +0330] "GET /not-found HTTP/1.1" 301 20 "http://optimyar.com" "Mozilla/5.0 (Macintosh; Intel Mac OS X 10_15_7; rv:126.0) Gecko/20100101 Firefox/126.0"
158.220.116.163 - - [07/Oct/2025:16:33:48 +0330] "POST /xmlrpc.php HTTP/1.1" 503 7609 "http://optimyar.com" "Mozilla/5.0 (Macintosh; Intel Mac OS X 10_15_7) AppleWebKit/537.36 (KHTML, like Gecko) Chrome/115.0.5790.102 Safari/537.36"
158.220.116.163 - - [07/Oct/2025:16:33:51 +0330] "POST /wp-login.php HTTP/1.1" 503 7610 "http://optimyar.com" "Mozilla/5.0 (Macintosh; Intel Mac OS X 13.3; rv:126.0) Gecko/20100101 Firefox/126.0"
208.109.32.191 - - [07/Oct/2025:16:54:49 +0330] "POST /xmlrpc.php HTTP/1.1" 503 7610 "http://optimyar.com" "Mozilla/5.0 (Macintosh; Intel Mac OS X 13_3) AppleWebKit/537.36 (KHTML, like Gecko) Chrome/126.0.0.0 Safari/537.36 Edg/126.0.0.0"
152.206.75.225 - - [07/Oct/2025:17:00:08 +0330] "POST /xmlrpc.php HTTP/1.1" 503 7609 "http://optimyar.com" "Mozilla/5.0 (Macintosh; Intel Mac OS X 10_15_7; rv:126.0) Gecko/20100101 Firefox/126.0"
152.206.75.225 - - [07/Oct/2025:17:00:13 +0330] "POST /wp-login.php HTTP/1.1" 503 7189 "http://optimyar.com" "Mozilla/5.0 (Windows NT 10.0; Win64; x64; rv:128.0) Gecko/20100101 Firefox/128.0"
62.221.105.187 - - [07/Oct/2025:17:01:17 +0330] "GET /style2.php?sig=rename HTTP/1.1" 301 0 "-" "curl/8.12.1"
62.221.105.187 - - [07/Oct/2025:17:01:17 +0330] "GET /style.php?sig=rename HTTP/1.1" 301 0 "-" "curl/8.12.1"
62.221.105.187 - - [07/Oct/2025:17:01:17 +0330] "GET /wp-admin/style.php?sig=rename HTTP/1.1" 301 0 "-" "curl/8.12.1"
20.171.158.123 - - [07/Oct/2025:17:04:50 +0330] "GET /wp-admin/includes/ HTTP/1.1" 403 787 "-" "-"
20.171.158.123 - - [07/Oct/2025:17:04:50 +0330] "GET /wp-content/index.php HTTP/1.1" 200 0 "-" "-"
20.171.158.123 - - [07/Oct/2025:17:04:50 +0330] "GET /wp-content/plugins/yanierin/akcc.php HTTP/1.1" 301 0 "-" "-"
20.171.158.123 - - [07/Oct/2025:17:04:55 +0330] "GET /wp-content/upgrade/index.php HTTP/1.1" 301 0 "-" "-"
20.171.158.123 - - [07/Oct/2025:17:04:59 +0330] "GET /wp-content/uploads/admin.php HTTP/1.1" 301 0 "-" "-"
20.171.158.123 - - [07/Oct/2025:17:05:04 +0330] "GET /wp-content/uploads/index.php HTTP/1.1" 301 0 "-" "-"
20.171.158.123 - - [07/Oct/2025:17:05:08 +0330] "GET /wp-content/wp-conflg.php HTTP/1.1" 301 0 "-" "-"
20.171.158.123 - - [07/Oct/2025:17:05:12 +0330] "GET /wp-cron.php HTTP/1.1" 200 0 "-" "-"
20.171.158.123 - - [07/Oct/2025:17:05:13 +0330] "GET /wp-good.php HTTP/1.1" 301 0 "-" "-"
20.171.158.123 - - [07/Oct/2025:17:05:17 +0330] "GET /wp-includes/IXR/ HTTP/1.1" 403 787 "-" "-"
20.171.158.123 - - [07/Oct/2025:17:05:18 +0330] "GET /wp-includes/Text/Diff/Renderer/ HTTP/1.1" 403 787 "-" "-"
20.171.158.123 - - [07/Oct/2025:17:05:18 +0330] "GET /wp-includes/block-supports/ HTTP/1.1" 403 787 "-" "-"
20.171.158.123 - - [07/Oct/2025:17:05:18 +0330] "GET /wp-includes/fonts/ HTTP/1.1" 403 787 "-" "-"
91.224.90.83 - - [07/Oct/2025:17:05:16 +0330] "POST /xmlrpc.php HTTP/1.1" 503 7609 "http://optimyar.com" "Mozilla/5.0 (Macintosh; Intel Mac OS X 10_15_7) AppleWebKit/537.36 (KHTML, like Gecko) Chrome/116.0.5845.96 Safari/537.36"
20.171.158.123 - - [07/Oct/2025:17:05:19 +0330] "GET /wp-includes/fonts/index.php HTTP/1.1" 301 0 "-" "-"
20.171.158.123 - - [07/Oct/2025:17:05:22 +0330] "GET /wp-includes/js/crop/ HTTP/1.1" 403 787 "-" "-"
20.171.158.123 - - [07/Oct/2025:17:05:22 +0330] "GET /wp-includes/rest-api/ HTTP/1.1" 403 787 "-" "-"
20.171.158.123 - - [07/Oct/2025:17:05:23 +0330] "GET /wp-includes/style-engine/ HTTP/1.1" 403 787 "-" "-"
20.171.158.123 - - [07/Oct/2025:17:05:23 +0330] "GET /wp-includes/widgets/ HTTP/1.1" 403 787 "-" "-"
20.171.158.123 - - [07/Oct/2025:17:05:24 +0330] "GET /xmrlpc.php HTTP/1.1" 301 0 "-" "-"
137.184.97.154 - - [07/Oct/2025:16:54:36 +0330] "GET / HTTP/1.1" 301 20 "-" "Mozilla/5.0 (X11; Linux x86_64; rv:139.0) Gecko/20100101 Firefox/139.0"
208.109.32.191 - - [07/Oct/2025:16:54:53 +0330] "POST /wp-login.php HTTP/1.1" 503 7609 "http://optimyar.com" "Mozilla/5.0 (Macintosh; Intel Mac OS X 10_15_7) AppleWebKit/537.36 (KHTML, like Gecko) Chrome/114.0.5735.134 Safari/537.36"
31.214.174.196 - - [07/Oct/2025:17:00:11 +0330] "POST /wp-cron.php?doing_wp_cron=1759843811.4369769096374511718750 HTTP/1.1" 200 20 "-" "WordPress/6.8.3; https://optimyar.com"
20.171.158.123 - - [07/Oct/2025:17:03:15 +0330] "GET /aa.php HTTP/1.1" 301 0 "-" "-"
20.171.158.123 - - [07/Oct/2025:17:03:21 +0330] "GET /abcd.php HTTP/1.1" 301 0 "-" "-"
20.171.158.123 - - [07/Oct/2025:17:03:26 +0330] "GET /about.php HTTP/1.1" 301 0 "-" "-"
20.171.158.123 - - [07/Oct/2025:17:03:30 +0330] "GET /admin.php HTTP/1.1" 301 0 "-" "-"
20.171.158.123 - - [07/Oct/2025:17:03:34 +0330] "GET /adminfuns.php HTTP/1.1" 301 0 "-" "-"
20.171.158.123 - - [07/Oct/2025:17:03:39 +0330] "GET /alfa.php HTTP/1.1" 301 0 "-" "-"
20.171.158.123 - - [07/Oct/2025:17:03:43 +0330] "GET /asasx.php HTTP/1.1" 301 0 "-" "-"
20.171.158.123 - - [07/Oct/2025:17:03:47 +0330] "GET /autoload_classmap.php HTTP/1.1" 301 0 "-" "-"
20.171.158.123 - - [07/Oct/2025:17:03:52 +0330] "GET /buy.php HTTP/1.1" 301 0 "-" "-"
20.171.158.123 - - [07/Oct/2025:17:03:57 +0330] "GET /cgi-bin/ HTTP/1.1" 403 787 "-" "-"
20.171.158.123 - - [07/Oct/2025:17:03:57 +0330] "GET /classwithtostring.php HTTP/1.1" 301 0 "-" "-"
20.171.158.123 - - [07/Oct/2025:17:04:02 +0330] "GET /cong.php HTTP/1.1" 301 0 "-" "-"
20.171.158.123 - - [07/Oct/2025:17:04:06 +0330] "GET /edit.php HTTP/1.1" 301 0 "-" "-"
20.171.158.123 - - [07/Oct/2025:17:04:10 +0330] "GET /file.php HTTP/1.1" 301 0 "-" "-"
20.171.158.123 - - [07/Oct/2025:17:04:15 +0330] "GET /file2.php HTTP/1.1" 301 0 "-" "-"
20.171.158.123 - - [07/Oct/2025:17:04:20 +0330] "GET /flower.php HTTP/1.1" 301 0 "-" "-"
20.171.158.123 - - [07/Oct/2025:17:04:24 +0330] "GET /images/index.php HTTP/1.1" 301 0 "-" "-"
20.171.158.123 - - [07/Oct/2025:17:04:27 +0330] "GET /info.php HTTP/1.1" 301 0 "-" "-"
20.171.158.123 - - [07/Oct/2025:17:04:32 +0330] "GET /moon.php HTTP/1.1" 301 0 "-" "-"
20.171.158.123 - - [07/Oct/2025:17:04:36 +0330] "GET /nc4.php HTTP/1.1" 301 0 "-" "-"
20.171.158.123 - - [07/Oct/2025:17:04:41 +0330] "GET /wp-admin/css/colors/blue/index.php HTTP/1.1" 301 0 "-" "-"
91.224.90.83 - - [07/Oct/2025:17:05:20 +0330] "POST /wp-login.php HTTP/1.1" 503 7609 "http://optimyar.com" "Mozilla/5.0 (Windows NT 10.0; Win64; x64) AppleWebKit/537.36 (KHTML, like Gecko) Chrome/112.0.5615.138 Safari/537.36 Edg/112.0.1722.68"
62.221.105.187 - - [07/Oct/2025:17:10:24 +0330] "GET /style.php?sig=rename HTTP/1.1" 301 0 "-" "curl/8.12.1"
62.221.105.187 - - [07/Oct/2025:17:10:24 +0330] "GET /wp-admin/style.php?sig=rename HTTP/1.1" 301 0 "-" "curl/8.12.1"
193.143.1.119 - - [07/Oct/2025:17:14:39 +0330] "GET /_profiler/phpinfo HTTP/1.1" 301 0 "-" "-"
193.143.1.119 - - [07/Oct/2025:17:14:43 +0330] "GET /info HTTP/1.1" 301 0 "-" "-"
193.143.1.119 - - [07/Oct/2025:17:14:47 +0330] "GET /phpinfo HTTP/1.1" 301 0 "-" "-"
193.143.1.119 - - [07/Oct/2025:17:14:52 +0330] "GET /info.php HTTP/1.1" 301 0 "-" "-"
193.143.1.119 - - [07/Oct/2025:17:14:56 +0330] "GET /phpmyinfo HTTP/1.1" 301 0 "-" "-"
31.214.174.196 - - [07/Oct/2025:17:15:42 +0330] "POST /wp-cron.php?doing_wp_cron=1759844742.6628890037536621093750 HTTP/1.1" 200 20 "-" "WordPress/6.8.3; https://optimyar.com"
116.118.45.196 - - [07/Oct/2025:17:15:40 +0330] "POST /xmlrpc.php HTTP/1.1" 503 7609 "http://optimyar.com" "Mozilla/5.0 (Macintosh; Intel Mac OS X 10_15_7; rv:125.0.1) Gecko/20100101 Firefox/125.0.1"
116.118.45.196 - - [07/Oct/2025:17:15:44 +0330] "POST /wp-login.php HTTP/1.1" 503 7610 "http://optimyar.com" "Mozilla/5.0 (Windows NT 10.0; Win64; x64; rv:127.0) Gecko/20100101 Firefox/127.0"
163.44.196.131 - - [07/Oct/2025:17:20:52 +0330] "POST /xmlrpc.php HTTP/1.1" 503 7609 "http://optimyar.com" "Mozilla/5.0 (Macintosh; Intel Mac OS X 14.5) AppleWebKit/618.3.5 (KHTML, like Gecko) Version/17.4 Safari/618.3.5"
163.44.196.131 - - [07/Oct/2025:17:20:56 +0330] "POST /wp-login.php HTTP/1.1" 503 7189 "http://optimyar.com" "Mozilla/5.0 (Windows NT 10.0; Win64; x64; rv:127.0) Gecko/20100101 Firefox/127.0"
62.221.105.187 - - [07/Oct/2025:17:10:24 +0330] "GET /style2.php?sig=rename HTTP/1.1" 301 0 "-" "curl/8.12.1"
193.143.1.119 - - [07/Oct/2025:17:14:35 +0330] "GET /.env HTTP/1.1" 301 0 "-" "-"
31.214.174.196 - - [07/Oct/2025:17:20:54 +0330] "POST /wp-cron.php?doing_wp_cron=1759845054.8402440547943115234375 HTTP/1.1" 200 20 "-" "WordPress/6.8.3; https://optimyar.com"
162.241.126.57 - - [07/Oct/2025:17:36:16 +0330] "POST /xmlrpc.php HTTP/1.1" 503 7611 "http://optimyar.com" "Mozilla/5.0 (Macintosh; Intel Mac OS X 10_15_7; rv:126.0) Gecko/20100101 Firefox/126.0"
31.214.174.196 - - [07/Oct/2025:17:41:34 +0330] "POST /wp-cron.php?doing_wp_cron=1759846294.4052209854125976562500 HTTP/1.1" 200 20 "-" "WordPress/6.8.3; https://optimyar.com"
31.214.174.196 - - [07/Oct/2025:17:36:18 +0330] "POST /wp-cron.php?doing_wp_cron=1759845978.4955880641937255859375 HTTP/1.1" 200 20 "-" "WordPress/6.8.3; https://optimyar.com"
162.241.126.57 - - [07/Oct/2025:17:36:19 +0330] "POST /wp-login.php HTTP/1.1" 503 7611 "http://optimyar.com" "Mozilla/5.0 (Windows NT 11.0; Win64; x64) AppleWebKit/537.36 (KHTML, like Gecko) Chrome/126.0.0.0 Safari/537.36"
148.135.79.162 - - [07/Oct/2025:17:41:31 +0330] "POST /xmlrpc.php HTTP/1.1" 503 7610 "http://optimyar.com" "Mozilla/5.0 (Macintosh; Intel Mac OS X 10_15_7) AppleWebKit/537.36 (KHTML, like Gecko) Chrome/126.0.0.0 Safari/537.36"
148.135.79.162 - - [07/Oct/2025:17:41:35 +0330] "POST /wp-login.php HTTP/1.1" 503 7190 "http://optimyar.com" "Mozilla/5.0 (Windows NT 10.0; Win64; x64; rv:125.0.1) Gecko/20100101 Firefox/125.0.1"
64.227.37.170 - - [07/Oct/2025:17:46:41 +0330] "POST /xmlrpc.php HTTP/1.1" 405 89 "http://optimyar.com" "Mozilla/5.0 (Macintosh; Intel Mac OS X 10_15_7) AppleWebKit/537.36 (KHTML, like Gecko) Chrome/114.0.5735.134 Safari/537.36"
64.227.37.170 - - [07/Oct/2025:17:46:45 +0330] "POST /wp-login.php HTTP/1.1" 302 20 "http://optimyar.com" "Mozilla/5.0 (Windows NT 10.0; Win64; x64) AppleWebKit/537.36 (KHTML, like Gecko) Chrome/112.0.5615.138 Safari/537.36 Edg/112.0.1722.68"
64.227.37.170 - - [07/Oct/2025:17:46:47 +0330] "GET /not-found HTTP/1.1" 301 20 "http://optimyar.com" "Mozilla/5.0 (Windows NT 10.0; Win64; x64) AppleWebKit/537.36 (KHTML, like Gecko) Chrome/112.0.5615.138 Safari/537.36 Edg/112.0.1722.68"
31.214.174.196 - - [07/Oct/2025:18:02:29 +0330] "POST /wp-cron.php?doing_wp_cron=1759847549.2272179126739501953125 HTTP/1.1" 200 20 "-" "WordPress/6.8.3; https://optimyar.com"
185.197.195.89 - - [07/Oct/2025:18:02:26 +0330] "POST /xmlrpc.php HTTP/1.1" 503 7610 "http://optimyar.com" "Mozilla/5.0 (Windows NT 10.0; Win64; x64; rv:127.0) Gecko/20100101 Firefox/127.0"
91.151.95.70 - - [07/Oct/2025:18:07:44 +0330] "POST /wp-login.php HTTP/1.1" 503 7191 "http://optimyar.com" "Mozilla/5.0 (Windows NT 10.0; Win64; x64; rv:127.0) Gecko/20100101 Firefox/127.0"
206.189.234.84 - - [07/Oct/2025:18:16:00 +0330] "GET / HTTP/1.1" 301 20 "-" "Mozilla/5.0 (X11; Linux x86_64) AppleWebKit/537.36 (KHTML, like Gecko) Chrome/139.0.0.0 Safari/537.36"
185.197.195.89 - - [07/Oct/2025:18:02:30 +0330] "POST /wp-login.php HTTP/1.1" 503 7610 "http://optimyar.com" "Mozilla/5.0 (Windows NT 10.0; Win64; x64; rv:127.0) Gecko/20100101 Firefox/127.0"
91.151.95.70 - - [07/Oct/2025:18:07:39 +0330] "POST /xmlrpc.php HTTP/1.1" 503 7610 "http://optimyar.com" "Mozilla/5.0 (Windows NT 11.0; Win64; x64; rv:126.0) Gecko/20100101 Firefox/126.0"
31.214.174.196 - - [07/Oct/2025:18:12:52 +0330] "POST /wp-cron.php?doing_wp_cron=1759848172.1641049385070800781250 HTTP/1.1" 200 20 "-" "WordPress/6.8.3; https://optimyar.com"
103.72.99.238 - - [07/Oct/2025:18:12:46 +0330] "POST /xmlrpc.php HTTP/1.1" 503 7611 "http://optimyar.com" "Mozilla/5.0 (Windows NT 10.0; Win64; x64) AppleWebKit/537.36 (KHTML, like Gecko) Chrome/116.0.5845.96 Safari/537.36 Edg/116.0.1938.62"
103.72.99.238 - - [07/Oct/2025:18:12:53 +0330] "POST /wp-login.php HTTP/1.1" 503 7190 "http://optimyar.com" "Mozilla/5.0 (Macintosh; Intel Mac OS X 10_15_7; rv:126.0) Gecko/20100101 Firefox/126.0"
31.214.174.196 - - [07/Oct/2025:18:17:49 +0330] "POST /wp-cron.php?doing_wp_cron=1759848469.7670009136199951171875 HTTP/1.1" 200 20 "-" "WordPress/6.8.3; https://optimyar.com"
188.166.127.27 - - [07/Oct/2025:18:17:47 +0330] "POST /xmlrpc.php HTTP/1.1" 503 7611 "http://optimyar.com" "Mozilla/5.0 (Windows NT 10.0; Win64; x64; rv:128.0) Gecko/20100101 Firefox/128.0"
188.166.127.27 - - [07/Oct/2025:18:17:50 +0330] "POST /wp-login.php HTTP/1.1" 503 7611 "http://optimyar.com" "Mozilla/5.0 (Windows NT 10.0; Win64; x64) AppleWebKit/537.36 (KHTML, like Gecko) Chrome/116.0.5845.96 Safari/537.36"
77.24.94.97 - - [07/Oct/2025:18:22:31 +0330] "POST /xmlrpc.php HTTP/1.1" 503 7610 "http://optimyar.com" "Mozilla/5.0 (Windows NT 11.0; Win64; x64) AppleWebKit/537.36 (KHTML, like Gecko) Chrome/126.0.0.0 Safari/537.36"
77.24.94.97 - - [07/Oct/2025:18:22:34 +0330] "POST /wp-login.php HTTP/1.1" 503 7610 "http://optimyar.com" "Mozilla/5.0 (Macintosh; Intel Mac OS X 10_15_7) AppleWebKit/537.36 (KHTML, like Gecko) Chrome/112.0.5615.138 Safari/537.36"
119.8.34.117 - - [07/Oct/2025:18:27:15 +0330] "POST /xmlrpc.php HTTP/1.1" 503 7610 "http://optimyar.com" "Mozilla/5.0 (Windows NT 10.0; Win64; x64) AppleWebKit/537.36 (KHTML, like Gecko) Chrome/113.0.5672.93 Safari/537.36"
119.8.34.117 - - [07/Oct/2025:18:27:19 +0330] "POST /wp-login.php HTTP/1.1" 503 7611 "http://optimyar.com" "Mozilla/5.0 (Macintosh; Intel Mac OS X 10_15_7; rv:129.0) Gecko/20100101 Firefox/129.0"
31.214.174.196 - - [07/Oct/2025:18:31:55 +0330] "POST /wp-cron.php?doing_wp_cron=1759849315.4427769184112548828125 HTTP/1.1" 200 20 "-" "WordPress/6.8.3; https://optimyar.com"
91.224.90.83 - - [07/Oct/2025:18:31:52 +0330] "POST /xmlrpc.php HTTP/1.1" 503 7609 "http://optimyar.com" "Mozilla/5.0 (Windows NT 10.0; Win64; x64) AppleWebKit/537.36 (KHTML, like Gecko) Chrome/116.0.5845.96 Safari/537.36 Edg/116.0.1938.62"
170.106.193.108 - - [07/Oct/2025:18:32:54 +0330] "GET / HTTP/1.1" 301 20 "-" "Mozilla/5.0 (iPhone; CPU iPhone OS 13_2_3 like Mac OS X) AppleWebKit/605.1.15 (KHTML, like Gecko) Version/13.0.3 Mobile/15E148 Safari/604.1"
91.224.90.83 - - [07/Oct/2025:18:31:56 +0330] "POST /wp-login.php HTTP/1.1" 503 7188 "http://optimyar.com" "Mozilla/5.0 (Macintosh; Intel Mac OS X 10_15_7; rv:128.0) Gecko/20100101 Firefox/128.0"
217.15.199.239 - - [07/Oct/2025:18:33:56 +0330] "GET /phpinfo.php HTTP/1.1" 301 0 "-" "curl/8.12.1"
217.15.199.239 - - [07/Oct/2025:18:34:07 +0330] "GET /info.php HTTP/1.1" 301 0 "-" "curl/8.12.1"
185.79.157.23 - - [07/Oct/2025:18:36:32 +0330] "POST /xmlrpc.php HTTP/1.1" 503 7609 "http://optimyar.com" "Mozilla/5.0 (Macintosh; Intel Mac OS X 14.3) AppleWebKit/614.31.14 (KHTML, like Gecko) Version/17.0.96 Safari/614.31.14"
217.15.199.239 - - [07/Oct/2025:18:33:56 +0330] "GET /info.php HTTP/1.1" 301 0 "-" "curl/8.12.1"
217.15.199.239 - - [07/Oct/2025:18:34:07 +0330] "GET /phpinfo.php HTTP/1.1" 301 0 "-" "curl/8.12.1"
185.79.157.23 - - [07/Oct/2025:18:36:36 +0330] "POST /wp-login.php HTTP/1.1" 503 7610 "http://optimyar.com" "Mozilla/5.0 (Macintosh; Intel Mac OS X 14.3) AppleWebKit/614.31.14 (KHTML, like Gecko) Version/17.0.96 Safari/614.31.14"
31.214.174.196 - - [07/Oct/2025:18:41:17 +0330] "POST /wp-cron.php?doing_wp_cron=1759849877.9828629493713378906250 HTTP/1.1" 200 20 "-" "WordPress/6.8.3; https://optimyar.com"
178.239.147.108 - - [07/Oct/2025:18:41:15 +0330] "POST /xmlrpc.php HTTP/1.1" 405 89 "http://optimyar.com" "Mozilla/5.0 (Macintosh; Intel Mac OS X 10_15_7) AppleWebKit/537.36 (KHTML, like Gecko) Chrome/112.0.5615.138 Safari/537.36"
178.239.147.108 - - [07/Oct/2025:18:41:18 +0330] "POST /wp-login.php HTTP/1.1" 302 20 "http://optimyar.com" "Mozilla/5.0 (Windows NT 10.0; Win64; x64; rv:125.0.1) Gecko/20100101 Firefox/125.0.1"
178.239.147.108 - - [07/Oct/2025:18:41:20 +0330] "GET /not-found HTTP/1.1" 301 20 "http://optimyar.com" "Mozilla/5.0 (Windows NT 10.0; Win64; x64; rv:125.0.1) Gecko/20100101 Firefox/125.0.1"
67.205.59.102 - - [07/Oct/2025:18:46:12 +0330] "POST /xmlrpc.php HTTP/1.1" 405 89 "http://optimyar.com" "Mozilla/5.0 (Macintosh; Intel Mac OS X 10_15_7) AppleWebKit/537.36 (KHTML, like Gecko) Chrome/116.0.5845.96 Safari/537.36"
67.205.59.102 - - [07/Oct/2025:18:46:14 +0330] "POST /wp-login.php HTTP/1.1" 302 20 "http://optimyar.com" "Mozilla/5.0 (Windows NT 10.0; Win64; x64) AppleWebKit/537.36 (KHTML, like Gecko) Chrome/113.0.5672.93 Safari/537.36"
67.205.59.102 - - [07/Oct/2025:18:46:17 +0330] "GET /not-found HTTP/1.1" 301 20 "http://optimyar.com" "Mozilla/5.0 (Windows NT 10.0; Win64; x64) AppleWebKit/537.36 (KHTML, like Gecko) Chrome/113.0.5672.93 Safari/537.36"
157.230.45.166 - - [07/Oct/2025:18:51:05 +0330] "POST /xmlrpc.php HTTP/1.1" 405 89 "http://optimyar.com" "Mozilla/5.0 (Windows NT 10.0; Win64; x64) AppleWebKit/537.36 (KHTML, like Gecko) Chrome/126.0.0.0 Safari/537.36 Edg/126.0.0.0"
134.209.23.58 - - [07/Oct/2025:19:05:19 +0330] "POST /wp-login.php HTTP/1.1" 503 7609 "http://optimyar.com" "Mozilla/5.0 (Macintosh; Intel Mac OS X 13_3) AppleWebKit/537.36 (KHTML, like Gecko) Chrome/126.0.0.0 Safari/537.36 Edg/126.0.0.0"
205.169.39.15 - - [07/Oct/2025:18:50:56 +0330] "GET / HTTP/1.1" 301 20 "-" "Mozilla/5.0 (Windows NT 10.0) AppleWebKit/537.36 (KHTML, like Gecko) Chrome/106.0.0.0 Safari/537.36"
157.230.45.166 - - [07/Oct/2025:18:51:08 +0330] "POST /wp-login.php HTTP/1.1" 302 20 "http://optimyar.com" "Mozilla/5.0 (Windows NT 10.0; Win64; x64) AppleWebKit/537.36 (KHTML, like Gecko) Chrome/112.0.5615.138 Safari/537.36"
157.230.45.166 - - [07/Oct/2025:18:51:10 +0330] "GET /not-found HTTP/1.1" 301 20 "http://optimyar.com" "Mozilla/5.0 (Windows NT 10.0; Win64; x64) AppleWebKit/537.36 (KHTML, like Gecko) Chrome/112.0.5615.138 Safari/537.36"
196.251.69.46 - - [07/Oct/2025:19:02:29 +0330] "GET /wp-login.php HTTP/1.1" 301 20 "-" "Mozilla/5.0 (Macintosh; Intel Mac OS X 13_6_1) AppleWebKit/537.36 (KHTML, like Gecko) Chrome/119.0.0.0 Safari/537.36"
134.209.23.58 - - [07/Oct/2025:19:05:16 +0330] "POST /xmlrpc.php HTTP/1.1" 503 7609 "http://optimyar.com" "Mozilla/5.0 (Macintosh; Intel Mac OS X 14_4_1) AppleWebKit/605.1.15 (KHTML, like Gecko) Version/17.3.1 Safari/605.1.15"
31.214.174.196 - - [07/Oct/2025:19:09:54 +0330] "POST /wp-cron.php?doing_wp_cron=1759851594.5126988887786865234375 HTTP/1.1" 200 20 "-" "WordPress/6.8.3; https://optimyar.com"
170.106.192.3 - - [07/Oct/2025:19:21:49 +0330] "GET / HTTP/1.1" 301 20 "-" "Mozilla/5.0 (iPhone; CPU iPhone OS 13_2_3 like Mac OS X) AppleWebKit/605.1.15 (KHTML, like Gecko) Version/13.0.3 Mobile/15E148 Safari/604.1"
69.163.163.201 - - [07/Oct/2025:19:09:52 +0330] "POST /xmlrpc.php HTTP/1.1" 503 7609 "http://optimyar.com" "Mozilla/5.0 (Windows NT 10.0; Win64; x64) AppleWebKit/537.36 (KHTML, like Gecko) Chrome/112.0.5615.138 Safari/537.36 Edg/112.0.1722.68"
69.163.163.201 - - [07/Oct/2025:19:09:55 +0330] "POST /wp-login.php HTTP/1.1" 503 7188 "http://optimyar.com" "Mozilla/5.0 (Windows NT 10.0; Win64; x64) AppleWebKit/537.36 (KHTML, like Gecko) Chrome/126.0.0.0 Safari/537.36"
31.214.174.196 - - [07/Oct/2025:19:18:43 +0330] "POST /wp-cron.php?doing_wp_cron=1759852123.9340450763702392578125 HTTP/1.1" 200 20 "-" "WordPress/6.8.3; https://optimyar.com"
159.203.181.74 - - [07/Oct/2025:19:18:41 +0330] "POST /xmlrpc.php HTTP/1.1" 503 7609 "http://optimyar.com" "Mozilla/5.0 (Macintosh; Intel Mac OS X 10_15_7; rv:125.0.1) Gecko/20100101 Firefox/125.0.1"
159.203.181.74 - - [07/Oct/2025:19:18:45 +0330] "POST /wp-login.php HTTP/1.1" 503 7609 "http://optimyar.com" "Mozilla/5.0 (Macintosh; Intel Mac OS X 10_15_7) AppleWebKit/537.36 (KHTML, like Gecko) Chrome/114.0.5735.134 Safari/537.36"
134.209.23.58 - - [07/Oct/2025:19:22:47 +0330] "POST /xmlrpc.php HTTP/1.1" 503 7609 "http://optimyar.com" "Mozilla/5.0 (Windows NT 10.0; Win64; x64) AppleWebKit/537.36 (KHTML, like Gecko) Chrome/114.0.5735.134 Safari/537.36"
134.209.23.58 - - [07/Oct/2025:19:22:51 +0330] "POST /wp-login.php HTTP/1.1" 503 7609 "http://optimyar.com" "Mozilla/5.0 (Windows NT 10.0; Win64; x64) AppleWebKit/537.36 (KHTML, like Gecko) Chrome/114.0.5735.134 Safari/537.36"
173.236.154.166 - - [07/Oct/2025:19:26:38 +0330] "POST /xmlrpc.php HTTP/1.1" 200 206 "http://optimyar.com" "Mozilla/5.0 (Macintosh; Intel Mac OS X 10_15_7; rv:129.0) Gecko/20100101 Firefox/129.0"
103.253.20.138 - - [07/Oct/2025:19:30:36 +0330] "POST /wp-login.php HTTP/1.1" 302 20 "http://optimyar.com" "Mozilla/5.0 (Windows NT 10.0; Win64; x64) AppleWebKit/537.36 (KHTML, like Gecko) Chrome/116.0.5845.96 Safari/537.36"
103.253.20.138 - - [07/Oct/2025:19:30:38 +0330] "GET /not-found HTTP/1.1" 301 20 "http://optimyar.com" "Mozilla/5.0 (Windows NT 10.0; Win64; x64) AppleWebKit/537.36 (KHTML, like Gecko) Chrome/116.0.5845.96 Safari/537.36"
130.193.77.35 - - [07/Oct/2025:19:38:10 +0330] "POST /xmlrpc.php HTTP/1.1" 503 7611 "http://optimyar.com" "Mozilla/5.0 (Windows NT 10.0; Win64; x64; rv:125.0.1) Gecko/20100101 Firefox/125.0.1"
130.193.77.35 - - [07/Oct/2025:19:38:14 +0330] "POST /wp-login.php HTTP/1.1" 503 7611 "http://optimyar.com" "Mozilla/5.0 (Macintosh; Intel Mac OS X 14.5) AppleWebKit/618.3.5 (KHTML, like Gecko) Version/17.4 Safari/618.3.5"
173.236.154.166 - - [07/Oct/2025:19:26:41 +0330] "POST /wp-login.php HTTP/1.1" 302 20 "http://optimyar.com" "Mozilla/5.0 (Windows NT 10.0; Win64; x64) AppleWebKit/537.36 (KHTML, like Gecko) Chrome/113.0.5672.126 Safari/537.36 Edg/113.0.1774.50"
173.236.154.166 - - [07/Oct/2025:19:26:43 +0330] "GET /not-found HTTP/1.1" 301 20 "http://optimyar.com" "Mozilla/5.0 (Windows NT 10.0; Win64; x64) AppleWebKit/537.36 (KHTML, like Gecko) Chrome/113.0.5672.126 Safari/537.36 Edg/113.0.1774.50"
103.253.20.138 - - [07/Oct/2025:19:30:33 +0330] "POST /xmlrpc.php HTTP/1.1" 200 206 "http://optimyar.com" "Mozilla/5.0 (Windows NT 10.0; Win64; x64) AppleWebKit/537.36 (KHTML, like Gecko) Chrome/114.0.5735.134 Safari/537.36"
31.214.174.196 - - [07/Oct/2025:19:38:13 +0330] "POST /wp-cron.php?doing_wp_cron=1759853293.1308350563049316406250 HTTP/1.1" 200 20 "-" "WordPress/6.8.3; https://optimyar.com"
31.214.174.196 - - [07/Oct/2025:19:46:23 +0330] "POST /wp-cron.php?doing_wp_cron=1759853783.1476590633392333984375 HTTP/1.1" 200 20 "-" "WordPress/6.8.3; https://optimyar.com"
147.93.190.165 - - [07/Oct/2025:19:46:20 +0330] "POST /xmlrpc.php HTTP/1.1" 503 7609 "http://optimyar.com" "Mozilla/5.0 (Macintosh; Intel Mac OS X 10_15_7) AppleWebKit/537.36 (KHTML, like Gecko) Chrome/112.0.5615.138 Safari/537.36"
147.93.190.165 - - [07/Oct/2025:19:46:24 +0330] "POST /wp-login.php HTTP/1.1" 503 7188 "http://optimyar.com" "Mozilla/5.0 (Windows NT 10.0; Win64; x64; rv:127.0) Gecko/20100101 Firefox/127.0"
5.106.184.75 - - [07/Oct/2025:19:46:48 +0330] "GET /wp-content/uploads/2020/12/logo2.png HTTP/1.1" 200 4490 "-" "Mozilla/5.0 (iPhone; CPU iPhone OS 15_8_5 like Mac OS X) AppleWebKit/605.1.15 (KHTML, like Gecko) Version/15.6.7 Mobile/15E148 Safari/604.1"
31.214.174.196 - - [07/Oct/2025:19:50:59 +0330] "POST /wp-cron.php?doing_wp_cron=1759854059.6849820613861083984375 HTTP/1.1" 200 20 "-" "WordPress/6.8.3; https://optimyar.com"
44.193.57.42 - - [07/Oct/2025:19:50:57 +0330] "POST /xmlrpc.php HTTP/1.1" 503 7609 "http://optimyar.com" "Mozilla/5.0 (Windows NT 10.0; Win64; x64; rv:128.0) Gecko/20100101 Firefox/128.0"
44.193.57.42 - - [07/Oct/2025:19:51:01 +0330] "POST /wp-login.php HTTP/1.1" 503 7610 "http://optimyar.com" "Mozilla/5.0 (Macintosh; Intel Mac OS X 14.5) AppleWebKit/618.3.5 (KHTML, like Gecko) Version/17.4 Safari/618.3.5"
165.84.218.233 - - [07/Oct/2025:20:00:23 +0330] "POST /wp-login.php HTTP/1.1" 503 7610 "http://optimyar.com" "Mozilla/5.0 (Macintosh; Intel Mac OS X 10_15_7) AppleWebKit/537.36 (KHTML, like Gecko) Chrome/116.0.5845.96 Safari/537.36"
110.40.186.63 - - [07/Oct/2025:20:03:46 +0330] "GET / HTTP/1.1" 301 20 "-" "Mozilla/5.0 (iPhone; CPU iPhone OS 13_2_3 like Mac OS X) AppleWebKit/605.1.15 (KHTML, like Gecko) Version/13.0.3 Mobile/15E148 Safari/604.1"
185.241.208.111 - - [07/Oct/2025:20:05:55 +0330] "POST /ALFA_DATA/alfacgiapi/perl.alfa HTTP/1.1" 403 17006 "www.google.com" "Mozlila/5.0 (Linux; Android 7.0; SM-G892A Bulid/NRD90M; wv) AppleWebKit/537.36 (KHTML, like Gecko) Version/4.0 Chrome/60.0.3112.107 Moblie Safari/537.36"
185.241.208.111 - - [07/Oct/2025:20:05:56 +0330] "POST /alfacgiapi/perl.alfa HTTP/1.1" 403 17006 "www.google.com" "Mozlila/5.0 (Linux; Android 7.0; SM-G892A Bulid/NRD90M; wv) AppleWebKit/537.36 (KHTML, like Gecko) Version/4.0 Chrome/60.0.3112.107 Moblie Safari/537.36"
185.241.208.111 - - [07/Oct/2025:20:05:55 +0330] "POST /wp-plain.php HTTP/1.1" 404 102015 "www.google.com" "Mozilla/5.0 (Linux; Android 7.0; SM-G892A Bulid/NRD90M; wv) AppleWebKit/537.36 (KHTML, like Gecko) Version/4.0 Chrome/60.0.3112.107 Moblie Safari/537.36"
31.214.174.196 - - [07/Oct/2025:20:09:29 +0330] "POST /wp-cron.php?doing_wp_cron=1759855169.4054400920867919921875 HTTP/1.1" 200 20 "-" "WordPress/6.8.3; https://optimyar.com"
217.182.158.226 - - [07/Oct/2025:20:09:25 +0330] "POST /xmlrpc.php HTTP/1.1" 503 7610 "http://optimyar.com" "Mozilla/5.0 (Macintosh; Intel Mac OS X 10_15_7; rv:126.0) Gecko/20100101 Firefox/126.0"
51.89.244.59 - - [07/Oct/2025:20:13:43 +0330] "POST /xmlrpc.php HTTP/1.1" 503 7610 "http://optimyar.com" "Mozilla/5.0 (Macintosh; Intel Mac OS X 10_15_7) AppleWebKit/537.36 (KHTML, like Gecko) Chrome/116.0.5845.96 Safari/537.36"
51.89.244.59 - - [07/Oct/2025:20:13:47 +0330] "POST /wp-login.php HTTP/1.1" 503 7189 "http://optimyar.com" "Mozilla/5.0 (Macintosh; Intel Mac OS X 14.3) AppleWebKit/614.31.14 (KHTML, like Gecko) Version/17.0.96 Safari/614.31.14"
165.84.218.233 - - [07/Oct/2025:20:00:19 +0330] "POST /xmlrpc.php HTTP/1.1" 503 7610 "http://optimyar.com" "Mozilla/5.0 (Windows NT 10.0; Win64; x64) AppleWebKit/537.36 (KHTML, like Gecko) Chrome/114.0.5735.134 Safari/537.36"
185.241.208.111 - - [07/Oct/2025:20:05:55 +0330] "GET /wp-content/themes/seotheme/db.php?u HTTP/1.1" 403 17006 "www.google.com" "Mozlila/5.0 (Linux; Android 7.0; SM-G892A Bulid/NRD90M; wv) AppleWebKit/537.36 (KHTML, like Gecko) Version/4.0 Chrome/60.0.3112.107 Moblie Safari/537.36"
185.241.208.111 - - [07/Oct/2025:20:05:55 +0330] "GET / HTTP/1.1" 403 17006 "-" "Mozlila/5.0 (Linux; Android 7.0; SM-G892A Bulid/NRD90M; wv) AppleWebKit/537.36 (KHTML, like Gecko) Version/4.0 Chrome/60.0.3112.107 Moblie Safari/537.36"
185.241.208.111 - - [07/Oct/2025:20:05:56 +0330] "GET /wp-content/plugins/apikey/apikey.php?test=hello HTTP/1.1" 403 17006 "-" "Mozlila/5.0 (Linux; Android 7.0; SM-G892A Bulid/NRD90M; wv) AppleWebKit/537.36 (KHTML, like Gecko) Version/4.0 Chrome/60.0.3112.107 Moblie Safari/537.36"
185.241.208.111 - - [07/Oct/2025:20:05:55 +0330] "GET /wp-content/plugins/fix/up.php HTTP/1.1" 301 0 "-" "Mozilla/5.0 (Windows NT 10.0; Win64; x64) AppleWebKit/537.36 (KHTML, like Gecko) Chrome/85.0.4183.102 Safari/537.36"
185.241.208.111 - - [07/Oct/2025:20:05:58 +0330] "GET /plugins/content/apismtp/apismtp.php?test=hello HTTP/1.1" 403 17006 "-" "Mozlila/5.0 (Linux; Android 7.0; SM-G892A Bulid/NRD90M; wv) AppleWebKit/537.36 (KHTML, like Gecko) Version/4.0 Chrome/60.0.3112.107 Moblie Safari/537.36"
31.214.174.196 - - [07/Oct/2025:20:05:58 +0330] "POST /wp-cron.php?doing_wp_cron=1759854958.7202138900756835937500 HTTP/1.1" 200 20 "-" "WordPress/6.8.3; https://optimyar.com"
185.241.208.111 - - [07/Oct/2025:20:05:58 +0330] "GET /wp-content/plugins/apikey/apikey.php.suspected?test=hello HTTP/1.1" 403 17006 "-" "Mozlila/5.0 (Linux; Android 7.0; SM-G892A Bulid/NRD90M; wv) AppleWebKit/537.36 (KHTML, like Gecko) Version/4.0 Chrome/60.0.3112.107 Moblie Safari/537.36"
185.241.208.111 - - [07/Oct/2025:20:05:59 +0330] "GET /plugins/content/apismtp/apismtp.php.suspected?test=hello HTTP/1.1" 403 17006 "-" "Mozlila/5.0 (Linux; Android 7.0; SM-G892A Bulid/NRD90M; wv) AppleWebKit/537.36 (KHTML, like Gecko) Version/4.0 Chrome/60.0.3112.107 Moblie Safari/537.36"
185.241.208.111 - - [07/Oct/2025:20:06:01 +0330] "GET /ojlgkdpr.php?Fox=d3wL7 HTTP/1.1" 301 0 "www.google.com" "Mozilla/5.0 (Linux; Android 7.0; SM-G892A Bulid/NRD90M; wv) AppleWebKit/537.36 (KHTML, like Gecko) Version/4.0 Chrome/60.0.3112.107 Moblie Safari/537.36"
217.182.158.226 - - [07/Oct/2025:20:09:30 +0330] "POST /wp-login.php HTTP/1.1" 503 7610 "http://optimyar.com" "Mozilla/5.0 (Windows NT 10.0; Win64; x64) AppleWebKit/537.36 (KHTML, like Gecko) Chrome/114.0.5735.199 Safari/537.36 Edg/114.0.1823.67"
31.214.174.196 - - [07/Oct/2025:20:13:45 +0330] "POST /wp-cron.php?doing_wp_cron=1759855425.8242609500885009765625 HTTP/1.1" 200 20 "-" "WordPress/6.8.3; https://optimyar.com"
31.214.174.196 - - [07/Oct/2025:20:17:59 +0330] "POST /wp-cron.php?doing_wp_cron=1759855679.3874828815460205078125 HTTP/1.1" 200 20 "-" "WordPress/6.8.3; https://optimyar.com"
103.166.182.115 - - [07/Oct/2025:20:18:01 +0330] "POST /wp-login.php HTTP/1.1" 503 7610 "http://optimyar.com" "Mozilla/5.0 (Macintosh; Intel Mac OS X 10_15_7) AppleWebKit/537.36 (KHTML, like Gecko) Chrome/114.0.5735.134 Safari/537.36"
162.241.226.169 - - [07/Oct/2025:20:26:04 +0330] "POST /xmlrpc.php HTTP/1.1" 503 7610 "http://optimyar.com" "Mozilla/5.0 (Macintosh; Intel Mac OS X 14_6) AppleWebKit/605.1.15 (KHTML, like Gecko) Version/17.5 Safari/605.1.15"
103.166.182.115 - - [07/Oct/2025:20:17:57 +0330] "POST /xmlrpc.php HTTP/1.1" 503 7610 "http://optimyar.com" "Mozilla/5.0 (Windows NT 10.0; Win64; x64) AppleWebKit/537.36 (KHTML, like Gecko) Chrome/114.0.5735.134 Safari/537.36"
216.244.66.243 - - [07/Oct/2025:20:21:48 +0330] "GET /robots.txt HTTP/1.1" 301 0 "-" "Mozilla/5.0 (compatible; DotBot/1.2; +https://opensiteexplorer.org/dotbot; help@moz.com)"
162.241.226.169 - - [07/Oct/2025:20:26:07 +0330] "POST /wp-login.php HTTP/1.1" 503 7610 "http://optimyar.com" "Mozilla/5.0 (Windows NT 10.0; Win64; x64) AppleWebKit/537.36 (KHTML, like Gecko) Chrome/114.0.5735.134 Safari/537.36"
54.37.151.241 - - [07/Oct/2025:20:30:02 +0330] "POST /xmlrpc.php HTTP/1.1" 503 7609 "http://optimyar.com" "Mozilla/5.0 (Windows NT 10.0; Win64; x64) AppleWebKit/537.36 (KHTML, like Gecko) Chrome/116.0.5845.96 Safari/537.36 Edg/116.0.1938.62"
54.37.151.241 - - [07/Oct/2025:20:30:06 +0330] "POST /wp-login.php HTTP/1.1" 503 7610 "http://optimyar.com" "Mozilla/5.0 (Windows NT 10.0; Win64; x64; rv:128.0) Gecko/20100101 Firefox/128.0"
103.163.214.6 - - [07/Oct/2025:20:34:14 +0330] "POST /wp-login.php HTTP/1.1" 503 7610 "http://optimyar.com" "Mozilla/5.0 (Windows NT 10.0; Win64; x64; rv:129.0) Gecko/20100101 Firefox/129.0"
31.214.174.196 - - [07/Oct/2025:20:38:52 +0330] "POST /wp-cron.php?doing_wp_cron=1759856932.0968539714813232421875 HTTP/1.1" 200 20 "-" "WordPress/6.8.3; https://optimyar.com"
103.163.214.6 - - [07/Oct/2025:20:34:10 +0330] "POST /xmlrpc.php HTTP/1.1" 503 7609 "http://optimyar.com" "Mozilla/5.0 (Macintosh; Intel Mac OS X 14_4_1) AppleWebKit/605.1.15 (KHTML, like Gecko) Version/17.3.1 Safari/605.1.15"
178.32.119.4 - - [07/Oct/2025:20:38:49 +0330] "POST /xmlrpc.php HTTP/1.1" 503 7610 "http://optimyar.com" "Mozilla/5.0 (Macintosh; Intel Mac OS X 13.3; rv:126.0) Gecko/20100101 Firefox/126.0"
178.32.119.4 - - [07/Oct/2025:20:38:53 +0330] "POST /wp-login.php HTTP/1.1" 503 7189 "http://optimyar.com" "Mozilla/5.0 (Windows NT 10.0; Win64; x64) AppleWebKit/537.36 (KHTML, like Gecko) Chrome/116.0.5845.96 Safari/537.36"
81.88.53.133 - - [07/Oct/2025:20:43:25 +0330] "POST /xmlrpc.php HTTP/1.1" 503 7609 "http://optimyar.com" "Mozilla/5.0 (Macintosh; Intel Mac OS X 13_3) AppleWebKit/537.36 (KHTML, like Gecko) Chrome/126.0.0.0 Safari/537.36"
31.214.174.196 - - [07/Oct/2025:20:43:28 +0330] "POST /wp-cron.php?doing_wp_cron=1759857208.9928019046783447265625 HTTP/1.1" 200 20 "-" "WordPress/6.8.3; https://optimyar.com"
81.88.53.133 - - [07/Oct/2025:20:43:30 +0330] "POST /wp-login.php HTTP/1.1" 503 7189 "http://optimyar.com" "Mozilla/5.0 (Macintosh; Intel Mac OS X 10_15_7) AppleWebKit/537.36 (KHTML, like Gecko) Chrome/115.0.5790.102 Safari/537.36"
209.42.16.52 - - [07/Oct/2025:21:00:26 +0330] "POST /xmlrpc.php HTTP/1.1" 503 7609 "http://optimyar.com" "Mozilla/5.0 (Macintosh; Intel Mac OS X 14_6) AppleWebKit/605.1.15 (KHTML, like Gecko) Version/17.5 Safari/605.1.15"
209.42.16.52 - - [07/Oct/2025:21:00:29 +0330] "POST /wp-login.php HTTP/1.1" 503 7609 "http://optimyar.com" "Mozilla/5.0 (Macintosh; Intel Mac OS X 10_15_7) AppleWebKit/537.36 (KHTML, like Gecko) Chrome/115.0.5790.102 Safari/537.36"
31.214.174.196 - - [07/Oct/2025:21:04:49 +0330] "POST /wp-cron.php?doing_wp_cron=1759858489.2007110118865966796875 HTTP/1.1" 200 20 "-" "WordPress/6.8.3; https://optimyar.com"
51.77.245.241 - - [07/Oct/2025:21:04:50 +0330] "POST /wp-login.php HTTP/1.1" 503 7609 "http://optimyar.com" "Mozilla/5.0 (Macintosh; Intel Mac OS X 14.5) AppleWebKit/618.3.5 (KHTML, like Gecko) Version/17.4 Safari/618.3.5"
51.255.71.164 - - [07/Oct/2025:21:17:06 +0330] "POST /wp-login.php HTTP/1.1" 503 7609 "http://optimyar.com" "Mozilla/5.0 (Macintosh; Intel Mac OS X 10_15_7) AppleWebKit/537.36 (KHTML, like Gecko) Chrome/114.0.5735.134 Safari/537.36"
142.44.138.99 - - [07/Oct/2025:21:21:01 +0330] "POST /xmlrpc.php HTTP/1.1" 503 7610 "http://optimyar.com" "Mozilla/5.0 (Windows NT 10.0; Win64; x64) AppleWebKit/537.36 (KHTML, like Gecko) Chrome/116.0.5845.96 Safari/537.36 Edg/116.0.1938.62"
142.44.138.99 - - [07/Oct/2025:21:21:05 +0330] "POST /wp-login.php HTTP/1.1" 503 7609 "http://optimyar.com" "Mozilla/5.0 (Macintosh; Intel Mac OS X 14.5) AppleWebKit/618.3.5 (KHTML, like Gecko) Version/17.4 Safari/618.3.5"
51.77.245.241 - - [07/Oct/2025:21:04:46 +0330] "POST /xmlrpc.php HTTP/1.1" 503 7610 "http://optimyar.com" "Mozilla/5.0 (Windows NT 10.0; Win64; x64) AppleWebKit/537.36 (KHTML, like Gecko) Chrome/112.0.5615.138 Safari/537.36 Edg/112.0.1722.68"
216.244.66.243 - - [07/Oct/2025:21:16:17 +0330] "GET /robots.txt HTTP/1.1" 301 0 "-" "Mozilla/5.0 (compatible; DotBot/1.2; +https://opensiteexplorer.org/dotbot; help@moz.com)"
51.255.71.164 - - [07/Oct/2025:21:17:02 +0330] "POST /xmlrpc.php HTTP/1.1" 503 7610 "http://optimyar.com" "Mozilla/5.0 (Macintosh; Intel Mac OS X 10_15_7) AppleWebKit/537.36 (KHTML, like Gecko) Chrome/116.0.5845.96 Safari/537.36"
91.226.196.37 - - [07/Oct/2025:21:20:24 +0330] "GET /wp-json/wp/v2/posts HTTP/1.1" 301 20 "-" "Mozilla/5.0 (Windows NT 10.0; Win64; x64) AppleWebKit/537.36 (KHTML, like Gecko) Chrome/120.0.0.0 Safari/537.36"
162.144.44.81 - - [07/Oct/2025:21:24:58 +0330] "POST /xmlrpc.php HTTP/1.1" 503 7609 "http://optimyar.com" "Mozilla/5.0 (Windows NT 10.0; Win64; x64) AppleWebKit/537.36 (KHTML, like Gecko) Chrome/115.0.5790.171 Safari/537.36 Edg/115.0.1901.203"
31.214.174.196 - - [07/Oct/2025:21:28:45 +0330] "POST /wp-cron.php?doing_wp_cron=1759859925.4194018840789794921875 HTTP/1.1" 200 20 "-" "WordPress/6.8.3; https://optimyar.com"
142.171.182.233 - - [07/Oct/2025:21:28:41 +0330] "POST /xmlrpc.php HTTP/1.1" 503 7609 "http://optimyar.com" "Mozilla/5.0 (Windows NT 10.0; Win64; x64) AppleWebKit/537.36 (KHTML, like Gecko) Chrome/115.0.5790.102 Safari/537.36"
142.171.182.233 - - [07/Oct/2025:21:28:46 +0330] "POST /wp-login.php HTTP/1.1" 503 7189 "http://optimyar.com" "Mozilla/5.0 (Windows NT 10.0; Win64; x64; rv:129.0) Gecko/20100101 Firefox/129.0"
31.214.174.196 - - [07/Oct/2025:21:36:25 +0330] "POST /wp-cron.php?doing_wp_cron=1759860385.5738139152526855468750 HTTP/1.1" 200 20 "-" "WordPress/6.8.3; https://optimyar.com"
31.214.174.196 - - [07/Oct/2025:21:25:00 +0330] "POST /wp-cron.php?doing_wp_cron=1759859700.8550629615783691406250 HTTP/1.1" 200 20 "-" "WordPress/6.8.3; https://optimyar.com"
162.144.44.81 - - [07/Oct/2025:21:25:02 +0330] "POST /wp-login.php HTTP/1.1" 503 7189 "http://optimyar.com" "Mozilla/5.0 (Macintosh; Intel Mac OS X 14_6) AppleWebKit/605.1.15 (KHTML, like Gecko) Version/17.5 Safari/605.1.15"
185.120.220.139 - - [07/Oct/2025:21:36:21 +0330] "POST /xmlrpc.php HTTP/1.1" 503 7609 "http://optimyar.com" "Mozilla/5.0 (Windows NT 10.0; Win64; x64) AppleWebKit/537.36 (KHTML, like Gecko) Chrome/116.0.5845.96 Safari/537.36"
185.120.220.139 - - [07/Oct/2025:21:36:26 +0330] "POST /wp-login.php HTTP/1.1" 503 7189 "http://optimyar.com" "Mozilla/5.0 (Macintosh; Intel Mac OS X 10_15_7) AppleWebKit/537.36 (KHTML, like Gecko) Chrome/113.0.5672.93 Safari/537.36"
3.77.129.9 - - [07/Oct/2025:21:40:11 +0330] "POST /xmlrpc.php HTTP/1.1" 503 7610 "http://optimyar.com" "Mozilla/5.0 (Windows NT 10.0; Win64; x64) AppleWebKit/537.36 (KHTML, like Gecko) Chrome/112.0.5615.138 Safari/537.36 Edg/112.0.1722.68"
31.214.174.196 - - [07/Oct/2025:21:48:21 +0330] "POST /wp-cron.php?doing_wp_cron=1759861100.7825560569763183593750 HTTP/1.1" 200 20 "-" "WordPress/6.8.3; https://optimyar.com"
157.173.221.185 - - [07/Oct/2025:21:48:22 +0330] "POST /wp-login.php HTTP/1.1" 503 7609 "http://optimyar.com" "Mozilla/5.0 (Windows NT 10.0; Win64; x64) AppleWebKit/537.36 (KHTML, like Gecko) Chrome/114.0.5735.134 Safari/537.36"
31.214.174.196 - - [07/Oct/2025:21:40:14 +0330] "POST /wp-cron.php?doing_wp_cron=1759860614.0834250450134277343750 HTTP/1.1" 200 20 "-" "WordPress/6.8.3; https://optimyar.com"
3.77.129.9 - - [07/Oct/2025:21:40:15 +0330] "POST /wp-login.php HTTP/1.1" 503 7610 "http://optimyar.com" "Mozilla/5.0 (Windows NT 10.0; Win64; x64) AppleWebKit/537.36 (KHTML, like Gecko) Chrome/114.0.5735.199 Safari/537.36 Edg/114.0.1823.67"
157.173.221.185 - - [07/Oct/2025:21:48:18 +0330] "POST /xmlrpc.php HTTP/1.1" 503 7609 "http://optimyar.com" "Mozilla/5.0 (Macintosh; Intel Mac OS X 14.3) AppleWebKit/614.31.14 (KHTML, like Gecko) Version/17.0.96 Safari/614.31.14"
51.89.244.59 - - [07/Oct/2025:21:52:22 +0330] "POST /xmlrpc.php HTTP/1.1" 503 7609 "http://optimyar.com" "Mozilla/5.0 (Macintosh; Intel Mac OS X 10_15_7; rv:126.0) Gecko/20100101 Firefox/126.0"
51.89.244.59 - - [07/Oct/2025:21:52:25 +0330] "POST /wp-login.php HTTP/1.1" 503 7609 "http://optimyar.com" "Mozilla/5.0 (Windows NT 10.0; Win64; x64) AppleWebKit/537.36 (KHTML, like Gecko) Chrome/112.0.5615.138 Safari/537.36 Edg/112.0.1722.68"
103.131.71.177 - - [07/Oct/2025:21:58:01 +0330] "GET /robots.txt HTTP/1.1" 301 20 "-" "Mozilla/5.0 (compatible; coccocbot-web/1.0; +http://help.coccoc.com/searchengine)"
198.54.126.241 - - [07/Oct/2025:21:56:32 +0330] "POST /xmlrpc.php HTTP/1.1" 503 7610 "http://optimyar.com" "Mozilla/5.0 (Macintosh; Intel Mac OS X 10_15_7) AppleWebKit/537.36 (KHTML, like Gecko) Chrome/126.0.0.0 Safari/537.36"
198.54.126.241 - - [07/Oct/2025:21:56:36 +0330] "POST /wp-login.php HTTP/1.1" 503 7609 "http://optimyar.com" "Mozilla/5.0 (Windows NT 10.0; Win64; x64) AppleWebKit/537.36 (KHTML, like Gecko) Chrome/112.0.5615.138 Safari/537.36 Edg/112.0.1722.68"
185.146.3.15 - - [07/Oct/2025:22:00:33 +0330] "POST /xmlrpc.php HTTP/1.1" 503 7609 "http://optimyar.com" "Mozilla/5.0 (Windows NT 10.0; Win64; x64) AppleWebKit/537.36 (KHTML, like Gecko) Chrome/115.0.5790.171 Safari/537.36 Edg/115.0.1901.203"
185.146.3.15 - - [07/Oct/2025:22:00:36 +0330] "POST /wp-login.php HTTP/1.1" 503 7609 "http://optimyar.com" "Mozilla/5.0 (Macintosh; Intel Mac OS X 13_3) AppleWebKit/537.36 (KHTML, like Gecko) Chrome/126.0.0.0 Safari/537.36 Edg/126.0.0.0"
181.63.25.54 - - [07/Oct/2025:22:09:50 +0330] "GET /wp-json/wp/v2/posts HTTP/1.1" 301 20 "-" "Mozilla/5.0 (Windows NT 10.0; Win64; x64) AppleWebKit/537.36 (KHTML, like Gecko) Chrome/120.0.0.0 Safari/537.36"
31.214.174.196 - - [07/Oct/2025:22:16:03 +0330] "POST /wp-cron.php?doing_wp_cron=1759862763.9638240337371826171875 HTTP/1.1" 200 20 "-" "WordPress/6.8.3; https://optimyar.com"
51.68.224.123 - - [07/Oct/2025:22:16:01 +0330] "POST /xmlrpc.php HTTP/1.1" 503 7610 "http://optimyar.com" "Mozilla/5.0 (Windows NT 11.0; Win64; x64) AppleWebKit/537.36 (KHTML, like Gecko) Chrome/126.0.0.0 Safari/537.36"
31.214.174.196 - - [07/Oct/2025:22:26:50 +0330] "POST /wp-cron.php?doing_wp_cron=1759863410.5782449245452880859375 HTTP/1.1" 200 20 "-" "WordPress/6.8.3; https://optimyar.com"
51.68.224.123 - - [07/Oct/2025:22:16:05 +0330] "POST /wp-login.php HTTP/1.1" 503 7609 "http://optimyar.com" "Mozilla/5.0 (Macintosh; Intel Mac OS X 14.3) AppleWebKit/614.31.14 (KHTML, like Gecko) Version/17.0.96 Safari/614.31.14"
103.82.22.166 - - [07/Oct/2025:22:26:48 +0330] "POST /xmlrpc.php HTTP/1.1" 503 7610 "http://optimyar.com" "Mozilla/5.0 (Macintosh; Intel Mac OS X 10_15_7; rv:129.0) Gecko/20100101 Firefox/129.0"
103.82.22.166 - - [07/Oct/2025:22:26:52 +0330] "POST /wp-login.php HTTP/1.1" 503 7189 "http://optimyar.com" "Mozilla/5.0 (Macintosh; Intel Mac OS X 10_15_7; rv:125.0.1) Gecko/20100101 Firefox/125.0.1"
209.38.229.30 - - [07/Oct/2025:22:30:21 +0330] "POST /wp-login.php HTTP/1.1" 503 7609 "http://optimyar.com" "Mozilla/5.0 (Macintosh; Intel Mac OS X 10_15_7) AppleWebKit/537.36 (KHTML, like Gecko) Chrome/113.0.5672.93 Safari/537.36"
209.38.229.30 - - [07/Oct/2025:22:30:18 +0330] "POST /xmlrpc.php HTTP/1.1" 503 7609 "http://optimyar.com" "Mozilla/5.0 (Macintosh; Intel Mac OS X 14.3) AppleWebKit/614.31.14 (KHTML, like Gecko) Version/17.0.96 Safari/614.31.14"
196.251.83.100 - - [07/Oct/2025:22:41:25 +0330] "GET / HTTP/1.1" 301 0 "-" "-"
196.251.83.100 - - [07/Oct/2025:22:41:32 +0330] "GET /wordpress HTTP/1.1" 301 0 "-" "-"
196.251.83.100 - - [07/Oct/2025:22:41:38 +0330] "GET /wp-admin/setup-config.php HTTP/1.1" 409 2838 "-" "-"
196.251.83.100 - - [07/Oct/2025:22:41:40 +0330] "GET /wp-admin/install.php HTTP/1.1" 403 17006 "-" "-"
196.251.83.100 - - [07/Oct/2025:22:41:40 +0330] "GET /wp HTTP/1.1" 301 0 "-" "-"
196.251.83.100 - - [07/Oct/2025:22:41:46 +0330] "GET /blog HTTP/1.1" 301 0 "-" "-"
196.251.83.100 - - [07/Oct/2025:22:42:20 +0330] "GET /testing HTTP/1.1" 301 0 "-" "-"
196.251.83.100 - - [07/Oct/2025:22:42:25 +0330] "GET /site HTTP/1.1" 301 0 "-" "-"
196.251.83.100 - - [07/Oct/2025:22:42:29 +0330] "GET /backup HTTP/1.1" 301 0 "-" "-"
196.251.83.100 - - [07/Oct/2025:22:42:34 +0330] "GET /demo HTTP/1.1" 301 0 "-" "-"
196.251.83.100 - - [07/Oct/2025:22:42:39 +0330] "GET /home HTTP/1.1" 301 0 "-" "-"
196.251.83.100 - - [07/Oct/2025:22:42:46 +0330] "GET /tmp HTTP/1.1" 301 0 "-" "-"
196.251.83.100 - - [07/Oct/2025:22:42:51 +0330] "GET /dev HTTP/1.1" 301 0 "-" "-"
196.251.83.100 - - [07/Oct/2025:22:42:56 +0330] "GET /cms HTTP/1.1" 301 0 "-" "-"
196.251.83.100 - - [07/Oct/2025:22:43:01 +0330] "GET /portal HTTP/1.1" 301 0 "-" "-"
196.251.83.100 - - [07/Oct/2025:22:43:06 +0330] "GET /web HTTP/1.1" 301 0 "-" "-"
196.251.83.100 - - [07/Oct/2025:22:41:51 +0330] "GET /new HTTP/1.1" 301 0 "-" "-"
196.251.83.100 - - [07/Oct/2025:22:41:57 +0330] "GET /old HTTP/1.1" 301 0 "-" "-"
196.251.83.100 - - [07/Oct/2025:22:42:02 +0330] "GET /newsite HTTP/1.1" 301 0 "-" "-"
196.251.83.100 - - [07/Oct/2025:22:42:07 +0330] "GET /test HTTP/1.1" 301 0 "-" "-"
196.251.83.100 - - [07/Oct/2025:22:42:14 +0330] "GET /main HTTP/1.1" 301 0 "-" "-"
51.81.207.12 - - [07/Oct/2025:22:57:07 +0330] "POST /xmlrpc.php HTTP/1.1" 503 7609 "http://optimyar.com" "Mozilla/5.0 (Macintosh; Intel Mac OS X 10_15_7) AppleWebKit/537.36 (KHTML, like Gecko) Chrome/112.0.5615.138 Safari/537.36"
88.198.106.177 - - [07/Oct/2025:23:01:08 +0330] "POST /xmlrpc.php HTTP/1.1" 503 7609 "http://optimyar.com" "Mozilla/5.0 (Macintosh; Intel Mac OS X 13_3) AppleWebKit/537.36 (KHTML, like Gecko) Chrome/126.0.0.0 Safari/537.36 Edg/126.0.0.0"
88.198.106.177 - - [07/Oct/2025:23:01:12 +0330] "POST /wp-login.php HTTP/1.1" 503 7188 "http://optimyar.com" "Mozilla/5.0 (Windows NT 11.0; Win64; x64; rv:126.0) Gecko/20100101 Firefox/126.0"
51.81.207.12 - - [07/Oct/2025:22:57:11 +0330] "POST /wp-login.php HTTP/1.1" 503 7609 "http://optimyar.com" "Mozilla/5.0 (Macintosh; Intel Mac OS X 14_6) AppleWebKit/605.1.15 (KHTML, like Gecko) Version/17.5 Safari/605.1.15"
31.214.174.196 - - [07/Oct/2025:23:01:11 +0330] "POST /wp-cron.php?doing_wp_cron=1759865471.0905160903930664062500 HTTP/1.1" 200 20 "-" "WordPress/6.8.3; https://optimyar.com"
31.214.174.196 - - [07/Oct/2025:23:09:36 +0330] "GET /.well-known/acme-challenge/PZJL92CSOEHX90HCTTH_K63KRRD-ZA0D HTTP/1.1" 200 64 "-" "Cpanel-HTTP-Client/1.0"
31.214.174.196 - - [07/Oct/2025:23:09:36 +0330] "GET /.well-known/acme-challenge/M2LTXLP-2Z4V9GFKKMWJXYDBB7PCLXZ_ HTTP/1.1" 200 64 "-" "Cpanel-HTTP-Client/1.0"
31.214.174.196 - - [07/Oct/2025:23:09:36 +0330] "GET /.well-known/acme-challenge/D8Z6Y5TIUI22ITDNB0_F7J5AIL8RKDH1 HTTP/1.1" 200 64 "-" "Cpanel-HTTP-Client/1.0"
31.214.174.196 - - [07/Oct/2025:23:09:36 +0330] "GET /.well-known/acme-challenge/QIFVR6TTZQF67393PTSPWOS7_G4LOIPG HTTP/1.1" 200 64 "-" "Cpanel-HTTP-Client/1.0"
31.214.174.196 - - [07/Oct/2025:23:09:36 +0330] "GET /.well-known/acme-challenge/DLQL1GW5WSKE91V9JE2CJ7T5FI827B8_ HTTP/1.1" 200 64 "-" "Cpanel-HTTP-Client/1.0"
23.178.112.103 - - [07/Oct/2025:23:11:37 +0330] "GET /.well-known/acme-challenge/FA3cwPoVslmSFJsir26NrE7Qm0Ij9cF09AR8GovEoeY HTTP/1.1" 200 87 "-" "Mozilla/5.0 (compatible; Let's Encrypt validation server; +https://www.letsencrypt.org)"
13.50.243.181 - - [07/Oct/2025:23:11:38 +0330] "GET /.well-known/acme-challenge/FA3cwPoVslmSFJsir26NrE7Qm0Ij9cF09AR8GovEoeY HTTP/1.1" 200 87 "-" "Mozilla/5.0 (compatible; Let's Encrypt validation server; +https://www.letsencrypt.org)"
18.117.234.232 - - [07/Oct/2025:23:11:38 +0330] "GET /.well-known/acme-challenge/FA3cwPoVslmSFJsir26NrE7Qm0Ij9cF09AR8GovEoeY HTTP/1.1" 200 87 "-" "Mozilla/5.0 (compatible; Let's Encrypt validation server; +https://www.letsencrypt.org)"
23.178.112.108 - - [07/Oct/2025:23:11:38 +0330] "GET /.well-known/acme-challenge/0rY8_WVeyoS8ps8WmZ1AukeMMSX4Corp9zOHPdhZEBM HTTP/1.1" 200 87 "-" "Mozilla/5.0 (compatible; Let's Encrypt validation server; +https://www.letsencrypt.org)"
13.61.141.170 - - [07/Oct/2025:23:11:38 +0330] "GET /.well-known/acme-challenge/TRMzHVPoKJQOFmS3O1MchIOjVt-0v0RqzsAvQ1usT9s HTTP/1.1" 200 87 "-" "Mozilla/5.0 (compatible; Let's Encrypt validation server; +https://www.letsencrypt.org)"
18.141.211.111 - - [07/Oct/2025:23:11:38 +0330] "GET /.well-known/acme-challenge/FA3cwPoVslmSFJsir26NrE7Qm0Ij9cF09AR8GovEoeY HTTP/1.1" 200 87 "-" "Mozilla/5.0 (compatible; Let's Encrypt validation server; +https://www.letsencrypt.org)"
