4.43.184.114 - - [25/Sep/2025:16:55:25 +0330] "GET / HTTP/1.0" 301 795 "-" "Mozilla/5.0 (compatible; MSIE 9.0; Windows NT 6.1; Win64; x64; Trident/5.0)"
161.97.140.90 - - [25/Sep/2025:17:14:48 +0330] "GET /wp-admin/css/ HTTP/1.1" 301 795 "binance.com" "Mozilla/5.0 (Windows NT 10.0; Win64; x64) AppleWebKit/537.36 (KHTML, like Gecko) Chrome/90.0.4430.85 Safari/537.36"
161.97.140.90 - - [25/Sep/2025:17:15:31 +0330] "GET /.well-known/ HTTP/1.1" 301 795 "binance.com" "Mozilla/5.0 (Windows NT 10.0; Win64; x64) AppleWebKit/537.36 (KHTML, like Gecko) Chrome/90.0.4430.85 Safari/537.36"
104.164.158.139 - - [25/Sep/2025:17:16:19 +0330] "GET / HTTP/1.1" 301 795 "-" "Mozilla/5.0 (Macintosh; Intel Mac OS X 10_15_7) AppleWebKit/537.36 (KHTML, like Gecko) Chrome/128.0.0.0 Safari/537.36"
161.97.140.90 - - [25/Sep/2025:17:16:23 +0330] "GET /.well-known/ HTTP/1.1" 301 795 "binance.com" "Mozilla/5.0 (Windows NT 10.0; Win64; x64) AppleWebKit/537.36 (KHTML, like Gecko) Chrome/90.0.4430.85 Safari/537.36"
161.97.140.90 - - [25/Sep/2025:17:17:13 +0330] "GET /.well-known/fm.php HTTP/1.1" 301 795 "binance.com" "Mozilla/5.0 (Windows NT 10.0; Win64; x64) AppleWebKit/537.36 (KHTML, like Gecko) Chrome/90.0.4430.85 Safari/537.36"
185.135.137.81 - - [25/Sep/2025:17:34:36 +0330] "GET /.well-known/ HTTP/1.1" 301 795 "binance.com" "Mozilla/5.0 (Windows NT 10.0; Win64; x64) AppleWebKit/537.36 (KHTML, like Gecko) Chrome/90.0.4430.85 Safari/537.36"
52.167.144.56 - - [25/Sep/2025:17:36:02 +0330] "GET /robots.txt HTTP/1.1" 301 795 "-" "Mozilla/5.0 AppleWebKit/537.36 (KHTML, like Gecko; compatible; bingbot/2.0; +http://www.bing.com/bingbot.htm) Chrome/116.0.1938.76 Safari/537.36"
185.135.137.81 - - [25/Sep/2025:17:36:07 +0330] "GET /.well-known/wzgtdlflac.php HTTP/1.1" 301 795 "binance.com" "Mozilla/5.0 (Windows NT 10.0; Win64; x64) AppleWebKit/537.36 (KHTML, like Gecko) Chrome/90.0.4430.85 Safari/537.36"
185.135.137.81 - - [25/Sep/2025:17:36:51 +0330] "GET /admin/controller/extension/extension/ HTTP/1.1" 301 795 "binance.com" "Mozilla/5.0 (Windows NT 10.0; Win64; x64) AppleWebKit/537.36 (KHTML, like Gecko) Chrome/90.0.4430.85 Safari/537.36"
185.135.137.81 - - [25/Sep/2025:17:37:03 +0330] "GET /uploads/ HTTP/1.1" 301 795 "binance.com" "Mozilla/5.0 (Windows NT 10.0; Win64; x64) AppleWebKit/537.36 (KHTML, like Gecko) Chrome/90.0.4430.85 Safari/537.36"
185.135.137.81 - - [25/Sep/2025:17:37:10 +0330] "GET /images/ HTTP/1.1" 301 795 "binance.com" "Mozilla/5.0 (Windows NT 10.0; Win64; x64) AppleWebKit/537.36 (KHTML, like Gecko) Chrome/90.0.4430.85 Safari/537.36"
161.97.140.90 - - [25/Sep/2025:17:22:25 +0330] "GET /.well-known/fm.php HTTP/1.1" 301 795 "binance.com" "Mozilla/5.0 (Windows NT 10.0; Win64; x64) AppleWebKit/537.36 (KHTML, like Gecko) Chrome/90.0.4430.85 Safari/537.36"
161.97.140.90 - - [25/Sep/2025:17:27:14 +0330] "POST /.well-known/fm.php HTTP/1.1" 301 795 "binance.com" "Mozilla/5.0 (Windows NT 10.0; Win64; x64) AppleWebKit/537.36 (KHTML, like Gecko) Chrome/90.0.4430.85 Safari/537.36"
43.166.253.94 - - [25/Sep/2025:17:27:55 +0330] "GET / HTTP/1.1" 301 795 "-" "Mozilla/5.0 (iPhone; CPU iPhone OS 13_2_3 like Mac OS X) AppleWebKit/605.1.15 (KHTML, like Gecko) Version/13.0.3 Mobile/15E148 Safari/604.1"
161.97.140.90 - - [25/Sep/2025:17:31:53 +0330] "GET /.well-known/jvkwhdqxmf.php HTTP/1.1" 301 795 "binance.com" "Mozilla/5.0 (Windows NT 10.0; Win64; x64) AppleWebKit/537.36 (KHTML, like Gecko) Chrome/90.0.4430.85 Safari/537.36"
161.97.140.90 - - [25/Sep/2025:17:33:19 +0330] "GET /.well-known/fm.php HTTP/1.1" 301 795 "-" "Mozilla/5.0 (Windows NT 10.0; Win64; x64) AppleWebKit/537.36 (KHTML, like Gecko) Chrome/90.0.4430.85 Safari/537.36"
185.135.137.81 - - [25/Sep/2025:17:34:12 +0330] "GET /wp-admin/css/ HTTP/1.1" 301 795 "binance.com" "Mozilla/5.0 (Windows NT 10.0; Win64; x64) AppleWebKit/537.36 (KHTML, like Gecko) Chrome/90.0.4430.85 Safari/537.36"
185.135.137.81 - - [25/Sep/2025:17:34:24 +0330] "GET /.well-known/ HTTP/1.1" 301 795 "binance.com" "Mozilla/5.0 (Windows NT 10.0; Win64; x64) AppleWebKit/537.36 (KHTML, like Gecko) Chrome/90.0.4430.85 Safari/537.36"
185.135.137.81 - - [25/Sep/2025:17:34:48 +0330] "GET /.well-known/fm.php HTTP/1.1" 301 795 "binance.com" "Mozilla/5.0 (Windows NT 10.0; Win64; x64) AppleWebKit/537.36 (KHTML, like Gecko) Chrome/90.0.4430.85 Safari/537.36"
185.135.137.81 - - [25/Sep/2025:17:35:18 +0330] "GET /.well-known/fm.php HTTP/1.1" 301 795 "binance.com" "Mozilla/5.0 (Windows NT 10.0; Win64; x64) AppleWebKit/537.36 (KHTML, like Gecko) Chrome/90.0.4430.85 Safari/537.36"
185.135.137.81 - - [25/Sep/2025:17:35:40 +0330] "POST /.well-known/fm.php HTTP/1.1" 301 795 "binance.com" "Mozilla/5.0 (Windows NT 10.0; Win64; x64) AppleWebKit/537.36 (KHTML, like Gecko) Chrome/90.0.4430.85 Safari/537.36"
40.77.167.35 - - [25/Sep/2025:17:36:13 +0330] "GET / HTTP/1.1" 301 795 "-" "Mozilla/5.0 AppleWebKit/537.36 (KHTML, like Gecko; compatible; bingbot/2.0; +http://www.bing.com/bingbot.htm) Chrome/116.0.1938.76 Safari/537.36"
185.135.137.81 - - [25/Sep/2025:17:36:28 +0330] "GET /.well-known/fm.php HTTP/1.1" 301 795 "-" "Mozilla/5.0 (Windows NT 10.0; Win64; x64) AppleWebKit/537.36 (KHTML, like Gecko) Chrome/90.0.4430.85 Safari/537.36"
185.135.137.81 - - [25/Sep/2025:17:36:43 +0330] "GET /sites/default/files/ HTTP/1.1" 301 795 "binance.com" "Mozilla/5.0 (Windows NT 10.0; Win64; x64) AppleWebKit/537.36 (KHTML, like Gecko) Chrome/90.0.4430.85 Safari/537.36"
185.135.137.81 - - [25/Sep/2025:17:37:20 +0330] "GET /files/ HTTP/1.1" 301 795 "binance.com" "Mozilla/5.0 (Windows NT 10.0; Win64; x64) AppleWebKit/537.36 (KHTML, like Gecko) Chrome/90.0.4430.85 Safari/537.36"
161.97.140.90 - - [25/Sep/2025:17:44:58 +0330] "GET /sites/default/files/ HTTP/1.1" 301 795 "binance.com" "Mozilla/5.0 (Windows NT 10.0; Win64; x64) AppleWebKit/537.36 (KHTML, like Gecko) Chrome/90.0.4430.85 Safari/537.36"
161.97.140.90 - - [25/Sep/2025:17:45:41 +0330] "GET /admin/controller/extension/extension/ HTTP/1.1" 301 795 "binance.com" "Mozilla/5.0 (Windows NT 10.0; Win64; x64) AppleWebKit/537.36 (KHTML, like Gecko) Chrome/90.0.4430.85 Safari/537.36"
161.97.140.90 - - [25/Sep/2025:17:47:04 +0330] "GET /images/ HTTP/1.1" 301 795 "binance.com" "Mozilla/5.0 (Windows NT 10.0; Win64; x64) AppleWebKit/537.36 (KHTML, like Gecko) Chrome/90.0.4430.85 Safari/537.36"
161.97.140.90 - - [25/Sep/2025:17:46:22 +0330] "GET /uploads/ HTTP/1.1" 301 795 "binance.com" "Mozilla/5.0 (Windows NT 10.0; Win64; x64) AppleWebKit/537.36 (KHTML, like Gecko) Chrome/90.0.4430.85 Safari/537.36"
161.97.140.90 - - [25/Sep/2025:17:47:46 +0330] "GET /files/ HTTP/1.1" 301 795 "binance.com" "Mozilla/5.0 (Windows NT 10.0; Win64; x64) AppleWebKit/537.36 (KHTML, like Gecko) Chrome/90.0.4430.85 Safari/537.36"
196.251.86.120 - - [25/Sep/2025:18:10:40 +0330] "GET /wp-json/wp/v2/users HTTP/1.1" 301 795 "-" "Mozilla/5.0 (Macintosh; Intel Mac OS X 14_3) AppleWebKit/537.36 (KHTML, like Gecko) Chrome/121.0.0.0 Safari/537.36"
196.251.86.120 - - [25/Sep/2025:18:10:46 +0330] "GET /?author=1 HTTP/1.1" 301 795 "-" "Mozilla/5.0 (X11; Linux x86_64) AppleWebKit/537.36 (KHTML, like Gecko) Chrome/120.0.0.0 Safari/537.36"
182.42.111.213 - - [25/Sep/2025:19:03:46 +0330] "GET / HTTP/1.1" 301 795 "-" "Mozilla/5.0 (iPhone; CPU iPhone OS 13_2_3 like Mac OS X) AppleWebKit/605.1.15 (KHTML, like Gecko) Version/13.0.3 Mobile/15E148 Safari/604.1"
134.122.135.140 - - [25/Sep/2025:20:56:18 +0330] "GET /apps/admin/view/default/layui/css/layui.css HTTP/1.1" 301 795 "http://www.freecloudservices.ir" "Mozilla/5.0 (Windows NT 10.0; Win64; x64) AppleWebKit/537.36 (KHTML, like Gecko) Chrome/128.0.0.0 Safari/537.36"
134.122.135.50 - - [25/Sep/2025:20:58:21 +0330] "GET /include/ckeditor/images/addon.gif HTTP/1.1" 301 795 "http://mail.freecloudservices.ir" "Mozilla/5.0 (Windows NT 10.0; Win64; x64) AppleWebKit/537.36 (KHTML, like Gecko) Chrome/128.0.0.0 Safari/537.36"
134.122.135.50 - - [25/Sep/2025:20:58:21 +0330] "GET /include/ckeditor/images/addon.gif HTTP/1.1" 301 795 "http://www.freecloudservices.ir" "Mozilla/5.0 (Windows NT 10.0; Win64; x64) AppleWebKit/537.36 (KHTML, like Gecko) Chrome/128.0.0.0 Safari/537.36"
194.225.50.88 - - [25/Sep/2025:20:44:33 +0330] "GET / HTTP/1.1" 301 795 "-" "Mozilla/5.0 (Linux; Android 9; SM-G973F) AppleWebKit/537.36 (KHTML, like Gecko) Chrome/85.0.4183.81 Mobile Safari/537.36"
134.122.135.140 - - [25/Sep/2025:20:56:17 +0330] "GET /apps/admin/view/default/layui/css/layui.css HTTP/1.1" 301 795 "http://mail.freecloudservice.ir" "Mozilla/5.0 (Windows NT 10.0; Win64; x64) AppleWebKit/537.36 (KHTML, like Gecko) Chrome/128.0.0.0 Safari/537.36"
134.122.135.140 - - [25/Sep/2025:20:56:17 +0330] "GET /apps/admin/view/default/layui/css/layui.css HTTP/1.1" 301 795 "http://mail.freecloudservices.ir" "Mozilla/5.0 (Windows NT 10.0; Win64; x64) AppleWebKit/537.36 (KHTML, like Gecko) Chrome/128.0.0.0 Safari/537.36"
134.122.135.140 - - [25/Sep/2025:20:56:17 +0330] "GET /apps/admin/view/default/layui/css/layui.css HTTP/1.1" 301 795 "http://freecloudservice.ir" "Mozilla/5.0 (Windows NT 10.0; Win64; x64) AppleWebKit/537.36 (KHTML, like Gecko) Chrome/128.0.0.0 Safari/537.36"
134.122.135.140 - - [25/Sep/2025:20:56:17 +0330] "GET /apps/admin/view/default/layui/css/layui.css HTTP/1.1" 301 795 "http://www.freecloudservice.ir" "Mozilla/5.0 (Windows NT 10.0; Win64; x64) AppleWebKit/537.36 (KHTML, like Gecko) Chrome/128.0.0.0 Safari/537.36"
134.122.135.50 - - [25/Sep/2025:20:58:20 +0330] "GET /include/ckeditor/images/addon.gif HTTP/1.1" 301 795 "http://freecloudservice.ir" "Mozilla/5.0 (Windows NT 10.0; Win64; x64) AppleWebKit/537.36 (KHTML, like Gecko) Chrome/128.0.0.0 Safari/537.36"
134.122.135.50 - - [25/Sep/2025:20:58:21 +0330] "GET /include/ckeditor/images/addon.gif HTTP/1.1" 301 795 "http://www.freecloudservice.ir" "Mozilla/5.0 (Windows NT 10.0; Win64; x64) AppleWebKit/537.36 (KHTML, like Gecko) Chrome/128.0.0.0 Safari/537.36"
134.122.135.50 - - [25/Sep/2025:20:58:21 +0330] "GET /include/ckeditor/images/addon.gif HTTP/1.1" 301 795 "http://mail.freecloudservice.ir" "Mozilla/5.0 (Windows NT 10.0; Win64; x64) AppleWebKit/537.36 (KHTML, like Gecko) Chrome/128.0.0.0 Safari/537.36"
201.79.200.80 - - [25/Sep/2025:21:07:22 +0330] "GET / HTTP/1.1" 301 795 "-" "Mozilla/3.0 (compatible; Indy Library)"
161.97.140.90 - - [25/Sep/2025:21:46:26 +0330] "GET /.well-known/fm.php HTTP/1.1" 301 795 "binance.com" "Mozilla/5.0 (Windows NT 10.0; Win64; x64) AppleWebKit/537.36 (KHTML, like Gecko) Chrome/90.0.4430.85 Safari/537.36"
161.97.140.90 - - [25/Sep/2025:21:43:51 +0330] "GET /wp-admin/css/ HTTP/1.1" 301 795 "binance.com" "Mozilla/5.0 (Windows NT 10.0; Win64; x64) AppleWebKit/537.36 (KHTML, like Gecko) Chrome/90.0.4430.85 Safari/537.36"
161.97.140.90 - - [25/Sep/2025:21:44:35 +0330] "GET /.well-known/ HTTP/1.1" 301 795 "binance.com" "Mozilla/5.0 (Windows NT 10.0; Win64; x64) AppleWebKit/537.36 (KHTML, like Gecko) Chrome/90.0.4430.85 Safari/537.36"
161.97.140.90 - - [25/Sep/2025:21:45:31 +0330] "GET /.well-known/ HTTP/1.1" 301 795 "binance.com" "Mozilla/5.0 (Windows NT 10.0; Win64; x64) AppleWebKit/537.36 (KHTML, like Gecko) Chrome/90.0.4430.85 Safari/537.36"
66.249.79.168 - - [25/Sep/2025:21:59:34 +0330] "GET / HTTP/1.1" 301 795 "-" "Mozilla/5.0 (Linux; Android 6.0.1; Nexus 5X Build/MMB29P) AppleWebKit/537.36 (KHTML, like Gecko) Chrome/139.0.7258.127 Mobile Safari/537.36 (compatible; Googlebot/2.1; +http://www.google.com/bot.html)"
161.97.140.90 - - [25/Sep/2025:21:51:38 +0330] "GET /.well-known/fm.php HTTP/1.1" 301 795 "binance.com" "Mozilla/5.0 (Windows NT 10.0; Win64; x64) AppleWebKit/537.36 (KHTML, like Gecko) Chrome/90.0.4430.85 Safari/537.36"
161.97.140.90 - - [25/Sep/2025:21:56:43 +0330] "POST /.well-known/fm.php HTTP/1.1" 301 795 "binance.com" "Mozilla/5.0 (Windows NT 10.0; Win64; x64) AppleWebKit/537.36 (KHTML, like Gecko) Chrome/90.0.4430.85 Safari/537.36"
66.249.79.166 - - [25/Sep/2025:21:59:33 +0330] "GET /robots.txt HTTP/1.1" 301 795 "-" "Mozilla/5.0 (compatible; Googlebot/2.1; +http://www.google.com/bot.html)"
161.97.140.90 - - [25/Sep/2025:22:02:09 +0330] "GET /.well-known/gzgifwtpvd.php HTTP/1.1" 301 795 "binance.com" "Mozilla/5.0 (Windows NT 10.0; Win64; x64) AppleWebKit/537.36 (KHTML, like Gecko) Chrome/90.0.4430.85 Safari/537.36"
161.97.140.90 - - [25/Sep/2025:22:08:36 +0330] "GET /.well-known/fm.php HTTP/1.1" 301 795 "-" "Mozilla/5.0 (Windows NT 10.0; Win64; x64) AppleWebKit/537.36 (KHTML, like Gecko) Chrome/90.0.4430.85 Safari/537.36"
161.97.140.90 - - [25/Sep/2025:22:16:25 +0330] "GET /admin/controller/extension/extension/ HTTP/1.1" 301 795 "binance.com" "Mozilla/5.0 (Windows NT 10.0; Win64; x64) AppleWebKit/537.36 (KHTML, like Gecko) Chrome/90.0.4430.85 Safari/537.36"
161.97.140.90 - - [25/Sep/2025:22:18:25 +0330] "GET /files/ HTTP/1.1" 301 795 "binance.com" "Mozilla/5.0 (Windows NT 10.0; Win64; x64) AppleWebKit/537.36 (KHTML, like Gecko) Chrome/90.0.4430.85 Safari/537.36"
161.97.140.90 - - [25/Sep/2025:22:15:42 +0330] "GET /sites/default/files/ HTTP/1.1" 301 795 "binance.com" "Mozilla/5.0 (Windows NT 10.0; Win64; x64) AppleWebKit/537.36 (KHTML, like Gecko) Chrome/90.0.4430.85 Safari/537.36"
161.97.140.90 - - [25/Sep/2025:22:17:02 +0330] "GET /uploads/ HTTP/1.1" 301 795 "binance.com" "Mozilla/5.0 (Windows NT 10.0; Win64; x64) AppleWebKit/537.36 (KHTML, like Gecko) Chrome/90.0.4430.85 Safari/537.36"
161.97.140.90 - - [25/Sep/2025:22:17:44 +0330] "GET /images/ HTTP/1.1" 301 795 "binance.com" "Mozilla/5.0 (Windows NT 10.0; Win64; x64) AppleWebKit/537.36 (KHTML, like Gecko) Chrome/90.0.4430.85 Safari/537.36"
222.79.104.23 - - [25/Sep/2025:22:55:31 +0330] "GET / HTTP/1.1" 301 795 "-" "Mozilla/5.0 (iPhone; CPU iPhone OS 13_2_3 like Mac OS X) AppleWebKit/605.1.15 (KHTML, like Gecko) Version/13.0.3 Mobile/15E148 Safari/604.1"
134.122.133.12 - - [25/Sep/2025:23:00:01 +0330] "GET / HTTP/1.1" 301 795 "http://mail.freecloudservices.ir" "Mozilla/5.0 (compatible; iaskspider/1.0; MSIE 6.0)"
134.122.133.12 - - [25/Sep/2025:23:00:01 +0330] "GET / HTTP/1.1" 301 795 "http://mail.freecloudservice.ir" "Mozilla/5.0 (Linux;u;Android 4.2.2;zh-cn;)"
134.122.133.12 - - [25/Sep/2025:23:00:01 +0330] "GET / HTTP/1.1" 301 795 "http://freecloudservice.ir" "Mozilla/5.0 (compatible; Yahoo! Slurp China; http://misc.yahoo.com.cn/help.html\xa1\xb1)"
134.122.133.12 - - [25/Sep/2025:23:00:01 +0330] "GET / HTTP/1.1" 301 795 "http://www.freecloudservice.ir" "Sogou web spider/3.0(+http://www.sogou.com/docs/help/webmasters.htm#07\xa1\xe5)"
134.122.133.12 - - [25/Sep/2025:23:00:01 +0330] "GET / HTTP/1.1" 301 795 "http://www.freecloudservices.ir" "Googlebot/2.1 (+http://www.google.com/bot.html)"
45.149.173.195 - - [25/Sep/2025:23:16:12 +0330] "GET / HTTP/1.1" 301 795 "-" "Mozilla/5.0 (Windows NT 10.0; Win64; x64) AppleWebKit/537.36 (KHTML, like Gecko) Chrome/78.0.3904.108 Safari/537.36"
4.43.184.114 - - [26/Sep/2025:00:19:20 +0330] "GET / HTTP/1.0" 301 795 "-" "Mozilla/5.0 (Windows; U; Windows NT 6.1; en-US; rv:1.9.2.8) Gecko/20100722 Firefox/3.6.8"
185.39.19.97 - - [26/Sep/2025:00:32:41 +0330] "GET / HTTP/1.0" 301 795 "http://freecloudservice.ir/" "Mozilla/5.0 (Windows NT 10.0; Win64; x64) AppleWebKit/537.36 (KHTML, like Gecko) Chrome/131.0.0.0 Safari/537.36"
103.115.186.255 - - [26/Sep/2025:00:38:35 +0330] "GET / HTTP/1.1" 301 795 "-" "Mozilla/5.0 (Macintosh; Intel Mac OS X 10_15_7) AppleWebKit/537.36 (KHTML, like Gecko) Chrome/128.0.0.0 Safari/537.36"
143.92.32.30 - - [26/Sep/2025:01:01:05 +0330] "GET /include/ckeditor/images/addon.gif HTTP/1.1" 301 795 "http://www.freecloudservice.ir" "Mozilla/5.0 (compatible; YodaoBot/1.0; http://www.yodao.com/help/webmaster/spider/\xa1\xb1; )"
143.92.32.30 - - [26/Sep/2025:01:01:05 +0330] "GET /include/ckeditor/images/addon.gif HTTP/1.1" 301 795 "http://www.freecloudservices.ir" "Googlebot/2.1 (+http://www.googlebot.com/bot.html)"
143.92.32.30 - - [26/Sep/2025:01:01:07 +0330] "GET /images/loadinglit.gif HTTP/1.1" 301 795 "http://www.freecloudservices.ir" "Mozilla/5.0 (compatible; Baiduspider/2.0; +http://www.baidu.com/search/spider.html\xa3\xa9"
143.92.32.30 - - [26/Sep/2025:01:01:07 +0330] "GET /images/loadinglit.gif HTTP/1.1" 301 795 "http://www.freecloudservice.ir" "Mozilla/5.0 (compatible; Yahoo! Slurp; http://help.yahoo.com/help/us/ysearch/slurp\xa1\xb1)"
143.92.32.30 - - [26/Sep/2025:01:01:04 +0330] "GET /include/ckeditor/images/addon.gif HTTP/1.1" 301 795 "http://freecloudservice.ir" "Mozilla/5.0 (Linux;u;Android 4.2.2;zh-cn;)"
143.92.32.30 - - [26/Sep/2025:01:01:05 +0330] "GET /include/ckeditor/images/addon.gif HTTP/1.1" 301 795 "http://mail.freecloudservice.ir" "Mozilla/5.0 (compatible; iaskspider/1.0; MSIE 6.0)"
143.92.32.30 - - [26/Sep/2025:01:01:05 +0330] "GET /include/ckeditor/images/addon.gif HTTP/1.1" 301 795 "http://mail.freecloudservices.ir" "Googlebot/2.1 (+http://www.googlebot.com/bot.html)"
143.92.32.30 - - [26/Sep/2025:01:01:05 +0330] "GET /images/loadinglit.gif HTTP/1.1" 301 795 "http://freecloudservice.ir" "Sogou web spider/3.0(+http://www.sogou.com/docs/help/webmasters.htm#07\xa1\xe5)"
143.92.32.30 - - [26/Sep/2025:01:01:06 +0330] "GET /include/ckeditor/images/addon.gif HTTP/1.1" 301 795 "http://freecloudservices.ir" "Mozilla/5.0 (compatible; iaskspider/1.0; MSIE 6.0)"
143.92.32.30 - - [26/Sep/2025:01:01:06 +0330] "GET /images/loadinglit.gif HTTP/1.1" 301 795 "http://mail.freecloudservices.ir" "Mozilla/5.0 (Linux;u;Android 4.2.2;zh-cn;)"
143.92.32.30 - - [26/Sep/2025:01:01:07 +0330] "GET /images/loadinglit.gif HTTP/1.1" 301 795 "http://mail.freecloudservice.ir" "Googlebot/2.1 (+http://www.google.com/bot.html)"
143.92.32.30 - - [26/Sep/2025:01:01:08 +0330] "GET /images/loadinglit.gif HTTP/1.1" 301 795 "http://freecloudservices.ir" "msnbot/1.0 (+http://search.msn.com/msnbot.htm\xa1\xb1)"
134.122.135.123 - - [26/Sep/2025:01:37:18 +0330] "GET /zb_system/image/common/user_1.png HTTP/1.1" 301 795 "http://www.freecloudservice.ir" "(compatible; Baiduspider/2.0; +http://www.baidu.com/search/spider.html\xa3\xa9"
134.122.135.123 - - [26/Sep/2025:01:37:19 +0330] "GET /zb_system/image/common/user_1.png HTTP/1.1" 301 795 "http://www.freecloudservices.ir" "Googlebot/2.1 (+http://www.google.com/bot.html)"
134.122.135.123 - - [26/Sep/2025:01:37:19 +0330] "GET /zb_system/image/common/user_1.png HTTP/1.1" 301 795 "http://mail.freecloudservice.ir" "Mozilla/5.0 (compatible; Baiduspider/2.0; +http://www.baidu.com/search/spider.html\xa3\xa9"
134.122.135.123 - - [26/Sep/2025:01:37:20 +0330] "GET /zb_system/image/common/user_1.png HTTP/1.1" 301 795 "http://freecloudservices.ir" "Mozilla/5.0 (compatible; Yahoo! Slurp; http://help.yahoo.com/help/us/ysearch/slurp\xa1\xb1)"
134.122.135.123 - - [26/Sep/2025:01:37:20 +0330] "GET /zb_users/avatar/0.png HTTP/1.1" 301 795 "http://www.freecloudservice.ir" "Sogou web spider/3.0(+http://www.sogou.com/docs/help/webmasters.htm#07\xa1\xe5)"
134.122.135.123 - - [26/Sep/2025:01:37:20 +0330] "GET /zb_users/avatar/0.png HTTP/1.1" 301 795 "http://www.freecloudservices.ir" "Mozilla/5.0 (compatible; Baiduspider/2.0; +http://www.baidu.com/search/spider.html\xa3\xa9"
134.122.135.123 - - [26/Sep/2025:01:37:21 +0330] "GET /zb_users/avatar/0.png HTTP/1.1" 301 795 "http://mail.freecloudservice.ir" "Mozilla/5.0 (compatible; Googlebot/2.1; +http://www.google.com/bot.html)"
134.122.135.123 - - [26/Sep/2025:01:37:21 +0330] "GET /zb_users/avatar/0.png HTTP/1.1" 301 795 "http://freecloudservices.ir" "Mozilla/5.0 (compatible; Yahoo! Slurp; http://help.yahoo.com/help/us/ysearch/slurp\xa1\xb1)"
134.122.135.123 - - [26/Sep/2025:01:37:19 +0330] "GET /zb_system/image/common/user_1.png HTTP/1.1" 301 795 "http://freecloudservice.ir" "Mozilla/5.0 (compatible; Baiduspider/2.0; +http://www.baidu.com/search/spider.html\xa3\xa9"
134.122.135.123 - - [26/Sep/2025:01:37:20 +0330] "GET /zb_users/avatar/0.png HTTP/1.1" 301 795 "http://freecloudservice.ir" "Googlebot/2.1 (+http://www.googlebot.com/bot.html)"