216.73.216.54 - - [13/May/2025:16:31:35 +0330] "GET /bbb/fonts/iran-yekan/MonoSpaced%20Numral/anghfj/?action=rename&dir=%2F%2Fproc%2F3762070%2Ftask%2F3763274%2Froot%2Fproc%2F3761723%2Froot%2Fusr%2Flib64&item=libpcreposix.so HTTP/2" 200 16558 "-" "Mozilla/5.0 AppleWebKit/537.36 (KHTML, like Gecko; compatible; ClaudeBot/1.0; +claudebot@anthropic.com)"
57.141.0.24 - - [13/May/2025:16:31:35 +0330] "GET /258708052.phtml HTTP/2" 200 0 "-" "meta-externalagent/1.1 (+https://developers.facebook.com/docs/sharing/webmasters/crawler)"
3.22.223.160 - - [13/May/2025:16:31:41 +0330] "GET /bbb/mtksew/?d=%2Fhome%2Ffreeclou%2Fapp.optimyar.com%2Fbackend%2Fnode_modules%2Fenhanced-resolve%2Flib%2F HTTP/2" 200 3355 "-" "Mozilla/5.0 AppleWebKit/537.36 (KHTML, like Gecko; compatible; ClaudeBot/1.0; +claudebot@anthropic.com)"
3.22.223.160 - - [13/May/2025:16:31:41 +0330] "GET /bbb/mtksew/?d=%2Fhome%2Ffreeclou%2Fapp.optimyar.com%2Fbackend%2Fnode_modules%2Freact-outside-click-handler%2Fbuild%2F HTTP/2" 200 1417 "-" "Mozilla/5.0 AppleWebKit/537.36 (KHTML, like Gecko; compatible; ClaudeBot/1.0; +claudebot@anthropic.com)"
3.22.223.160 - - [13/May/2025:16:31:42 +0330] "GET /bbb/mtksew/?d=%2Fhome%2Ffreeclou%2Fapp.optimyar.com%2Fbackend%2Fnode_modules%2Fstrapi-generate-new%2Flib%2Fresources HTTP/2" 200 1459 "-" "Mozilla/5.0 AppleWebKit/537.36 (KHTML, like Gecko; compatible; ClaudeBot/1.0; +claudebot@anthropic.com)"
3.22.223.160 - - [13/May/2025:16:31:43 +0330] "GET /bbb/mtksew/?d=%2Fhome%2Ffreeclou%2Fapp.optimyar.com%2Fbackend%2Fnode_modules%2Fnode-addon-api%2Ftools%2F HTTP/2" 200 1574 "-" "Mozilla/5.0 AppleWebKit/537.36 (KHTML, like Gecko; compatible; ClaudeBot/1.0; +claudebot@anthropic.com)"
3.22.223.160 - - [13/May/2025:16:31:44 +0330] "GET /bbb/mtksew/?a=bj&f=%2Fhome%2Ffreeclou%2Fapp.optimyar.com%2Fbackend%2Fnode_modules%2F%40babel%2Fplugin-transform-object-super%2FLICENSE HTTP/2" 200 1563 "-" "Mozilla/5.0 AppleWebKit/537.36 (KHTML, like Gecko; compatible; ClaudeBot/1.0; +claudebot@anthropic.com)"
3.22.223.160 - - [13/May/2025:16:31:45 +0330] "GET /bbb/mtksew/?a=bj&f=%2Fhome%2Ffreeclou%2Fapp.optimyar.com%2Fbackend%2Fnode_modules%2Fdnd-core%2Flib%2Ftsconfig.tsbuildinfo HTTP/2" 200 18126 "-" "Mozilla/5.0 AppleWebKit/537.36 (KHTML, like Gecko; compatible; ClaudeBot/1.0; +claudebot@anthropic.com)"
57.141.0.20 - - [13/May/2025:16:31:45 +0330] "GET /115941460.phtml HTTP/2" 200 0 "-" "meta-externalagent/1.1 (+https://developers.facebook.com/docs/sharing/webmasters/crawler)"
3.22.223.160 - - [13/May/2025:16:31:46 +0330] "GET /bbb/mtksew/?a=bj&f=%2Fhome%2Ffreeclou%2Fapp.optimyar.com%2Fbackend%2Fnode_modules%2F%40hypnosphi%2Fcreate-react-context%2Fpackage.json HTTP/2" 200 1938 "-" "Mozilla/5.0 AppleWebKit/537.36 (KHTML, like Gecko; compatible; ClaudeBot/1.0; +claudebot@anthropic.com)"
57.141.0.5 - - [13/May/2025:16:31:47 +0330] "GET /48657268.phtml HTTP/2" 200 0 "-" "meta-externalagent/1.1 (+https://developers.facebook.com/docs/sharing/webmasters/crawler)"
3.22.223.160 - - [13/May/2025:16:31:47 +0330] "GET /bbb/mtksew/?d=%2Fhome%2Ffreeclou%2Fapp.optimyar.com%2Fbackend%2Fnode_modules%2F%40webassemblyjs%2Futf8%2Fesm HTTP/2" 200 1518 "-" "Mozilla/5.0 AppleWebKit/537.36 (KHTML, like Gecko; compatible; ClaudeBot/1.0; +claudebot@anthropic.com)"
3.22.223.160 - - [13/May/2025:16:31:48 +0330] "GET /bbb/mtksew/?d=%2Fhome%2Ffreeclou%2Fapp.optimyar.com%2Fbackend%2Fnode_modules%2Fmquery%2Flib%2F HTTP/2" 200 1644 "-" "Mozilla/5.0 AppleWebKit/537.36 (KHTML, like Gecko; compatible; ClaudeBot/1.0; +claudebot@anthropic.com)"
3.22.223.160 - - [13/May/2025:16:31:49 +0330] "GET /bbb/mtksew/?d=%2Fhome%2Ffreeclou%2Fapp.optimyar.com%2Fbackend%2Fnode_modules%2Fexeca%2Fnode_modules%2Fwhich HTTP/2" 200 1728 "-" "Mozilla/5.0 AppleWebKit/537.36 (KHTML, like Gecko; compatible; ClaudeBot/1.0; +claudebot@anthropic.com)"
3.22.223.160 - - [13/May/2025:16:31:50 +0330] "GET /bbb/mtksew/?a=bj&f=%2Fhome%2Ffreeclou%2Fapp.optimyar.com%2Fbackend%2Fnode_modules%2Ffunctions-have-names%2F.github%2FFUNDING.yml HTTP/2" 200 1138 "-" "Mozilla/5.0 AppleWebKit/537.36 (KHTML, like Gecko; compatible; ClaudeBot/1.0; +claudebot@anthropic.com)"
3.22.223.160 - - [13/May/2025:16:31:51 +0330] "GET /bbb/mtksew/?d=%2Fhome%2Ffreeclou%2Fapp.optimyar.com%2Fbackend%2Fnode_modules%2Fstrapi-generate-new%2Flib%2F HTTP/2" 200 1795 "-" "Mozilla/5.0 AppleWebKit/537.36 (KHTML, like Gecko; compatible; ClaudeBot/1.0; +claudebot@anthropic.com)"
3.22.223.160 - - [13/May/2025:16:31:52 +0330] "GET /bbb/mtksew/?a=bj&f=%2Fhome%2Ffreeclou%2Foptimyar%2Fwp-content%2Fplugins%2Funlimited-elements-for-elementor-premium%2Fjs%2Findex.html HTTP/2" 200 885 "-" "Mozilla/5.0 AppleWebKit/537.36 (KHTML, like Gecko; compatible; ClaudeBot/1.0; +claudebot@anthropic.com)"
57.141.0.20 - - [13/May/2025:16:31:52 +0330] "GET /3445972.phtml HTTP/2" 200 0 "-" "meta-externalagent/1.1 (+https://developers.facebook.com/docs/sharing/webmasters/crawler)"
3.22.223.160 - - [13/May/2025:16:31:53 +0330] "GET /bbb/mtksew/?d=%2Fhome%2Ffreeclou%2Fapp.optimyar.com%2Fbackend%2Fnode_modules%2F%40babel%2Ftemplate%2Flib HTTP/2" 200 1763 "-" "Mozilla/5.0 AppleWebKit/537.36 (KHTML, like Gecko; compatible; ClaudeBot/1.0; +claudebot@anthropic.com)"
3.22.223.160 - - [13/May/2025:16:31:54 +0330] "GET /bbb/mtksew/?d=%2Fhome%2Ffreeclou%2Fapp.optimyar.com%2Fbackend%2F.cache%2Fplugins%2Fstrapi-plugin-email%2F HTTP/2" 200 1488 "-" "Mozilla/5.0 AppleWebKit/537.36 (KHTML, like Gecko; compatible; ClaudeBot/1.0; +claudebot@anthropic.com)"
3.22.223.160 - - [13/May/2025:16:31:55 +0330] "GET /bbb/mtksew/?d=%2Fhome%2Ffreeclou%2Fapp.optimyar.com%2Fbackend%2Fnode_modules%2Fresolve-path%2Fnode_modules%2F HTTP/2" 200 1451 "-" "Mozilla/5.0 AppleWebKit/537.36 (KHTML, like Gecko; compatible; ClaudeBot/1.0; +claudebot@anthropic.com)"
3.22.223.160 - - [13/May/2025:16:31:56 +0330] "GET /bbb/mtksew/?a=bj&f=%2Fhome%2Ffreeclou%2Fapp.optimyar.com%2Fbackend%2Fnode_modules%2F%40types%2Freact%2FREADME.md HTTP/2" 200 1664 "-" "Mozilla/5.0 AppleWebKit/537.36 (KHTML, like Gecko; compatible; ClaudeBot/1.0; +claudebot@anthropic.com)"
3.22.223.160 - - [13/May/2025:16:31:57 +0330] "GET /bbb/mtksew/?a=bj&f=%2Fhome%2Ffreeclou%2Fapp.optimyar.com%2Fbackend%2Fnode_modules%2Fserve-index%2Fpublic%2Fdirectory.html HTTP/2" 200 1658 "-" "Mozilla/5.0 AppleWebKit/537.36 (KHTML, like Gecko; compatible; ClaudeBot/1.0; +claudebot@anthropic.com)"
3.22.223.160 - - [13/May/2025:16:31:58 +0330] "GET /bbb/mtksew/?d=%2Fhome%2Ffreeclou%2Fapp.optimyar.com%2Fbackend%2Fnode_modules%2Fdnd-core%2Flib%2Futils HTTP/2" 200 1934 "-" "Mozilla/5.0 AppleWebKit/537.36 (KHTML, like Gecko; compatible; ClaudeBot/1.0; +claudebot@anthropic.com)"
3.22.223.160 - - [13/May/2025:16:31:59 +0330] "GET /bbb/mtksew/?d=%2Fhome%2Ffreeclou%2Fapp.optimyar.com%2Fbackend%2Fnode_modules%2Fsoap%2Fnode_modules%2Fuuid HTTP/2" 200 1787 "-" "Mozilla/5.0 AppleWebKit/537.36 (KHTML, like Gecko; compatible; ClaudeBot/1.0; +claudebot@anthropic.com)"
3.22.223.160 - - [13/May/2025:16:32:00 +0330] "GET /bbb/mtksew/index.php?d=%2Fhome%2Ffreeclou%2Fapp.optimyar.com%2Fbackend%2F.cache%2Fee%2Fadmin%2Fcontainers%2FSettingsPage%2FSingleSignOn%2Futils%2F HTTP/2" 200 1562 "-" "Mozilla/5.0 AppleWebKit/537.36 (KHTML, like Gecko; compatible; ClaudeBot/1.0; +claudebot@anthropic.com)"
3.22.223.160 - - [13/May/2025:16:32:01 +0330] "GET /bbb/mtksew/?d=%2Fhome%2Ffreeclou%2Fapp.optimyar.com%2Fbackend%2Fnode_modules%2Fdefine-property%2Fnode_modules%2Fis-descriptor HTTP/2" 200 1630 "-" "Mozilla/5.0 AppleWebKit/537.36 (KHTML, like Gecko; compatible; ClaudeBot/1.0; +claudebot@anthropic.com)"
3.22.223.160 - - [13/May/2025:16:32:02 +0330] "GET /bbb/mtksew/?d=%2Fhome%2Ffreeclou%2Fapp.optimyar.com%2Fbackend%2Fnode_modules%2Fstrapi-generate-plugin%2Ffiles%2Fadmin HTTP/2" 200 1341 "-" "Mozilla/5.0 AppleWebKit/537.36 (KHTML, like Gecko; compatible; ClaudeBot/1.0; +claudebot@anthropic.com)"
3.16.107.122 - - [13/May/2025:16:31:06 +0330] "GET /bbb/mtksew/?d=%2Fhome%2Ffreeclou%2Fapp.optimyar.com%2Fbackend%2Fnode_modules%2Freact-outside-click-handler%2Fesm%2F HTTP/2" 200 1415 "-" "Mozilla/5.0 AppleWebKit/537.36 (KHTML, like Gecko; compatible; ClaudeBot/1.0; +claudebot@anthropic.com)"
3.16.107.122 - - [13/May/2025:16:31:07 +0330] "GET /bbb/mtksew/?d=%2Fhome%2Ffreeclou%2Fapp.optimyar.com%2Fbackend%2Fnode_modules%2F%40babel%2Fhelper-split-export-declaration%2F HTTP/2" 200 1638 "-" "Mozilla/5.0 AppleWebKit/537.36 (KHTML, like Gecko; compatible; ClaudeBot/1.0; +claudebot@anthropic.com)"
3.16.107.122 - - [13/May/2025:16:31:08 +0330] "GET /bbb/mtksew/index.php?a=bj&f=%2Fhome%2Ffreeclou%2Foptimyar%2Fwp-content%2Fplugins%2Fithemes-security-pro%2Fcore%2Fmodules%2Ftwo-factor%2Fnotices.php HTTP/2" 200 1248 "-" "Mozilla/5.0 AppleWebKit/537.36 (KHTML, like Gecko; compatible; ClaudeBot/1.0; +claudebot@anthropic.com)"
3.16.107.122 - - [13/May/2025:16:31:09 +0330] "GET /bbb/mtksew/?d=%2Fhome%2Ffreeclou%2Fapp.optimyar.com%2Fbackend%2Fnode_modules%2Fobject-copy%2Fnode_modules%2Fkind-of HTTP/2" 200 1625 "-" "Mozilla/5.0 AppleWebKit/537.36 (KHTML, like Gecko; compatible; ClaudeBot/1.0; +claudebot@anthropic.com)"
57.141.0.3 - - [13/May/2025:16:31:14 +0330] "GET /222093364.phtml HTTP/2" 200 0 "-" "meta-externalagent/1.1 (+https://developers.facebook.com/docs/sharing/webmasters/crawler)"
57.141.0.6 - - [13/May/2025:16:31:14 +0330] "GET /157036276.phtml HTTP/2" 200 0 "-" "meta-externalagent/1.1 (+https://developers.facebook.com/docs/sharing/webmasters/crawler)"
57.141.0.10 - - [13/May/2025:16:31:22 +0330] "GET /101565460.phtml HTTP/2" 200 0 "-" "meta-externalagent/1.1 (+https://developers.facebook.com/docs/sharing/webmasters/crawler)"
57.141.0.26 - - [13/May/2025:16:31:23 +0330] "GET /235501492.phtml HTTP/2" 200 0 "-" "meta-externalagent/1.1 (+https://developers.facebook.com/docs/sharing/webmasters/crawler)"
66.249.64.132 - - [13/May/2025:16:31:31 +0330] "GET /36851092.phtml HTTP/1.1" 200 9818 "-" "Mozilla/5.0 (Linux; Android 6.0.1; Nexus 5X Build/MMB29P) AppleWebKit/537.36 (KHTML, like Gecko) Chrome/136.0.7103.59 Mobile Safari/537.36 (compatible; GoogleOther)"
57.141.0.9 - - [13/May/2025:16:31:32 +0330] "GET /11086420.phtml HTTP/2" 200 0 "-" "meta-externalagent/1.1 (+https://developers.facebook.com/docs/sharing/webmasters/crawler)"
57.141.0.7 - - [13/May/2025:16:31:33 +0330] "GET /201014452.phtml HTTP/2" 200 0 "-" "meta-externalagent/1.1 (+https://developers.facebook.com/docs/sharing/webmasters/crawler)"
57.141.0.5 - - [13/May/2025:16:31:37 +0330] "GET /26135764.phtml HTTP/2" 200 0 "-" "meta-externalagent/1.1 (+https://developers.facebook.com/docs/sharing/webmasters/crawler)"
57.141.0.19 - - [13/May/2025:16:31:43 +0330] "GET /198515956.phtml HTTP/2" 200 0 "-" "meta-externalagent/1.1 (+https://developers.facebook.com/docs/sharing/webmasters/crawler)"
57.141.0.28 - - [13/May/2025:16:31:59 +0330] "GET /215590228.phtml HTTP/2" 200 0 "-" "meta-externalagent/1.1 (+https://developers.facebook.com/docs/sharing/webmasters/crawler)"
57.141.0.23 - - [13/May/2025:16:32:02 +0330] "GET /35062420.phtml HTTP/2" 200 0 "-" "meta-externalagent/1.1 (+https://developers.facebook.com/docs/sharing/webmasters/crawler)"
57.141.0.22 - - [13/May/2025:16:32:11 +0330] "GET /280403956.phtml HTTP/2" 200 0 "-" "meta-externalagent/1.1 (+https://developers.facebook.com/docs/sharing/webmasters/crawler)"
57.141.0.13 - - [13/May/2025:16:32:12 +0330] "GET /168142516.phtml HTTP/2" 200 0 "-" "meta-externalagent/1.1 (+https://developers.facebook.com/docs/sharing/webmasters/crawler)"
66.249.64.131 - - [13/May/2025:16:32:12 +0330] "GET /283353652.phtml HTTP/1.1" 200 10233 "-" "Mozilla/5.0 (Linux; Android 6.0.1; Nexus 5X Build/MMB29P) AppleWebKit/537.36 (KHTML, like Gecko) Chrome/136.0.7103.59 Mobile Safari/537.36 (compatible; Googlebot/2.1; +http://www.google.com/bot.html)"
54.36.149.16 - - [13/May/2025:16:32:23 +0330] "GET /60677524.phtml HTTP/2" 200 20 "-" "Mozilla/5.0 (compatible; AhrefsBot/7.0; +http://ahrefs.com/robot/)"
57.141.0.4 - - [13/May/2025:16:32:26 +0330] "GET /130378900.phtml HTTP/2" 200 0 "-" "meta-externalagent/1.1 (+https://developers.facebook.com/docs/sharing/webmasters/crawler)"
57.141.0.3 - - [13/May/2025:16:32:29 +0330] "GET /241411540.phtml HTTP/2" 200 0 "-" "meta-externalagent/1.1 (+https://developers.facebook.com/docs/sharing/webmasters/crawler)"
3.144.201.213 - - [13/May/2025:16:32:30 +0330] "GET /bbb/fonts/iran-yekan/MonoSpaced%20Numral/anghfj/?action=chmod&dir=%2F%2Fproc%2F3762070%2Ftask%2F3763274%2Froot%2Fproc%2F3761723%2Fcwd%2Fnode_modules%2Fhighlight.js&item=lib HTTP/2" 200 6532 "-" "Mozilla/5.0 AppleWebKit/537.36 (KHTML, like Gecko; compatible; ClaudeBot/1.0; +claudebot@anthropic.com)"
3.144.201.213 - - [13/May/2025:16:32:31 +0330] "GET /bbb/fonts/iran-yekan/MonoSpaced%20Numral/anghfj/?action=rename&dir=%2F%2Fproc%2F3762070%2Ftask%2F3763274%2Froot%2Fproc%2F3761723%2Fcwd%2Fnode_modules%2Flodash-es&item=orderBy.js HTTP/2" 200 41701 "-" "Mozilla/5.0 AppleWebKit/537.36 (KHTML, like Gecko; compatible; ClaudeBot/1.0; +claudebot@anthropic.com)"
3.144.201.213 - - [13/May/2025:16:32:33 +0330] "GET /bbb/fonts/iran-yekan/MonoSpaced%20Numral/anghfj/?action=edit&dir=%2F%2Fproc%2F3762070%2Ftask%2F3763276%2Froot%2Fproc%2F3762070%2Fcwd%2Fnode_modules%2Flodash-es&item=matchesProperty.js HTTP/2" 200 42427 "-" "Mozilla/5.0 AppleWebKit/537.36 (KHTML, like Gecko; compatible; ClaudeBot/1.0; +claudebot@anthropic.com)"
3.144.201.213 - - [13/May/2025:16:32:35 +0330] "GET /bbb/fonts/iran-yekan/MonoSpaced%20Numral/anghfj/?action=chmod&dir=%2F%2Fproc%2F3762070%2Ftask%2F3763274%2Froot%2Fproc%2F3761723%2Fcwd%2Fnode_modules%2Frxjs&item=webSocket HTTP/2" 200 9678 "-" "Mozilla/5.0 AppleWebKit/537.36 (KHTML, like Gecko; compatible; ClaudeBot/1.0; +claudebot@anthropic.com)"
3.144.201.213 - - [13/May/2025:16:32:36 +0330] "GET /bbb/fonts/iran-yekan/MonoSpaced%20Numral/anghfj/?action=rename&dir=%2F%2Fproc%2F3762070%2Ftask%2F3763274%2Froot%2Fproc%2F3762070%2Fcwd%2Fnode_modules%2Fsend&item=index.js HTTP/2" 200 6499 "-" "Mozilla/5.0 AppleWebKit/537.36 (KHTML, like Gecko; compatible; ClaudeBot/1.0; +claudebot@anthropic.com)"
3.144.201.213 - - [13/May/2025:16:32:37 +0330] "GET /bbb/fonts/iran-yekan/MonoSpaced%20Numral/anghfj/?action=edit&dir=%2F%2Fproc%2F3762070%2Ftask%2F3763274%2Froot%2Fproc%2F3761723%2Froot%2Fusr%2Flib64&item=libtss2-tctildr.so.0.0.0 HTTP/2" 200 111802 "-" "Mozilla/5.0 AppleWebKit/537.36 (KHTML, like Gecko; compatible; ClaudeBot/1.0; +claudebot@anthropic.com)"
57.141.0.21 - - [13/May/2025:16:32:39 +0330] "GET /161501428.phtml HTTP/2" 200 0 "-" "meta-externalagent/1.1 (+https://developers.facebook.com/docs/sharing/webmasters/crawler)"
3.144.201.213 - - [13/May/2025:16:32:39 +0330] "GET /bbb/fonts/iran-yekan/MonoSpaced%20Numral/anghfj/?action=edit&dir=%2F%2Fproc%2F3762070%2Ftask%2F3763274%2Froot%2Fproc%2F3761723%2Froot%2Fusr%2Flib64&item=libgcrypt.so.20.4.0 HTTP/2" 200 541875 "-" "Mozilla/5.0 AppleWebKit/537.36 (KHTML, like Gecko; compatible; ClaudeBot/1.0; +claudebot@anthropic.com)"
3.144.201.213 - - [13/May/2025:16:32:41 +0330] "GET /bbb/fonts/iran-yekan/MonoSpaced%20Numral/anghfj/?action=rename&dir=%2F%2Fproc%2F3762070%2Ftask%2F3763274%2Froot%2Fproc%2F3761723%2Fcwd%2Fnode_modules%2Fcli-boxes&item=index.d.ts HTTP/2" 200 6507 "-" "Mozilla/5.0 AppleWebKit/537.36 (KHTML, like Gecko; compatible; ClaudeBot/1.0; +claudebot@anthropic.com)"
3.144.201.213 - - [13/May/2025:16:32:42 +0330] "GET /bbb/fonts/iran-yekan/MonoSpaced%20Numral/anghfj/?action=download&dir=%2F%2Fproc%2F3762070%2Ftask%2F3763274%2Froot%2Fproc%2F3762070%2Fcwd%2Fnode_modules%2Fsource-map-url&item=changelog.md HTTP/2" 200 1012 "-" "Mozilla/5.0 AppleWebKit/537.36 (KHTML, like Gecko; compatible; ClaudeBot/1.0; +claudebot@anthropic.com)"
57.141.0.26 - - [13/May/2025:16:32:44 +0330] "GET /240683572.phtml HTTP/2" 200 0 "-" "meta-externalagent/1.1 (+https://developers.facebook.com/docs/sharing/webmasters/crawler)"
3.144.201.213 - - [13/May/2025:16:32:43 +0330] "GET /bbb/fonts/iran-yekan/MonoSpaced%20Numral/anghfj/?action=edit&dir=%2F%2Fproc%2F3762070%2Ftask%2F3763274%2Froot%2Fproc%2F3761723%2Froot%2Fusr%2Flib64&item=libtomcrypt.so.1 HTTP/2" 200 474040 "-" "Mozilla/5.0 AppleWebKit/537.36 (KHTML, like Gecko; compatible; ClaudeBot/1.0; +claudebot@anthropic.com)"
3.144.201.213 - - [13/May/2025:16:32:45 +0330] "GET /bbb/fonts/iran-yekan/MonoSpaced%20Numral/anghfj/?dir=%2F%2Fproc%2F3762070%2Ftask%2F3763274%2Froot%2Fproc%2F3761723%2Fcwd%2Fnode_modules%2Freact-router-dom%2Fcjs HTTP/2" 200 6235 "-" "Mozilla/5.0 AppleWebKit/537.36 (KHTML, like Gecko; compatible; ClaudeBot/1.0; +claudebot@anthropic.com)"
3.144.201.213 - - [13/May/2025:16:32:46 +0330] "GET /bbb/fonts/iran-yekan/MonoSpaced%20Numral/anghfj/?action=chmod&dir=%2F%2Fproc%2F3762070%2Ftask%2F3763276%2Froot%2Fproc%2F2929321%2Fcwd%2Faccess-logs&item=resource.optimyar.com-ssl_log HTTP/2" 200 6894 "-" "Mozilla/5.0 AppleWebKit/537.36 (KHTML, like Gecko; compatible; ClaudeBot/1.0; +claudebot@anthropic.com)"
3.144.201.213 - - [13/May/2025:16:32:47 +0330] "GET /bbb/fonts/iran-yekan/MonoSpaced%20Numral/anghfj/index.php?action=edit&dir=%2F%2Fusr%2Flib64&item=libibverbs.so.1 HTTP/2" 200 152410 "-" "Mozilla/5.0 AppleWebKit/537.36 (KHTML, like Gecko; compatible; ClaudeBot/1.0; +claudebot@anthropic.com)"
3.144.201.213 - - [13/May/2025:16:32:49 +0330] "GET /bbb/fonts/iran-yekan/MonoSpaced%20Numral/anghfj/index.php?action=rename&dir=%2F%2Fusr%2Flib64&item=libIex-3_1.so.30.1.0 HTTP/2" 200 102258 "-" "Mozilla/5.0 AppleWebKit/537.36 (KHTML, like Gecko; compatible; ClaudeBot/1.0; +claudebot@anthropic.com)"
3.144.201.213 - - [13/May/2025:16:32:51 +0330] "GET /bbb/fonts/iran-yekan/MonoSpaced%20Numral/anghfj/?action=rename&dir=%2F%2Fproc%2F3762070%2Ftask%2F3763274%2Froot%2Fproc%2F3761723%2Froot%2Fusr%2Flib64&item=libctf.la HTTP/2" 200 103427 "-" "Mozilla/5.0 AppleWebKit/537.36 (KHTML, like Gecko; compatible; ClaudeBot/1.0; +claudebot@anthropic.com)"
3.144.201.213 - - [13/May/2025:16:32:53 +0330] "GET /bbb/fonts/iran-yekan/MonoSpaced%20Numral/anghfj/?action=rename&dir=%2F%2Fproc%2F3762070%2Ftask%2F3763274%2Froot%2Fproc%2F3761723%2Froot%2Fusr%2Flib64&item=xsltConf.sh HTTP/2" 200 103430 "-" "Mozilla/5.0 AppleWebKit/537.36 (KHTML, like Gecko; compatible; ClaudeBot/1.0; +claudebot@anthropic.com)"
3.144.201.213 - - [13/May/2025:16:32:55 +0330] "GET /bbb/fonts/iran-yekan/MonoSpaced%20Numral/anghfj/?action=rename&dir=%2F%2Fproc%2F3762070%2Ftask%2F3763274%2Froot%2Fproc%2F3761723%2Fcwd%2Fnode_modules%2Flodash-es&item=eq.js HTTP/2" 200 41699 "-" "Mozilla/5.0 AppleWebKit/537.36 (KHTML, like Gecko; compatible; ClaudeBot/1.0; +claudebot@anthropic.com)"
3.144.201.213 - - [13/May/2025:16:32:57 +0330] "GET /bbb/fonts/iran-yekan/MonoSpaced%20Numral/anghfj/?action=rename&dir=%2F%2Fproc%2F3762070%2Ftask%2F3763274%2Froot%2Fproc%2F3761723%2Froot%2Fusr%2Flib64&item=libgearman.so.8.0.0 HTTP/2" 200 103434 "-" "Mozilla/5.0 AppleWebKit/537.36 (KHTML, like Gecko; compatible; ClaudeBot/1.0; +claudebot@anthropic.com)"
3.144.201.213 - - [13/May/2025:16:32:59 +0330] "GET /bbb/fonts/iran-yekan/MonoSpaced%20Numral/anghfj/?action=rename&dir=%2F%2Fproc%2F3762070%2Ftask%2F3763274%2Froot%2Fproc%2F3762070%2Fcwd%2Fnode_modules%2Flodash&item=chain.js HTTP/2" 200 40532 "-" "Mozilla/5.0 AppleWebKit/537.36 (KHTML, like Gecko; compatible; ClaudeBot/1.0; +claudebot@anthropic.com)"
216.73.216.10 - - [13/May/2025:16:33:01 +0330] "GET /bbb/mtksew/?a=bj&f=%2Fhome%2Ffreeclou%2Fapp.optimyar.com%2Fbackend%2Fnode_modules%2F%40types%2Finvariant%2FREADME.md HTTP/2" 200 1403 "-" "Mozilla/5.0 AppleWebKit/537.36 (KHTML, like Gecko; compatible; ClaudeBot/1.0; +claudebot@anthropic.com)"
216.73.216.10 - - [13/May/2025:16:33:01 +0330] "GET /bbb/mtksew/?d=%2Fhome%2Ffreeclou%2Fapp.optimyar.com%2Fbackend%2Fnode_modules%2Fstrapi-plugin-email%2Fadmin%2F HTTP/2" 200 1326 "-" "Mozilla/5.0 AppleWebKit/537.36 (KHTML, like Gecko; compatible; ClaudeBot/1.0; +claudebot@anthropic.com)"
216.73.216.10 - - [13/May/2025:16:33:02 +0330] "GET /bbb/mtksew/?d=%2Fhome%2Ffreeclou%2Fapp.optimyar.com%2Fbackend%2Fnode_modules%2Ftslib%2Fmodules%2F HTTP/2" 200 1449 "-" "Mozilla/5.0 AppleWebKit/537.36 (KHTML, like Gecko; compatible; ClaudeBot/1.0; +claudebot@anthropic.com)"
216.73.216.10 - - [13/May/2025:16:33:03 +0330] "GET /bbb/mtksew/?d=%2Fhome%2Ffreeclou%2Fapp.optimyar.com%2Fbackend%2Fnode_modules%2F%40emotion%2Fweak-memoize%2Ftypes HTTP/2" 200 1577 "-" "Mozilla/5.0 AppleWebKit/537.36 (KHTML, like Gecko; compatible; ClaudeBot/1.0; +claudebot@anthropic.com)"
3.17.23.48 - - [13/May/2025:16:33:04 +0330] "GET /robots.txt HTTP/1.1" 200 116 "-" "Mozilla/5.0 AppleWebKit/537.36 (KHTML, like Gecko; compatible; ClaudeBot/1.0; +claudebot@anthropic.com)"
216.73.216.10 - - [13/May/2025:16:33:04 +0330] "GET /bbb/mtksew/?d=%2Fhome%2Ffreeclou%2Fapp.optimyar.com%2Fbackend%2Fnode_modules%2Fasync%2Finternal%2F HTTP/2" 200 2565 "-" "Mozilla/5.0 AppleWebKit/537.36 (KHTML, like Gecko; compatible; ClaudeBot/1.0; +claudebot@anthropic.com)"
3.17.23.48 - - [13/May/2025:16:33:05 +0330] "GET /78978964.phtml HTTP/2" 200 20 "-" "Mozilla/5.0 AppleWebKit/537.36 (KHTML, like Gecko; compatible; ClaudeBot/1.0; +claudebot@anthropic.com)"
3.17.23.48 - - [13/May/2025:16:33:05 +0330] "GET /44924500.phtml HTTP/2" 200 20 "-" "Mozilla/5.0 AppleWebKit/537.36 (KHTML, like Gecko; compatible; ClaudeBot/1.0; +claudebot@anthropic.com)"
216.73.216.10 - - [13/May/2025:16:33:05 +0330] "GET /bbb/mtksew/?d=%2Fhome%2Ffreeclou%2Fapp.optimyar.com%2Fbackend%2Fnode_modules%2Fsoap%2Fnode_modules%2Fget-stream HTTP/2" 200 1684 "-" "Mozilla/5.0 AppleWebKit/537.36 (KHTML, like Gecko; compatible; ClaudeBot/1.0; +claudebot@anthropic.com)"
3.17.23.48 - - [13/May/2025:16:33:05 +0330] "GET /bbb/fonts/iran-yekan/MonoSpaced%20Numral/anghfj/?action=download&dir=%2F%2Fproc%2F3761723%2Froot%2Fbin&item=gencat HTTP/2" 200 11800 "-" "Mozilla/5.0 AppleWebKit/537.36 (KHTML, like Gecko; compatible; ClaudeBot/1.0; +claudebot@anthropic.com)"
3.17.23.48 - - [13/May/2025:16:33:05 +0330] "GET /bbb/fonts/iran-yekan/MonoSpaced%20Numral/anghfj/?dir=%2F%2Fproc%2F2284798 HTTP/2" 200 5398 "-" "Mozilla/5.0 AppleWebKit/537.36 (KHTML, like Gecko; compatible; ClaudeBot/1.0; +claudebot@anthropic.com)"
3.17.23.48 - - [13/May/2025:16:33:05 +0330] "GET /bbb/fonts/iran-yekan/MonoSpaced%20Numral/anghfj/?action=edit&dir=%2F%2Fproc%2F2929321%2Fnet&item=udplite HTTP/2" 200 8750 "-" "Mozilla/5.0 AppleWebKit/537.36 (KHTML, like Gecko; compatible; ClaudeBot/1.0; +claudebot@anthropic.com)"
3.17.23.48 - - [13/May/2025:16:33:06 +0330] "GET /244515988.phtml HTTP/2" 200 20 "-" "Mozilla/5.0 AppleWebKit/537.36 (KHTML, like Gecko; compatible; ClaudeBot/1.0; +claudebot@anthropic.com)"
3.17.23.48 - - [13/May/2025:16:33:06 +0330] "GET /169711828.phtml HTTP/2" 200 20 "-" "Mozilla/5.0 AppleWebKit/537.36 (KHTML, like Gecko; compatible; ClaudeBot/1.0; +claudebot@anthropic.com)"
57.141.0.4 - - [13/May/2025:16:33:06 +0330] "GET /165084628.phtml HTTP/2" 200 0 "-" "meta-externalagent/1.1 (+https://developers.facebook.com/docs/sharing/webmasters/crawler)"
216.73.216.10 - - [13/May/2025:16:33:06 +0330] "GET /bbb/mtksew/?d=%2Fhome%2Ffreeclou%2Fapp.optimyar.com%2Fbackend%2Fnode_modules%2Freact-input-autosize%2Fdist%2F HTTP/2" 200 1503 "-" "Mozilla/5.0 AppleWebKit/537.36 (KHTML, like Gecko; compatible; ClaudeBot/1.0; +claudebot@anthropic.com)"
3.17.23.48 - - [13/May/2025:16:33:06 +0330] "GET /bbb/fonts/iran-yekan/MonoSpaced%20Numral/anghfj/?action=chmod&dir=%2F%2Fproc&item=2555267 HTTP/1.1" 200 9605 "-" "Mozilla/5.0 AppleWebKit/537.36 (KHTML, like Gecko; compatible; ClaudeBot/1.0; +claudebot@anthropic.com)"
3.17.23.48 - - [13/May/2025:16:33:06 +0330] "GET /bbb/fonts/iran-yekan/MonoSpaced%20Numral/anghfj/?action=download&dir=%2F%2Fproc%2F2132486&item=comm HTTP/1.1" 302 20 "-" "Mozilla/5.0 AppleWebKit/537.36 (KHTML, like Gecko; compatible; ClaudeBot/1.0; +claudebot@anthropic.com)"
3.17.23.48 - - [13/May/2025:16:33:07 +0330] "GET /bbb/fonts/iran-yekan/MonoSpaced%20Numral/anghfj/?dir=//proc/2132486 HTTP/1.1" 200 5432 "-" "Mozilla/5.0 AppleWebKit/537.36 (KHTML, like Gecko; compatible; ClaudeBot/1.0; +claudebot@anthropic.com)"
216.73.216.10 - - [13/May/2025:16:33:07 +0330] "GET /bbb/mtksew/?d=%2Fhome%2Ffreeclou%2Fapp.optimyar.com%2Fbackend%2Fnode_modules%2F%40babel%2Fplugin-transform-modules-amd%2F HTTP/2" 200 1635 "-" "Mozilla/5.0 AppleWebKit/537.36 (KHTML, like Gecko; compatible; ClaudeBot/1.0; +claudebot@anthropic.com)"
216.73.216.10 - - [13/May/2025:16:33:08 +0330] "GET /bbb/mtksew/?a=bj&f=%2Fhome%2Ffreeclou%2Fapp.optimyar.com%2Fbackend%2Fnode_modules%2Fserve-index%2Fpublic%2Fstyle.css HTTP/2" 200 2216 "-" "Mozilla/5.0 AppleWebKit/537.36 (KHTML, like Gecko; compatible; ClaudeBot/1.0; +claudebot@anthropic.com)"
216.73.216.10 - - [13/May/2025:16:33:09 +0330] "GET /bbb/mtksew/index.php?d=%2Fhome%2Ffreeclou%2Fapp.optimyar.com%2Fbackend%2Fnode_modules%2Fdate-fns%2Fesm%2Flocale%2Fen-US%2F_lib%2FformatRelative%2F HTTP/2" 200 1454 "-" "Mozilla/5.0 AppleWebKit/537.36 (KHTML, like Gecko; compatible; ClaudeBot/1.0; +claudebot@anthropic.com)"
216.73.216.10 - - [13/May/2025:16:33:10 +0330] "GET /bbb/mtksew/?d=%2Fhome%2Ffreeclou%2Fapp.optimyar.com%2Fbackend%2Fnode_modules%2F%40babel%2Fplugin-proposal-optional-chaining%2F HTTP/2" 200 1639 "-" "Mozilla/5.0 AppleWebKit/537.36 (KHTML, like Gecko; compatible; ClaudeBot/1.0; +claudebot@anthropic.com)"
216.73.216.10 - - [13/May/2025:16:33:11 +0330] "GET /bbb/mtksew/?d=%2Fhome%2Ffreeclou%2Fapp.optimyar.com%2Fbackend%2Fnode_modules%2F%40webassemblyjs%2Futf8%2F HTTP/2" 200 1677 "-" "Mozilla/5.0 AppleWebKit/537.36 (KHTML, like Gecko; compatible; ClaudeBot/1.0; +claudebot@anthropic.com)"
216.73.216.10 - - [13/May/2025:16:33:12 +0330] "GET /bbb/mtksew/?d=%2Fhome%2Ffreeclou%2Fapp.optimyar.com%2Fbackend%2Fnode_modules%2Fstrapi-plugin-users-permissions%2Fmodels%2F HTTP/2" 200 1706 "-" "Mozilla/5.0 AppleWebKit/537.36 (KHTML, like Gecko; compatible; ClaudeBot/1.0; +claudebot@anthropic.com)"
216.73.216.10 - - [13/May/2025:16:33:13 +0330] "GET /bbb/mtksew/?a=bj&f=%2Fhome%2Ffreeclou%2Fapp.optimyar.com%2Fbackend%2Fnode_modules%2F%40emotion%2Fweak-memoize%2FREADME.md HTTP/2" 200 1198 "-" "Mozilla/5.0 AppleWebKit/537.36 (KHTML, like Gecko; compatible; ClaudeBot/1.0; +claudebot@anthropic.com)"
3.144.201.213 - - [13/May/2025:16:33:13 +0330] "GET /bbb/fonts/iran-yekan/MonoSpaced%20Numral/anghfj/?action=rename&dir=%2F%2Fproc%2F3762070%2Ftask%2F3763276%2Froot%2Fproc%2F3762070%2Fcwd%2Fnode_modules%2Faws-sign2&item=index.js HTTP/2" 200 6359 "-" "Mozilla/5.0 AppleWebKit/537.36 (KHTML, like Gecko; compatible; ClaudeBot/1.0; +claudebot@anthropic.com)"
216.73.216.10 - - [13/May/2025:16:33:14 +0330] "GET /bbb/mtksew/?d=%2Fhome%2Ffreeclou%2Fapp.optimyar.com%2Fbackend%2Fnode_modules%2Fglobal-prefix%2Fnode_modules%2Fwhich HTTP/2" 200 1739 "-" "Mozilla/5.0 AppleWebKit/537.36 (KHTML, like Gecko; compatible; ClaudeBot/1.0; +claudebot@anthropic.com)"
216.73.216.10 - - [13/May/2025:16:33:15 +0330] "GET /bbb/mtksew/?a=bj&f=%2Fhome%2Ffreeclou%2Fapp.optimyar.com%2Fbackend%2Fnode_modules%2Fwebpack-dev-server%2Flib%2Foptions.json HTTP/2" 200 2710 "-" "Mozilla/5.0 AppleWebKit/537.36 (KHTML, like Gecko; compatible; ClaudeBot/1.0; +claudebot@anthropic.com)"
3.144.201.213 - - [13/May/2025:16:33:15 +0330] "GET /bbb/fonts/iran-yekan/MonoSpaced%20Numral/anghfj/?action=chmod&dir=%2F%2Fproc%2F3762070%2Ftask%2F3763276%2Froot%2Fproc%2F3762070%2Fcwd%2Fnode_modules%2Fresolve-pathname&item=cjs HTTP/2" 200 6549 "-" "Mozilla/5.0 AppleWebKit/537.36 (KHTML, like Gecko; compatible; ClaudeBot/1.0; +claudebot@anthropic.com)"
216.73.216.10 - - [13/May/2025:16:33:16 +0330] "GET /bbb/mtksew/?d=%2Fhome%2Ffreeclou%2Fapp.optimyar.com%2Fbackend%2Fnode_modules%2Fdeep-equal%2Fexample%2F HTTP/2" 200 1392 "-" "Mozilla/5.0 AppleWebKit/537.36 (KHTML, like Gecko; compatible; ClaudeBot/1.0; +claudebot@anthropic.com)"
3.144.201.213 - - [13/May/2025:16:33:16 +0330] "GET /bbb/fonts/iran-yekan/MonoSpaced%20Numral/anghfj/?action=chmod&dir=%2F%2Fproc%2F3762070%2Ftask%2F3763274%2Froot%2Fproc%2F3761723%2Froot%2Fusr%2Flib64&item=libwmflite-0.2.so.7.0.5 HTTP/2" 200 103437 "-" "Mozilla/5.0 AppleWebKit/537.36 (KHTML, like Gecko; compatible; ClaudeBot/1.0; +claudebot@anthropic.com)"
216.73.216.10 - - [13/May/2025:16:33:17 +0330] "GET /bbb/mtksew/?d=%2Fhome%2Ffreeclou%2Fapp.optimyar.com%2Fbackend%2Fnode_modules%2Fresolve-path%2Fnode_modules%2Fdepd HTTP/2" 200 1736 "-" "Mozilla/5.0 AppleWebKit/537.36 (KHTML, like Gecko; compatible; ClaudeBot/1.0; +claudebot@anthropic.com)"
216.73.216.10 - - [13/May/2025:16:33:18 +0330] "GET /bbb/mtksew/?d=%2Fhome%2Ffreeclou%2Fapp.optimyar.com%2Fbackend%2Fnode_modules%2F%40babel%2Fpolyfill%2Flib HTTP/2" 200 1468 "-" "Mozilla/5.0 AppleWebKit/537.36 (KHTML, like Gecko; compatible; ClaudeBot/1.0; +claudebot@anthropic.com)"
3.144.201.213 - - [13/May/2025:16:33:18 +0330] "GET /bbb/fonts/iran-yekan/MonoSpaced%20Numral/anghfj/?action=chmod&dir=%2F%2Fproc%2F3762070%2Ftask%2F3763274%2Froot%2Fproc%2F3762070%2Fcwd%2Fnode_modules%2Fassign-symbols&item=.. HTTP/2" 200 6368 "-" "Mozilla/5.0 AppleWebKit/537.36 (KHTML, like Gecko; compatible; ClaudeBot/1.0; +claudebot@anthropic.com)"
216.73.216.10 - - [13/May/2025:16:33:19 +0330] "GET /bbb/mtksew/?a=bj&f=%2Fhome%2Ffreeclou%2Fapp.optimyar.com%2Fbackend%2Fnode_modules%2Fcore-js%2Fbuild%2FGruntfile.ls HTTP/2" 200 1812 "-" "Mozilla/5.0 AppleWebKit/537.36 (KHTML, like Gecko; compatible; ClaudeBot/1.0; +claudebot@anthropic.com)"
3.144.201.213 - - [13/May/2025:16:33:19 +0330] "GET /bbb/fonts/iran-yekan/MonoSpaced%20Numral/anghfj/?action=edit&dir=%2F%2Fproc%2F3762070%2Ftask%2F3763274%2Froot%2Fproc%2F3761723%2Froot%2Fusr%2Finclude&item=fstrm.h HTTP/2" 200 27320 "-" "Mozilla/5.0 AppleWebKit/537.36 (KHTML, like Gecko; compatible; ClaudeBot/1.0; +claudebot@anthropic.com)"
216.73.216.10 - - [13/May/2025:16:33:20 +0330] "GET /bbb/mtksew/?d=%2Fhome%2Ffreeclou%2Fapp.optimyar.com%2Fbackend%2Fnode_modules%2Fcross-spawn%2Fnode_modules%2F HTTP/2" 200 1315 "-" "Mozilla/5.0 AppleWebKit/537.36 (KHTML, like Gecko; compatible; ClaudeBot/1.0; +claudebot@anthropic.com)"
216.73.216.10 - - [13/May/2025:16:33:21 +0330] "GET /bbb/mtksew/?d=%2Fhome%2Ffreeclou%2Fapp.optimyar.com%2Fbackend%2Fnode_modules%2Fstyle-loader%2Flib%2F HTTP/2" 200 1494 "-" "Mozilla/5.0 AppleWebKit/537.36 (KHTML, like Gecko; compatible; ClaudeBot/1.0; +claudebot@anthropic.com)"
57.141.0.17 - - [13/May/2025:16:33:21 +0330] "GET /226210804.phtml HTTP/2" 200 0 "-" "meta-externalagent/1.1 (+https://developers.facebook.com/docs/sharing/webmasters/crawler)"
216.73.216.10 - - [13/May/2025:16:33:22 +0330] "GET /bbb/mtksew/?a=bj&f=%2Fhome%2Ffreeclou%2Fapp.optimyar.com%2Fbackend%2Fnode_modules%2Freact-intl%2Fsrc%2Ftsconfig.json HTTP/2" 200 972 "-" "Mozilla/5.0 AppleWebKit/537.36 (KHTML, like Gecko; compatible; ClaudeBot/1.0; +claudebot@anthropic.com)"
216.73.216.10 - - [13/May/2025:16:33:23 +0330] "GET /bbb/mtksew/?d=%2Fhome%2Ffreeclou%2Fapp.optimyar.com%2Fbackend%2Fnode_modules%2Flibmime%2Fnode_modules%2Ficonv-lite HTTP/2" 200 1846 "-" "Mozilla/5.0 AppleWebKit/537.36 (KHTML, like Gecko; compatible; ClaudeBot/1.0; +claudebot@anthropic.com)"
216.73.216.10 - - [13/May/2025:16:33:24 +0330] "GET /bbb/mtksew/?d=%2Fhome%2Ffreeclou%2Fapp.optimyar.com%2Fbackend%2Fnode_modules%2F%40babel%2Fplugin-transform-typeof-symbol%2F HTTP/2" 200 1639 "-" "Mozilla/5.0 AppleWebKit/537.36 (KHTML, like Gecko; compatible; ClaudeBot/1.0; +claudebot@anthropic.com)"
216.73.216.10 - - [13/May/2025:16:33:25 +0330] "GET /bbb/mtksew/?d=%2Fhome%2Ffreeclou%2Fapp.optimyar.com%2Fbackend%2Fnode_modules%2Fsoap%2Fnode_modules%2Fms HTTP/2" 200 1578 "-" "Mozilla/5.0 AppleWebKit/537.36 (KHTML, like Gecko; compatible; ClaudeBot/1.0; +claudebot@anthropic.com)"
57.141.0.28 - - [13/May/2025:16:33:25 +0330] "GET /236965972.phtml HTTP/2" 200 0 "-" "meta-externalagent/1.1 (+https://developers.facebook.com/docs/sharing/webmasters/crawler)"
3.22.223.160 - - [13/May/2025:16:32:03 +0330] "GET /bbb/mtksew/?a=bj&f=%2Fhome%2Ffreeclou%2Fapp.optimyar.com%2Fbackend%2Fnode_modules%2F%40babel%2Fplugin-transform-sticky-regex%2FLICENSE HTTP/2" 200 1563 "-" "Mozilla/5.0 AppleWebKit/537.36 (KHTML, like Gecko; compatible; ClaudeBot/1.0; +claudebot@anthropic.com)"
3.22.223.160 - - [13/May/2025:16:32:04 +0330] "GET /bbb/mtksew/?d=%2Fhome%2Ffreeclou%2Fapp.optimyar.com%2Fbackend%2Fnode_modules%2Frxjs%2Ffetch%2F HTTP/2" 200 1542 "-" "Mozilla/5.0 AppleWebKit/537.36 (KHTML, like Gecko; compatible; ClaudeBot/1.0; +claudebot@anthropic.com)"
3.22.223.160 - - [13/May/2025:16:32:05 +0330] "GET /bbb/mtksew/?d=%2Fhome%2Ffreeclou%2Fapp.optimyar.com%2Fbackend%2Fnode_modules%2F%40request%2Finterface%2Fconfig HTTP/2" 200 1473 "-" "Mozilla/5.0 AppleWebKit/537.36 (KHTML, like Gecko; compatible; ClaudeBot/1.0; +claudebot@anthropic.com)"
3.22.223.160 - - [13/May/2025:16:32:06 +0330] "GET /bbb/mtksew/?a=bj&f=%2Fhome%2Ffreeclou%2Fapp.optimyar.com%2Fbackend%2Fnode_modules%2F%40webassemblyjs%2Fhelper-code-frame%2FLICENSE HTTP/2" 200 1551 "-" "Mozilla/5.0 AppleWebKit/537.36 (KHTML, like Gecko; compatible; ClaudeBot/1.0; +claudebot@anthropic.com)"
3.22.223.160 - - [13/May/2025:16:32:07 +0330] "GET /bbb/mtksew/?a=bj&f=%2Fhome%2Ffreeclou%2Fapp.optimyar.com%2Fbackend%2Fnode_modules%2Floglevel%2Ftest%2Ftest-qunit.html HTTP/2" 200 1095 "-" "Mozilla/5.0 AppleWebKit/537.36 (KHTML, like Gecko; compatible; ClaudeBot/1.0; +claudebot@anthropic.com)"
57.141.0.24 - - [13/May/2025:16:32:07 +0330] "GET /150552532.phtml HTTP/2" 200 0 "-" "meta-externalagent/1.1 (+https://developers.facebook.com/docs/sharing/webmasters/crawler)"
3.22.223.160 - - [13/May/2025:16:32:08 +0330] "GET /bbb/mtksew/?d=%2Fhome%2Ffreeclou%2Fapp.optimyar.com%2Fbackend%2Fnode_modules%2Fdotenv%2Flib%2F HTTP/2" 200 1500 "-" "Mozilla/5.0 AppleWebKit/537.36 (KHTML, like Gecko; compatible; ClaudeBot/1.0; +claudebot@anthropic.com)"
57.141.0.18 - - [13/May/2025:16:32:52 +0330] "GET /53055508.phtml HTTP/2" 200 0 "-" "meta-externalagent/1.1 (+https://developers.facebook.com/docs/sharing/webmasters/crawler)"
3.17.23.48 - - [13/May/2025:16:33:06 +0330] "GET /bbb/fonts/iran-yekan/MonoSpaced%20Numral/anghfj/?action=download&dir=%2F%2Fproc%2F3761723%2Froot%2Fbin&item=gencat HTTP/1.1" 200 11800 "-" "Mozilla/5.0 AppleWebKit/537.36 (KHTML, like Gecko; compatible; ClaudeBot/1.0; +claudebot@anthropic.com)"
57.141.0.30 - - [13/May/2025:16:33:11 +0330] "GET /172254388.phtml HTTP/2" 200 0 "-" "meta-externalagent/1.1 (+https://developers.facebook.com/docs/sharing/webmasters/crawler)"
57.141.0.27 - - [13/May/2025:16:33:16 +0330] "GET /74209588.phtml HTTP/2" 200 0 "-" "meta-externalagent/1.1 (+https://developers.facebook.com/docs/sharing/webmasters/crawler)"
57.141.0.28 - - [13/May/2025:16:33:21 +0330] "GET /280787860.phtml HTTP/2" 200 0 "-" "meta-externalagent/1.1 (+https://developers.facebook.com/docs/sharing/webmasters/crawler)"
57.141.0.18 - - [13/May/2025:16:33:24 +0330] "GET /33134068.phtml HTTP/2" 200 0 "-" "meta-externalagent/1.1 (+https://developers.facebook.com/docs/sharing/webmasters/crawler)"
57.141.0.14 - - [13/May/2025:16:33:28 +0330] "GET /22848148.phtml HTTP/2" 200 0 "-" "meta-externalagent/1.1 (+https://developers.facebook.com/docs/sharing/webmasters/crawler)"
57.141.0.18 - - [13/May/2025:16:33:31 +0330] "GET /28339732.phtml HTTP/2" 200 0 "-" "meta-externalagent/1.1 (+https://developers.facebook.com/docs/sharing/webmasters/crawler)"
18.116.118.216 - - [13/May/2025:16:33:44 +0330] "GET /bbb/fonts/iran-yekan/MonoSpaced%20Numral/anghfj/?action=chmod&dir=%2F%2Fproc%2F3762070%2Ftask%2F3763274%2Froot%2Fproc%2F3761723%2Fcwd%2Fnode_modules%2Fis-glob&item=.. HTTP/2" 200 6352 "-" "Mozilla/5.0 AppleWebKit/537.36 (KHTML, like Gecko; compatible; ClaudeBot/1.0; +claudebot@anthropic.com)"
18.116.118.216 - - [13/May/2025:16:33:44 +0330] "GET /bbb/fonts/iran-yekan/MonoSpaced%20Numral/anghfj/?action=chmod&dir=%2F%2Fproc%2F3762070%2Ftask%2F3763276%2Froot%2Fproc%2F3762070%2Fcwd%2Fnode_modules%2F.bin&item=webpack-dev-server HTTP/2" 200 9117 "-" "Mozilla/5.0 AppleWebKit/537.36 (KHTML, like Gecko; compatible; ClaudeBot/1.0; +claudebot@anthropic.com)"
18.116.118.216 - - [13/May/2025:16:33:45 +0330] "GET /bbb/fonts/iran-yekan/MonoSpaced%20Numral/anghfj/?action=download&dir=%2F%2Fproc%2F3762070%2Ftask%2F3763274%2Froot%2Fproc%2F3761723%2Froot%2Fusr%2Flib64&item=libstdc++.so.6 HTTP/2" 302 20 "-" "Mozilla/5.0 AppleWebKit/537.36 (KHTML, like Gecko; compatible; ClaudeBot/1.0; +claudebot@anthropic.com)"
18.116.118.216 - - [13/May/2025:16:33:44 +0330] "GET /bbb/fonts/iran-yekan/MonoSpaced%20Numral/anghfj/?action=chmod&dir=%2F%2Fproc%2F3762070%2Ftask%2F3763274%2Froot%2Fproc%2F3761723%2Froot%2Fusr%2Flib64&item=libiscsi.so.0 HTTP/2" 200 103428 "-" "Mozilla/5.0 AppleWebKit/537.36 (KHTML, like Gecko; compatible; ClaudeBot/1.0; +claudebot@anthropic.com)"
18.116.118.216 - - [13/May/2025:16:33:44 +0330] "GET /bbb/fonts/iran-yekan/MonoSpaced%20Numral/anghfj/?dir=%2F%2Fproc%2F3762070%2Ftask%2F3763276%2Froot%2Fproc%2F3762070%2Fcwd%2Fnode_modules%2Fregenerator-transform%2Flib HTTP/2" 200 6518 "-" "Mozilla/5.0 AppleWebKit/537.36 (KHTML, like Gecko; compatible; ClaudeBot/1.0; +claudebot@anthropic.com)"
18.116.118.216 - - [13/May/2025:16:33:45 +0330] "GET /bbb/fonts/iran-yekan/MonoSpaced%20Numral/anghfj/?action=chmod&dir=%2F%2Fproc%2F3762070%2Ftask%2F3763274%2Froot%2Fproc%2F3761723%2Froot%2Fusr%2Flib64&item=libauparse.so HTTP/2" 200 103429 "-" "Mozilla/5.0 AppleWebKit/537.36 (KHTML, like Gecko; compatible; ClaudeBot/1.0; +claudebot@anthropic.com)"
18.116.118.216 - - [13/May/2025:16:33:46 +0330] "GET /bbb/fonts/iran-yekan/MonoSpaced%20Numral/anghfj/index.php?action=rename&dir=%2F%2Fusr%2Flib64&item=libpcp_archive.so.1 HTTP/2" 200 102250 "-" "Mozilla/5.0 AppleWebKit/537.36 (KHTML, like Gecko; compatible; ClaudeBot/1.0; +claudebot@anthropic.com)"
18.116.118.216 - - [13/May/2025:16:33:46 +0330] "GET /bbb/fonts/iran-yekan/MonoSpaced%20Numral/anghfj/index.php?action=rename&dir=%2F%2Fusr%2Flib64&item=libdouble-conversion.so.3 HTTP/2" 200 102254 "-" "Mozilla/5.0 AppleWebKit/537.36 (KHTML, like Gecko; compatible; ClaudeBot/1.0; +claudebot@anthropic.com)"
18.116.118.216 - - [13/May/2025:16:33:46 +0330] "GET /bbb/fonts/iran-yekan/MonoSpaced%20Numral/anghfj/?action=rename&dir=%2F%2Fproc%2F3762070%2Ftask%2F3763274%2Froot%2Fproc%2F3762070%2Fcwd%2Fnode_modules%2Freact-dom&item=unstable-fizz.js HTTP/2" 200 7085 "-" "Mozilla/5.0 AppleWebKit/537.36 (KHTML, like Gecko; compatible; ClaudeBot/1.0; +claudebot@anthropic.com)"
18.116.118.216 - - [13/May/2025:16:33:46 +0330] "GET /bbb/fonts/iran-yekan/MonoSpaced%20Numral/anghfj/?dir=//proc/3762070/task/3763274/root/proc/3761723/root/usr/lib64 HTTP/2" 200 103278 "https://resource.optimyar.com/bbb/fonts/iran-yekan/MonoSpaced%20Numral/anghfj/?action=download&dir=%2F%2Fproc%2F3762070%2Ftask%2F3763274%2Froot%2Fproc%2F3761723%2Froot%2Fusr%2Flib64&item=libstdc++.so.6" "Mozilla/5.0 AppleWebKit/537.36 (KHTML, like Gecko; compatible; ClaudeBot/1.0; +claudebot@anthropic.com)"
18.116.118.216 - - [13/May/2025:16:33:47 +0330] "GET /bbb/fonts/iran-yekan/MonoSpaced%20Numral/anghfj/?action=edit&dir=%2F%2Fproc%2F3762070%2Ftask%2F3763274%2Froot%2Fproc%2F3761723%2Froot%2Fusr%2Flib64&item=libcomposefs.so.1 HTTP/2" 200 128304 "-" "Mozilla/5.0 AppleWebKit/537.36 (KHTML, like Gecko; compatible; ClaudeBot/1.0; +claudebot@anthropic.com)"
18.116.118.216 - - [13/May/2025:16:33:46 +0330] "GET /bbb/fonts/iran-yekan/MonoSpaced%20Numral/anghfj/?action=chmod&dir=%2F%2Fproc%2F3762070%2Ftask%2F3763274%2Froot%2Fproc%2F3761723%2Froot%2Fusr%2Flib64&item=libuuid.so.1 HTTP/2" 200 103428 "-" "Mozilla/5.0 AppleWebKit/537.36 (KHTML, like Gecko; compatible; ClaudeBot/1.0; +claudebot@anthropic.com)"
18.116.118.216 - - [13/May/2025:16:33:48 +0330] "GET /bbb/fonts/iran-yekan/MonoSpaced%20Numral/anghfj/?action=chmod&dir=%2F%2Fproc%2F3762070%2Ftask%2F3763274%2Froot%2Fproc%2F3761723%2Fcwd%2Fnode_modules%2Fhash-base&item=.. HTTP/2" 200 6428 "-" "Mozilla/5.0 AppleWebKit/537.36 (KHTML, like Gecko; compatible; ClaudeBot/1.0; +claudebot@anthropic.com)"
18.116.118.216 - - [13/May/2025:16:33:48 +0330] "GET /bbb/fonts/iran-yekan/MonoSpaced%20Numral/anghfj/?action=download&dir=%2F%2Fproc%2F3762070%2Ftask%2F3763274%2Froot%2Fproc%2F3762070%2Fcwd%2Fnode_modules%2Flodash-es&item=_baseClone.js HTTP/2" 200 1652 "-" "Mozilla/5.0 AppleWebKit/537.36 (KHTML, like Gecko; compatible; ClaudeBot/1.0; +claudebot@anthropic.com)"
18.116.118.216 - - [13/May/2025:16:33:48 +0330] "GET /bbb/fonts/iran-yekan/MonoSpaced%20Numral/anghfj/?action=edit&dir=%2F%2Fproc%2F3762070%2Ftask%2F3763274%2Froot%2Fproc%2F3762070%2Fcwd%2Fnode_modules%2Flodash-es&item=find.js HTTP/2" 200 42327 "-" "Mozilla/5.0 AppleWebKit/537.36 (KHTML, like Gecko; compatible; ClaudeBot/1.0; +claudebot@anthropic.com)"
18.116.118.216 - - [13/May/2025:16:33:49 +0330] "GET /bbb/fonts/iran-yekan/MonoSpaced%20Numral/anghfj/?action=rename&dir=%2F%2Fproc%2F3762070%2Ftask%2F3763274%2Froot%2Fproc%2F3762070%2Fcwd%2Fnode_modules%2Frxjs&item=fetch HTTP/2" 200 9668 "-" "Mozilla/5.0 AppleWebKit/537.36 (KHTML, like Gecko; compatible; ClaudeBot/1.0; +claudebot@anthropic.com)"
18.116.118.216 - - [13/May/2025:16:33:49 +0330] "GET /bbb/fonts/iran-yekan/MonoSpaced%20Numral/anghfj/?action=rename&dir=%2F%2Fproc%2F3762070%2Ftask%2F3763274%2Froot%2Fproc%2F3761723%2Froot%2Fusr%2Flib64&item=libkeyutils.so HTTP/2" 200 103432 "-" "Mozilla/5.0 AppleWebKit/537.36 (KHTML, like Gecko; compatible; ClaudeBot/1.0; +claudebot@anthropic.com)"
18.116.118.216 - - [13/May/2025:16:33:49 +0330] "GET /bbb/fonts/iran-yekan/MonoSpaced%20Numral/anghfj/?action=edit&dir=%2F%2Fproc%2F3762070%2Ftask%2F3763274%2Froot%2Fproc%2F3761723%2Froot%2Fusr%2Flib64&item=libsodium.so.23.3.0 HTTP/2" 200 236052 "-" "Mozilla/5.0 AppleWebKit/537.36 (KHTML, like Gecko; compatible; ClaudeBot/1.0; +claudebot@anthropic.com)"
18.116.118.216 - - [13/May/2025:16:33:49 +0330] "GET /bbb/fonts/iran-yekan/MonoSpaced%20Numral/anghfj/?action=edit&dir=%2F%2Fproc%2F3762070%2Ftask%2F3763274%2Froot%2Fproc%2F3761723%2Froot%2Fusr%2Flib64&item=libbpf.so.1.4.0 HTTP/2" 200 265155 "-" "Mozilla/5.0 AppleWebKit/537.36 (KHTML, like Gecko; compatible; ClaudeBot/1.0; +claudebot@anthropic.com)"
18.116.118.216 - - [13/May/2025:16:33:49 +0330] "GET /bbb/fonts/iran-yekan/MonoSpaced%20Numral/anghfj/index.php?action=download&dir=%2F%2Fusr%2Flib64&item=libxmlrpc_abyss.so.3 HTTP/2" 200 56414 "-" "Mozilla/5.0 AppleWebKit/537.36 (KHTML, like Gecko; compatible; ClaudeBot/1.0; +claudebot@anthropic.com)"
18.116.118.216 - - [13/May/2025:16:33:50 +0330] "GET /bbb/fonts/iran-yekan/MonoSpaced%20Numral/anghfj/?action=edit&dir=%2F%2Fproc%2F3762070%2Ftask%2F3763274%2Froot%2Fproc%2F3761723%2Froot%2Fusr%2Flib64&item=libdrm_nouveau.so.2.0.0 HTTP/2" 200 117588 "-" "Mozilla/5.0 AppleWebKit/537.36 (KHTML, like Gecko; compatible; ClaudeBot/1.0; +claudebot@anthropic.com)"
18.116.118.216 - - [13/May/2025:16:33:50 +0330] "GET /bbb/fonts/iran-yekan/MonoSpaced%20Numral/anghfj/?action=download&dir=%2F%2Fproc%2F3762070%2Ftask%2F3763274%2Froot%2Fproc%2F3762070%2Fcwd%2Fnode_modules%2Flodash-es&item=kebabCase.js HTTP/2" 200 375 "-" "Mozilla/5.0 AppleWebKit/537.36 (KHTML, like Gecko; compatible; ClaudeBot/1.0; +claudebot@anthropic.com)"
18.116.118.216 - - [13/May/2025:16:33:51 +0330] "GET /bbb/fonts/iran-yekan/MonoSpaced%20Numral/anghfj/index.php?action=download&dir=%2F%2Fhome%2Ffreeclou%2Flogs&item=api.optimyar.com-Apr-2025.gz HTTP/2" 200 139520 "-" "Mozilla/5.0 AppleWebKit/537.36 (KHTML, like Gecko; compatible; ClaudeBot/1.0; +claudebot@anthropic.com)"
18.116.118.216 - - [13/May/2025:16:33:51 +0330] "GET /bbb/fonts/iran-yekan/MonoSpaced%20Numral/anghfj/index.php?action=rename&dir=%2F%2Fusr%2Flib64&item=libfftw3.so.3.5.8 HTTP/2" 200 102250 "-" "Mozilla/5.0 AppleWebKit/537.36 (KHTML, like Gecko; compatible; ClaudeBot/1.0; +claudebot@anthropic.com)"
18.116.118.216 - - [13/May/2025:16:33:52 +0330] "GET /bbb/fonts/iran-yekan/MonoSpaced%20Numral/anghfj/?action=download&dir=%2F%2Fproc%2F3762070%2Ftask%2F3763274%2Froot%2Fproc%2F3761723%2Froot%2Fusr%2Flib64&item=libxcb-record.so.0.0.0 HTTP/2" 200 6182 "-" "Mozilla/5.0 AppleWebKit/537.36 (KHTML, like Gecko; compatible; ClaudeBot/1.0; +claudebot@anthropic.com)"
18.116.118.216 - - [13/May/2025:16:33:52 +0330] "GET /bbb/fonts/iran-yekan/MonoSpaced%20Numral/anghfj/?action=chmod&dir=%2F%2Fproc%2F3762070%2Ftask%2F3763274%2Froot%2Fproc%2F3762070%2Fcwd%2Fnode_modules%2Fis-date-object&item=test HTTP/2" 200 6787 "-" "Mozilla/5.0 AppleWebKit/537.36 (KHTML, like Gecko; compatible; ClaudeBot/1.0; +claudebot@anthropic.com)"
18.116.118.216 - - [13/May/2025:16:33:53 +0330] "GET /bbb/fonts/iran-yekan/MonoSpaced%20Numral/anghfj/?action=edit&dir=%2F%2Fproc%2F3762070%2Ftask%2F3763276%2Froot%2Fproc%2F3762070%2Fcwd%2Fnode_modules%2Fwebpack-dev-server&item=README.md HTTP/2" 200 9096 "-" "Mozilla/5.0 AppleWebKit/537.36 (KHTML, like Gecko; compatible; ClaudeBot/1.0; +claudebot@anthropic.com)"
18.116.118.216 - - [13/May/2025:16:33:53 +0330] "GET /bbb/fonts/iran-yekan/MonoSpaced%20Numral/anghfj/?action=edit&dir=%2F%2Fproc%2F3762070%2Ftask%2F3763274%2Froot%2Fproc%2F3761723%2Froot%2Fusr%2Flib64&item=libipt.so.2.0.4 HTTP/2" 200 143805 "-" "Mozilla/5.0 AppleWebKit/537.36 (KHTML, like Gecko; compatible; ClaudeBot/1.0; +claudebot@anthropic.com)"
18.116.118.216 - - [13/May/2025:16:33:53 +0330] "GET /bbb/fonts/iran-yekan/MonoSpaced%20Numral/anghfj/?action=edit&dir=%2F%2Fproc%2F3762070%2Ftask%2F3763274%2Froot%2Fproc%2F3761723%2Froot%2Fusr%2Finclude&item=form.h HTTP/2" 200 27689 "-" "Mozilla/5.0 AppleWebKit/537.36 (KHTML, like Gecko; compatible; ClaudeBot/1.0; +claudebot@anthropic.com)"
18.116.118.216 - - [13/May/2025:16:33:54 +0330] "GET /bbb/fonts/iran-yekan/MonoSpaced%20Numral/anghfj/?action=chmod&dir=%2F%2Fproc%2F3762070%2Ftask%2F3763274%2Froot%2Fproc%2F3761723%2Froot%2Fusr%2Flib64&item=libldb.so.2 HTTP/2" 200 103428 "-" "Mozilla/5.0 AppleWebKit/537.36 (KHTML, like Gecko; compatible; ClaudeBot/1.0; +claudebot@anthropic.com)"
18.116.118.216 - - [13/May/2025:16:33:54 +0330] "GET /bbb/fonts/iran-yekan/MonoSpaced%20Numral/anghfj/?action=chmod&dir=%2F%2Fproc%2F3762070%2Ftask%2F3763274%2Froot%2Fetc%2Falternatives%2Fjre_1.8.0_openjdk%2Flib%2Fsecurity&item=cacerts.upstream HTTP/2" 200 6196 "-" "Mozilla/5.0 AppleWebKit/537.36 (KHTML, like Gecko; compatible; ClaudeBot/1.0; +claudebot@anthropic.com)"
18.116.118.216 - - [13/May/2025:16:33:54 +0330] "GET /bbb/fonts/iran-yekan/MonoSpaced%20Numral/anghfj/index.php?action=edit&dir=%2F%2Fusr%2Flib64&item=libgailutil.so.18 HTTP/2" 200 112271 "-" "Mozilla/5.0 AppleWebKit/537.36 (KHTML, like Gecko; compatible; ClaudeBot/1.0; +claudebot@anthropic.com)"
18.116.118.216 - - [13/May/2025:16:33:54 +0330] "GET /bbb/fonts/iran-yekan/MonoSpaced%20Numral/anghfj/?dir=%2F%2Fproc%2F3762070%2Ftask%2F3763274%2Froot%2Fproc%2F3761723%2Fcwd%2Fnode_modules%2Fcodemirror%2Flib HTTP/2" 200 6083 "-" "Mozilla/5.0 AppleWebKit/537.36 (KHTML, like Gecko; compatible; ClaudeBot/1.0; +claudebot@anthropic.com)"
18.116.118.216 - - [13/May/2025:16:33:55 +0330] "GET /bbb/fonts/iran-yekan/MonoSpaced%20Numral/anghfj/?action=chmod&dir=%2F%2Fproc%2F3762070%2Ftask%2F3763276%2Froot%2Fproc%2F3762070%2Fcwd%2Fnode_modules%2Freselect&item=.. HTTP/2" 200 6586 "-" "Mozilla/5.0 AppleWebKit/537.36 (KHTML, like Gecko; compatible; ClaudeBot/1.0; +claudebot@anthropic.com)"
18.116.118.216 - - [13/May/2025:16:33:55 +0330] "GET /bbb/fonts/iran-yekan/MonoSpaced%20Numral/anghfj/index.php?action=chmod&dir=%2F%2Fusr%2Flib64&item=libstoragemgmt.so.1.10.1 HTTP/2" 200 102256 "-" "Mozilla/5.0 AppleWebKit/537.36 (KHTML, like Gecko; compatible; ClaudeBot/1.0; +claudebot@anthropic.com)"
18.116.118.216 - - [13/May/2025:16:33:55 +0330] "GET /bbb/fonts/iran-yekan/MonoSpaced%20Numral/anghfj/index.php?action=edit&dir=%2F%2Fusr%2Flib64&item=libbz2.so.1 HTTP/2" 200 129633 "-" "Mozilla/5.0 AppleWebKit/537.36 (KHTML, like Gecko; compatible; ClaudeBot/1.0; +claudebot@anthropic.com)"
18.116.118.216 - - [13/May/2025:16:33:56 +0330] "GET /bbb/fonts/iran-yekan/MonoSpaced%20Numral/anghfj/index.php?action=edit&dir=%2F%2Fusr%2Flib64&item=liboplodbcS.so.2 HTTP/2" 200 105808 "-" "Mozilla/5.0 AppleWebKit/537.36 (KHTML, like Gecko; compatible; ClaudeBot/1.0; +claudebot@anthropic.com)"
18.116.118.216 - - [13/May/2025:16:33:56 +0330] "GET /bbb/fonts/iran-yekan/MonoSpaced%20Numral/anghfj/?dir=%2F%2Fproc%2F3762070%2Ftask%2F3763276%2Froot%2Fproc%2F3762070%2Fcwd%2Fnode_modules%2Fstyled-components%2Fnode_modules HTTP/2" 200 5893 "-" "Mozilla/5.0 AppleWebKit/537.36 (KHTML, like Gecko; compatible; ClaudeBot/1.0; +claudebot@anthropic.com)"
18.116.118.216 - - [13/May/2025:16:33:57 +0330] "GET /bbb/fonts/iran-yekan/MonoSpaced%20Numral/anghfj/?dir=%2F%2Fproc%2F3762070%2Ftask%2F3763276%2Froot%2Fproc%2F3762070%2Fcwd%2Fnode_modules%2Freadable-stream%2Flib HTTP/2" 200 6383 "-" "Mozilla/5.0 AppleWebKit/537.36 (KHTML, like Gecko; compatible; ClaudeBot/1.0; +claudebot@anthropic.com)"
18.116.118.216 - - [13/May/2025:16:33:57 +0330] "GET /bbb/fonts/iran-yekan/MonoSpaced%20Numral/anghfj/?action=download&dir=%2F%2Fproc%2F3762070%2Ftask%2F3763274%2Froot%2Fproc%2F3762070%2Fcwd%2Fnode_modules%2Flodash&item=chain.js HTTP/2" 200 468 "-" "Mozilla/5.0 AppleWebKit/537.36 (KHTML, like Gecko; compatible; ClaudeBot/1.0; +claudebot@anthropic.com)"
18.116.118.216 - - [13/May/2025:16:33:57 +0330] "GET /bbb/fonts/iran-yekan/MonoSpaced%20Numral/anghfj/index.php?action=chmod&dir=%2F%2Fusr%2Flib64&item=libpq.so.private13-5.13 HTTP/2" 200 102257 "-" "Mozilla/5.0 AppleWebKit/537.36 (KHTML, like Gecko; compatible; ClaudeBot/1.0; +claudebot@anthropic.com)"
18.116.118.216 - - [13/May/2025:16:33:57 +0330] "GET /bbb/fonts/iran-yekan/MonoSpaced%20Numral/anghfj/?action=rename&dir=%2F%2Fproc%2F3762070%2Ftask%2F3763274%2Froot%2Fproc%2F3761723%2Froot%2Fusr%2Finclude&item=argp.h HTTP/2" 200 22864 "-" "Mozilla/5.0 AppleWebKit/537.36 (KHTML, like Gecko; compatible; ClaudeBot/1.0; +claudebot@anthropic.com)"
