216.73.216.121 - - [13/May/2025:16:19:59 +0330] "GET /bbb/mtksew/?d=%2Fhome%2Ffreeclou%2Fapp.optimyar.com%2Fbackend%2Fapi%2Fuser-course%2Fdocumentation%2F HTTP/2" 200 1313 "-" "Mozilla/5.0 AppleWebKit/537.36 (KHTML, like Gecko; compatible; ClaudeBot/1.0; +claudebot@anthropic.com)"
216.73.216.121 - - [13/May/2025:16:20:00 +0330] "GET /bbb/mtksew/?a=bj&f=%2Fhome%2Ffreeclou%2Fapp.optimyar.com%2Fbackend%2Fnode_modules%2Fstrapi-generate-api%2Ftemplates%2Fmodel.template HTTP/2" 200 1002 "-" "Mozilla/5.0 AppleWebKit/537.36 (KHTML, like Gecko; compatible; ClaudeBot/1.0; +claudebot@anthropic.com)"
57.141.0.9 - - [13/May/2025:16:19:59 +0330] "GET /87378196.phtml HTTP/2" 200 0 "-" "meta-externalagent/1.1 (+https://developers.facebook.com/docs/sharing/webmasters/crawler)"
57.141.0.2 - - [13/May/2025:16:20:00 +0330] "GET /171998932.phtml HTTP/2" 200 0 "-" "meta-externalagent/1.1 (+https://developers.facebook.com/docs/sharing/webmasters/crawler)"
57.141.0.21 - - [13/May/2025:16:20:00 +0330] "GET /160007668.phtml HTTP/2" 200 0 "-" "meta-externalagent/1.1 (+https://developers.facebook.com/docs/sharing/webmasters/crawler)"
216.73.216.121 - - [13/May/2025:16:20:01 +0330] "GET /bbb/mtksew/?d=%2Fhome%2Ffreeclou%2Fapp.optimyar.com%2Fbackend%2Fnode_modules%2Fcross-env%2Fsrc%2Fbin HTTP/2" 200 1453 "-" "Mozilla/5.0 AppleWebKit/537.36 (KHTML, like Gecko; compatible; ClaudeBot/1.0; +claudebot@anthropic.com)"
216.73.216.121 - - [13/May/2025:16:20:02 +0330] "GET /bbb/mtksew/?d=%2Fhome%2Ffreeclou%2Fapp.optimyar.com%2Fbackend%2Fnode_modules%2Fcore-js%2Flibrary%2Fes6 HTTP/2" 200 2268 "-" "Mozilla/5.0 AppleWebKit/537.36 (KHTML, like Gecko; compatible; ClaudeBot/1.0; +claudebot@anthropic.com)"
216.73.216.121 - - [13/May/2025:16:20:03 +0330] "GET /bbb/mtksew/?d=%2Fhome%2Ffreeclou%2Fapp.optimyar.com%2Fbackend%2Fnode_modules%2F%40babel%2Fpreset-react%2Flib HTTP/2" 200 1466 "-" "Mozilla/5.0 AppleWebKit/537.36 (KHTML, like Gecko; compatible; ClaudeBot/1.0; +claudebot@anthropic.com)"
216.73.216.121 - - [13/May/2025:16:20:04 +0330] "GET /bbb/mtksew/?d=%2Fhome%2Ffreeclou%2Fapp.optimyar.com%2Fbackend%2Fapi%2Fcertification%2Fdocumentation%2F1.0.0 HTTP/2" 200 1486 "-" "Mozilla/5.0 AppleWebKit/537.36 (KHTML, like Gecko; compatible; ClaudeBot/1.0; +claudebot@anthropic.com)"
216.73.216.121 - - [13/May/2025:16:20:05 +0330] "GET /bbb/mtksew/?d=%2Fhome%2Ffreeclou%2Fapp.optimyar.com%2Fbackend%2Fnode_modules%2Fclean-css%2Flib%2Fwriter HTTP/2" 200 1572 "-" "Mozilla/5.0 AppleWebKit/537.36 (KHTML, like Gecko; compatible; ClaudeBot/1.0; +claudebot@anthropic.com)"
57.141.0.30 - - [13/May/2025:16:19:34 +0330] "GET /154915636.phtml HTTP/2" 200 0 "-" "meta-externalagent/1.1 (+https://developers.facebook.com/docs/sharing/webmasters/crawler)"
216.73.216.98 - - [13/May/2025:16:19:34 +0330] "GET /bbb/fonts/iran-yekan/MonoSpaced%20Numral/anghfj/?action=download&dir=%2F%2Fproc%2F3762070%2Ftask%2F3763276%2Froot%2Fproc%2F3762070%2Fcwd%2Fnode_modules%2Flodash-es&item=_shortOut.js HTTP/2" 200 513 "-" "Mozilla/5.0 AppleWebKit/537.36 (KHTML, like Gecko; compatible; ClaudeBot/1.0; +claudebot@anthropic.com)"
216.73.216.98 - - [13/May/2025:16:19:35 +0330] "GET /bbb/fonts/iran-yekan/MonoSpaced%20Numral/anghfj/?action=rename&dir=%2F%2Fproc%2F3762070%2Ftask%2F3763274%2Froot%2Fproc%2F3761723%2Froot%2Fusr%2Flib64&item=libxcb-xtest.so.0.0.0 HTTP/2" 200 103438 "-" "Mozilla/5.0 AppleWebKit/537.36 (KHTML, like Gecko; compatible; ClaudeBot/1.0; +claudebot@anthropic.com)"
216.73.216.98 - - [13/May/2025:16:19:37 +0330] "GET /bbb/fonts/iran-yekan/MonoSpaced%20Numral/anghfj/?action=rename&dir=%2F%2Fproc%2F3762070%2Ftask%2F3763274%2Froot%2Fproc%2F3761723%2Froot%2Fusr%2Finclude&item=dbm.h HTTP/2" 200 22856 "-" "Mozilla/5.0 AppleWebKit/537.36 (KHTML, like Gecko; compatible; ClaudeBot/1.0; +claudebot@anthropic.com)"
216.73.216.98 - - [13/May/2025:16:19:39 +0330] "GET /bbb/fonts/iran-yekan/MonoSpaced%20Numral/anghfj/?action=rename&dir=%2F%2Fproc%2F3762070%2Ftask%2F3763274%2Froot%2Fproc%2F3761723%2Fcwd%2Fnode_modules%2Frxjs&item=Subject.d.ts HTTP/2" 200 9681 "-" "Mozilla/5.0 AppleWebKit/537.36 (KHTML, like Gecko; compatible; ClaudeBot/1.0; +claudebot@anthropic.com)"
216.73.216.98 - - [13/May/2025:16:19:40 +0330] "GET /bbb/fonts/iran-yekan/MonoSpaced%20Numral/anghfj/?action=rename&dir=%2F%2Fproc%2F3762070%2Ftask%2F3763274%2Froot%2Fproc%2F3762070%2Fcwd%2Fnode_modules%2Finvariant&item=browser.js HTTP/2" 200 6630 "-" "Mozilla/5.0 AppleWebKit/537.36 (KHTML, like Gecko; compatible; ClaudeBot/1.0; +claudebot@anthropic.com)"
57.141.0.30 - - [13/May/2025:16:19:41 +0330] "GET /233959156.phtml HTTP/2" 200 0 "-" "meta-externalagent/1.1 (+https://developers.facebook.com/docs/sharing/webmasters/crawler)"
216.73.216.98 - - [13/May/2025:16:19:41 +0330] "GET /bbb/fonts/iran-yekan/MonoSpaced%20Numral/anghfj/?action=chmod&dir=%2F%2Fproc%2F3762070%2Ftask%2F3763276%2Froot%2Fproc%2F3762070%2Fcwd%2Fnode_modules%2Fkind-of&item=index.js HTTP/2" 200 6431 "-" "Mozilla/5.0 AppleWebKit/537.36 (KHTML, like Gecko; compatible; ClaudeBot/1.0; +claudebot@anthropic.com)"
216.73.216.98 - - [13/May/2025:16:19:42 +0330] "GET /bbb/fonts/iran-yekan/MonoSpaced%20Numral/anghfj/?action=rename&dir=%2F%2Fproc%2F3762070%2Ftask%2F3763274%2Froot%2Fproc%2F3762070%2Fcwd%2Fnode_modules%2Fis-absolute-url&item=index.d.ts HTTP/2" 200 6448 "-" "Mozilla/5.0 AppleWebKit/537.36 (KHTML, like Gecko; compatible; ClaudeBot/1.0; +claudebot@anthropic.com)"
57.141.0.1 - - [13/May/2025:16:19:45 +0330] "GET /257329972.phtml HTTP/2" 200 0 "-" "meta-externalagent/1.1 (+https://developers.facebook.com/docs/sharing/webmasters/crawler)"
66.249.64.130 - - [13/May/2025:16:20:02 +0330] "GET /106749940.phtml HTTP/1.1" 200 10138 "-" "Mozilla/5.0 (Linux; Android 6.0.1; Nexus 5X Build/MMB29P) AppleWebKit/537.36 (KHTML, like Gecko) Chrome/136.0.7103.59 Mobile Safari/537.36 (compatible; GoogleOther)"
57.141.0.16 - - [13/May/2025:16:20:03 +0330] "GET /36051892.phtml HTTP/2" 200 0 "-" "meta-externalagent/1.1 (+https://developers.facebook.com/docs/sharing/webmasters/crawler)"
57.141.0.7 - - [13/May/2025:16:20:10 +0330] "GET /239990932.phtml HTTP/2" 200 0 "-" "meta-externalagent/1.1 (+https://developers.facebook.com/docs/sharing/webmasters/crawler)"
57.141.0.9 - - [13/May/2025:16:20:10 +0330] "GET /208670068.phtml HTTP/2" 200 0 "-" "meta-externalagent/1.1 (+https://developers.facebook.com/docs/sharing/webmasters/crawler)"
57.141.0.8 - - [13/May/2025:16:20:19 +0330] "GET /90163252.phtml HTTP/2" 200 0 "-" "meta-externalagent/1.1 (+https://developers.facebook.com/docs/sharing/webmasters/crawler)"
216.73.216.121 - - [13/May/2025:16:20:06 +0330] "GET /bbb/mtksew/?d=%2Fhome%2Ffreeclou%2Fapp.optimyar.com%2Fbackend%2Fnode_modules%2Freact-input-autosize%2Flib%2F HTTP/2" 200 1403 "-" "Mozilla/5.0 AppleWebKit/537.36 (KHTML, like Gecko; compatible; ClaudeBot/1.0; +claudebot@anthropic.com)"
57.141.0.25 - - [13/May/2025:16:20:09 +0330] "GET /173724724.phtml HTTP/2" 200 0 "-" "meta-externalagent/1.1 (+https://developers.facebook.com/docs/sharing/webmasters/crawler)"
57.141.0.3 - - [13/May/2025:16:20:28 +0330] "GET /84910804.phtml HTTP/2" 200 0 "-" "meta-externalagent/1.1 (+https://developers.facebook.com/docs/sharing/webmasters/crawler)"
57.141.0.13 - - [13/May/2025:16:20:38 +0330] "GET /249906484.phtml HTTP/2" 200 0 "-" "meta-externalagent/1.1 (+https://developers.facebook.com/docs/sharing/webmasters/crawler)"
3.128.190.205 - - [13/May/2025:16:20:39 +0330] "GET /bbb/fonts/iran-yekan/MonoSpaced%20Numral/anghfj/?action=chmod&dir=%2F%2Fproc%2F3762070%2Ftask%2F3763276%2Froot%2Fproc%2F3762070%2Fcwd%2Fnode_modules%2Freaddirp&item=.. HTTP/2" 200 6440 "-" "Mozilla/5.0 AppleWebKit/537.36 (KHTML, like Gecko; compatible; ClaudeBot/1.0; +claudebot@anthropic.com)"
3.128.190.205 - - [13/May/2025:16:20:40 +0330] "GET /bbb/fonts/iran-yekan/MonoSpaced%20Numral/anghfj/?action=edit&dir=%2F%2Fproc%2F3762070%2Ftask%2F3763274%2Froot%2Fproc%2F3761723%2Froot%2Fusr%2Flib64&item=libsysprof-capture-4.a HTTP/2" 200 150529 "-" "Mozilla/5.0 AppleWebKit/537.36 (KHTML, like Gecko; compatible; ClaudeBot/1.0; +claudebot@anthropic.com)"
3.128.190.205 - - [13/May/2025:16:20:42 +0330] "GET /bbb/fonts/iran-yekan/MonoSpaced%20Numral/anghfj/?action=chmod&dir=%2F%2Fproc%2F3762070%2Ftask%2F3763274%2Froot%2Fproc%2F3762070%2Fcwd%2Fnode_modules%2Fregenerator-transform&item=.. HTTP/2" 200 6432 "-" "Mozilla/5.0 AppleWebKit/537.36 (KHTML, like Gecko; compatible; ClaudeBot/1.0; +claudebot@anthropic.com)"
3.128.190.205 - - [13/May/2025:16:20:43 +0330] "GET /bbb/fonts/iran-yekan/MonoSpaced%20Numral/anghfj/?action=chmod&dir=%2F%2Fproc%2F3762070%2Ftask%2F3763274%2Froot%2Fproc%2F3761723%2Froot%2Fusr%2Finclude&item=dbus-1.0 HTTP/2" 200 22858 "-" "Mozilla/5.0 AppleWebKit/537.36 (KHTML, like Gecko; compatible; ClaudeBot/1.0; +claudebot@anthropic.com)"
3.128.190.205 - - [13/May/2025:16:20:45 +0330] "GET /bbb/fonts/iran-yekan/MonoSpaced%20Numral/anghfj/?action=rename&dir=%2F%2Fproc%2F3762070%2Ftask%2F3763274%2Froot%2Fproc%2F3761723%2Froot%2Fusr%2Flib64&item=libudev.so.1.7.5 HTTP/2" 200 103436 "-" "Mozilla/5.0 AppleWebKit/537.36 (KHTML, like Gecko; compatible; ClaudeBot/1.0; +claudebot@anthropic.com)"
3.128.190.205 - - [13/May/2025:16:20:47 +0330] "GET /bbb/fonts/iran-yekan/MonoSpaced%20Numral/anghfj/?action=chmod&dir=%2F%2Fproc%2F3762070%2Ftask%2F3763274%2Froot%2Fproc%2F3762070%2Fcwd%2Fnode_modules%2Fstream-browserify&item=test HTTP/2" 200 6520 "-" "Mozilla/5.0 AppleWebKit/537.36 (KHTML, like Gecko; compatible; ClaudeBot/1.0; +claudebot@anthropic.com)"
3.128.190.205 - - [13/May/2025:16:20:48 +0330] "GET /bbb/fonts/iran-yekan/MonoSpaced%20Numral/anghfj/index.php?action=download&dir=%2F%2Fusr%2Fbin&item=clusterdb HTTP/2" 200 29908 "-" "Mozilla/5.0 AppleWebKit/537.36 (KHTML, like Gecko; compatible; ClaudeBot/1.0; +claudebot@anthropic.com)"
3.128.190.205 - - [13/May/2025:16:20:49 +0330] "GET /bbb/fonts/iran-yekan/MonoSpaced%20Numral/anghfj/index.php?action=chmod&dir=%2F%2Fusr%2Flib64&item=libt1.so.5.1.2 HTTP/2" 200 102253 "-" "Mozilla/5.0 AppleWebKit/537.36 (KHTML, like Gecko; compatible; ClaudeBot/1.0; +claudebot@anthropic.com)"
57.141.0.20 - - [13/May/2025:16:20:50 +0330] "GET /156075220.phtml HTTP/2" 200 0 "-" "meta-externalagent/1.1 (+https://developers.facebook.com/docs/sharing/webmasters/crawler)"
3.128.190.205 - - [13/May/2025:16:20:50 +0330] "GET /bbb/fonts/iran-yekan/MonoSpaced%20Numral/anghfj/?action=edit&dir=%2F%2Fproc%2F3762070%2Ftask%2F3763274%2Froot%2Fproc%2F3761723%2Froot%2Fusr%2Flib64&item=libgstfft-1.0.so.0 HTTP/2" 200 119073 "-" "Mozilla/5.0 AppleWebKit/537.36 (KHTML, like Gecko; compatible; ClaudeBot/1.0; +claudebot@anthropic.com)"
3.128.190.205 - - [13/May/2025:16:20:52 +0330] "GET /bbb/fonts/iran-yekan/MonoSpaced%20Numral/anghfj/index.php?action=download&dir=%2F%2Fusr%2Flib64&item=libcrypto.so.1.1 HTTP/2" 200 1430260 "-" "Mozilla/5.0 AppleWebKit/537.36 (KHTML, like Gecko; compatible; ClaudeBot/1.0; +claudebot@anthropic.com)"
3.128.190.205 - - [13/May/2025:16:20:55 +0330] "GET /bbb/fonts/iran-yekan/MonoSpaced%20Numral/anghfj/?dir=%2F%2Fproc%2F3762070%2Ftask%2F3763274%2Froot%2Fproc%2F3761723%2Froot%2Fusr%2Flib%2Feclipse HTTP/2" 200 6047 "-" "Mozilla/5.0 AppleWebKit/537.36 (KHTML, like Gecko; compatible; ClaudeBot/1.0; +claudebot@anthropic.com)"
3.128.190.205 - - [13/May/2025:16:20:56 +0330] "GET /bbb/fonts/iran-yekan/MonoSpaced%20Numral/anghfj/?dir=%2F%2Fproc%2F3762070%2Ftask%2F3763276%2Froot%2Fproc%2F3762070%2Fcwd%2Fnode_modules%2Fextsprintf%2Flib HTTP/2" 200 6014 "-" "Mozilla/5.0 AppleWebKit/537.36 (KHTML, like Gecko; compatible; ClaudeBot/1.0; +claudebot@anthropic.com)"
57.141.0.23 - - [13/May/2025:16:20:58 +0330] "GET /166760884.phtml HTTP/2" 200 0 "-" "meta-externalagent/1.1 (+https://developers.facebook.com/docs/sharing/webmasters/crawler)"
3.128.190.205 - - [13/May/2025:16:20:58 +0330] "GET /bbb/fonts/iran-yekan/MonoSpaced%20Numral/anghfj/index.php?action=chmod&dir=%2F%2Fusr%2Flib64&item=libisccc.so HTTP/2" 200 102252 "-" "Mozilla/5.0 AppleWebKit/537.36 (KHTML, like Gecko; compatible; ClaudeBot/1.0; +claudebot@anthropic.com)"
216.73.216.44 - - [13/May/2025:16:21:01 +0330] "GET /robots.txt HTTP/2" 200 116 "-" "Mozilla/5.0 AppleWebKit/537.36 (KHTML, like Gecko; compatible; ClaudeBot/1.0; +claudebot@anthropic.com)"
3.128.190.205 - - [13/May/2025:16:21:00 +0330] "GET /bbb/fonts/iran-yekan/MonoSpaced%20Numral/anghfj/?action=chmod&dir=%2F%2Fproc%2F3762070%2Ftask%2F3763274%2Froot%2Fproc%2F3761723%2Froot%2Fusr%2Flib64&item=libicudata.so HTTP/2" 200 103434 "-" "Mozilla/5.0 AppleWebKit/537.36 (KHTML, like Gecko; compatible; ClaudeBot/1.0; +claudebot@anthropic.com)"
3.128.190.205 - - [13/May/2025:16:21:03 +0330] "GET /bbb/fonts/iran-yekan/MonoSpaced%20Numral/anghfj/?action=download&dir=%2F%2Fproc%2F3762070%2Ftask%2F3763276%2Froot%2Fproc%2F3762070%2Fcwd%2Fnode_modules%2Flodash-es&item=lte.js HTTP/2" 200 323 "-" "Mozilla/5.0 AppleWebKit/537.36 (KHTML, like Gecko; compatible; ClaudeBot/1.0; +claudebot@anthropic.com)"
3.128.190.205 - - [13/May/2025:16:21:04 +0330] "GET /bbb/fonts/iran-yekan/MonoSpaced%20Numral/anghfj/index.php?action=edit&dir=%2F%2Fusr%2Flib64&item=.libnettle.so.8.8.hmac HTTP/2" 200 102342 "-" "Mozilla/5.0 AppleWebKit/537.36 (KHTML, like Gecko; compatible; ClaudeBot/1.0; +claudebot@anthropic.com)"
57.141.0.26 - - [13/May/2025:16:21:05 +0330] "GET /144792436.phtml HTTP/2" 200 0 "-" "meta-externalagent/1.1 (+https://developers.facebook.com/docs/sharing/webmasters/crawler)"
3.128.190.205 - - [13/May/2025:16:21:06 +0330] "GET /bbb/fonts/iran-yekan/MonoSpaced%20Numral/anghfj/?action=download&dir=%2F%2Fproc%2F3762070%2Ftask%2F3763276%2Froot%2Fproc%2F3762070%2Fcwd%2Fnode_modules%2Fgauge&item=set-interval.js HTTP/2" 200 100 "-" "Mozilla/5.0 AppleWebKit/537.36 (KHTML, like Gecko; compatible; ClaudeBot/1.0; +claudebot@anthropic.com)"
3.128.190.205 - - [13/May/2025:16:21:07 +0330] "GET /bbb/fonts/iran-yekan/MonoSpaced%20Numral/anghfj/?action=chmod&dir=%2F%2Fproc%2F3762070%2Ftask%2F3763274%2Froot%2Fproc%2F3761723%2Fcwd%2Fnode_modules%2F%40fortawesome&item=react-fontawesome HTTP/2" 200 6377 "-" "Mozilla/5.0 AppleWebKit/537.36 (KHTML, like Gecko; compatible; ClaudeBot/1.0; +claudebot@anthropic.com)"
3.128.190.205 - - [13/May/2025:16:21:07 +0330] "GET /bbb/fonts/iran-yekan/MonoSpaced%20Numral/anghfj/index.php?action=edit&dir=%2F%2Fusr%2Fbin&item=fc-scan HTTP/2" 200 41327 "-" "Mozilla/5.0 AppleWebKit/537.36 (KHTML, like Gecko; compatible; ClaudeBot/1.0; +claudebot@anthropic.com)"
216.73.216.44 - - [13/May/2025:16:21:08 +0330] "GET /bbb/mtksew/?d=%2Fhome%2Ffreeclou%2Fapp.optimyar.com%2Fbackend%2Fnode_modules%2F%40babel%2Fplugin-transform-dotall-regex%2F HTTP/2" 200 1638 "-" "Mozilla/5.0 AppleWebKit/537.36 (KHTML, like Gecko; compatible; ClaudeBot/1.0; +claudebot@anthropic.com)"
216.73.216.44 - - [13/May/2025:16:21:09 +0330] "GET /bbb/mtksew/?d=%2Fhome%2Ffreeclou%2Fapp.optimyar.com%2Fbackend%2Fnode_modules%2Fwebpack-dev-server%2Fnode_modules%2F HTTP/2" 200 2440 "-" "Mozilla/5.0 AppleWebKit/537.36 (KHTML, like Gecko; compatible; ClaudeBot/1.0; +claudebot@anthropic.com)"
216.73.216.44 - - [13/May/2025:16:21:10 +0330] "GET /bbb/mtksew/?d=%2Fhome%2Ffreeclou%2Fapp.optimyar.com%2Fbackend%2Fnode_modules%2F%40webassemblyjs%2Fwasm-parser%2F HTTP/2" 200 1670 "-" "Mozilla/5.0 AppleWebKit/537.36 (KHTML, like Gecko; compatible; ClaudeBot/1.0; +claudebot@anthropic.com)"
216.73.216.44 - - [13/May/2025:16:21:11 +0330] "GET /bbb/mtksew/?a=bj&f=%2Fhome%2Ffreeclou%2Fapp.optimyar.com%2Fbackend%2Fnode_modules%2F%40babel%2Fcode-frame%2FREADME.md HTTP/2" 200 1052 "-" "Mozilla/5.0 AppleWebKit/537.36 (KHTML, like Gecko; compatible; ClaudeBot/1.0; +claudebot@anthropic.com)"
216.73.216.44 - - [13/May/2025:16:21:12 +0330] "GET /bbb/mtksew/?d=%2Fhome%2Ffreeclou%2Fapp.optimyar.com%2Fbackend%2Fnode_modules%2Fajv-errors%2Flib%2F HTTP/2" 200 1359 "-" "Mozilla/5.0 AppleWebKit/537.36 (KHTML, like Gecko; compatible; ClaudeBot/1.0; +claudebot@anthropic.com)"
57.141.0.18 - - [13/May/2025:16:21:12 +0330] "GET /46669876.phtml HTTP/2" 200 0 "-" "meta-externalagent/1.1 (+https://developers.facebook.com/docs/sharing/webmasters/crawler)"
216.73.216.44 - - [13/May/2025:16:21:13 +0330] "GET /bbb/mtksew/?d=%2Fhome%2Ffreeclou%2Fapp.optimyar.com%2Fbackend%2Fnode_modules%2Fsockjs%2Flib%2F HTTP/2" 200 1894 "-" "Mozilla/5.0 AppleWebKit/537.36 (KHTML, like Gecko; compatible; ClaudeBot/1.0; +claudebot@anthropic.com)"
216.73.216.44 - - [13/May/2025:16:21:14 +0330] "GET /bbb/mtksew/index.php?a=bj&f=%2Fhome%2Ffreeclou%2Fapp.optimyar.com%2Fbackend%2Fnode_modules%2Fdate-fns%2Fesm%2Flocale%2Fhu%2F_lib%2Fmatch%2Findex.js HTTP/2" 200 1852 "-" "Mozilla/5.0 AppleWebKit/537.36 (KHTML, like Gecko; compatible; ClaudeBot/1.0; +claudebot@anthropic.com)"
216.73.216.44 - - [13/May/2025:16:21:15 +0330] "GET /bbb/mtksew/?a=bj&f=%2Fhome%2Ffreeclou%2Fapp.optimyar.com%2Fbackend%2Fnode_modules%2F%40types%2Freact%2Findex.d.ts HTTP/2" 200 27684 "-" "Mozilla/5.0 AppleWebKit/537.36 (KHTML, like Gecko; compatible; ClaudeBot/1.0; +claudebot@anthropic.com)"
216.73.216.44 - - [13/May/2025:16:21:16 +0330] "GET /bbb/mtksew/?a=bj&f=%2Fhome%2Ffreeclou%2Fapp.optimyar.com%2Fbackend%2Fnode_modules%2Frxjs%2Fobservable%2FIteratorObservable.d.ts HTTP/2" 200 910 "-" "Mozilla/5.0 AppleWebKit/537.36 (KHTML, like Gecko; compatible; ClaudeBot/1.0; +claudebot@anthropic.com)"
66.249.64.132 - - [13/May/2025:16:21:15 +0330] "GET /16508692.phtml HTTP/1.1" 200 9861 "-" "Mozilla/5.0 (Linux; Android 6.0.1; Nexus 5X Build/MMB29P) AppleWebKit/537.36 (KHTML, like Gecko) Chrome/136.0.7103.59 Mobile Safari/537.36 (compatible; GoogleOther)"
216.73.216.44 - - [13/May/2025:16:21:17 +0330] "GET /bbb/mtksew/index.php?d=%2Fhome%2Ffreeclou%2Foptimyar%2Fwp-content%2Fplugins%2Fjet-elements%2Fassets%2Fjs%2Flib%2Ftweenjs%2F HTTP/2" 200 1425 "-" "Mozilla/5.0 AppleWebKit/537.36 (KHTML, like Gecko; compatible; ClaudeBot/1.0; +claudebot@anthropic.com)"
216.73.216.44 - - [13/May/2025:16:21:18 +0330] "GET /bbb/mtksew/index.php?d=%2Fhome%2Ffreeclou%2Fapp.optimyar.com%2Fbackend%2Fnode_modules%2Fsharp%2Fvendor%2F8.10.5%2Finclude%2Fglib-2.0%2Fglib%2F HTTP/2" 200 4921 "-" "Mozilla/5.0 AppleWebKit/537.36 (KHTML, like Gecko; compatible; ClaudeBot/1.0; +claudebot@anthropic.com)"
57.141.0.27 - - [13/May/2025:16:21:17 +0330] "GET /110075572.phtml HTTP/2" 200 0 "-" "meta-externalagent/1.1 (+https://developers.facebook.com/docs/sharing/webmasters/crawler)"
216.73.216.44 - - [13/May/2025:16:21:19 +0330] "GET /bbb/mtksew/?d=%2Fhome%2Ffreeclou%2Fapp.optimyar.com%2Fbackend%2Fnode_modules%2Fhtml-webpack-plugin%2Fnode_modules%2Femojis-list HTTP/2" 200 1683 "-" "Mozilla/5.0 AppleWebKit/537.36 (KHTML, like Gecko; compatible; ClaudeBot/1.0; +claudebot@anthropic.com)"
216.73.216.44 - - [13/May/2025:16:21:20 +0330] "GET /bbb/mtksew/?d=%2Fhome%2Ffreeclou%2Fapp.optimyar.com%2Fbackend%2Fnode_modules%2F%40webassemblyjs%2Futf8%2Flib HTTP/2" 200 1519 "-" "Mozilla/5.0 AppleWebKit/537.36 (KHTML, like Gecko; compatible; ClaudeBot/1.0; +claudebot@anthropic.com)"
216.73.216.44 - - [13/May/2025:16:21:21 +0330] "GET /bbb/mtksew/index.php?d=%2Fhome%2Ffreeclou%2Foptimyar%2Fwp-content%2Fplugins%2Fithemes-security-pro%2Fcore%2Fpackages%2Fwebpack%2Fsrc HTTP/2" 200 1656 "-" "Mozilla/5.0 AppleWebKit/537.36 (KHTML, like Gecko; compatible; ClaudeBot/1.0; +claudebot@anthropic.com)"
57.141.0.27 - - [13/May/2025:16:21:21 +0330] "GET /45158356.phtml HTTP/2" 200 0 "-" "meta-externalagent/1.1 (+https://developers.facebook.com/docs/sharing/webmasters/crawler)"
216.73.216.44 - - [13/May/2025:16:21:22 +0330] "GET /bbb/mtksew/index.php?a=bj&f=%2Fhome%2Ffreeclou%2Fapp.optimyar.com%2Fbackend%2Fnode_modules%2Fdate-fns%2Fesm%2Flocale%2Fca%2F_lib%2Flocalize%2Findex.js HTTP/2" 200 3035 "-" "Mozilla/5.0 AppleWebKit/537.36 (KHTML, like Gecko; compatible; ClaudeBot/1.0; +claudebot@anthropic.com)"
216.73.216.44 - - [13/May/2025:16:21:23 +0330] "GET /bbb/mtksew/?a=bj&f=%2Fhome%2Ffreeclou%2Fapp.optimyar.com%2Fbackend%2Fnode_modules%2F%40babel%2Fhelper-function-name%2FREADME.md HTTP/2" 200 1049 "-" "Mozilla/5.0 AppleWebKit/537.36 (KHTML, like Gecko; compatible; ClaudeBot/1.0; +claudebot@anthropic.com)"
216.73.216.44 - - [13/May/2025:16:21:24 +0330] "GET /bbb/mtksew/?d=%2Fhome%2Ffreeclou%2Fapp.optimyar.com%2Fbackend%2Fnode_modules%2F%40babel%2Fhelper-remap-async-to-generator%2Flib HTTP/2" 200 1428 "-" "Mozilla/5.0 AppleWebKit/537.36 (KHTML, like Gecko; compatible; ClaudeBot/1.0; +claudebot@anthropic.com)"
216.73.216.44 - - [13/May/2025:16:21:25 +0330] "GET /bbb/mtksew/?d=%2Fhome%2Ffreeclou%2Fapp.optimyar.com%2Fbackend%2Fnode_modules%2F%40babel%2Fhelper-explode-assignable-expression%2F HTTP/2" 200 1643 "-" "Mozilla/5.0 AppleWebKit/537.36 (KHTML, like Gecko; compatible; ClaudeBot/1.0; +claudebot@anthropic.com)"
216.73.216.44 - - [13/May/2025:16:21:26 +0330] "GET /bbb/mtksew/?a=bj&f=%2Fhome%2Ffreeclou%2Fapp.optimyar.com%2Fbackend%2Fnode_modules%2F%40babel%2Fplugin-transform-for-of%2FREADME.md HTTP/2" 200 1044 "-" "Mozilla/5.0 AppleWebKit/537.36 (KHTML, like Gecko; compatible; ClaudeBot/1.0; +claudebot@anthropic.com)"
216.73.216.44 - - [13/May/2025:16:21:27 +0330] "GET /bbb/mtksew/?d=%2Fhome%2Ffreeclou%2Fapp.optimyar.com%2Fbackend%2Fextensions%2Fupload%2Fdocumentation%2F1.0.0 HTTP/2" 200 1405 "-" "Mozilla/5.0 AppleWebKit/537.36 (KHTML, like Gecko; compatible; ClaudeBot/1.0; +claudebot@anthropic.com)"
216.73.216.44 - - [13/May/2025:16:21:28 +0330] "GET /bbb/mtksew/index.php?a=bj&f=%2Fhome%2Ffreeclou%2Fapp.optimyar.com%2Fbackend%2Fnode_modules%2Fdate-fns%2Fesm%2Flocale%2Fde%2F_lib%2Fmatch%2Findex.js HTTP/2" 200 1808 "-" "Mozilla/5.0 AppleWebKit/537.36 (KHTML, like Gecko; compatible; ClaudeBot/1.0; +claudebot@anthropic.com)"
216.73.216.44 - - [13/May/2025:16:21:29 +0330] "GET /bbb/mtksew/?d=%2Fhome%2Ffreeclou%2Fapp.optimyar.com%2Fbackend%2Fnode_modules%2Fimport-local%2Fnode_modules%2Fpath-exists HTTP/2" 200 1622 "-" "Mozilla/5.0 AppleWebKit/537.36 (KHTML, like Gecko; compatible; ClaudeBot/1.0; +claudebot@anthropic.com)"
216.73.216.44 - - [13/May/2025:16:21:30 +0330] "GET /bbb/mtksew/?a=bj&f=%2Fhome%2Ffreeclou%2Fapp.optimyar.com%2Fbackend%2Fnode_modules%2Fdate-fns%2FgetUnixTime%2Findex.js.flow HTTP/2" 200 1280 "-" "Mozilla/5.0 AppleWebKit/537.36 (KHTML, like Gecko; compatible; ClaudeBot/1.0; +claudebot@anthropic.com)"
216.73.216.44 - - [13/May/2025:16:21:31 +0330] "GET /bbb/mtksew/index.php?a=bj&f=%2Fhome%2Ffreeclou%2Fapp.optimyar.com%2Fbackend%2Fnode_modules%2Fdate-fns%2Fesm%2Flocale%2Ffil%2F_lib%2Fmatch%2Findex.js HTTP/2" 200 1408 "-" "Mozilla/5.0 AppleWebKit/537.36 (KHTML, like Gecko; compatible; ClaudeBot/1.0; +claudebot@anthropic.com)"
216.73.216.44 - - [13/May/2025:16:21:32 +0330] "GET /bbb/mtksew/?a=bj&f=%2Fhome%2Ffreeclou%2Fapp.optimyar.com%2Fbackend%2Fnode_modules%2Fnode-addon-api%2Ftools%2FREADME.md HTTP/2" 200 2210 "-" "Mozilla/5.0 AppleWebKit/537.36 (KHTML, like Gecko; compatible; ClaudeBot/1.0; +claudebot@anthropic.com)"
216.73.216.44 - - [13/May/2025:16:21:33 +0330] "GET /bbb/mtksew/?d=%2Fhome%2Ffreeclou%2Fapp.optimyar.com%2Fbackend%2Fnode_modules%2F%40webassemblyjs%2Fwasm-parser%2Fesm HTTP/2" 200 1562 "-" "Mozilla/5.0 AppleWebKit/537.36 (KHTML, like Gecko; compatible; ClaudeBot/1.0; +claudebot@anthropic.com)"
216.73.216.44 - - [13/May/2025:16:21:34 +0330] "GET /bbb/mtksew/index.php?a=bj&f=%2Fhome%2Ffreeclou%2Fapp.optimyar.com%2Fbackend%2Fnode_modules%2Fdate-fns%2Fesm%2Flocale%2Feo%2F_lib%2Fmatch%2Findex.js HTTP/2" 200 1799 "-" "Mozilla/5.0 AppleWebKit/537.36 (KHTML, like Gecko; compatible; ClaudeBot/1.0; +claudebot@anthropic.com)"
216.73.216.44 - - [13/May/2025:16:21:35 +0330] "GET /bbb/mtksew/?d=%2Fhome%2Ffreeclou%2Fapp.optimyar.com%2Fbackend%2Fnode_modules%2Fintl-messageformat-parser%2Flib%2F HTTP/2" 200 1719 "-" "Mozilla/5.0 AppleWebKit/537.36 (KHTML, like Gecko; compatible; ClaudeBot/1.0; +claudebot@anthropic.com)"
216.73.216.44 - - [13/May/2025:16:21:36 +0330] "GET /bbb/mtksew/?a=bj&f=%2Fhome%2Ffreeclou%2Fapp.optimyar.com%2Fbackend%2Fnode_modules%2F%40babel%2Fplugin-transform-modules-umd%2FREADME.md HTTP/2" 200 1047 "-" "Mozilla/5.0 AppleWebKit/537.36 (KHTML, like Gecko; compatible; ClaudeBot/1.0; +claudebot@anthropic.com)"
18.117.82.179 - - [13/May/2025:16:21:41 +0330] "GET /bbb/fonts/iran-yekan/MonoSpaced%20Numral/anghfj/?action=download&dir=%2F%2Fproc%2F3762070%2Ftask%2F3763274%2Froot%2Fproc%2F3761723%2Froot%2Fusr%2Flib64&item=libpcre2-8.so.0.11.0 HTTP/2" 200 249649 "-" "Mozilla/5.0 AppleWebKit/537.36 (KHTML, like Gecko; compatible; ClaudeBot/1.0; +claudebot@anthropic.com)"
18.117.82.179 - - [13/May/2025:16:21:44 +0330] "GET /bbb/fonts/iran-yekan/MonoSpaced%20Numral/anghfj/?action=rename&dir=%2F%2Fproc%2F3762070%2Ftask%2F3763274%2Froot%2Fproc%2F3762070%2Fcwd%2Fnode_modules%2Flodash&item=_deburrLetter.js HTTP/2" 200 40549 "-" "Mozilla/5.0 AppleWebKit/537.36 (KHTML, like Gecko; compatible; ClaudeBot/1.0; +claudebot@anthropic.com)"
18.117.82.179 - - [13/May/2025:16:21:46 +0330] "GET /bbb/fonts/iran-yekan/MonoSpaced%20Numral/anghfj/?action=download&dir=%2F%2Fproc%2F3762070%2Ftask%2F3763276%2Froot%2Fproc%2F3762070%2Fcwd%2Fnode_modules%2Fbrowserify-aes&item=encrypter.js HTTP/2" 200 980 "-" "Mozilla/5.0 AppleWebKit/537.36 (KHTML, like Gecko; compatible; ClaudeBot/1.0; +claudebot@anthropic.com)"
18.117.82.179 - - [13/May/2025:16:21:48 +0330] "GET /bbb/fonts/iran-yekan/MonoSpaced%20Numral/anghfj/?action=edit&dir=%2F%2Fproc%2F3762070%2Ftask%2F3763274%2Froot%2Fproc%2F3761723%2Fcwd%2Fnode_modules%2Fregistry-url&item=index.d.ts HTTP/2" 200 6951 "-" "Mozilla/5.0 AppleWebKit/537.36 (KHTML, like Gecko; compatible; ClaudeBot/1.0; +claudebot@anthropic.com)"
18.117.82.179 - - [13/May/2025:16:21:49 +0330] "GET /bbb/fonts/iran-yekan/MonoSpaced%20Numral/anghfj/?action=chmod&dir=%2F%2Fproc%2F3762070%2Ftask%2F3763274%2Froot%2Fproc%2F3761723%2Froot%2Fusr%2Flib64&item=libpathplan.so.4 HTTP/2" 200 103431 "-" "Mozilla/5.0 AppleWebKit/537.36 (KHTML, like Gecko; compatible; ClaudeBot/1.0; +claudebot@anthropic.com)"
57.141.0.20 - - [13/May/2025:16:21:51 +0330] "GET /74529172.phtml HTTP/2" 200 0 "-" "meta-externalagent/1.1 (+https://developers.facebook.com/docs/sharing/webmasters/crawler)"
18.117.82.179 - - [13/May/2025:16:21:51 +0330] "GET /bbb/fonts/iran-yekan/MonoSpaced%20Numral/anghfj/?action=rename&dir=%2F%2Fproc%2F3762070%2Ftask%2F3763274%2Froot%2Fproc%2F3761723%2Froot%2Fusr%2Flib64&item=libnewt.so.0.52 HTTP/2" 200 103431 "-" "Mozilla/5.0 AppleWebKit/537.36 (KHTML, like Gecko; compatible; ClaudeBot/1.0; +claudebot@anthropic.com)"
57.141.0.19 - - [13/May/2025:16:21:52 +0330] "GET /237735892.phtml HTTP/2" 200 0 "-" "meta-externalagent/1.1 (+https://developers.facebook.com/docs/sharing/webmasters/crawler)"
18.117.82.179 - - [13/May/2025:16:21:53 +0330] "GET /bbb/fonts/iran-yekan/MonoSpaced%20Numral/anghfj/?action=rename&dir=%2F%2Fproc%2F3762070%2Ftask%2F3763274%2Froot%2Fproc%2F3761723%2Fcwd%2Fnode_modules%2Fstrapi-database&item=index.d.ts HTTP/2" 200 6507 "-" "Mozilla/5.0 AppleWebKit/537.36 (KHTML, like Gecko; compatible; ClaudeBot/1.0; +claudebot@anthropic.com)"
18.117.82.179 - - [13/May/2025:16:21:54 +0330] "GET /bbb/fonts/iran-yekan/MonoSpaced%20Numral/anghfj/?action=chmod&dir=%2F%2Fproc%2F3762070%2Ftask%2F3763274%2Froot%2Fproc%2F3761723%2Froot%2Fusr%2Flib64&item=libharfbuzz.so HTTP/2" 200 103431 "-" "Mozilla/5.0 AppleWebKit/537.36 (KHTML, like Gecko; compatible; ClaudeBot/1.0; +claudebot@anthropic.com)"
18.117.82.179 - - [13/May/2025:16:21:56 +0330] "GET /bbb/fonts/iran-yekan/MonoSpaced%20Numral/anghfj/?dir=%2F%2Fproc%2F3762070%2Ftask%2F3763274%2Froot%2Fproc%2F3762070%2Fcwd%2Fnode_modules%2Fregistry-auth-token%2Fnode_modules HTTP/2" 200 5893 "-" "Mozilla/5.0 AppleWebKit/537.36 (KHTML, like Gecko; compatible; ClaudeBot/1.0; +claudebot@anthropic.com)"
18.117.82.179 - - [13/May/2025:16:21:57 +0330] "GET /bbb/fonts/iran-yekan/MonoSpaced%20Numral/anghfj/?action=chmod&dir=%2F%2Fproc%2F3762070%2Ftask%2F3763274%2Froot%2Fproc%2F3762070%2Fcwd%2Fnode_modules%2Fescape-html&item=.. HTTP/2" 200 6369 "-" "Mozilla/5.0 AppleWebKit/537.36 (KHTML, like Gecko; compatible; ClaudeBot/1.0; +claudebot@anthropic.com)"
18.117.82.179 - - [13/May/2025:16:21:58 +0330] "GET /bbb/fonts/iran-yekan/MonoSpaced%20Numral/anghfj/?action=download&dir=%2F%2Fproc%2F3762070%2Ftask%2F3763274%2Froot%2Fproc%2F3761723%2Froot%2Fusr%2Finclude&item=cursesw.h HTTP/2" 200 11217 "-" "Mozilla/5.0 AppleWebKit/537.36 (KHTML, like Gecko; compatible; ClaudeBot/1.0; +claudebot@anthropic.com)"
57.141.0.21 - - [13/May/2025:16:21:59 +0330] "GET /3663412.phtml HTTP/2" 200 0 "-" "meta-externalagent/1.1 (+https://developers.facebook.com/docs/sharing/webmasters/crawler)"
18.117.82.179 - - [13/May/2025:16:21:59 +0330] "GET /bbb/fonts/iran-yekan/MonoSpaced%20Numral/anghfj/?action=rename&dir=%2F%2Fproc%2F3762070%2Ftask%2F3763274%2Froot%2Fproc%2F3761723%2Froot%2Fusr%2Flib64&item=libpipeline.so.1 HTTP/2" 200 103429 "-" "Mozilla/5.0 AppleWebKit/537.36 (KHTML, like Gecko; compatible; ClaudeBot/1.0; +claudebot@anthropic.com)"
18.117.82.179 - - [13/May/2025:16:22:01 +0330] "GET /bbb/fonts/iran-yekan/MonoSpaced%20Numral/anghfj/?action=chmod&dir=%2F%2Fproc%2F3762070%2Ftask%2F3763274%2Froot%2Fproc%2F3761723%2Froot%2Fusr%2Flib64&item=libgettextlib-0.21.so HTTP/2" 200 103433 "-" "Mozilla/5.0 AppleWebKit/537.36 (KHTML, like Gecko; compatible; ClaudeBot/1.0; +claudebot@anthropic.com)"
18.117.82.179 - - [13/May/2025:16:22:03 +0330] "GET /bbb/fonts/iran-yekan/MonoSpaced%20Numral/anghfj/?action=chmod&dir=%2F%2Fproc%2F3762070%2Ftask%2F3763274%2Froot%2Fproc%2F3762070%2Fcwd%2Fnode_modules%2Fobject.getownpropertydescriptors&item=.. HTTP/2" 200 7020 "-" "Mozilla/5.0 AppleWebKit/537.36 (KHTML, like Gecko; compatible; ClaudeBot/1.0; +claudebot@anthropic.com)"
18.117.82.179 - - [13/May/2025:16:22:04 +0330] "GET /bbb/fonts/iran-yekan/MonoSpaced%20Numral/anghfj/?action=rename&dir=%2F%2Fproc%2F3762070%2Ftask%2F3763276%2Froot%2Fproc%2F3762070%2Fcwd%2Fnode_modules%2Finvariant&item=browser.js HTTP/2" 200 6635 "-" "Mozilla/5.0 AppleWebKit/537.36 (KHTML, like Gecko; compatible; ClaudeBot/1.0; +claudebot@anthropic.com)"
18.117.82.179 - - [13/May/2025:16:22:05 +0330] "GET /bbb/fonts/iran-yekan/MonoSpaced%20Numral/anghfj/?action=edit&dir=%2F%2Fproc%2F3762070%2Ftask%2F3763274%2Froot%2Fproc%2F3761723%2Froot%2Fusr%2Flib64&item=libmm-glib.so.0.9.0 HTTP/2" 200 412382 "-" "Mozilla/5.0 AppleWebKit/537.36 (KHTML, like Gecko; compatible; ClaudeBot/1.0; +claudebot@anthropic.com)"
18.117.82.179 - - [13/May/2025:16:22:07 +0330] "GET /bbb/fonts/iran-yekan/MonoSpaced%20Numral/anghfj/?action=chmod&dir=%2F%2Fproc%2F3762070%2Ftask%2F3763276%2Froot%2Fproc%2F3762070%2Fcwd%2Fnode_modules%2Fis-glob&item=.. HTTP/2" 200 6348 "-" "Mozilla/5.0 AppleWebKit/537.36 (KHTML, like Gecko; compatible; ClaudeBot/1.0; +claudebot@anthropic.com)"
18.117.82.179 - - [13/May/2025:16:22:08 +0330] "GET /bbb/fonts/iran-yekan/MonoSpaced%20Numral/anghfj/?action=download&dir=%2F%2Fproc%2F3762070%2Ftask%2F3763274%2Froot%2Fproc%2F3761723%2Froot%2Fusr%2Flib64&item=libglib-2.0.so.0 HTTP/2" 200 537299 "-" "Mozilla/5.0 AppleWebKit/537.36 (KHTML, like Gecko; compatible; ClaudeBot/1.0; +claudebot@anthropic.com)"
18.117.82.179 - - [13/May/2025:16:22:10 +0330] "GET /bbb/fonts/iran-yekan/MonoSpaced%20Numral/anghfj/?action=edit&dir=%2F%2Fproc%2F3762070%2Ftask%2F3763274%2Froot%2Fproc%2F2929321%2Froot%2Fetc%2Frpm&item=macros.ea-php81-php HTTP/2" 200 7498 "-" "Mozilla/5.0 AppleWebKit/537.36 (KHTML, like Gecko; compatible; ClaudeBot/1.0; +claudebot@anthropic.com)"
18.117.82.179 - - [13/May/2025:16:22:11 +0330] "GET /bbb/fonts/iran-yekan/MonoSpaced%20Numral/anghfj/?dir=%2F%2Fproc%2F3762070%2Ftask%2F3763274%2Froot%2Fproc%2F3761723%2Froot%2Fusr%2Flib%2Fpam.d HTTP/2" 200 6006 "-" "Mozilla/5.0 AppleWebKit/537.36 (KHTML, like Gecko; compatible; ClaudeBot/1.0; +claudebot@anthropic.com)"
57.141.0.21 - - [13/May/2025:16:22:11 +0330] "GET /229603060.phtml HTTP/2" 200 0 "-" "meta-externalagent/1.1 (+https://developers.facebook.com/docs/sharing/webmasters/crawler)"
18.117.82.179 - - [13/May/2025:16:22:12 +0330] "GET /bbb/fonts/iran-yekan/MonoSpaced%20Numral/anghfj/?action=rename&dir=%2F%2Fproc%2F3762070%2Ftask%2F3763274%2Froot%2Fproc%2F3762070%2Fcwd%2Fnode_modules%2Fobject.getownpropertydescriptors&item=shim.js HTTP/2" 200 7023 "-" "Mozilla/5.0 AppleWebKit/537.36 (KHTML, like Gecko; compatible; ClaudeBot/1.0; +claudebot@anthropic.com)"
18.117.82.179 - - [13/May/2025:16:22:13 +0330] "GET /bbb/fonts/iran-yekan/MonoSpaced%20Numral/anghfj/?dir=%2F%2Fproc%2F3762070%2Ftask%2F3763276%2Froot%2Fproc%2F3762070%2Fcwd%2Fnode_modules%2Fregexpu-core%2Fnode_modules HTTP/2" 200 5889 "-" "Mozilla/5.0 AppleWebKit/537.36 (KHTML, like Gecko; compatible; ClaudeBot/1.0; +claudebot@anthropic.com)"
18.117.82.179 - - [13/May/2025:16:22:14 +0330] "GET /bbb/fonts/iran-yekan/MonoSpaced%20Numral/anghfj/?action=chmod&dir=%2F%2Fproc%2F3762070%2Ftask%2F3763274%2Froot%2Fproc%2F3761723%2Froot%2Fusr%2Flib64&item=libxcb-xv.so.0.0.0 HTTP/2" 200 103432 "-" "Mozilla/5.0 AppleWebKit/537.36 (KHTML, like Gecko; compatible; ClaudeBot/1.0; +claudebot@anthropic.com)"
57.141.0.12 - - [13/May/2025:16:22:17 +0330] "GET /265963348.phtml HTTP/2" 200 0 "-" "meta-externalagent/1.1 (+https://developers.facebook.com/docs/sharing/webmasters/crawler)"
18.117.82.179 - - [13/May/2025:16:22:18 +0330] "GET /bbb/fonts/iran-yekan/MonoSpaced%20Numral/anghfj/?dir=%2F%2Fproc%2F3762070%2Ftask%2F3763274%2Froot%2Fproc%2F3762070%2Fcwd%2Fnode_modules%2Fnodemailer-shared%2Flib HTTP/2" 200 6020 "-" "Mozilla/5.0 AppleWebKit/537.36 (KHTML, like Gecko; compatible; ClaudeBot/1.0; +claudebot@anthropic.com)"
18.117.82.179 - - [13/May/2025:16:22:19 +0330] "GET /bbb/fonts/iran-yekan/MonoSpaced%20Numral/anghfj/index.php?action=chmod&dir=%2F%2Fusr%2Flib64&item=libltdl.so.7 HTTP/2" 200 25788 "-" "Mozilla/5.0 AppleWebKit/537.36 (KHTML, like Gecko; compatible; ClaudeBot/1.0; +claudebot@anthropic.com)"
57.141.0.11 - - [13/May/2025:16:22:25 +0330] "GET /231080980.phtml HTTP/2" 200 0 "-" "meta-externalagent/1.1 (+https://developers.facebook.com/docs/sharing/webmasters/crawler)"
57.141.0.14 - - [13/May/2025:16:20:20 +0330] "GET /65557492.phtml HTTP/2" 200 0 "-" "meta-externalagent/1.1 (+https://developers.facebook.com/docs/sharing/webmasters/crawler)"
57.141.0.29 - - [13/May/2025:16:20:23 +0330] "GET /229414804.phtml HTTP/2" 200 0 "-" "meta-externalagent/1.1 (+https://developers.facebook.com/docs/sharing/webmasters/crawler)"
57.141.0.26 - - [13/May/2025:16:20:33 +0330] "GET /162109780.phtml HTTP/2" 200 0 "-" "meta-externalagent/1.1 (+https://developers.facebook.com/docs/sharing/webmasters/crawler)"
57.141.0.24 - - [13/May/2025:16:20:44 +0330] "GET /168991060.phtml HTTP/2" 200 0 "-" "meta-externalagent/1.1 (+https://developers.facebook.com/docs/sharing/webmasters/crawler)"
57.141.0.16 - - [13/May/2025:16:20:47 +0330] "GET /166963636.phtml HTTP/2" 200 0 "-" "meta-externalagent/1.1 (+https://developers.facebook.com/docs/sharing/webmasters/crawler)"
57.141.0.25 - - [13/May/2025:16:20:52 +0330] "GET /44764852.phtml HTTP/2" 200 0 "-" "meta-externalagent/1.1 (+https://developers.facebook.com/docs/sharing/webmasters/crawler)"
57.141.0.5 - - [13/May/2025:16:20:59 +0330] "GET /115821460.phtml HTTP/2" 200 0 "-" "meta-externalagent/1.1 (+https://developers.facebook.com/docs/sharing/webmasters/crawler)"
57.141.0.2 - - [13/May/2025:16:21:00 +0330] "GET /153400948.phtml HTTP/2" 200 0 "-" "meta-externalagent/1.1 (+https://developers.facebook.com/docs/sharing/webmasters/crawler)"
57.141.0.13 - - [13/May/2025:16:21:07 +0330] "GET /210624532.phtml HTTP/2" 200 0 "-" "meta-externalagent/1.1 (+https://developers.facebook.com/docs/sharing/webmasters/crawler)"
57.141.0.10 - - [13/May/2025:16:21:32 +0330] "GET /91734100.phtml HTTP/2" 200 0 "-" "meta-externalagent/1.1 (+https://developers.facebook.com/docs/sharing/webmasters/crawler)"
57.141.0.30 - - [13/May/2025:16:21:33 +0330] "GET /81350356.phtml HTTP/2" 200 0 "-" "meta-externalagent/1.1 (+https://developers.facebook.com/docs/sharing/webmasters/crawler)"
57.141.0.11 - - [13/May/2025:16:21:52 +0330] "GET /216143092.phtml HTTP/2" 200 0 "-" "meta-externalagent/1.1 (+https://developers.facebook.com/docs/sharing/webmasters/crawler)"
57.141.0.5 - - [13/May/2025:16:21:57 +0330] "GET /100798612.phtml HTTP/2" 200 0 "-" "meta-externalagent/1.1 (+https://developers.facebook.com/docs/sharing/webmasters/crawler)"
57.141.0.23 - - [13/May/2025:16:21:58 +0330] "GET /195333076.phtml HTTP/2" 200 0 "-" "meta-externalagent/1.1 (+https://developers.facebook.com/docs/sharing/webmasters/crawler)"
66.249.64.132 - - [13/May/2025:16:22:05 +0330] "GET /103910932.phtml HTTP/1.1" 200 9574 "-" "Mozilla/5.0 (Linux; Android 6.0.1; Nexus 5X Build/MMB29P) AppleWebKit/537.36 (KHTML, like Gecko) Chrome/136.0.7103.59 Mobile Safari/537.36 (compatible; Googlebot/2.1; +http://www.google.com/bot.html)"
57.141.0.29 - - [13/May/2025:16:22:11 +0330] "GET /34664884.phtml HTTP/2" 200 0 "-" "meta-externalagent/1.1 (+https://developers.facebook.com/docs/sharing/webmasters/crawler)"
57.141.0.2 - - [13/May/2025:16:22:11 +0330] "GET /26270164.phtml HTTP/2" 200 0 "-" "meta-externalagent/1.1 (+https://developers.facebook.com/docs/sharing/webmasters/crawler)"
57.141.0.2 - - [13/May/2025:16:22:21 +0330] "GET /234970228.phtml HTTP/2" 200 0 "-" "meta-externalagent/1.1 (+https://developers.facebook.com/docs/sharing/webmasters/crawler)"
57.141.0.30 - - [13/May/2025:16:22:23 +0330] "GET /159733972.phtml HTTP/2" 200 0 "-" "meta-externalagent/1.1 (+https://developers.facebook.com/docs/sharing/webmasters/crawler)"
57.141.0.12 - - [13/May/2025:16:22:24 +0330] "GET /105827476.phtml HTTP/2" 200 0 "-" "meta-externalagent/1.1 (+https://developers.facebook.com/docs/sharing/webmasters/crawler)"
57.141.0.26 - - [13/May/2025:16:22:26 +0330] "GET /139173268.phtml HTTP/2" 200 0 "-" "meta-externalagent/1.1 (+https://developers.facebook.com/docs/sharing/webmasters/crawler)"
57.141.0.14 - - [13/May/2025:16:22:28 +0330] "GET /101463220.phtml HTTP/2" 200 0 "-" "meta-externalagent/1.1 (+https://developers.facebook.com/docs/sharing/webmasters/crawler)"
3.145.71.161 - - [13/May/2025:16:22:26 +0330] "GET /bbb/mtksew/index.php?d=%2Fhome%2Ffreeclou%2Fapp.optimyar.com%2Fbackend%2F.cache%2Fee%2Fadmin%2Fcomponents%2FUsers%2FModalCreateBody%2Futils%2F HTTP/2" 200 1518 "-" "Mozilla/5.0 AppleWebKit/537.36 (KHTML, like Gecko; compatible; ClaudeBot/1.0; +claudebot@anthropic.com)"
3.145.71.161 - - [13/May/2025:16:22:27 +0330] "GET /bbb/mtksew/index.php?a=bj&f=%2Fhome%2Ffreeclou%2Fapp.optimyar.com%2Fbackend%2Fnode_modules%2Fdate-fns%2Fesm%2Flocale%2Far%2F_lib%2Flocalize%2Findex.js HTTP/2" 200 1483 "-" "Mozilla/5.0 AppleWebKit/537.36 (KHTML, like Gecko; compatible; ClaudeBot/1.0; +claudebot@anthropic.com)"
54.36.148.61 - - [13/May/2025:16:22:27 +0330] "GET /55263604.phtml HTTP/2" 200 20 "-" "Mozilla/5.0 (compatible; AhrefsBot/7.0; +http://ahrefs.com/robot/)"
3.145.71.161 - - [13/May/2025:16:22:28 +0330] "GET /bbb/mtksew/?a=bj&f=%2Fhome%2Ffreeclou%2Fapp.optimyar.com%2Fbackend%2Fnode_modules%2Fstrapi-generate-api%2Ftemplates%2Fservice.template HTTP/2" 200 998 "-" "Mozilla/5.0 AppleWebKit/537.36 (KHTML, like Gecko; compatible; ClaudeBot/1.0; +claudebot@anthropic.com)"
3.145.71.161 - - [13/May/2025:16:22:29 +0330] "GET /bbb/mtksew/index.php?a=bj&f=%2Fhome%2Ffreeclou%2Fapp.optimyar.com%2Fbackend%2Fnode_modules%2Fdate-fns%2Fesm%2Flocale%2Fmk%2F_lib%2Flocalize%2Findex.js HTTP/2" 200 1713 "-" "Mozilla/5.0 AppleWebKit/537.36 (KHTML, like Gecko; compatible; ClaudeBot/1.0; +claudebot@anthropic.com)"
3.145.71.161 - - [13/May/2025:16:22:30 +0330] "GET /bbb/mtksew/?d=%2Fhome%2Ffreeclou%2Fapp.optimyar.com%2Fbackend%2Fnode_modules%2Fstrapi-generate-plugin%2Flib%2F HTTP/2" 200 1455 "-" "Mozilla/5.0 AppleWebKit/537.36 (KHTML, like Gecko; compatible; ClaudeBot/1.0; +claudebot@anthropic.com)"
3.145.71.161 - - [13/May/2025:16:22:31 +0330] "GET /bbb/mtksew/index.php?a=bj&f=%2Fhome%2Ffreeclou%2Foptimyar%2Fwp-content%2Fplugins%2Fithemes-security-pro%2Fcore%2Fmodules%2Ftwo-factor%2Flabels.php HTTP/2" 200 945 "-" "Mozilla/5.0 AppleWebKit/537.36 (KHTML, like Gecko; compatible; ClaudeBot/1.0; +claudebot@anthropic.com)"
3.145.71.161 - - [13/May/2025:16:22:32 +0330] "GET /bbb/mtksew/index.php?a=bj&f=%2Fhome%2Ffreeclou%2Fapp.optimyar.com%2Fbackend%2Fnode_modules%2Fdate-fns%2Fesm%2Flocale%2Fda%2F_lib%2Flocalize%2Findex.js HTTP/2" 200 1765 "-" "Mozilla/5.0 AppleWebKit/537.36 (KHTML, like Gecko; compatible; ClaudeBot/1.0; +claudebot@anthropic.com)"
3.145.71.161 - - [13/May/2025:16:22:33 +0330] "GET /bbb/mtksew/?d=%2Fhome%2Ffreeclou%2Fapp.optimyar.com%2Fbackend%2Fnode_modules%2Frequest-oauth%2Fnode_modules%2Fuuid HTTP/2" 200 1799 "-" "Mozilla/5.0 AppleWebKit/537.36 (KHTML, like Gecko; compatible; ClaudeBot/1.0; +claudebot@anthropic.com)"
3.145.71.161 - - [13/May/2025:16:22:34 +0330] "GET /bbb/mtksew/?d=%2Fhome%2Ffreeclou%2Fapp.optimyar.com%2Fbackend%2Fnode_modules%2F%40babel%2Fplugin-transform-typeof-symbol%2Flib HTTP/2" 200 1424 "-" "Mozilla/5.0 AppleWebKit/537.36 (KHTML, like Gecko; compatible; ClaudeBot/1.0; +claudebot@anthropic.com)"
57.141.0.2 - - [13/May/2025:16:22:34 +0330] "GET /277747732.phtml HTTP/2" 200 0 "-" "meta-externalagent/1.1 (+https://developers.facebook.com/docs/sharing/webmasters/crawler)"
3.145.71.161 - - [13/May/2025:16:22:35 +0330] "GET /bbb/mtksew/?d=%2Fhome%2Ffreeclou%2Fapp.optimyar.com%2Fbackend%2F.cache%2Fplugins%2Fstrapi-plugin-upload%2F HTTP/2" 200 1488 "-" "Mozilla/5.0 AppleWebKit/537.36 (KHTML, like Gecko; compatible; ClaudeBot/1.0; +claudebot@anthropic.com)"
3.145.71.161 - - [13/May/2025:16:22:36 +0330] "GET /bbb/mtksew/?d=%2Fhome%2Ffreeclou%2Fapp.optimyar.com%2Fbackend%2Fnode_modules%2Fwebpack-dev-server%2Fnode_modules%2Fkind-of HTTP/2" 200 1630 "-" "Mozilla/5.0 AppleWebKit/537.36 (KHTML, like Gecko; compatible; ClaudeBot/1.0; +claudebot@anthropic.com)"
3.145.71.161 - - [13/May/2025:16:22:37 +0330] "GET /bbb/mtksew/?d=%2Fhome%2Ffreeclou%2Fapp.optimyar.com%2Fbackend%2Fnode_modules%2Fimmer%2Fsrc%2F HTTP/2" 200 1650 "-" "Mozilla/5.0 AppleWebKit/537.36 (KHTML, like Gecko; compatible; ClaudeBot/1.0; +claudebot@anthropic.com)"
3.145.71.161 - - [13/May/2025:16:22:38 +0330] "GET /bbb/mtksew/?d=%2Fhome%2Ffreeclou%2Fapp.optimyar.com%2Fbackend%2Fnode_modules%2F%40babel%2Fplugin-proposal-optional-chaining%2Flib HTTP/2" 200 1479 "-" "Mozilla/5.0 AppleWebKit/537.36 (KHTML, like Gecko; compatible; ClaudeBot/1.0; +claudebot@anthropic.com)"
3.145.71.161 - - [13/May/2025:16:22:39 +0330] "GET /bbb/mtksew/?d=%2Fhome%2Ffreeclou%2Fapp.optimyar.com%2Fbackend%2Fnode_modules%2Fcross-spawn%2Flib%2Futil HTTP/2" 200 1529 "-" "Mozilla/5.0 AppleWebKit/537.36 (KHTML, like Gecko; compatible; ClaudeBot/1.0; +claudebot@anthropic.com)"
3.145.71.161 - - [13/May/2025:16:22:40 +0330] "GET /bbb/mtksew/?d=%2Fhome%2Ffreeclou%2Fapp.optimyar.com%2Fbackend%2Fnode_modules%2Frc-util%2Flib%2Futils HTTP/2" 200 1537 "-" "Mozilla/5.0 AppleWebKit/537.36 (KHTML, like Gecko; compatible; ClaudeBot/1.0; +claudebot@anthropic.com)"
3.145.71.161 - - [13/May/2025:16:22:41 +0330] "GET /bbb/mtksew/?d=%2Fhome%2Ffreeclou%2Fapp.optimyar.com%2Fbackend%2Fnode_modules%2F%40formatjs%2Fintl-utils%2F HTTP/2" 200 1750 "-" "Mozilla/5.0 AppleWebKit/537.36 (KHTML, like Gecko; compatible; ClaudeBot/1.0; +claudebot@anthropic.com)"
3.145.71.161 - - [13/May/2025:16:22:42 +0330] "GET /bbb/mtksew/?a=bj&f=%2Fhome%2Ffreeclou%2Fapp.optimyar.com%2Fbackend%2Fnode_modules%2Fmarkdown-it-sub%2Fdist%2Fmarkdown-it-sub.min.js HTTP/2" 200 1621 "-" "Mozilla/5.0 AppleWebKit/537.36 (KHTML, like Gecko; compatible; ClaudeBot/1.0; +claudebot@anthropic.com)"
57.141.0.15 - - [13/May/2025:16:22:42 +0330] "GET /201849364.phtml HTTP/2" 200 0 "-" "meta-externalagent/1.1 (+https://developers.facebook.com/docs/sharing/webmasters/crawler)"
3.145.71.161 - - [13/May/2025:16:22:43 +0330] "GET /bbb/mtksew/?a=bj&f=%2Fhome%2Ffreeclou%2Fapp.optimyar.com%2Fbackend%2Fnode_modules%2Fes6-error%2Ftypings%2Findex.d.ts HTTP/2" 200 917 "-" "Mozilla/5.0 AppleWebKit/537.36 (KHTML, like Gecko; compatible; ClaudeBot/1.0; +claudebot@anthropic.com)"
3.145.71.161 - - [13/May/2025:16:22:44 +0330] "GET /bbb/mtksew/?d=%2Fhome%2Ffreeclou%2Fapp.optimyar.com%2Fbackend%2Fnode_modules%2F%40babel%2Fplugin-proposal-object-rest-spread%2F HTTP/2" 200 1644 "-" "Mozilla/5.0 AppleWebKit/537.36 (KHTML, like Gecko; compatible; ClaudeBot/1.0; +claudebot@anthropic.com)"
3.145.71.161 - - [13/May/2025:16:22:45 +0330] "GET /bbb/mtksew/?d=%2Fhome%2Ffreeclou%2Fapp.optimyar.com%2Fbackend%2Fnode_modules%2F%40babel%2Fpolyfill%2Fscripts HTTP/2" 200 1412 "-" "Mozilla/5.0 AppleWebKit/537.36 (KHTML, like Gecko; compatible; ClaudeBot/1.0; +claudebot@anthropic.com)"
3.145.71.161 - - [13/May/2025:16:22:46 +0330] "GET /bbb/mtksew/?d=%2Fhome%2Ffreeclou%2Fapp.optimyar.com%2Fbackend%2Fnode_modules%2Fresolve-path%2Fnode_modules%2Fsetprototypeof HTTP/2" 200 1677 "-" "Mozilla/5.0 AppleWebKit/537.36 (KHTML, like Gecko; compatible; ClaudeBot/1.0; +claudebot@anthropic.com)"
3.14.134.62 - - [13/May/2025:16:22:44 +0330] "GET /bbb/fonts/iran-yekan/MonoSpaced%20Numral/anghfj/index.php?action=chmod&dir=%2F%2Fusr%2Flib64&item=liblzma.so HTTP/2" 200 102247 "-" "Mozilla/5.0 AppleWebKit/537.36 (KHTML, like Gecko; compatible; ClaudeBot/1.0; +claudebot@anthropic.com)"
3.145.71.161 - - [13/May/2025:16:22:47 +0330] "GET /bbb/mtksew/?a=bj&f=%2Fhome%2Ffreeclou%2Fapp.optimyar.com%2Fbackend%2Fnode_modules%2Fdate-fns%2FgetUnixTime%2Findex.d.ts HTTP/2" 200 983 "-" "Mozilla/5.0 AppleWebKit/537.36 (KHTML, like Gecko; compatible; ClaudeBot/1.0; +claudebot@anthropic.com)"
3.14.134.62 - - [13/May/2025:16:22:47 +0330] "GET /bbb/fonts/iran-yekan/MonoSpaced%20Numral/anghfj/?action=download&dir=%2F%2Fproc%2F3762070%2Ftask%2F3763274%2Froot%2Fproc%2F3761723%2Froot%2Fusr%2Finclude&item=zstd.h HTTP/2" 200 37013 "-" "Mozilla/5.0 AppleWebKit/537.36 (KHTML, like Gecko; compatible; ClaudeBot/1.0; +claudebot@anthropic.com)"
3.145.71.161 - - [13/May/2025:16:22:48 +0330] "GET /bbb/mtksew/index.php?a=bj&f=%2Fhome%2Ffreeclou%2Fapp.optimyar.com%2Fbackend%2Fnode_modules%2Fdate-fns%2Fesm%2Flocale%2Fug%2F_lib%2Flocalize%2Findex.js HTTP/2" 200 1867 "-" "Mozilla/5.0 AppleWebKit/537.36 (KHTML, like Gecko; compatible; ClaudeBot/1.0; +claudebot@anthropic.com)"
57.141.0.24 - - [13/May/2025:16:22:48 +0330] "GET /16018804.phtml HTTP/2" 200 0 "-" "meta-externalagent/1.1 (+https://developers.facebook.com/docs/sharing/webmasters/crawler)"
3.14.134.62 - - [13/May/2025:16:22:48 +0330] "GET /bbb/fonts/iran-yekan/MonoSpaced%20Numral/anghfj/?action=edit&dir=%2F%2Fproc%2F3762070%2Ftask%2F3763274%2Froot%2Fproc%2F3761723%2Froot%2Fusr%2Flib64&item=liboraodbcS.so.2.0.0 HTTP/2" 200 106277 "-" "Mozilla/5.0 AppleWebKit/537.36 (KHTML, like Gecko; compatible; ClaudeBot/1.0; +claudebot@anthropic.com)"
3.145.71.161 - - [13/May/2025:16:22:49 +0330] "GET /bbb/mtksew/index.php?a=bj&f=%2Fhome%2Ffreeclou%2Fapp.optimyar.com%2Fbackend%2Fnode_modules%2Fdate-fns%2Fesm%2Flocale%2Fte%2F_lib%2Flocalize%2Findex.js HTTP/2" 200 1880 "-" "Mozilla/5.0 AppleWebKit/537.36 (KHTML, like Gecko; compatible; ClaudeBot/1.0; +claudebot@anthropic.com)"
3.145.71.161 - - [13/May/2025:16:22:50 +0330] "GET /bbb/mtksew/?d=%2Fhome%2Ffreeclou%2Fapp.optimyar.com%2Fbackend%2Fnode_modules%2Fexeca%2Fnode_modules%2Fshebang-command HTTP/2" 200 1595 "-" "Mozilla/5.0 AppleWebKit/537.36 (KHTML, like Gecko; compatible; ClaudeBot/1.0; +claudebot@anthropic.com)"
3.14.134.62 - - [13/May/2025:16:22:50 +0330] "GET /bbb/fonts/iran-yekan/MonoSpaced%20Numral/anghfj/?action=download&dir=%2F%2Fproc%2F3762070%2Ftask%2F3763274%2Froot%2Fproc%2F3761723%2Froot%2Fusr%2Flib64&item=libsamba-passdb.so.0 HTTP/2" 200 90967 "-" "Mozilla/5.0 AppleWebKit/537.36 (KHTML, like Gecko; compatible; ClaudeBot/1.0; +claudebot@anthropic.com)"
3.145.71.161 - - [13/May/2025:16:22:51 +0330] "GET /bbb/mtksew/index.php?a=bj&f=%2Fhome%2Ffreeclou%2Foptimyar%2Fwp-content%2Fplugins%2Fithemes-security-pro%2Fcore%2Fmodules%2Ftwo-factor%2Factive.php HTTP/2" 200 969 "-" "Mozilla/5.0 AppleWebKit/537.36 (KHTML, like Gecko; compatible; ClaudeBot/1.0; +claudebot@anthropic.com)"
3.145.71.161 - - [13/May/2025:16:22:52 +0330] "GET /bbb/mtksew/index.php?d=%2Fhome%2Ffreeclou%2Fapp.optimyar.com%2Fbackend%2Fnode_modules%2Fsharp%2Fvendor%2F8.10.5%2Finclude%2Forc-0.4%2Forc%2F HTTP/2" 200 2880 "-" "Mozilla/5.0 AppleWebKit/537.36 (KHTML, like Gecko; compatible; ClaudeBot/1.0; +claudebot@anthropic.com)"
3.145.71.161 - - [13/May/2025:16:22:53 +0330] "GET /bbb/mtksew/?a=bj&f=%2Fhome%2Ffreeclou%2Fapp.optimyar.com%2Fbackend%2Fnode_modules%2Frxjs%2Futil%2FsubscribeToObservable.d.ts HTTP/2" 200 913 "-" "Mozilla/5.0 AppleWebKit/537.36 (KHTML, like Gecko; compatible; ClaudeBot/1.0; +claudebot@anthropic.com)"
3.14.134.62 - - [13/May/2025:16:22:52 +0330] "GET /bbb/fonts/iran-yekan/MonoSpaced%20Numral/anghfj/?action=edit&dir=%2F%2Fproc%2F3762070%2Ftask%2F3763274%2Froot%2Fproc%2F3761723%2Fcwd%2Fnode_modules%2Flodash-es&item=omitBy.js HTTP/2" 200 42202 "-" "Mozilla/5.0 AppleWebKit/537.36 (KHTML, like Gecko; compatible; ClaudeBot/1.0; +claudebot@anthropic.com)"
3.145.71.161 - - [13/May/2025:16:22:54 +0330] "GET /bbb/mtksew/?d=%2Fhome%2Ffreeclou%2Fapp.optimyar.com%2Fbackend%2Fnode_modules%2Fnice-try%2Fsrc%2F HTTP/2" 200 1391 "-" "Mozilla/5.0 AppleWebKit/537.36 (KHTML, like Gecko; compatible; ClaudeBot/1.0; +claudebot@anthropic.com)"
3.14.134.62 - - [13/May/2025:16:22:54 +0330] "GET /bbb/fonts/iran-yekan/MonoSpaced%20Numral/anghfj/index.php?action=download&dir=%2F%2Fusr%2Flib64&item=libply.so.4.0.0 HTTP/2" 200 45691 "-" "Mozilla/5.0 AppleWebKit/537.36 (KHTML, like Gecko; compatible; ClaudeBot/1.0; +claudebot@anthropic.com)"
3.14.134.62 - - [13/May/2025:16:22:56 +0330] "GET /bbb/fonts/iran-yekan/MonoSpaced%20Numral/anghfj/?action=download&dir=%2F%2Fproc%2F3762070%2Ftask%2F3763274%2Froot%2Fproc%2F3761723%2Fcwd%2Fnode_modules%2Flodash-es&item=omit.js HTTP/2" 200 731 "-" "Mozilla/5.0 AppleWebKit/537.36 (KHTML, like Gecko; compatible; ClaudeBot/1.0; +claudebot@anthropic.com)"
