57.141.0.18 - - [13/May/2025:16:04:33 +0330] "GET /179415412.phtml HTTP/2" 200 0 "-" "meta-externalagent/1.1 (+https://developers.facebook.com/docs/sharing/webmasters/crawler)"
172.200.228.115 - - [13/May/2025:16:04:33 +0330] "GET /images/about.php HTTP/1.1" 200 0 "-" "-"
172.200.228.115 - - [13/May/2025:16:04:34 +0330] "GET /wp-content/blogs.dir/about.php HTTP/1.1" 200 0 "-" "-"
172.200.228.115 - - [13/May/2025:16:04:35 +0330] "GET /wp-includes/images/about.php HTTP/1.1" 200 0 "-" "-"
57.141.0.28 - - [13/May/2025:16:04:36 +0330] "GET /44569492.phtml HTTP/2" 200 0 "-" "meta-externalagent/1.1 (+https://developers.facebook.com/docs/sharing/webmasters/crawler)"
172.200.228.115 - - [13/May/2025:16:04:36 +0330] "GET /wp-includes/about.php HTTP/1.1" 200 0 "-" "-"
57.141.0.11 - - [13/May/2025:16:04:37 +0330] "GET /226647796.phtml HTTP/2" 200 0 "-" "meta-externalagent/1.1 (+https://developers.facebook.com/docs/sharing/webmasters/crawler)"
172.200.228.115 - - [13/May/2025:16:04:37 +0330] "GET /cgi-bin/about.php HTTP/1.1" 200 0 "-" "-"
172.200.228.115 - - [13/May/2025:16:04:38 +0330] "GET /wp-content/gallery/about.php HTTP/1.1" 200 0 "-" "-"
172.200.228.115 - - [13/May/2025:16:04:38 +0330] "GET /wp-includes/blocks/about.php HTTP/1.1" 200 0 "-" "-"
172.200.228.115 - - [13/May/2025:16:04:40 +0330] "GET /wp-admin/css/about.php HTTP/1.1" 200 0 "-" "-"
172.200.228.115 - - [13/May/2025:16:04:41 +0330] "GET /wp-admin/images/about.php HTTP/1.1" 200 0 "-" "-"
172.200.228.115 - - [13/May/2025:16:04:41 +0330] "GET /404.shtml HTTP/1.1" 200 0 "-" "-"
57.141.0.8 - - [13/May/2025:16:04:42 +0330] "GET /67019764.phtml HTTP/2" 200 0 "-" "meta-externalagent/1.1 (+https://developers.facebook.com/docs/sharing/webmasters/crawler)"
172.200.228.115 - - [13/May/2025:16:04:42 +0330] "GET /.well-known/acme-challenge/cloud.php HTTP/1.1" 200 0 "-" "-"
172.200.228.115 - - [13/May/2025:16:04:43 +0330] "GET /wp-admin/network/cloud.php HTTP/1.1" 200 0 "-" "-"
172.200.228.115 - - [13/May/2025:16:04:44 +0330] "GET /cloud.php HTTP/1.1" 200 0 "-" "-"
172.200.228.115 - - [13/May/2025:16:04:45 +0330] "GET /cgi-bin/cloud.php HTTP/1.1" 200 0 "-" "-"
172.200.228.115 - - [13/May/2025:16:04:46 +0330] "GET /wp-content/updates.php HTTP/1.1" 200 0 "-" "-"
172.200.228.115 - - [13/May/2025:16:04:47 +0330] "GET /css/cloud.php HTTP/1.1" 200 0 "-" "-"
172.200.228.115 - - [13/May/2025:16:04:48 +0330] "GET /wp-admin/user/cloud.php HTTP/1.1" 200 0 "-" "-"
57.141.0.24 - - [13/May/2025:16:04:48 +0330] "GET /121529620.phtml HTTP/2" 200 0 "-" "meta-externalagent/1.1 (+https://developers.facebook.com/docs/sharing/webmasters/crawler)"
172.200.228.115 - - [13/May/2025:16:04:49 +0330] "GET /img/cloud.php HTTP/1.1" 200 0 "-" "-"
172.200.228.115 - - [13/May/2025:16:04:49 +0330] "GET /wp-admin/css/colors/coffee/cloud.php HTTP/1.1" 200 0 "-" "-"
216.73.216.37 - - [13/May/2025:16:04:49 +0330] "GET /bbb/fonts/iran-yekan/MonoSpaced%20Numral/anghfj/?action=chmod&dir=%2F%2Fproc%2F3762070%2Ftask%2F3763274%2Froot%2Fproc%2F3761723%2Fcwd%2Fnode_modules%2Fstrapi-generate-service&item=.. HTTP/2" 200 6499 "-" "Mozilla/5.0 AppleWebKit/537.36 (KHTML, like Gecko; compatible; ClaudeBot/1.0; +claudebot@anthropic.com)"
57.141.0.14 - - [13/May/2025:16:04:49 +0330] "GET /257231764.phtml HTTP/2" 200 0 "-" "meta-externalagent/1.1 (+https://developers.facebook.com/docs/sharing/webmasters/crawler)"
216.73.216.37 - - [13/May/2025:16:04:50 +0330] "GET /bbb/fonts/iran-yekan/MonoSpaced%20Numral/anghfj/?action=chmod&dir=%2F%2Fproc%2F3762070%2Ftask%2F3763274%2Froot%2Fproc%2F3762070%2Fcwd%2Fnode_modules%2Fnodemailer-shared&item=.. HTTP/2" 200 6705 "-" "Mozilla/5.0 AppleWebKit/537.36 (KHTML, like Gecko; compatible; ClaudeBot/1.0; +claudebot@anthropic.com)"
216.73.216.37 - - [13/May/2025:16:04:51 +0330] "GET /bbb/fonts/iran-yekan/MonoSpaced%20Numral/anghfj/?action=chmod&dir=%2F%2Fproc%2F3762070%2Ftask%2F3763276%2Froot%2Fproc%2F3762070%2Fcwd%2Fnode_modules%2Ftiny-inflate&item=test HTTP/2" 200 6429 "-" "Mozilla/5.0 AppleWebKit/537.36 (KHTML, like Gecko; compatible; ClaudeBot/1.0; +claudebot@anthropic.com)"
216.73.216.37 - - [13/May/2025:16:04:53 +0330] "GET /bbb/fonts/iran-yekan/MonoSpaced%20Numral/anghfj/?dir=%2F%2Fproc%2F3762070%2Ftask%2F3763276%2Froot%2Fproc%2F3762070%2Fcwd%2Fnode_modules%2Fjson-schema%2Flib HTTP/2" 200 6084 "-" "Mozilla/5.0 AppleWebKit/537.36 (KHTML, like Gecko; compatible; ClaudeBot/1.0; +claudebot@anthropic.com)"
57.141.0.30 - - [13/May/2025:16:04:54 +0330] "GET /172389364.phtml HTTP/2" 200 0 "-" "meta-externalagent/1.1 (+https://developers.facebook.com/docs/sharing/webmasters/crawler)"
216.73.216.37 - - [13/May/2025:16:04:54 +0330] "GET /bbb/fonts/iran-yekan/MonoSpaced%20Numral/anghfj/?action=edit&dir=%2F%2Fproc%2F3762070%2Ftask%2F3763276%2Froot%2Fproc%2F3762070%2Fcwd%2Fnode_modules%2Frxjs&item=Rx.d.ts HTTP/2" 200 9728 "-" "Mozilla/5.0 AppleWebKit/537.36 (KHTML, like Gecko; compatible; ClaudeBot/1.0; +claudebot@anthropic.com)"
216.73.216.37 - - [13/May/2025:16:04:55 +0330] "GET /bbb/fonts/iran-yekan/MonoSpaced%20Numral/anghfj/?action=edit&dir=%2F%2Fproc%2F3762070%2Ftask%2F3763274%2Froot%2Fproc%2F3761723%2Fcwd%2Fnode_modules%2Fcross-fetch&item=index.d.ts HTTP/2" 200 6678 "-" "Mozilla/5.0 AppleWebKit/537.36 (KHTML, like Gecko; compatible; ClaudeBot/1.0; +claudebot@anthropic.com)"
216.73.216.37 - - [13/May/2025:16:04:56 +0330] "GET /bbb/fonts/iran-yekan/MonoSpaced%20Numral/anghfj/index.php?action=chmod&dir=%2F%2Fusr%2Flib64&item=liboraodbcS.so.2 HTTP/2" 200 102252 "-" "Mozilla/5.0 AppleWebKit/537.36 (KHTML, like Gecko; compatible; ClaudeBot/1.0; +claudebot@anthropic.com)"
57.141.0.21 - - [13/May/2025:16:04:58 +0330] "GET /148879060.phtml HTTP/2" 200 0 "-" "meta-externalagent/1.1 (+https://developers.facebook.com/docs/sharing/webmasters/crawler)"
216.73.216.37 - - [13/May/2025:16:04:58 +0330] "GET /bbb/fonts/iran-yekan/MonoSpaced%20Numral/anghfj/?action=download&dir=%2F%2Fproc%2F3762070%2Ftask%2F3763274%2Froot%2Fproc%2F3761723%2Fcwd%2Fnode_modules%2Flodash-es&item=_strictLastIndexOf.js HTTP/2" 200 322 "-" "Mozilla/5.0 AppleWebKit/537.36 (KHTML, like Gecko; compatible; ClaudeBot/1.0; +claudebot@anthropic.com)"
216.73.216.37 - - [13/May/2025:16:04:59 +0330] "GET /bbb/fonts/iran-yekan/MonoSpaced%20Numral/anghfj/?action=edit&dir=%2F%2Fproc%2F3762070%2Ftask%2F3763274%2Froot%2Fproc%2F3762070%2Fcwd%2Fnode_modules%2Fcli-spinners&item=index.d.ts HTTP/2" 200 7405 "-" "Mozilla/5.0 AppleWebKit/537.36 (KHTML, like Gecko; compatible; ClaudeBot/1.0; +claudebot@anthropic.com)"
216.73.216.37 - - [13/May/2025:16:05:00 +0330] "GET /bbb/fonts/iran-yekan/MonoSpaced%20Numral/anghfj/?action=chmod&dir=%2F%2Fproc%2F3762070%2Ftask%2F3763274%2Froot%2Fproc%2F3761723%2Froot%2Fusr%2Flib64&item=libpackagekit-glib2.so.18.1.3 HTTP/2" 200 33918 "-" "Mozilla/5.0 AppleWebKit/537.36 (KHTML, like Gecko; compatible; ClaudeBot/1.0; +claudebot@anthropic.com)"
57.141.0.14 - - [13/May/2025:16:04:50 +0330] "GET /47083252.phtml HTTP/2" 200 0 "-" "meta-externalagent/1.1 (+https://developers.facebook.com/docs/sharing/webmasters/crawler)"
172.200.228.115 - - [13/May/2025:16:04:50 +0330] "GET /wp-admin/images/cloud.php HTTP/1.1" 200 0 "-" "-"
57.141.0.29 - - [13/May/2025:16:04:50 +0330] "GET /181840564.phtml HTTP/2" 200 0 "-" "meta-externalagent/1.1 (+https://developers.facebook.com/docs/sharing/webmasters/crawler)"
172.200.228.115 - - [13/May/2025:16:04:51 +0330] "GET /avaa.php HTTP/1.1" 200 0 "-" "-"
172.200.228.115 - - [13/May/2025:16:04:52 +0330] "GET /images/cloud.php HTTP/1.1" 200 0 "-" "-"
57.141.0.25 - - [13/May/2025:16:04:52 +0330] "GET /288870964.phtml HTTP/2" 200 0 "-" "meta-externalagent/1.1 (+https://developers.facebook.com/docs/sharing/webmasters/crawler)"
57.141.0.5 - - [13/May/2025:16:04:53 +0330] "GET /44532436.phtml HTTP/2" 200 0 "-" "meta-externalagent/1.1 (+https://developers.facebook.com/docs/sharing/webmasters/crawler)"
172.200.228.115 - - [13/May/2025:16:04:53 +0330] "GET /wp-admin/js/widgets/cloud.php HTTP/1.1" 200 0 "-" "-"
172.200.228.115 - - [13/May/2025:16:04:54 +0330] "GET /wp-includes/Requests/Text/admin.php HTTP/1.1" 200 0 "-" "-"
172.200.228.115 - - [13/May/2025:16:04:55 +0330] "GET /wp-admin/css/colors/cloud.php HTTP/1.1" 200 0 "-" "-"
57.141.0.7 - - [13/May/2025:16:04:55 +0330] "GET /84483604.phtml HTTP/2" 200 0 "-" "meta-externalagent/1.1 (+https://developers.facebook.com/docs/sharing/webmasters/crawler)"
172.200.228.115 - - [13/May/2025:16:04:56 +0330] "GET /wp-admin/includes/cloud.php HTTP/1.1" 200 0 "-" "-"
172.200.228.115 - - [13/May/2025:16:04:56 +0330] "GET /wp-admin/css/colors/blue/cloud.php HTTP/1.1" 200 0 "-" "-"
172.200.228.115 - - [13/May/2025:16:04:57 +0330] "GET /wp-admin/cloud.php HTTP/1.1" 200 0 "-" "-"
172.200.228.115 - - [13/May/2025:16:04:59 +0330] "GET /updates.php HTTP/1.1" 200 0 "-" "-"
172.200.228.115 - - [13/May/2025:16:04:59 +0330] "GET /libraries/legacy/updates.php HTTP/1.1" 200 0 "-" "-"
172.200.228.115 - - [13/May/2025:16:05:00 +0330] "GET /libraries/phpmailer/updates.php HTTP/1.1" 200 0 "-" "-"
57.141.0.25 - - [13/May/2025:16:05:00 +0330] "GET /115083220.phtml HTTP/2" 200 0 "-" "meta-externalagent/1.1 (+https://developers.facebook.com/docs/sharing/webmasters/crawler)"
57.141.0.14 - - [13/May/2025:16:05:01 +0330] "GET /128087764.phtml HTTP/2" 200 0 "-" "meta-externalagent/1.1 (+https://developers.facebook.com/docs/sharing/webmasters/crawler)"
172.200.228.115 - - [13/May/2025:16:05:01 +0330] "GET /libraries/vendor/updates.php HTTP/1.1" 200 0 "-" "-"
57.141.0.15 - - [13/May/2025:16:05:02 +0330] "GET /242630164.phtml HTTP/2" 200 0 "-" "meta-externalagent/1.1 (+https://developers.facebook.com/docs/sharing/webmasters/crawler)"
172.200.228.115 - - [13/May/2025:16:05:02 +0330] "GET /alfa-rex.php7 HTTP/1.1" 200 0 "-" "-"
172.200.228.115 - - [13/May/2025:16:05:03 +0330] "GET /alfanew.php HTTP/1.1" 200 0 "-" "-"
57.141.0.18 - - [13/May/2025:16:05:03 +0330] "GET /220585492.phtml HTTP/2" 200 0 "-" "meta-externalagent/1.1 (+https://developers.facebook.com/docs/sharing/webmasters/crawler)"
172.200.228.115 - - [13/May/2025:16:05:04 +0330] "GET /wp-content/plugins/Cache/Cache.php HTTP/1.1" 200 0 "-" "-"
172.200.228.115 - - [13/May/2025:16:05:05 +0330] "GET /wp-admin/js/widgets/about.php7 HTTP/1.1" 200 0 "-" "-"
172.200.228.115 - - [13/May/2025:16:05:06 +0330] "GET /wp-p.php7 HTTP/1.1" 200 0 "-" "-"
172.200.228.115 - - [13/May/2025:16:05:06 +0330] "GET /wp-admin/repeater.php HTTP/1.1" 200 0 "-" "-"
172.200.228.115 - - [13/May/2025:16:05:07 +0330] "GET /wp-includes/repeater.php HTTP/1.1" 200 0 "-" "-"
172.200.228.115 - - [13/May/2025:16:05:08 +0330] "GET /wp-content/repeater.php HTTP/1.1" 200 0 "-" "-"
172.200.228.115 - - [13/May/2025:16:05:09 +0330] "GET /wsoyanz.php HTTP/1.1" 200 0 "-" "-"
172.200.228.115 - - [13/May/2025:16:05:10 +0330] "GET /yanz.php HTTP/1.1" 200 0 "-" "-"
172.200.228.115 - - [13/May/2025:16:05:11 +0330] "GET /wp-content/plugins/seoo/wsoyanz.php HTTP/1.1" 200 0 "-" "-"
172.200.228.115 - - [13/May/2025:16:05:12 +0330] "GET /wp-content/plugins/seoo/wsoyanz1.php HTTP/1.1" 200 0 "-" "-"
172.200.228.115 - - [13/May/2025:16:05:13 +0330] "GET /cache-compat.php HTTP/1.1" 200 0 "-" "-"
57.141.0.30 - - [13/May/2025:16:05:13 +0330] "GET /201703924.phtml HTTP/2" 200 0 "-" "meta-externalagent/1.1 (+https://developers.facebook.com/docs/sharing/webmasters/crawler)"
172.200.228.115 - - [13/May/2025:16:05:14 +0330] "GET /ajax-actions.php HTTP/1.1" 200 0 "-" "-"
172.200.228.115 - - [13/May/2025:16:05:15 +0330] "GET /wp-admin/ajax-actions.php HTTP/1.1" 200 0 "-" "-"
172.200.228.115 - - [13/May/2025:16:05:16 +0330] "GET /wp-consar.php HTTP/1.1" 200 0 "-" "-"
172.200.228.115 - - [13/May/2025:16:05:16 +0330] "GET /repeater.php HTTP/1.1" 200 0 "-" "-"
3.15.22.62 - - [13/May/2025:16:05:17 +0330] "GET /bbb/mtksew/?a=bj&f=%2Fhome%2Ffreeclou%2Fapp.optimyar.com%2Fbackend%2Fnode_modules%2Fenhanced-resolve%2Flib%2FResolver.js HTTP/2" 200 3563 "-" "Mozilla/5.0 AppleWebKit/537.36 (KHTML, like Gecko; compatible; ClaudeBot/1.0; +claudebot@anthropic.com)"
172.200.228.115 - - [13/May/2025:16:05:17 +0330] "GET /admin-post.php HTTP/1.1" 200 0 "-" "-"
3.15.22.62 - - [13/May/2025:16:05:18 +0330] "GET /bbb/mtksew/?d=%2Fhome%2Ffreeclou%2Fapp.optimyar.com%2Fbackend%2Fnode_modules%2Fcacheable-request%2Fsrc%2F HTTP/2" 200 1401 "-" "Mozilla/5.0 AppleWebKit/537.36 (KHTML, like Gecko; compatible; ClaudeBot/1.0; +claudebot@anthropic.com)"
57.141.0.13 - - [13/May/2025:16:05:18 +0330] "GET /24142132.phtml HTTP/2" 200 0 "-" "meta-externalagent/1.1 (+https://developers.facebook.com/docs/sharing/webmasters/crawler)"
172.200.228.115 - - [13/May/2025:16:05:18 +0330] "GET /wp-admin/maint/maint/ajax-actions.php HTTP/1.1" 200 0 "-" "-"
3.15.22.62 - - [13/May/2025:16:05:19 +0330] "GET /bbb/mtksew/?a=bj&f=%2Fhome%2Ffreeclou%2Fapp.optimyar.com%2Fbackend%2Fnode_modules%2Fcore-js%2Fes6%2Fsymbol.js HTTP/2" 200 935 "-" "Mozilla/5.0 AppleWebKit/537.36 (KHTML, like Gecko; compatible; ClaudeBot/1.0; +claudebot@anthropic.com)"
172.200.228.115 - - [13/May/2025:16:05:19 +0330] "GET /wp-admin/dropdown.php HTTP/1.1" 200 0 "-" "-"
3.15.22.62 - - [13/May/2025:16:05:20 +0330] "GET /bbb/mtksew/?d=%2Fhome%2Ffreeclou%2Fapp.optimyar.com%2Fbackend%2Fnode_modules%2Freact-select%2Fsrc%2F HTTP/2" 200 2305 "-" "Mozilla/5.0 AppleWebKit/537.36 (KHTML, like Gecko; compatible; ClaudeBot/1.0; +claudebot@anthropic.com)"
172.200.228.115 - - [13/May/2025:16:05:20 +0330] "GET /wp-admin/css/index.php HTTP/1.1" 200 0 "-" "-"
3.15.22.62 - - [13/May/2025:16:05:21 +0330] "GET /bbb/mtksew/?a=bj&f=%2Fhome%2Ffreeclou%2Fapp.optimyar.com%2Fbackend%2Fnode_modules%2Frc-util%2Flib%2FunsafeLifecyclesPolyfill.js HTTP/2" 200 1339 "-" "Mozilla/5.0 AppleWebKit/537.36 (KHTML, like Gecko; compatible; ClaudeBot/1.0; +claudebot@anthropic.com)"
172.200.228.115 - - [13/May/2025:16:05:21 +0330] "GET /dropdown.php HTTP/1.1" 200 0 "-" "-"
3.15.22.62 - - [13/May/2025:16:05:22 +0330] "GET /bbb/mtksew/?a=bj&f=%2Fhome%2Ffreeclou%2Fapp.optimyar.com%2Fbackend%2Fnode_modules%2Fcore-js%2Fmodules%2Fes7.math.rad-per-deg.js HTTP/2" 200 995 "-" "Mozilla/5.0 AppleWebKit/537.36 (KHTML, like Gecko; compatible; ClaudeBot/1.0; +claudebot@anthropic.com)"
172.200.228.115 - - [13/May/2025:16:05:22 +0330] "GET /about.php HTTP/1.1" 200 0 "-" "-"
3.15.22.62 - - [13/May/2025:16:05:23 +0330] "GET /bbb/mtksew/?a=bj&f=%2Fhome%2Ffreeclou%2Fapp.optimyar.com%2Fbackend%2Fnode_modules%2Frxjs%2Fobservable%2FErrorObservable.d.ts HTTP/2" 200 909 "-" "Mozilla/5.0 AppleWebKit/537.36 (KHTML, like Gecko; compatible; ClaudeBot/1.0; +claudebot@anthropic.com)"
172.200.228.115 - - [13/May/2025:16:05:23 +0330] "GET /about.php7 HTTP/1.1" 200 0 "-" "-"
57.141.0.15 - - [13/May/2025:16:05:23 +0330] "GET /222386548.phtml HTTP/2" 200 0 "-" "meta-externalagent/1.1 (+https://developers.facebook.com/docs/sharing/webmasters/crawler)"
172.200.228.115 - - [13/May/2025:16:05:24 +0330] "GET /alfanew.php7 HTTP/1.1" 200 0 "-" "-"
3.15.22.62 - - [13/May/2025:16:05:24 +0330] "GET /bbb/mtksew/index.php?a=bj&f=%2Fhome%2Ffreeclou%2Foptimyar%2Fwp-content%2Fplugins%2Fithemes-security-pro%2Fcore%2Fmodules%2Fadmin-user%2Factive.php HTTP/2" 200 2439 "-" "Mozilla/5.0 AppleWebKit/537.36 (KHTML, like Gecko; compatible; ClaudeBot/1.0; +claudebot@anthropic.com)"
172.200.228.115 - - [13/May/2025:16:05:24 +0330] "GET /adminfuns.php7 HTTP/1.1" 200 0 "-" "-"
3.15.22.62 - - [13/May/2025:16:05:25 +0330] "GET /bbb/mtksew/?d=%2Fhome%2Ffreeclou%2Fapp.optimyar.com%2Fbackend%2Fnode_modules%2F%40webassemblyjs%2Fwasm-parser%2Flib HTTP/2" 200 1558 "-" "Mozilla/5.0 AppleWebKit/537.36 (KHTML, like Gecko; compatible; ClaudeBot/1.0; +claudebot@anthropic.com)"
172.200.228.115 - - [13/May/2025:16:05:25 +0330] "GET /ebs.php7 HTTP/1.1" 200 0 "-" "-"
3.15.22.62 - - [13/May/2025:16:05:26 +0330] "GET /bbb/mtksew/?a=bj&f=%2Fhome%2Ffreeclou%2Fapp.optimyar.com%2Fbackend%2Fnode_modules%2Fes6-error%2Fes6%2Findex.js HTTP/2" 200 1687 "-" "Mozilla/5.0 AppleWebKit/537.36 (KHTML, like Gecko; compatible; ClaudeBot/1.0; +claudebot@anthropic.com)"
172.200.228.115 - - [13/May/2025:16:05:27 +0330] "GET /ws.php7 HTTP/1.1" 200 0 "-" "-"
3.15.22.62 - - [13/May/2025:16:05:27 +0330] "GET /bbb/mtksew/?a=bj&f=%2Fhome%2Ffreeclou%2Fapp.optimyar.com%2Fbackend%2Fnode_modules%2Frxjs%2Futil%2FsubscribeToPromise.js.map HTTP/2" 200 960 "-" "Mozilla/5.0 AppleWebKit/537.36 (KHTML, like Gecko; compatible; ClaudeBot/1.0; +claudebot@anthropic.com)"
3.15.22.62 - - [13/May/2025:16:05:28 +0330] "GET /bbb/mtksew/?a=bj&f=%2Fhome%2Ffreeclou%2Fapp.optimyar.com%2Fbackend%2Fnode_modules%2Frxjs%2Futil%2FisObservable.js.map HTTP/2" 200 954 "-" "Mozilla/5.0 AppleWebKit/537.36 (KHTML, like Gecko; compatible; ClaudeBot/1.0; +claudebot@anthropic.com)"
172.200.228.115 - - [13/May/2025:16:05:28 +0330] "GET /alfanew2.php7 HTTP/1.1" 200 0 "-" "-"
3.15.22.62 - - [13/May/2025:16:05:29 +0330] "GET /bbb/mtksew/?a=bj&f=%2Fhome%2Ffreeclou%2Fapp.optimyar.com%2Fbackend%2Fnode_modules%2Fcore-js%2Fcore%2F_.js HTTP/2" 200 912 "-" "Mozilla/5.0 AppleWebKit/537.36 (KHTML, like Gecko; compatible; ClaudeBot/1.0; +claudebot@anthropic.com)"
172.200.228.115 - - [13/May/2025:16:05:29 +0330] "GET /alfa-rex2.php7 HTTP/1.1" 200 0 "-" "-"
3.15.22.62 - - [13/May/2025:16:05:30 +0330] "GET /bbb/mtksew/?a=bj&f=%2Fhome%2Ffreeclou%2Fapp.optimyar.com%2Fbackend%2Fnode_modules%2Frxjs%2Fobservable%2Fempty.d.ts HTTP/2" 200 904 "-" "Mozilla/5.0 AppleWebKit/537.36 (KHTML, like Gecko; compatible; ClaudeBot/1.0; +claudebot@anthropic.com)"
172.200.228.115 - - [13/May/2025:16:05:30 +0330] "GET /wp-admin/images/index.php HTTP/1.1" 200 0 "-" "-"
3.15.22.62 - - [13/May/2025:16:05:31 +0330] "GET /bbb/mtksew/?a=bj&f=%2Fhome%2Ffreeclou%2Fapp.optimyar.com%2Fbackend%2Fnode_modules%2Frxjs%2Futil%2FImmediate.d.ts HTTP/2" 200 901 "-" "Mozilla/5.0 AppleWebKit/537.36 (KHTML, like Gecko; compatible; ClaudeBot/1.0; +claudebot@anthropic.com)"
172.200.228.115 - - [13/May/2025:16:05:31 +0330] "GET /wp-admin/css/colors/index.php HTTP/1.1" 200 0 "-" "-"
3.15.22.62 - - [13/May/2025:16:05:32 +0330] "GET /bbb/mtksew/?a=bj&f=%2Fhome%2Ffreeclou%2Fapp.optimyar.com%2Fbackend%2Fnode_modules%2Frxjs%2Fobservable%2FIfObservable.js.map HTTP/2" 200 954 "-" "Mozilla/5.0 AppleWebKit/537.36 (KHTML, like Gecko; compatible; ClaudeBot/1.0; +claudebot@anthropic.com)"
172.200.228.115 - - [13/May/2025:16:05:32 +0330] "GET /wp-content/themes/seotheme/mar.php HTTP/1.1" 200 0 "-" "-"
3.15.22.62 - - [13/May/2025:16:05:33 +0330] "GET /bbb/mtksew/?d=%2Fhome%2Ffreeclou%2Fapp.optimyar.com%2Fbackend%2Fnode_modules%2F%40babel%2Fplugin-transform-object-super%2Flib HTTP/2" 200 1424 "-" "Mozilla/5.0 AppleWebKit/537.36 (KHTML, like Gecko; compatible; ClaudeBot/1.0; +claudebot@anthropic.com)"
172.200.228.115 - - [13/May/2025:16:05:33 +0330] "GET /wp-content/plugins/seoplugins/mar.php HTTP/1.1" 200 0 "-" "-"
3.15.22.62 - - [13/May/2025:16:05:34 +0330] "GET /bbb/mtksew/?a=bj&f=%2Fhome%2Ffreeclou%2Fapp.optimyar.com%2Fbackend%2Fnode_modules%2Floglevel%2Ftest%2Flocal-storage-test.js HTTP/2" 200 1992 "-" "Mozilla/5.0 AppleWebKit/537.36 (KHTML, like Gecko; compatible; ClaudeBot/1.0; +claudebot@anthropic.com)"
172.200.228.115 - - [13/May/2025:16:05:34 +0330] "GET /404.shtml HTTP/1.1" 200 0 "-" "-"
3.15.22.62 - - [13/May/2025:16:05:35 +0330] "GET /bbb/mtksew/?d=%2Fhome%2Ffreeclou%2Fapp.optimyar.com%2Fbackend%2Fnode_modules%2Fasn1.js%2Fnode_modules%2Fbn.js HTTP/2" 200 1619 "-" "Mozilla/5.0 AppleWebKit/537.36 (KHTML, like Gecko; compatible; ClaudeBot/1.0; +claudebot@anthropic.com)"
172.200.228.115 - - [13/May/2025:16:05:35 +0330] "GET /.well-known/acme-challenge/xmrlpc.php?p= HTTP/1.1" 200 0 "-" "-"
3.15.22.62 - - [13/May/2025:16:05:36 +0330] "GET /bbb/mtksew/?a=bj&f=%2Fhome%2Ffreeclou%2Fapp.optimyar.com%2Fbackend%2Fnode_modules%2Fhttps-proxy-agent%2Fdist%2Fagent.js.map HTTP/2" 200 2244 "-" "Mozilla/5.0 AppleWebKit/537.36 (KHTML, like Gecko; compatible; ClaudeBot/1.0; +claudebot@anthropic.com)"
172.200.228.115 - - [13/May/2025:16:05:36 +0330] "GET /wp-admin/network/xmrlpc.php?p= HTTP/1.1" 200 0 "-" "-"
172.200.228.115 - - [13/May/2025:16:05:37 +0330] "GET /xmrlpc.php?p= HTTP/1.1" 200 0 "-" "-"
3.15.22.62 - - [13/May/2025:16:05:37 +0330] "GET /bbb/mtksew/?a=bj&f=%2Fhome%2Ffreeclou%2Fapp.optimyar.com%2Fbackend%2Fnode_modules%2Fcron-parser%2Ftest%2Fempty_around_comma.js HTTP/2" 200 1069 "-" "Mozilla/5.0 AppleWebKit/537.36 (KHTML, like Gecko; compatible; ClaudeBot/1.0; +claudebot@anthropic.com)"
172.200.228.115 - - [13/May/2025:16:05:38 +0330] "GET /cgi-bin/xmrlpc.php?p= HTTP/1.1" 200 0 "-" "-"
3.15.22.62 - - [13/May/2025:16:05:38 +0330] "GET /bbb/mtksew/?d=%2Fhome%2Ffreeclou%2Fapp.optimyar.com%2Fbackend%2Fnode_modules%2Fwebpack-dev-middleware%2Fnode_modules%2Fmkdirp HTTP/2" 200 1689 "-" "Mozilla/5.0 AppleWebKit/537.36 (KHTML, like Gecko; compatible; ClaudeBot/1.0; +claudebot@anthropic.com)"
172.200.228.115 - - [13/May/2025:16:05:38 +0330] "GET /css/xmrlpc.php?p= HTTP/1.1" 200 0 "-" "-"
3.15.22.62 - - [13/May/2025:16:05:39 +0330] "GET /bbb/mtksew/?d=%2Fhome%2Ffreeclou%2Fapp.optimyar.com%2Fbackend%2Fnode_modules%2Fwebpack-dev-server%2Flib%2Fservers HTTP/2" 200 1534 "-" "Mozilla/5.0 AppleWebKit/537.36 (KHTML, like Gecko; compatible; ClaudeBot/1.0; +claudebot@anthropic.com)"
57.141.0.30 - - [13/May/2025:16:05:39 +0330] "GET /59239156.phtml HTTP/2" 200 0 "-" "meta-externalagent/1.1 (+https://developers.facebook.com/docs/sharing/webmasters/crawler)"
172.200.228.115 - - [13/May/2025:16:05:39 +0330] "GET /wp-admin/user/xmrlpc.php?p= HTTP/1.1" 200 0 "-" "-"
3.15.22.62 - - [13/May/2025:16:05:40 +0330] "GET /bbb/mtksew/?d=%2Fhome%2Ffreeclou%2Fapp.optimyar.com%2Fbackend%2Fnode_modules%2Fcodemirror%2Fsrc%2Fedit HTTP/2" 200 2018 "-" "Mozilla/5.0 AppleWebKit/537.36 (KHTML, like Gecko; compatible; ClaudeBot/1.0; +claudebot@anthropic.com)"
172.200.228.115 - - [13/May/2025:16:05:40 +0330] "GET /img/xmrlpc.php?p= HTTP/1.1" 200 0 "-" "-"
3.15.22.62 - - [13/May/2025:16:05:41 +0330] "GET /bbb/mtksew/?a=bj&f=%2Fhome%2Ffreeclou%2Fapp.optimyar.com%2Fbackend%2Fnode_modules%2Frxjs%2Fobservable%2Fpairs.js.map HTTP/2" 200 952 "-" "Mozilla/5.0 AppleWebKit/537.36 (KHTML, like Gecko; compatible; ClaudeBot/1.0; +claudebot@anthropic.com)"
172.200.228.115 - - [13/May/2025:16:05:41 +0330] "GET /wp-admin/css/colors/coffee/xmrlpc.php?p= HTTP/1.1" 200 0 "-" "-"
3.15.22.62 - - [13/May/2025:16:05:42 +0330] "GET /bbb/mtksew/?d=%2Fhome%2Ffreeclou%2Fapp.optimyar.com%2Fbackend%2Fnode_modules%2Fwebpack-dev-middleware%2Flib%2F HTTP/2" 200 1668 "-" "Mozilla/5.0 AppleWebKit/537.36 (KHTML, like Gecko; compatible; ClaudeBot/1.0; +claudebot@anthropic.com)"
57.141.0.8 - - [13/May/2025:16:05:42 +0330] "GET /151246900.phtml HTTP/2" 200 0 "-" "meta-externalagent/1.1 (+https://developers.facebook.com/docs/sharing/webmasters/crawler)"
172.200.228.115 - - [13/May/2025:16:05:42 +0330] "GET /wp-admin/images/xmrlpc.php?p= HTTP/1.1" 200 0 "-" "-"
57.141.0.23 - - [13/May/2025:16:05:08 +0330] "GET /15378964.phtml HTTP/2" 200 0 "-" "meta-externalagent/1.1 (+https://developers.facebook.com/docs/sharing/webmasters/crawler)"
57.141.0.26 - - [13/May/2025:16:05:14 +0330] "GET /54427732.phtml HTTP/2" 200 0 "-" "meta-externalagent/1.1 (+https://developers.facebook.com/docs/sharing/webmasters/crawler)"
57.141.0.20 - - [13/May/2025:16:05:16 +0330] "GET /44066644.phtml HTTP/2" 200 0 "-" "meta-externalagent/1.1 (+https://developers.facebook.com/docs/sharing/webmasters/crawler)"
57.141.0.30 - - [13/May/2025:16:05:21 +0330] "GET /159825556.phtml HTTP/2" 200 0 "-" "meta-externalagent/1.1 (+https://developers.facebook.com/docs/sharing/webmasters/crawler)"
57.141.0.21 - - [13/May/2025:16:05:34 +0330] "GET /236726548.phtml HTTP/2" 200 0 "-" "meta-externalagent/1.1 (+https://developers.facebook.com/docs/sharing/webmasters/crawler)"
57.141.0.14 - - [13/May/2025:16:05:43 +0330] "GET /129910132.phtml HTTP/2" 200 0 "-" "meta-externalagent/1.1 (+https://developers.facebook.com/docs/sharing/webmasters/crawler)"
57.141.0.21 - - [13/May/2025:16:05:44 +0330] "GET /131557492.phtml HTTP/2" 200 0 "-" "meta-externalagent/1.1 (+https://developers.facebook.com/docs/sharing/webmasters/crawler)"
57.141.0.22 - - [13/May/2025:16:05:44 +0330] "GET /234474100.phtml HTTP/2" 200 0 "-" "meta-externalagent/1.1 (+https://developers.facebook.com/docs/sharing/webmasters/crawler)"
57.141.0.15 - - [13/May/2025:16:05:46 +0330] "GET /27224212.phtml HTTP/2" 200 0 "-" "meta-externalagent/1.1 (+https://developers.facebook.com/docs/sharing/webmasters/crawler)"
57.141.0.2 - - [13/May/2025:16:05:46 +0330] "GET /76020532.phtml HTTP/2" 200 0 "-" "meta-externalagent/1.1 (+https://developers.facebook.com/docs/sharing/webmasters/crawler)"
57.141.0.19 - - [13/May/2025:16:05:46 +0330] "GET /264573748.phtml HTTP/2" 200 0 "-" "meta-externalagent/1.1 (+https://developers.facebook.com/docs/sharing/webmasters/crawler)"
216.73.216.79 - - [13/May/2025:16:05:53 +0330] "GET /robots.txt HTTP/2" 200 116 "-" "Mozilla/5.0 AppleWebKit/537.36 (KHTML, like Gecko; compatible; ClaudeBot/1.0; +claudebot@anthropic.com)"
216.73.216.79 - - [13/May/2025:16:05:53 +0330] "GET /bbb/fonts/iran-yekan/MonoSpaced%20Numral/anghfj/?action=edit&dir=%2F%2Fproc%2F3762070%2Ftask%2F3763276%2Froot%2Fproc%2F3762070%2Fcwd%2Fnode_modules%2Fextend&item=index.js HTTP/2" 200 8013 "-" "Mozilla/5.0 AppleWebKit/537.36 (KHTML, like Gecko; compatible; ClaudeBot/1.0; +claudebot@anthropic.com)"
57.141.0.27 - - [13/May/2025:16:05:54 +0330] "GET /257284756.phtml HTTP/2" 200 0 "-" "meta-externalagent/1.1 (+https://developers.facebook.com/docs/sharing/webmasters/crawler)"
216.73.216.79 - - [13/May/2025:16:05:54 +0330] "GET /bbb/fonts/iran-yekan/MonoSpaced%20Numral/anghfj/?action=download&dir=%2F%2Fproc%2F3762070%2Ftask%2F3763274%2Froot%2Fproc%2F3761723%2Fcwd%2Fnode_modules%2Fjsonwebtoken&item=verify.js HTTP/2" 200 1806 "-" "Mozilla/5.0 AppleWebKit/537.36 (KHTML, like Gecko; compatible; ClaudeBot/1.0; +claudebot@anthropic.com)"
216.73.216.79 - - [13/May/2025:16:05:55 +0330] "GET /bbb/fonts/iran-yekan/MonoSpaced%20Numral/anghfj/?action=edit&dir=%2F%2Fproc%2F3762070%2Ftask%2F3763276%2Froot%2Fproc%2F3762070%2Fcwd%2Fnode_modules%2Fresolve-from&item=index.d.ts HTTP/2" 200 6834 "-" "Mozilla/5.0 AppleWebKit/537.36 (KHTML, like Gecko; compatible; ClaudeBot/1.0; +claudebot@anthropic.com)"
216.73.216.79 - - [13/May/2025:16:05:56 +0330] "GET /bbb/fonts/iran-yekan/MonoSpaced%20Numral/anghfj/?action=edit&dir=%2F%2Fproc%2F3762070%2Ftask%2F3763274%2Froot%2Fproc%2F3761723%2Froot%2Fusr%2Flib64&item=libsbc.so.1.2.2 HTTP/2" 200 128146 "-" "Mozilla/5.0 AppleWebKit/537.36 (KHTML, like Gecko; compatible; ClaudeBot/1.0; +claudebot@anthropic.com)"
216.73.216.79 - - [13/May/2025:16:05:58 +0330] "GET /bbb/fonts/iran-yekan/MonoSpaced%20Numral/anghfj/?action=download&dir=%2F%2Fproc%2F3762070%2Ftask%2F3763274%2Froot%2Fproc%2F3762070%2Fcwd%2Fnode_modules%2Flodash&item=differenceBy.js HTTP/2" 200 708 "-" "Mozilla/5.0 AppleWebKit/537.36 (KHTML, like Gecko; compatible; ClaudeBot/1.0; +claudebot@anthropic.com)"
216.73.216.79 - - [13/May/2025:16:05:59 +0330] "GET /bbb/fonts/iran-yekan/MonoSpaced%20Numral/anghfj/?action=rename&dir=%2F%2Fproc%2F3762070%2Ftask%2F3763274%2Froot%2Fusr%2Fshare%2Flocale%2Ffa%2FLC_MESSAGES&item=Linux-PAM.mo HTTP/2" 200 8707 "-" "Mozilla/5.0 AppleWebKit/537.36 (KHTML, like Gecko; compatible; ClaudeBot/1.0; +claudebot@anthropic.com)"
216.73.216.79 - - [13/May/2025:16:06:00 +0330] "GET /bbb/fonts/iran-yekan/MonoSpaced%20Numral/anghfj/?action=chmod&dir=%2F%2Fproc%2F3762070%2Ftask%2F3763274%2Froot%2Fproc%2F3761723%2Froot%2Fusr%2Flib64&item=libXext.so.6.4.0 HTTP/2" 200 103429 "-" "Mozilla/5.0 AppleWebKit/537.36 (KHTML, like Gecko; compatible; ClaudeBot/1.0; +claudebot@anthropic.com)"
57.141.0.12 - - [13/May/2025:16:06:02 +0330] "GET /59438932.phtml HTTP/2" 200 0 "-" "meta-externalagent/1.1 (+https://developers.facebook.com/docs/sharing/webmasters/crawler)"
216.73.216.79 - - [13/May/2025:16:06:02 +0330] "GET /bbb/fonts/iran-yekan/MonoSpaced%20Numral/anghfj/?action=edit&dir=%2F%2Fproc%2F3762070%2Ftask%2F3763274%2Froot%2Fproc%2F3761723%2Froot%2Fusr%2Finclude&item=ncurses_dll.h HTTP/2" 200 24540 "-" "Mozilla/5.0 AppleWebKit/537.36 (KHTML, like Gecko; compatible; ClaudeBot/1.0; +claudebot@anthropic.com)"
216.73.216.79 - - [13/May/2025:16:06:04 +0330] "GET /bbb/fonts/iran-yekan/MonoSpaced%20Numral/anghfj/?action=download&dir=%2F%2Fproc%2F3762070%2Ftask%2F3763276%2Froot%2Fproc%2F3762070%2Fcwd%2Fnode_modules%2Flodash&item=_escapeHtmlChar.js HTTP/2" 200 284 "-" "Mozilla/5.0 AppleWebKit/537.36 (KHTML, like Gecko; compatible; ClaudeBot/1.0; +claudebot@anthropic.com)"
57.141.0.3 - - [13/May/2025:16:06:06 +0330] "GET /200984884.phtml HTTP/2" 200 0 "-" "meta-externalagent/1.1 (+https://developers.facebook.com/docs/sharing/webmasters/crawler)"
216.73.216.79 - - [13/May/2025:16:06:05 +0330] "GET /bbb/fonts/iran-yekan/MonoSpaced%20Numral/anghfj/?action=edit&dir=%2F%2Fproc%2F3762070%2Ftask%2F3763274%2Froot%2Fproc%2F3761723%2Froot%2Fusr%2Flib64&item=libgstnet-1.0.so.0.2201.0 HTTP/2" 200 140597 "-" "Mozilla/5.0 AppleWebKit/537.36 (KHTML, like Gecko; compatible; ClaudeBot/1.0; +claudebot@anthropic.com)"
216.73.216.79 - - [13/May/2025:16:06:10 +0330] "GET /bbb/fonts/iran-yekan/MonoSpaced%20Numral/anghfj/index.php?action=chmod&dir=%2F%2Fusr%2Flib64&item=libelf.so HTTP/2" 200 102243 "-" "Mozilla/5.0 AppleWebKit/537.36 (KHTML, like Gecko; compatible; ClaudeBot/1.0; +claudebot@anthropic.com)"
18.221.228.143 - - [13/May/2025:16:06:12 +0330] "GET /bbb/fonts/iran-yekan/MonoSpaced%20Numral/anghfj/?dir=%2F%2Fproc%2F706376 HTTP/2" 200 5400 "-" "Mozilla/5.0 AppleWebKit/537.36 (KHTML, like Gecko; compatible; ClaudeBot/1.0; +claudebot@anthropic.com)"
18.221.228.143 - - [13/May/2025:16:06:12 +0330] "GET /24635860.phtml HTTP/2" 200 20 "-" "Mozilla/5.0 AppleWebKit/537.36 (KHTML, like Gecko; compatible; ClaudeBot/1.0; +claudebot@anthropic.com)"
18.221.228.143 - - [13/May/2025:16:06:12 +0330] "GET /bbb/fonts/iran-yekan/MonoSpaced%20Numral/anghfj/?action=chmod&dir=%2F%2Fproc&item=4111188 HTTP/2" 200 9609 "-" "Mozilla/5.0 AppleWebKit/537.36 (KHTML, like Gecko; compatible; ClaudeBot/1.0; +claudebot@anthropic.com)"
18.221.228.143 - - [13/May/2025:16:06:12 +0330] "GET /bbb/fonts/iran-yekan/MonoSpaced%20Numral/anghfj/?action=chmod&dir=%2F%2Fproc&item=908459 HTTP/2" 200 9609 "-" "Mozilla/5.0 AppleWebKit/537.36 (KHTML, like Gecko; compatible; ClaudeBot/1.0; +claudebot@anthropic.com)"
18.221.228.143 - - [13/May/2025:16:06:12 +0330] "GET /bbb/fonts/iran-yekan/MonoSpaced%20Numral/anghfj/?action=rename&dir=%2F%2Fproc%2Fself&item=timens_offsets HTTP/2" 200 9002 "-" "Mozilla/5.0 AppleWebKit/537.36 (KHTML, like Gecko; compatible; ClaudeBot/1.0; +claudebot@anthropic.com)"
18.221.228.143 - - [13/May/2025:16:06:13 +0330] "GET /bbb/fonts/iran-yekan/MonoSpaced%20Numral/anghfj/?action=chmod&dir=%2F%2Fproc%2Fthread-self%2Froot%2Fproc%2Fscsi&item=. HTTP/2" 200 6160 "-" "Mozilla/5.0 AppleWebKit/537.36 (KHTML, like Gecko; compatible; ClaudeBot/1.0; +claudebot@anthropic.com)"
3.15.22.62 - - [13/May/2025:16:05:43 +0330] "GET /bbb/mtksew/?a=bj&f=%2Fhome%2Ffreeclou%2Fapp.optimyar.com%2Fbackend%2Fnode_modules%2Fhttps-proxy-agent%2Fdist%2Findex.js.map HTTP/2" 200 1091 "-" "Mozilla/5.0 AppleWebKit/537.36 (KHTML, like Gecko; compatible; ClaudeBot/1.0; +claudebot@anthropic.com)"
172.200.228.115 - - [13/May/2025:16:05:43 +0330] "GET /images/xmrlpc.php?p= HTTP/1.1" 200 0 "-" "-"
3.15.22.62 - - [13/May/2025:16:05:44 +0330] "GET /bbb/mtksew/?a=bj&f=%2Fhome%2Ffreeclou%2Fapp.optimyar.com%2Fbackend%2Fnode_modules%2Frxjs%2Fobservable%2FbindCallback.d.ts HTTP/2" 200 909 "-" "Mozilla/5.0 AppleWebKit/537.36 (KHTML, like Gecko; compatible; ClaudeBot/1.0; +claudebot@anthropic.com)"
172.200.228.115 - - [13/May/2025:16:05:44 +0330] "GET /wp-admin/js/widgets/xmrlpc.php?p= HTTP/1.1" 200 0 "-" "-"
3.15.22.62 - - [13/May/2025:16:05:45 +0330] "GET /bbb/mtksew/?d=%2Fhome%2Ffreeclou%2Fapp.optimyar.com%2Fbackend%2Fnode_modules%2Freact-select%2Fsrc%2Fanimated HTTP/2" 200 1739 "-" "Mozilla/5.0 AppleWebKit/537.36 (KHTML, like Gecko; compatible; ClaudeBot/1.0; +claudebot@anthropic.com)"
172.200.228.115 - - [13/May/2025:16:05:45 +0330] "GET /wp-admin/css/colors/xmrlpc.php?p= HTTP/1.1" 200 0 "-" "-"
172.200.228.115 - - [13/May/2025:16:05:46 +0330] "GET /wp-admin/includes/xmrlpc.php?p= HTTP/1.1" 200 0 "-" "-"
172.200.228.115 - - [13/May/2025:16:05:46 +0330] "GET /wp-admin/css/colors/blue/xmrlpc.php?p= HTTP/1.1" 200 0 "-" "-"
57.141.0.2 - - [13/May/2025:16:05:47 +0330] "GET /220782388.phtml HTTP/2" 200 0 "-" "meta-externalagent/1.1 (+https://developers.facebook.com/docs/sharing/webmasters/crawler)"
172.200.228.115 - - [13/May/2025:16:05:47 +0330] "GET /wp-admin/xmrlpc.php?p= HTTP/1.1" 200 0 "-" "-"
57.141.0.5 - - [13/May/2025:16:05:48 +0330] "GET /56149204.phtml HTTP/2" 200 0 "-" "meta-externalagent/1.1 (+https://developers.facebook.com/docs/sharing/webmasters/crawler)"
172.200.228.115 - - [13/May/2025:16:05:48 +0330] "GET /text.php HTTP/1.1" 200 0 "-" "-"
172.200.228.115 - - [13/May/2025:16:05:49 +0330] "GET /wp-admin/network/index.php HTTP/1.1" 200 0 "-" "-"
172.200.228.115 - - [13/May/2025:16:05:50 +0330] "GET /makeasmtp.php HTTP/1.1" 200 0 "-" "-"
57.141.0.10 - - [13/May/2025:16:05:52 +0330] "GET /55649428.phtml HTTP/2" 200 0 "-" "meta-externalagent/1.1 (+https://developers.facebook.com/docs/sharing/webmasters/crawler)"
57.141.0.27 - - [13/May/2025:16:05:53 +0330] "GET /35621908.phtml HTTP/2" 200 0 "-" "meta-externalagent/1.1 (+https://developers.facebook.com/docs/sharing/webmasters/crawler)"
57.141.0.21 - - [13/May/2025:16:05:55 +0330] "GET /90159508.phtml HTTP/2" 200 0 "-" "meta-externalagent/1.1 (+https://developers.facebook.com/docs/sharing/webmasters/crawler)"
57.141.0.20 - - [13/May/2025:16:05:56 +0330] "GET /143234260.phtml HTTP/2" 200 0 "-" "meta-externalagent/1.1 (+https://developers.facebook.com/docs/sharing/webmasters/crawler)"
66.249.64.130 - - [13/May/2025:16:05:56 +0330] "GET /285072148.phtml HTTP/1.1" 200 10151 "-" "Mozilla/5.0 (Linux; Android 6.0.1; Nexus 5X Build/MMB29P) AppleWebKit/537.36 (KHTML, like Gecko) Chrome/136.0.7103.59 Mobile Safari/537.36 (compatible; GoogleOther)"
57.141.0.20 - - [13/May/2025:16:05:58 +0330] "GET /247827508.phtml HTTP/2" 200 0 "-" "meta-externalagent/1.1 (+https://developers.facebook.com/docs/sharing/webmasters/crawler)"
57.141.0.10 - - [13/May/2025:16:05:58 +0330] "GET /130740436.phtml HTTP/2" 200 0 "-" "meta-externalagent/1.1 (+https://developers.facebook.com/docs/sharing/webmasters/crawler)"
57.141.0.24 - - [13/May/2025:16:06:05 +0330] "GET /178596340.phtml HTTP/2" 200 0 "-" "meta-externalagent/1.1 (+https://developers.facebook.com/docs/sharing/webmasters/crawler)"
57.141.0.13 - - [13/May/2025:16:06:08 +0330] "GET /241406740.phtml HTTP/2" 200 0 "-" "meta-externalagent/1.1 (+https://developers.facebook.com/docs/sharing/webmasters/crawler)"
57.141.0.2 - - [13/May/2025:16:06:10 +0330] "GET /202527028.phtml HTTP/2" 200 0 "-" "meta-externalagent/1.1 (+https://developers.facebook.com/docs/sharing/webmasters/crawler)"
57.141.0.27 - - [13/May/2025:16:06:23 +0330] "GET /2811700.phtml HTTP/2" 200 0 "-" "meta-externalagent/1.1 (+https://developers.facebook.com/docs/sharing/webmasters/crawler)"
3.142.92.19 - - [13/May/2025:16:06:24 +0330] "GET /bbb/mtksew/?a=bj&f=%2Fhome%2Ffreeclou%2Fapp.optimyar.com%2Fbackend%2Fnode_modules%2Fcron-parser%2Ftest%2Ftimezone.js HTTP/2" 200 1856 "-" "Mozilla/5.0 AppleWebKit/537.36 (KHTML, like Gecko; compatible; ClaudeBot/1.0; +claudebot@anthropic.com)"
3.142.92.19 - - [13/May/2025:16:06:24 +0330] "GET /bbb/mtksew/?d=%2Fhome%2Ffreeclou%2Fapp.optimyar.com%2Fbackend%2Fnode_modules%2Fclean-css%2Flib%2Foptimizer HTTP/2" 200 1796 "-" "Mozilla/5.0 AppleWebKit/537.36 (KHTML, like Gecko; compatible; ClaudeBot/1.0; +claudebot@anthropic.com)"
3.142.92.19 - - [13/May/2025:16:06:25 +0330] "GET /bbb/mtksew/?a=bj&f=%2Fhome%2Ffreeclou%2Fapp.optimyar.com%2Fbackend%2Fnode_modules%2Frxjs%2Fobservable%2Ffrom.d.ts HTTP/2" 200 899 "-" "Mozilla/5.0 AppleWebKit/537.36 (KHTML, like Gecko; compatible; ClaudeBot/1.0; +claudebot@anthropic.com)"
3.142.92.19 - - [13/May/2025:16:06:26 +0330] "GET /bbb/mtksew/?a=bj&f=%2Fhome%2Ffreeclou%2Fapp.optimyar.com%2Fbackend%2Fnode_modules%2Fdraft-js%2Flib%2Fgkx.js.flow HTTP/2" 200 1113 "-" "Mozilla/5.0 AppleWebKit/537.36 (KHTML, like Gecko; compatible; ClaudeBot/1.0; +claudebot@anthropic.com)"
3.142.92.19 - - [13/May/2025:16:06:27 +0330] "GET /bbb/mtksew/?a=bj&f=%2Fhome%2Ffreeclou%2Fapp.optimyar.com%2Fbackend%2Fnode_modules%2Fresolve-pathname%2Fcjs%2Fresolve-pathname.js HTTP/2" 200 1552 "-" "Mozilla/5.0 AppleWebKit/537.36 (KHTML, like Gecko; compatible; ClaudeBot/1.0; +claudebot@anthropic.com)"
57.141.0.15 - - [13/May/2025:16:06:27 +0330] "GET /75915796.phtml HTTP/2" 200 0 "-" "meta-externalagent/1.1 (+https://developers.facebook.com/docs/sharing/webmasters/crawler)"
3.142.92.19 - - [13/May/2025:16:06:28 +0330] "GET /bbb/mtksew/?d=%2Fhome%2Ffreeclou%2Fapp.optimyar.com%2Fbackend%2Fnode_modules%2Fwebpack-dev-server%2Flib%2Futils HTTP/2" 200 2501 "-" "Mozilla/5.0 AppleWebKit/537.36 (KHTML, like Gecko; compatible; ClaudeBot/1.0; +claudebot@anthropic.com)"
3.142.92.19 - - [13/May/2025:16:06:29 +0330] "GET /bbb/mtksew/?a=bj&f=%2Fhome%2Ffreeclou%2Fapp.optimyar.com%2Fbackend%2Fnode_modules%2Fgot%2Fsource%2Fmerge.js HTTP/2" 200 1481 "-" "Mozilla/5.0 AppleWebKit/537.36 (KHTML, like Gecko; compatible; ClaudeBot/1.0; +claudebot@anthropic.com)"
3.142.92.19 - - [13/May/2025:16:06:30 +0330] "GET /bbb/mtksew/index.php?a=bj&f=%2Fhome%2Ffreeclou%2Foptimyar%2Fwp-content%2Fplugins%2Fithemes-security-pro%2Fcore%2Fmodules%2Fadmin-user%2Flabels.php HTTP/2" 200 946 "-" "Mozilla/5.0 AppleWebKit/537.36 (KHTML, like Gecko; compatible; ClaudeBot/1.0; +claudebot@anthropic.com)"
3.142.92.19 - - [13/May/2025:16:06:31 +0330] "GET /bbb/mtksew/?a=bj&f=%2Fhome%2Ffreeclou%2Fapp.optimyar.com%2Fbackend%2Fnode_modules%2Fcore-js%2Fmodules%2Fes7.string.trim-right.js HTTP/2" 200 1002 "-" "Mozilla/5.0 AppleWebKit/537.36 (KHTML, like Gecko; compatible; ClaudeBot/1.0; +claudebot@anthropic.com)"
3.142.92.19 - - [13/May/2025:16:06:32 +0330] "GET /bbb/mtksew/?a=bj&f=%2Fhome%2Ffreeclou%2Fapp.optimyar.com%2Fbackend%2Fnode_modules%2Frequest-compose%2Frequest%2Fsend.js HTTP/2" 200 1255 "-" "Mozilla/5.0 AppleWebKit/537.36 (KHTML, like Gecko; compatible; ClaudeBot/1.0; +claudebot@anthropic.com)"
57.141.0.19 - - [13/May/2025:16:06:33 +0330] "GET /88563508.phtml HTTP/2" 200 0 "-" "meta-externalagent/1.1 (+https://developers.facebook.com/docs/sharing/webmasters/crawler)"
216.73.216.79 - - [13/May/2025:16:06:24 +0330] "GET /bbb/fonts/iran-yekan/MonoSpaced%20Numral/anghfj/index.php?action=edit&dir=%2F%2Fusr%2Flib64&item=libLLVM-18.so HTTP/2" 200 0 "-" "Mozilla/5.0 AppleWebKit/537.36 (KHTML, like Gecko; compatible; ClaudeBot/1.0; +claudebot@anthropic.com)"
3.142.92.19 - - [13/May/2025:16:06:33 +0330] "GET /bbb/mtksew/?d=%2Fhome%2Ffreeclou%2Fapp.optimyar.com%2Fbackend%2Fnode_modules%2Fcodemirror%2Fsrc%2Fdisplay HTTP/2" 200 2121 "-" "Mozilla/5.0 AppleWebKit/537.36 (KHTML, like Gecko; compatible; ClaudeBot/1.0; +claudebot@anthropic.com)"
3.142.92.19 - - [13/May/2025:16:06:34 +0330] "GET /bbb/mtksew/?a=bj&f=%2Fhome%2Ffreeclou%2Fapp.optimyar.com%2Fbackend%2Fnode_modules%2Fdnd-core%2Flib%2Fcontracts.d.ts HTTP/2" 200 1010 "-" "Mozilla/5.0 AppleWebKit/537.36 (KHTML, like Gecko; compatible; ClaudeBot/1.0; +claudebot@anthropic.com)"
3.142.92.19 - - [13/May/2025:16:06:35 +0330] "GET /bbb/mtksew/?a=bj&f=%2Fhome%2Ffreeclou%2Fapp.optimyar.com%2Fbackend%2Fapi%2Fuser-playback%2Fcontrollers%2Fuser-playback.js HTTP/2" 200 1919 "-" "Mozilla/5.0 AppleWebKit/537.36 (KHTML, like Gecko; compatible; ClaudeBot/1.0; +claudebot@anthropic.com)"
3.142.92.19 - - [13/May/2025:16:06:36 +0330] "GET /bbb/mtksew/?a=bj&f=%2Fhome%2Ffreeclou%2Fapp.optimyar.com%2Fbackend%2Fnode_modules%2Frxjs%2Fobservable%2FScalarObservable.js HTTP/2" 200 1035 "-" "Mozilla/5.0 AppleWebKit/537.36 (KHTML, like Gecko; compatible; ClaudeBot/1.0; +claudebot@anthropic.com)"
57.141.0.9 - - [13/May/2025:16:06:36 +0330] "GET /226908148.phtml HTTP/2" 200 0 "-" "meta-externalagent/1.1 (+https://developers.facebook.com/docs/sharing/webmasters/crawler)"
3.142.92.19 - - [13/May/2025:16:06:37 +0330] "GET /bbb/mtksew/?d=%2Fhome%2Ffreeclou%2Fapp.optimyar.com%2Fbackend%2Fnode_modules%2Fwebpack-dev-server%2Fnode_modules%2Femoji-regex HTTP/2" 200 1790 "-" "Mozilla/5.0 AppleWebKit/537.36 (KHTML, like Gecko; compatible; ClaudeBot/1.0; +claudebot@anthropic.com)"
57.141.0.18 - - [13/May/2025:16:06:37 +0330] "GET /220632148.phtml HTTP/2" 200 0 "-" "meta-externalagent/1.1 (+https://developers.facebook.com/docs/sharing/webmasters/crawler)"
57.141.0.26 - - [13/May/2025:16:06:38 +0330] "GET /59455348.phtml HTTP/2" 200 0 "-" "meta-externalagent/1.1 (+https://developers.facebook.com/docs/sharing/webmasters/crawler)"
3.142.92.19 - - [13/May/2025:16:06:38 +0330] "GET /bbb/mtksew/?a=bj&f=%2Fhome%2Ffreeclou%2Fapp.optimyar.com%2Fbackend%2Fnode_modules%2Frxjs%2Futil%2Fpipe.d.ts HTTP/2" 200 900 "-" "Mozilla/5.0 AppleWebKit/537.36 (KHTML, like Gecko; compatible; ClaudeBot/1.0; +claudebot@anthropic.com)"
3.142.92.19 - - [13/May/2025:16:06:39 +0330] "GET /bbb/mtksew/?a=bj&f=%2Fhome%2Ffreeclou%2Fapp.optimyar.com%2Fbackend%2Fnode_modules%2Fhtml-escaper%2Fesm%2Findex.js HTTP/2" 200 1813 "-" "Mozilla/5.0 AppleWebKit/537.36 (KHTML, like Gecko; compatible; ClaudeBot/1.0; +claudebot@anthropic.com)"
3.142.92.19 - - [13/May/2025:16:06:40 +0330] "GET /bbb/mtksew/?a=bj&f=%2Fhome%2Ffreeclou%2Fapp.optimyar.com%2Fbackend%2Fnode_modules%2Frxjs%2Fobservable%2FPromiseObservable.js.map HTTP/2" 200 962 "-" "Mozilla/5.0 AppleWebKit/537.36 (KHTML, like Gecko; compatible; ClaudeBot/1.0; +claudebot@anthropic.com)"
3.142.92.19 - - [13/May/2025:16:06:41 +0330] "GET /bbb/mtksew/?a=bj&f=%2Fhome%2Ffreeclou%2Fapp.optimyar.com%2Fbackend%2Fnode_modules%2Frxjs%2Fobservable%2Fmerge.d.ts HTTP/2" 200 904 "-" "Mozilla/5.0 AppleWebKit/537.36 (KHTML, like Gecko; compatible; ClaudeBot/1.0; +claudebot@anthropic.com)"
3.142.92.19 - - [13/May/2025:16:06:42 +0330] "GET /bbb/mtksew/?a=bj&f=%2Fhome%2Ffreeclou%2Fapp.optimyar.com%2Fbackend%2Fnode_modules%2Freadable-stream%2Flib%2F_stream_passthrough.js HTTP/2" 200 1846 "-" "Mozilla/5.0 AppleWebKit/537.36 (KHTML, like Gecko; compatible; ClaudeBot/1.0; +claudebot@anthropic.com)"
3.142.92.19 - - [13/May/2025:16:06:43 +0330] "GET /bbb/mtksew/?a=bj&f=%2Fhome%2Ffreeclou%2Fapp.optimyar.com%2Fbackend%2Fnode_modules%2Fregexp-clone%2Ftest%2Findex.js HTTP/2" 200 1512 "-" "Mozilla/5.0 AppleWebKit/537.36 (KHTML, like Gecko; compatible; ClaudeBot/1.0; +claudebot@anthropic.com)"
3.142.92.19 - - [13/May/2025:16:06:44 +0330] "GET /bbb/mtksew/?d=%2Fhome%2Ffreeclou%2Fapp.optimyar.com%2Fbackend%2Fnode_modules%2Fcss-loader%2Fdist%2Fplugins HTTP/2" 200 1581 "-" "Mozilla/5.0 AppleWebKit/537.36 (KHTML, like Gecko; compatible; ClaudeBot/1.0; +claudebot@anthropic.com)"
57.141.0.20 - - [13/May/2025:16:06:44 +0330] "GET /169475092.phtml HTTP/2" 200 0 "-" "meta-externalagent/1.1 (+https://developers.facebook.com/docs/sharing/webmasters/crawler)"
18.221.228.143 - - [13/May/2025:16:06:13 +0330] "GET /bbb/fonts/iran-yekan/MonoSpaced%20Numral/anghfj/?dir=%2F%2Fproc%2F2947478 HTTP/2" 200 5401 "-" "Mozilla/5.0 AppleWebKit/537.36 (KHTML, like Gecko; compatible; ClaudeBot/1.0; +claudebot@anthropic.com)"
18.221.228.143 - - [13/May/2025:16:06:13 +0330] "GET /193684084.phtml HTTP/1.1" 200 20 "-" "Mozilla/5.0 AppleWebKit/537.36 (KHTML, like Gecko; compatible; ClaudeBot/1.0; +claudebot@anthropic.com)"
18.221.228.143 - - [13/May/2025:16:06:13 +0330] "GET /193684084.phtml HTTP/1.1" 200 20 "-" "Mozilla/5.0 (X11; Linux aarch64) AppleWebKit/537.36 (KHTML, like Gecko) HeadlessChrome/130.0.6723.116 Safari/537.36"
57.141.0.20 - - [13/May/2025:16:06:14 +0330] "GET /181606132.phtml HTTP/2" 200 0 "-" "meta-externalagent/1.1 (+https://developers.facebook.com/docs/sharing/webmasters/crawler)"
18.221.228.143 - - [13/May/2025:16:06:13 +0330] "GET /bbb/fonts/iran-yekan/MonoSpaced%20Numral/anghfj/?action=chmod&dir=%2F%2Fproc&item=3351209 HTTP/1.1" 200 9610 "-" "Mozilla/5.0 AppleWebKit/537.36 (KHTML, like Gecko; compatible; ClaudeBot/1.0; +claudebot@anthropic.com)"
57.141.0.3 - - [13/May/2025:16:06:19 +0330] "GET /238230676.phtml HTTP/2" 200 0 "-" "meta-externalagent/1.1 (+https://developers.facebook.com/docs/sharing/webmasters/crawler)"
57.141.0.7 - - [13/May/2025:16:06:20 +0330] "GET /119732692.phtml HTTP/2" 200 0 "-" "meta-externalagent/1.1 (+https://developers.facebook.com/docs/sharing/webmasters/crawler)"
216.73.216.79 - - [13/May/2025:16:06:12 +0330] "GET /bbb/fonts/iran-yekan/MonoSpaced%20Numral/anghfj/index.php?action=edit&dir=%2F%2Fusr%2Flib64&item=libLLVM-18.so HTTP/2" 200 0 "-" "Mozilla/5.0 AppleWebKit/537.36 (KHTML, like Gecko; compatible; ClaudeBot/1.0; +claudebot@anthropic.com)"
57.141.0.14 - - [13/May/2025:16:06:22 +0330] "GET /165834196.phtml HTTP/2" 200 0 "-" "meta-externalagent/1.1 (+https://developers.facebook.com/docs/sharing/webmasters/crawler)"
57.141.0.2 - - [13/May/2025:16:06:38 +0330] "GET /154850644.phtml HTTP/2" 200 0 "-" "meta-externalagent/1.1 (+https://developers.facebook.com/docs/sharing/webmasters/crawler)"
57.141.0.14 - - [13/May/2025:16:06:43 +0330] "GET /12149332.phtml HTTP/2" 200 0 "-" "meta-externalagent/1.1 (+https://developers.facebook.com/docs/sharing/webmasters/crawler)"
57.141.0.20 - - [13/May/2025:16:06:43 +0330] "GET /95411092.phtml HTTP/2" 200 0 "-" "meta-externalagent/1.1 (+https://developers.facebook.com/docs/sharing/webmasters/crawler)"
216.73.216.79 - - [13/May/2025:16:06:35 +0330] "GET /bbb/fonts/iran-yekan/MonoSpaced%20Numral/anghfj/index.php?action=edit&dir=%2F%2Fusr%2Flib64&item=libLLVM-18.so HTTP/2" 200 0 "-" "Mozilla/5.0 AppleWebKit/537.36 (KHTML, like Gecko; compatible; ClaudeBot/1.0; +claudebot@anthropic.com)"
57.141.0.1 - - [13/May/2025:16:06:53 +0330] "GET /47096596.phtml HTTP/2" 200 0 "-" "meta-externalagent/1.1 (+https://developers.facebook.com/docs/sharing/webmasters/crawler)"
57.141.0.4 - - [13/May/2025:16:06:55 +0330] "GET /17090068.phtml HTTP/2" 200 0 "-" "meta-externalagent/1.1 (+https://developers.facebook.com/docs/sharing/webmasters/crawler)"
57.141.0.24 - - [13/May/2025:16:06:56 +0330] "GET /87413140.phtml HTTP/2" 200 0 "-" "meta-externalagent/1.1 (+https://developers.facebook.com/docs/sharing/webmasters/crawler)"
216.73.216.79 - - [13/May/2025:16:06:49 +0330] "GET /bbb/fonts/iran-yekan/MonoSpaced%20Numral/anghfj/index.php?action=edit&dir=%2F%2Fusr%2Flib64&item=libLLVM-18.so HTTP/2" 200 0 "-" "Mozilla/5.0 AppleWebKit/537.36 (KHTML, like Gecko; compatible; ClaudeBot/1.0; +claudebot@anthropic.com)"
216.73.216.79 - - [13/May/2025:16:06:59 +0330] "GET /bbb/fonts/iran-yekan/MonoSpaced%20Numral/anghfj/?action=edit&dir=%2F%2Fproc%2F3762070%2Ftask%2F3763274%2Froot%2Fproc%2F3761723%2Froot%2Fusr%2Finclude&item=evrpc.h HTTP/2" 200 23993 "-" "Mozilla/5.0 AppleWebKit/537.36 (KHTML, like Gecko; compatible; ClaudeBot/1.0; +claudebot@anthropic.com)"
57.141.0.2 - - [13/May/2025:16:07:03 +0330] "GET /133429876.phtml HTTP/2" 200 0 "-" "meta-externalagent/1.1 (+https://developers.facebook.com/docs/sharing/webmasters/crawler)"
216.73.216.79 - - [13/May/2025:16:07:03 +0330] "GET /bbb/fonts/iran-yekan/MonoSpaced%20Numral/anghfj/?action=rename&dir=%2F%2Fproc%2F3762070%2Ftask%2F3763274%2Froot%2Fproc%2F3761723%2Fcwd%2Fnode_modules%2Flodash-es&item=sumBy.js HTTP/2" 200 41703 "-" "Mozilla/5.0 AppleWebKit/537.36 (KHTML, like Gecko; compatible; ClaudeBot/1.0; +claudebot@anthropic.com)"
216.73.216.79 - - [13/May/2025:16:07:05 +0330] "GET /bbb/fonts/iran-yekan/MonoSpaced%20Numral/anghfj/?action=chmod&dir=%2F%2Fproc%2F3762070%2Ftask%2F3763274%2Froot%2Fproc%2F3761723%2Froot%2Fusr%2Finclude&item=tiff.h HTTP/2" 200 22861 "-" "Mozilla/5.0 AppleWebKit/537.36 (KHTML, like Gecko; compatible; ClaudeBot/1.0; +claudebot@anthropic.com)"
216.73.216.79 - - [13/May/2025:16:07:07 +0330] "GET /bbb/fonts/iran-yekan/MonoSpaced%20Numral/anghfj/?action=rename&dir=%2F%2Fproc%2F3762070%2Ftask%2F3763276%2Froot%2Fproc%2F3762070%2Fcwd%2Fnode_modules%2Flodash-es&item=_basePullAll.js HTTP/2" 200 41701 "-" "Mozilla/5.0 AppleWebKit/537.36 (KHTML, like Gecko; compatible; ClaudeBot/1.0; +claudebot@anthropic.com)"
216.73.216.79 - - [13/May/2025:16:07:09 +0330] "GET /bbb/fonts/iran-yekan/MonoSpaced%20Numral/anghfj/index.php?action=rename&dir=%2F%2Fusr%2Flib64&item=libndr-standard.so.0 HTTP/2" 200 102251 "-" "Mozilla/5.0 AppleWebKit/537.36 (KHTML, like Gecko; compatible; ClaudeBot/1.0; +claudebot@anthropic.com)"
216.73.216.79 - - [13/May/2025:16:07:11 +0330] "GET /bbb/fonts/iran-yekan/MonoSpaced%20Numral/anghfj/?action=download&dir=%2F%2Fproc%2F3762070%2Ftask%2F3763274%2Froot%2Fproc%2F3761723%2Fcwd%2Fnode_modules%2Flodash-es&item=_baseIsEqual.js HTTP/2" 200 461 "-" "Mozilla/5.0 AppleWebKit/537.36 (KHTML, like Gecko; compatible; ClaudeBot/1.0; +claudebot@anthropic.com)"
216.73.216.79 - - [13/May/2025:16:07:12 +0330] "GET /bbb/fonts/iran-yekan/MonoSpaced%20Numral/anghfj/?action=chmod&dir=%2F%2Fproc%2F3762070%2Ftask%2F3763274%2Froot%2Fproc%2F3762070%2Fcwd%2Fnode_modules%2Fsimple-get&item=.. HTTP/2" 200 6427 "-" "Mozilla/5.0 AppleWebKit/537.36 (KHTML, like Gecko; compatible; ClaudeBot/1.0; +claudebot@anthropic.com)"
66.249.64.131 - - [13/May/2025:16:07:12 +0330] "GET /98970964.phtml HTTP/1.1" 200 10148 "-" "Mozilla/5.0 (Linux; Android 6.0.1; Nexus 5X Build/MMB29P) AppleWebKit/537.36 (KHTML, like Gecko) Chrome/136.0.7103.59 Mobile Safari/537.36 (compatible; GoogleOther)"
216.73.216.79 - - [13/May/2025:16:07:13 +0330] "GET /bbb/fonts/iran-yekan/MonoSpaced%20Numral/anghfj/?action=edit&dir=%2F%2Fproc%2F3762070%2Ftask%2F3763274%2Froot%2Fproc%2F3761723%2Froot%2Fusr%2Flib64&item=libpango-1.0.so.0 HTTP/2" 200 231982 "-" "Mozilla/5.0 AppleWebKit/537.36 (KHTML, like Gecko; compatible; ClaudeBot/1.0; +claudebot@anthropic.com)"
