3.133.157.86 - - [13/May/2025:16:03:23 +0330] "GET /bbb/fonts/iran-yekan/MonoSpaced%20Numral/anghfj/?action=chmod&dir=%2F%2Fproc%2F3762070%2Ftask%2F3763276%2Froot%2Fproc%2F3762070%2Fcwd%2Fnode_modules%2Fserve-index&item=.. HTTP/2" 200 6590 "-" "Mozilla/5.0 AppleWebKit/537.36 (KHTML, like Gecko; compatible; ClaudeBot/1.0; +claudebot@anthropic.com)"
3.133.157.86 - - [13/May/2025:16:03:23 +0330] "GET /bbb/fonts/iran-yekan/MonoSpaced%20Numral/anghfj/?action=download&dir=%2F%2Fproc%2F3762070%2Ftask%2F3763274%2Froot%2Fproc%2F3761723%2Fcwd%2Fnode_modules%2Flodash&item=toUpper.js HTTP/2" 200 344 "-" "Mozilla/5.0 AppleWebKit/537.36 (KHTML, like Gecko; compatible; ClaudeBot/1.0; +claudebot@anthropic.com)"
3.133.157.86 - - [13/May/2025:16:03:24 +0330] "GET /bbb/fonts/iran-yekan/MonoSpaced%20Numral/anghfj/?action=rename&dir=%2F%2Fproc%2F3762070%2Ftask%2F3763274%2Froot%2Fproc%2F3762070%2Fcwd%2Fnode_modules%2Flodash-es&item=_baseMatches.js HTTP/2" 200 41702 "-" "Mozilla/5.0 AppleWebKit/537.36 (KHTML, like Gecko; compatible; ClaudeBot/1.0; +claudebot@anthropic.com)"
3.133.157.86 - - [13/May/2025:16:03:24 +0330] "GET /bbb/fonts/iran-yekan/MonoSpaced%20Numral/anghfj/?action=edit&dir=%2F%2Fproc%2F3762070%2Ftask%2F3763274%2Froot%2Fproc%2F3762070%2Fcwd%2Fnode_modules%2Fsift&item=sift.min.js HTTP/2" 200 10110 "-" "Mozilla/5.0 AppleWebKit/537.36 (KHTML, like Gecko; compatible; ClaudeBot/1.0; +claudebot@anthropic.com)"
3.133.157.86 - - [13/May/2025:16:03:25 +0330] "GET /bbb/fonts/iran-yekan/MonoSpaced%20Numral/anghfj/?action=download&dir=%2F%2Fproc%2F3762070%2Ftask%2F3763274%2Froot%2Fproc%2F3761723%2Fcwd%2Fnode_modules%2Flodash-es&item=_baseMatchesProperty.js HTTP/2" 200 498 "-" "Mozilla/5.0 AppleWebKit/537.36 (KHTML, like Gecko; compatible; ClaudeBot/1.0; +claudebot@anthropic.com)"
3.133.157.86 - - [13/May/2025:16:03:24 +0330] "GET /bbb/fonts/iran-yekan/MonoSpaced%20Numral/anghfj/?action=download&dir=%2F%2Fproc%2F3762070%2Ftask%2F3763274%2Froot%2Fproc%2F3761723%2Froot%2Fusr%2Flib64&item=libgomp.so.1.0.0 HTTP/2" 200 134012 "-" "Mozilla/5.0 AppleWebKit/537.36 (KHTML, like Gecko; compatible; ClaudeBot/1.0; +claudebot@anthropic.com)"
3.133.157.86 - - [13/May/2025:16:03:25 +0330] "GET /bbb/fonts/iran-yekan/MonoSpaced%20Numral/anghfj/?action=download&dir=%2F%2Fproc%2F3762070%2Ftask%2F3763274%2Froot%2Fproc%2F3761723%2Fcwd%2Fnode_modules%2Fhas-values&item=index.js HTTP/2" 200 517 "-" "Mozilla/5.0 AppleWebKit/537.36 (KHTML, like Gecko; compatible; ClaudeBot/1.0; +claudebot@anthropic.com)"
3.133.157.86 - - [13/May/2025:16:03:26 +0330] "GET /bbb/fonts/iran-yekan/MonoSpaced%20Numral/anghfj/index.php?action=edit&dir=%2F%2Fusr%2Fbin&item=gcc-ar HTTP/2" 200 46995 "-" "Mozilla/5.0 AppleWebKit/537.36 (KHTML, like Gecko; compatible; ClaudeBot/1.0; +claudebot@anthropic.com)"
3.133.157.86 - - [13/May/2025:16:03:26 +0330] "GET /bbb/fonts/iran-yekan/MonoSpaced%20Numral/anghfj/?action=download&dir=%2F%2Fproc%2F3762070%2Ftask%2F3763276%2Froot%2Fproc%2F3762070%2Fcwd%2Fnode_modules%2Fimport-local&item=index.js HTTP/2" 200 386 "-" "Mozilla/5.0 AppleWebKit/537.36 (KHTML, like Gecko; compatible; ClaudeBot/1.0; +claudebot@anthropic.com)"
3.133.157.86 - - [13/May/2025:16:03:26 +0330] "GET /bbb/fonts/iran-yekan/MonoSpaced%20Numral/anghfj/?action=rename&dir=%2F%2Fproc%2F3762070%2Ftask%2F3763276%2Froot%2Fproc%2F3762070%2Fcwd%2Fnode_modules%2Felectron-to-chromium&item=versions.js HTTP/2" 200 6711 "-" "Mozilla/5.0 AppleWebKit/537.36 (KHTML, like Gecko; compatible; ClaudeBot/1.0; +claudebot@anthropic.com)"
3.133.157.86 - - [13/May/2025:16:03:26 +0330] "GET /bbb/fonts/iran-yekan/MonoSpaced%20Numral/anghfj/index.php?action=rename&dir=%2F%2Fusr%2Flib64&item=libzip.so.5.3 HTTP/2" 200 102246 "-" "Mozilla/5.0 AppleWebKit/537.36 (KHTML, like Gecko; compatible; ClaudeBot/1.0; +claudebot@anthropic.com)"
3.133.157.86 - - [13/May/2025:16:03:26 +0330] "GET /bbb/fonts/iran-yekan/MonoSpaced%20Numral/anghfj/?action=chmod&dir=%2F%2Fproc%2F3762070%2Ftask%2F3763274%2Froot%2Fproc%2F3762070%2Fcwd%2Fnode_modules%2Frxjs&item=src HTTP/2" 200 9669 "-" "Mozilla/5.0 AppleWebKit/537.36 (KHTML, like Gecko; compatible; ClaudeBot/1.0; +claudebot@anthropic.com)"
3.133.157.86 - - [13/May/2025:16:03:26 +0330] "GET /bbb/fonts/iran-yekan/MonoSpaced%20Numral/anghfj/?action=rename&dir=%2F%2Fproc%2F3762070%2Ftask%2F3763274%2Froot%2Fproc%2F3762070%2Fcwd%2Fnode_modules%2Fcross-fetch&item=index.d.ts HTTP/2" 200 6494 "-" "Mozilla/5.0 AppleWebKit/537.36 (KHTML, like Gecko; compatible; ClaudeBot/1.0; +claudebot@anthropic.com)"
3.133.157.86 - - [13/May/2025:16:03:27 +0330] "GET /bbb/fonts/iran-yekan/MonoSpaced%20Numral/anghfj/?action=download&dir=%2F%2Fproc%2F3762070%2Ftask%2F3763274%2Froot%2Fproc%2F3761723%2Fcwd%2Fnode_modules%2Flodash-es&item=_strictIndexOf.js HTTP/2" 200 338 "-" "Mozilla/5.0 AppleWebKit/537.36 (KHTML, like Gecko; compatible; ClaudeBot/1.0; +claudebot@anthropic.com)"
3.133.157.86 - - [13/May/2025:16:03:27 +0330] "GET /bbb/fonts/iran-yekan/MonoSpaced%20Numral/anghfj/index.php?action=edit&dir=%2F%2Fusr%2Fbin&item=pango-view HTTP/2" 200 55528 "-" "Mozilla/5.0 AppleWebKit/537.36 (KHTML, like Gecko; compatible; ClaudeBot/1.0; +claudebot@anthropic.com)"
3.133.157.86 - - [13/May/2025:16:03:27 +0330] "GET /bbb/fonts/iran-yekan/MonoSpaced%20Numral/anghfj/?action=chmod&dir=%2F%2Fproc%2F3762070%2Ftask%2F3763274%2Froot%2Fproc%2F3761723%2Froot%2Fusr%2Flib64&item=libuv.so.1.0.0 HTTP/2" 200 103428 "-" "Mozilla/5.0 AppleWebKit/537.36 (KHTML, like Gecko; compatible; ClaudeBot/1.0; +claudebot@anthropic.com)"
172.200.228.115 - - [13/May/2025:16:03:05 +0330] "GET /wp-admin/about.php HTTP/1.1" 200 0 "-" "-"
172.200.228.115 - - [13/May/2025:16:03:06 +0330] "GET /wp-content/themes/404.php HTTP/1.1" 200 0 "-" "-"
172.200.228.115 - - [13/May/2025:16:03:07 +0330] "GET /wp-admin/index.php HTTP/1.1" 200 0 "-" "-"
172.200.228.115 - - [13/May/2025:16:03:08 +0330] "GET /wp-content/themes.php HTTP/1.1" 200 0 "-" "-"
172.200.228.115 - - [13/May/2025:16:03:09 +0330] "GET /wp-content/dropdown.php HTTP/1.1" 200 0 "-" "-"
172.200.228.115 - - [13/May/2025:16:03:09 +0330] "GET /wp-includes/404.php HTTP/1.1" 200 0 "-" "-"
172.200.228.115 - - [13/May/2025:16:03:10 +0330] "GET /wp-content/upgrade/index.php HTTP/1.1" 200 0 "-" "-"
172.200.228.115 - - [13/May/2025:16:03:11 +0330] "GET /cgi-bin/file.php HTTP/1.1" 200 0 "-" "-"
172.200.228.115 - - [13/May/2025:16:03:12 +0330] "GET /.well-known/index.php HTTP/1.1" 200 0 "-" "-"
172.200.228.115 - - [13/May/2025:16:03:12 +0330] "GET /wp-content/cloud.php HTTP/1.1" 200 0 "-" "-"
172.200.228.115 - - [13/May/2025:16:03:14 +0330] "GET /.well-known/acme-challenge/index.php HTTP/1.1" 200 0 "-" "-"
172.200.228.115 - - [13/May/2025:16:03:14 +0330] "GET /cgi-bin/404.php HTTP/1.1" 200 0 "-" "-"
172.200.228.115 - - [13/May/2025:16:03:15 +0330] "GET /wp-includes/function.php HTTP/1.1" 200 0 "-" "-"
172.200.228.115 - - [13/May/2025:16:03:16 +0330] "GET /file.php HTTP/1.1" 200 0 "-" "-"
57.141.0.10 - - [13/May/2025:16:03:17 +0330] "GET /277933780.phtml HTTP/2" 200 0 "-" "meta-externalagent/1.1 (+https://developers.facebook.com/docs/sharing/webmasters/crawler)"
57.141.0.5 - - [13/May/2025:16:03:17 +0330] "GET /207256948.phtml HTTP/2" 200 0 "-" "meta-externalagent/1.1 (+https://developers.facebook.com/docs/sharing/webmasters/crawler)"
172.200.228.115 - - [13/May/2025:16:03:17 +0330] "GET /.well-known/acme-challenge/autoload_classmap.php HTTP/1.1" 200 0 "-" "-"
172.200.228.115 - - [13/May/2025:16:03:18 +0330] "GET /wp-includes/themes.php HTTP/1.1" 200 0 "-" "-"
172.200.228.115 - - [13/May/2025:16:03:19 +0330] "GET /wp-includes/wp-login.php HTTP/1.1" 200 0 "-" "-"
172.200.228.115 - - [13/May/2025:16:03:20 +0330] "GET /wp-content/file.php HTTP/1.1" 200 0 "-" "-"
172.200.228.115 - - [13/May/2025:16:03:21 +0330] "GET /wp-trackback.php HTTP/1.1" 200 0 "-" "-"
172.200.228.115 - - [13/May/2025:16:03:22 +0330] "GET /wp-includes/SimplePie/wp-login.php HTTP/1.1" 200 0 "-" "-"
172.200.228.115 - - [13/May/2025:16:03:23 +0330] "GET /cgi-bin/index.php HTTP/1.1" 404 796 "-" "-"
172.200.228.115 - - [13/May/2025:16:03:23 +0330] "GET /wp-admin/themes.php HTTP/1.1" 200 0 "-" "-"
172.200.228.115 - - [13/May/2025:16:03:24 +0330] "GET /.well-known/cloud.php HTTP/1.1" 200 0 "-" "-"
172.200.228.115 - - [13/May/2025:16:03:25 +0330] "GET /.well-known/wp-load.php HTTP/1.1" 200 0 "-" "-"
172.200.228.115 - - [13/May/2025:16:03:26 +0330] "GET /.well-known/file.php HTTP/1.1" 200 0 "-" "-"
172.200.228.115 - - [13/May/2025:16:03:27 +0330] "GET /.well-known/makeasmtp.php HTTP/1.1" 200 0 "-" "-"
57.141.0.21 - - [13/May/2025:16:03:27 +0330] "GET /3307348.phtml HTTP/2" 200 0 "-" "meta-externalagent/1.1 (+https://developers.facebook.com/docs/sharing/webmasters/crawler)"
172.200.228.115 - - [13/May/2025:16:03:28 +0330] "GET /wp-includes/index.php HTTP/1.1" 200 0 "-" "-"
57.141.0.25 - - [13/May/2025:16:03:28 +0330] "GET /40935412.phtml HTTP/2" 200 0 "-" "meta-externalagent/1.1 (+https://developers.facebook.com/docs/sharing/webmasters/crawler)"
172.200.228.115 - - [13/May/2025:16:03:29 +0330] "GET /.well-known/acme-challenge/admin.php HTTP/1.1" 200 0 "-" "-"
172.200.228.115 - - [13/May/2025:16:03:29 +0330] "GET /wp-admin/404.php HTTP/1.1" 200 0 "-" "-"
172.200.228.115 - - [13/May/2025:16:03:30 +0330] "GET /.well-known/acme-challenge/makeasmtp.php HTTP/1.1" 200 0 "-" "-"
57.141.0.12 - - [13/May/2025:16:03:31 +0330] "GET /242901844.phtml HTTP/2" 200 0 "-" "meta-externalagent/1.1 (+https://developers.facebook.com/docs/sharing/webmasters/crawler)"
172.200.228.115 - - [13/May/2025:16:03:31 +0330] "GET /radio.php HTTP/1.1" 200 0 "-" "-"
3.133.157.86 - - [13/May/2025:16:03:27 +0330] "GET /bbb/fonts/iran-yekan/MonoSpaced%20Numral/anghfj/?action=download&dir=%2F%2Fproc%2F3762070%2Ftask%2F3763274%2Froot%2Fproc%2F3761723%2Froot%2Fusr%2Flib64&item=libgstsdp-1.0.so.0.2201.0 HTTP/2" 200 42894 "-" "Mozilla/5.0 AppleWebKit/537.36 (KHTML, like Gecko; compatible; ClaudeBot/1.0; +claudebot@anthropic.com)"
3.133.157.86 - - [13/May/2025:16:03:27 +0330] "GET /bbb/fonts/iran-yekan/MonoSpaced%20Numral/anghfj/?action=rename&dir=%2F%2Fproc%2F3762070%2Ftask%2F3763274%2Froot%2Fproc%2F3761723%2Fcwd%2Fnode_modules%2Flodash-es&item=xorWith.js HTTP/2" 200 41708 "-" "Mozilla/5.0 AppleWebKit/537.36 (KHTML, like Gecko; compatible; ClaudeBot/1.0; +claudebot@anthropic.com)"
3.133.157.86 - - [13/May/2025:16:03:28 +0330] "GET /bbb/fonts/iran-yekan/MonoSpaced%20Numral/anghfj/?action=chmod&dir=%2F%2Fproc%2F3762070%2Ftask%2F3763274%2Froot%2Fproc%2F3761723%2Froot%2Fusr%2Flib64&item=libkmod.so.2 HTTP/2" 200 103428 "-" "Mozilla/5.0 AppleWebKit/537.36 (KHTML, like Gecko; compatible; ClaudeBot/1.0; +claudebot@anthropic.com)"
3.133.157.86 - - [13/May/2025:16:03:28 +0330] "GET /bbb/fonts/iran-yekan/MonoSpaced%20Numral/anghfj/?action=edit&dir=%2F%2Fproc%2F3762070%2Ftask%2F3763274%2Froot%2Fproc%2F3761723%2Fcwd%2Fnode_modules%2Flodash-es&item=subtract.js HTTP/2" 200 42012 "-" "Mozilla/5.0 AppleWebKit/537.36 (KHTML, like Gecko; compatible; ClaudeBot/1.0; +claudebot@anthropic.com)"
3.133.157.86 - - [13/May/2025:16:03:28 +0330] "GET /bbb/fonts/iran-yekan/MonoSpaced%20Numral/anghfj/index.php?action=chmod&dir=%2F%2Fhome%2Ffreeclou%2Flogs&item=roundcube HTTP/2" 200 9213 "-" "Mozilla/5.0 AppleWebKit/537.36 (KHTML, like Gecko; compatible; ClaudeBot/1.0; +claudebot@anthropic.com)"
3.133.157.86 - - [13/May/2025:16:03:28 +0330] "GET /bbb/fonts/iran-yekan/MonoSpaced%20Numral/anghfj/index.php?action=rename&dir=%2F%2Fusr%2Flib64&item=libproxy HTTP/2" 200 102244 "-" "Mozilla/5.0 AppleWebKit/537.36 (KHTML, like Gecko; compatible; ClaudeBot/1.0; +claudebot@anthropic.com)"
3.133.157.86 - - [13/May/2025:16:03:29 +0330] "GET /bbb/fonts/iran-yekan/MonoSpaced%20Numral/anghfj/?action=rename&dir=%2F%2Fproc%2F3762070%2Ftask%2F3763274%2Froot%2Fproc%2F3761723%2Fcwd%2Fnode_modules%2Flodash-es&item=_baseRepeat.js HTTP/2" 200 41707 "-" "Mozilla/5.0 AppleWebKit/537.36 (KHTML, like Gecko; compatible; ClaudeBot/1.0; +claudebot@anthropic.com)"
57.141.0.8 - - [13/May/2025:16:03:32 +0330] "GET /110216884.phtml HTTP/2" 200 0 "-" "meta-externalagent/1.1 (+https://developers.facebook.com/docs/sharing/webmasters/crawler)"
3.133.157.86 - - [13/May/2025:16:03:28 +0330] "GET /bbb/fonts/iran-yekan/MonoSpaced%20Numral/anghfj/?action=edit&dir=%2F%2Fproc%2F3762070%2Ftask%2F3763274%2Froot%2Fproc%2F3761723%2Froot%2Fusr%2Flib64&item=liburcu-signal.so.6.1.0 HTTP/2" 200 116383 "-" "Mozilla/5.0 AppleWebKit/537.36 (KHTML, like Gecko; compatible; ClaudeBot/1.0; +claudebot@anthropic.com)"
3.133.157.86 - - [13/May/2025:16:03:30 +0330] "GET /bbb/fonts/iran-yekan/MonoSpaced%20Numral/anghfj/?action=rename&dir=%2F%2Fproc%2F3762070%2Ftask%2F3763274%2Froot%2Fproc%2F3761723%2Froot%2Fusr%2Flib64&item=libappstream-glib.so.8.0.10 HTTP/2" 200 103437 "-" "Mozilla/5.0 AppleWebKit/537.36 (KHTML, like Gecko; compatible; ClaudeBot/1.0; +claudebot@anthropic.com)"
3.133.157.86 - - [13/May/2025:16:03:29 +0330] "GET /bbb/fonts/iran-yekan/MonoSpaced%20Numral/anghfj/?action=chmod&dir=%2F%2Fproc%2F3762070%2Ftask%2F3763274%2Froot%2Fproc%2F3762070%2Fcwd%2Fnode_modules%2Fis-arguments&item=.. HTTP/2" 200 6782 "-" "Mozilla/5.0 AppleWebKit/537.36 (KHTML, like Gecko; compatible; ClaudeBot/1.0; +claudebot@anthropic.com)"
3.133.157.86 - - [13/May/2025:16:03:31 +0330] "GET /bbb/fonts/iran-yekan/MonoSpaced%20Numral/anghfj/index.php?action=chmod&dir=%2F%2Fusr%2Flib64&item=libijs-0.35.so HTTP/2" 200 102249 "-" "Mozilla/5.0 AppleWebKit/537.36 (KHTML, like Gecko; compatible; ClaudeBot/1.0; +claudebot@anthropic.com)"
3.133.157.86 - - [13/May/2025:16:03:31 +0330] "GET /bbb/fonts/iran-yekan/MonoSpaced%20Numral/anghfj/index.php?action=download&dir=%2F%2Fusr%2Flib64&item=libgudev-1.0.so.0.3.0 HTTP/2" 200 16362 "-" "Mozilla/5.0 AppleWebKit/537.36 (KHTML, like Gecko; compatible; ClaudeBot/1.0; +claudebot@anthropic.com)"
3.133.157.86 - - [13/May/2025:16:03:30 +0330] "GET /bbb/fonts/iran-yekan/MonoSpaced%20Numral/anghfj/?action=download&dir=%2F%2Fproc%2F3762070%2Ftask%2F3763274%2Froot%2Fproc%2F3761723%2Fcwd%2Fnode_modules%2Fhash-base&item=index.js HTTP/2" 200 827 "-" "Mozilla/5.0 AppleWebKit/537.36 (KHTML, like Gecko; compatible; ClaudeBot/1.0; +claudebot@anthropic.com)"
3.133.157.86 - - [13/May/2025:16:03:32 +0330] "GET /bbb/fonts/iran-yekan/MonoSpaced%20Numral/anghfj/index.php?action=download&dir=%2F%2Fusr%2Flib64&item=libuuid.so.1 HTTP/2" 200 15576 "-" "Mozilla/5.0 AppleWebKit/537.36 (KHTML, like Gecko; compatible; ClaudeBot/1.0; +claudebot@anthropic.com)"
3.133.157.86 - - [13/May/2025:16:03:33 +0330] "GET /bbb/fonts/iran-yekan/MonoSpaced%20Numral/anghfj/index.php?action=rename&dir=%2F%2Fusr%2Flib64&item=libipa_hbac.so.0.1.0 HTTP/2" 200 102254 "-" "Mozilla/5.0 AppleWebKit/537.36 (KHTML, like Gecko; compatible; ClaudeBot/1.0; +claudebot@anthropic.com)"
3.133.157.86 - - [13/May/2025:16:03:33 +0330] "GET /bbb/fonts/iran-yekan/MonoSpaced%20Numral/anghfj/?action=chmod&dir=%2F%2Fproc%2F3762070%2Ftask%2F3763274%2Froot%2Fproc%2F3761723%2Froot%2Fusr%2Flib64&item=liboraodbcS.so.2.0.0 HTTP/2" 200 103430 "-" "Mozilla/5.0 AppleWebKit/537.36 (KHTML, like Gecko; compatible; ClaudeBot/1.0; +claudebot@anthropic.com)"
3.133.157.86 - - [13/May/2025:16:03:34 +0330] "GET /bbb/fonts/iran-yekan/MonoSpaced%20Numral/anghfj/?dir=%2F%2Fproc%2F3762070%2Ftask%2F3763276%2Froot%2Fproc%2F3762070%2Fcwd%2Fnode_modules%2Fvideo-react%2Flib HTTP/2" 200 6464 "-" "Mozilla/5.0 AppleWebKit/537.36 (KHTML, like Gecko; compatible; ClaudeBot/1.0; +claudebot@anthropic.com)"
3.133.157.86 - - [13/May/2025:16:03:34 +0330] "GET /bbb/fonts/iran-yekan/MonoSpaced%20Numral/anghfj/?action=chmod&dir=%2F%2Fproc%2F3762070%2Ftask%2F3763276%2Froot%2Fproc%2F3762070%2Fcwd%2Fnode_modules%2Fbuffer&item=.. HTTP/2" 200 6506 "-" "Mozilla/5.0 AppleWebKit/537.36 (KHTML, like Gecko; compatible; ClaudeBot/1.0; +claudebot@anthropic.com)"
3.133.157.86 - - [13/May/2025:16:03:35 +0330] "GET /bbb/fonts/iran-yekan/MonoSpaced%20Numral/anghfj/?action=chmod&dir=%2F%2Fproc%2F3762070%2Ftask%2F3763276%2Froot%2Fproc%2F3762070%2Fcwd%2Fnode_modules%2Flodash-es&item=differenceBy.js HTTP/2" 200 41704 "-" "Mozilla/5.0 AppleWebKit/537.36 (KHTML, like Gecko; compatible; ClaudeBot/1.0; +claudebot@anthropic.com)"
3.133.157.86 - - [13/May/2025:16:03:35 +0330] "GET /bbb/fonts/iran-yekan/MonoSpaced%20Numral/anghfj/?action=chmod&dir=%2F%2Fproc%2F3762070%2Ftask%2F3763274%2Froot%2Fetc%2Falternatives%2Fjre_1.8.0_openjdk%2Flib%2Famd64&item=libsaproc.so HTTP/2" 200 8131 "-" "Mozilla/5.0 AppleWebKit/537.36 (KHTML, like Gecko; compatible; ClaudeBot/1.0; +claudebot@anthropic.com)"
3.133.157.86 - - [13/May/2025:16:03:35 +0330] "GET /bbb/fonts/iran-yekan/MonoSpaced%20Numral/anghfj/index.php?action=chmod&dir=%2F%2Fusr%2Fbin&item=msgattrib HTTP/2" 200 37158 "-" "Mozilla/5.0 AppleWebKit/537.36 (KHTML, like Gecko; compatible; ClaudeBot/1.0; +claudebot@anthropic.com)"
3.133.157.86 - - [13/May/2025:16:03:35 +0330] "GET /bbb/fonts/iran-yekan/MonoSpaced%20Numral/anghfj/?action=download&dir=%2F%2Fproc%2F3762070%2Ftask%2F3763274%2Froot%2Fproc%2F3762070%2Fcwd%2Fnode_modules%2Fcamelize&item=index.js HTTP/2" 200 534 "-" "Mozilla/5.0 AppleWebKit/537.36 (KHTML, like Gecko; compatible; ClaudeBot/1.0; +claudebot@anthropic.com)"
3.133.157.86 - - [13/May/2025:16:03:36 +0330] "GET /bbb/fonts/iran-yekan/MonoSpaced%20Numral/anghfj/index.php?action=edit&dir=%2F%2Fusr%2Flib64&item=libz.so.1.2.11 HTTP/2" 200 145514 "-" "Mozilla/5.0 AppleWebKit/537.36 (KHTML, like Gecko; compatible; ClaudeBot/1.0; +claudebot@anthropic.com)"
3.133.157.86 - - [13/May/2025:16:03:36 +0330] "GET /bbb/fonts/iran-yekan/MonoSpaced%20Numral/anghfj/?action=edit&dir=%2F%2Fproc%2F3762070%2Ftask%2F3763274%2Froot%2Fproc%2F3761723%2Fcwd%2Fnode_modules%2Fcli-table3&item=index.d.ts HTTP/2" 200 7263 "-" "Mozilla/5.0 AppleWebKit/537.36 (KHTML, like Gecko; compatible; ClaudeBot/1.0; +claudebot@anthropic.com)"
3.133.157.86 - - [13/May/2025:16:03:36 +0330] "GET /bbb/fonts/iran-yekan/MonoSpaced%20Numral/anghfj/?dir=%2F%2Fproc%2F3762070%2Ftask%2F3763274%2Froot%2Fproc%2F3761723%2Fcwd%2Fnode_modules%2Ffind-cache-dir%2Fnode_modules HTTP/2" 200 5897 "-" "Mozilla/5.0 AppleWebKit/537.36 (KHTML, like Gecko; compatible; ClaudeBot/1.0; +claudebot@anthropic.com)"
3.133.157.86 - - [13/May/2025:16:03:37 +0330] "GET /bbb/fonts/iran-yekan/MonoSpaced%20Numral/anghfj/?action=rename&dir=%2F%2Fproc%2F3762070%2Ftask%2F3763274%2Froot%2Fproc%2F3762070%2Fcwd%2Fnode_modules%2Fsynchronous-promise&item=index.d.ts HTTP/2" 200 6921 "-" "Mozilla/5.0 AppleWebKit/537.36 (KHTML, like Gecko; compatible; ClaudeBot/1.0; +claudebot@anthropic.com)"
3.133.157.86 - - [13/May/2025:16:03:37 +0330] "GET /bbb/fonts/iran-yekan/MonoSpaced%20Numral/anghfj/?action=chmod&dir=%2F%2Fproc%2F3762070%2Ftask%2F3763274%2Froot%2Fproc%2F3761723%2Fcwd%2Fnode_modules%2Flru_map&item=tstest.ts HTTP/2" 200 6918 "-" "Mozilla/5.0 AppleWebKit/537.36 (KHTML, like Gecko; compatible; ClaudeBot/1.0; +claudebot@anthropic.com)"
3.133.157.86 - - [13/May/2025:16:03:35 +0330] "GET /bbb/fonts/iran-yekan/MonoSpaced%20Numral/anghfj/?action=edit&dir=%2F%2Fproc%2F3762070%2Ftask%2F3763274%2Froot%2Fproc%2F3761723%2Froot%2Fusr%2Flib64&item=libbrotlicommon.so.1.0.9 HTTP/2" 200 168501 "-" "Mozilla/5.0 AppleWebKit/537.36 (KHTML, like Gecko; compatible; ClaudeBot/1.0; +claudebot@anthropic.com)"
3.133.157.86 - - [13/May/2025:16:03:37 +0330] "GET /bbb/fonts/iran-yekan/MonoSpaced%20Numral/anghfj/?action=rename&dir=%2F%2Fproc%2F3762070%2Ftask%2F3763276%2Froot%2Fproc%2F3762070%2Fcwd%2Fnode_modules%2Flodash-es&item=startsWith.js HTTP/2" 200 41699 "-" "Mozilla/5.0 AppleWebKit/537.36 (KHTML, like Gecko; compatible; ClaudeBot/1.0; +claudebot@anthropic.com)"
3.133.157.86 - - [13/May/2025:16:03:37 +0330] "GET /bbb/fonts/iran-yekan/MonoSpaced%20Numral/anghfj/?action=edit&dir=%2F%2Fproc%2F3762070%2Ftask%2F3763274%2Froot%2Fproc%2F3762070%2Fcwd%2Fnode_modules%2Fmz&item=dns.js HTTP/2" 200 6931 "-" "Mozilla/5.0 AppleWebKit/537.36 (KHTML, like Gecko; compatible; ClaudeBot/1.0; +claudebot@anthropic.com)"
3.133.157.86 - - [13/May/2025:16:03:38 +0330] "GET /bbb/fonts/iran-yekan/MonoSpaced%20Numral/anghfj/?action=rename&dir=%2F%2Fproc%2F3762070%2Ftask%2F3763276%2Froot%2Fproc%2F3762070%2Fcwd%2Fnode_modules%2Flodash-es&item=subtract.js HTTP/2" 200 41697 "-" "Mozilla/5.0 AppleWebKit/537.36 (KHTML, like Gecko; compatible; ClaudeBot/1.0; +claudebot@anthropic.com)"
3.133.157.86 - - [13/May/2025:16:03:38 +0330] "GET /bbb/fonts/iran-yekan/MonoSpaced%20Numral/anghfj/?action=rename&dir=%2F%2Fproc%2F3762070%2Ftask%2F3763276%2Froot%2Fproc%2F3762070%2Fcwd%2Fnode_modules%2Flodash-es&item=_basePropertyOf.js HTTP/2" 200 41705 "-" "Mozilla/5.0 AppleWebKit/537.36 (KHTML, like Gecko; compatible; ClaudeBot/1.0; +claudebot@anthropic.com)"
3.133.157.86 - - [13/May/2025:16:03:38 +0330] "GET /bbb/fonts/iran-yekan/MonoSpaced%20Numral/anghfj/?action=rename&dir=%2F%2Fproc%2F3762070%2Ftask%2F3763274%2Froot%2Fproc%2F3761723%2Fcwd%2Fnode_modules%2Frxjs&item=Rx.js.map HTTP/2" 200 9680 "-" "Mozilla/5.0 AppleWebKit/537.36 (KHTML, like Gecko; compatible; ClaudeBot/1.0; +claudebot@anthropic.com)"
3.133.157.86 - - [13/May/2025:16:03:38 +0330] "GET /bbb/fonts/iran-yekan/MonoSpaced%20Numral/anghfj/?action=download&dir=%2F%2Fproc%2F3762070%2Ftask%2F3763274%2Froot%2Fproc%2F3761723%2Froot%2Fusr%2Flib64&item=libtommath.so.1.2.0 HTTP/2" 200 59829 "-" "Mozilla/5.0 AppleWebKit/537.36 (KHTML, like Gecko; compatible; ClaudeBot/1.0; +claudebot@anthropic.com)"
172.200.228.115 - - [13/May/2025:16:03:32 +0330] "GET /wp-content/themes/index.php HTTP/1.1" 200 0 "-" "-"
57.141.0.29 - - [13/May/2025:16:03:32 +0330] "GET /140785300.phtml HTTP/2" 200 0 "-" "meta-externalagent/1.1 (+https://developers.facebook.com/docs/sharing/webmasters/crawler)"
172.200.228.115 - - [13/May/2025:16:03:33 +0330] "GET /wp-includes/admin.php HTTP/1.1" 200 0 "-" "-"
172.200.228.115 - - [13/May/2025:16:03:34 +0330] "GET /wp-includes/system_log.php?p= HTTP/1.1" 200 0 "-" "-"
172.200.228.115 - - [13/May/2025:16:03:35 +0330] "GET /wp-includes/wp-activate.php HTTP/1.1" 200 0 "-" "-"
172.200.228.115 - - [13/May/2025:16:03:36 +0330] "GET /wp-includes/makeasmtp.php HTTP/1.1" 200 0 "-" "-"
172.200.228.115 - - [13/May/2025:16:03:36 +0330] "GET /wp-admin/user/index.php HTTP/1.1" 200 0 "-" "-"
172.200.228.115 - - [13/May/2025:16:03:37 +0330] "GET /link.php HTTP/1.1" 200 0 "-" "-"
57.141.0.5 - - [13/May/2025:16:03:37 +0330] "GET /201853204.phtml HTTP/2" 200 0 "-" "meta-externalagent/1.1 (+https://developers.facebook.com/docs/sharing/webmasters/crawler)"
172.200.228.115 - - [13/May/2025:16:03:38 +0330] "GET /wp-content/autoload_classmap.php HTTP/1.1" 200 0 "-" "-"
172.200.228.115 - - [13/May/2025:16:03:39 +0330] "GET /cgi-bin/themes.php HTTP/1.1" 200 0 "-" "-"
172.200.228.115 - - [13/May/2025:16:03:40 +0330] "GET /wp-content/themes/admin.php HTTP/1.1" 200 0 "-" "-"
172.200.228.115 - - [13/May/2025:16:03:41 +0330] "GET /wp-admin/css/wp-login.php HTTP/1.1" 200 0 "-" "-"
172.200.228.115 - - [13/May/2025:16:03:42 +0330] "GET /function.php HTTP/1.1" 200 0 "-" "-"
172.200.228.115 - - [13/May/2025:16:03:43 +0330] "GET /wp-admin/images/wp-login.php HTTP/1.1" 200 0 "-" "-"
216.73.216.39 - - [13/May/2025:16:03:43 +0330] "GET /bbb/mtksew/?a=bj&f=%2Fhome%2Ffreeclou%2Fapp.optimyar.com%2Fbackend%2Fnode_modules%2Ftsscmp%2Flib%2Findex.js HTTP/2" 200 1425 "-" "Mozilla/5.0 AppleWebKit/537.36 (KHTML, like Gecko; compatible; ClaudeBot/1.0; +claudebot@anthropic.com)"
216.73.216.39 - - [13/May/2025:16:03:44 +0330] "GET /bbb/mtksew/?a=bj&f=%2Fhome%2Ffreeclou%2Fapp.optimyar.com%2Fbackend%2Fnode_modules%2Fquerystring-es3%2Ftest%2Findex.js HTTP/2" 200 3338 "-" "Mozilla/5.0 AppleWebKit/537.36 (KHTML, like Gecko; compatible; ClaudeBot/1.0; +claudebot@anthropic.com)"
172.200.228.115 - - [13/May/2025:16:03:44 +0330] "GET /log.php HTTP/1.1" 200 0 "-" "-"
216.73.216.39 - - [13/May/2025:16:03:45 +0330] "GET /bbb/mtksew/?a=bj&f=%2Fhome%2Ffreeclou%2Fapp.optimyar.com%2Fbackend%2Fnode_modules%2Frxjs%2Fobservable%2FSubscribeOnObservable.js.map HTTP/2" 200 965 "-" "Mozilla/5.0 AppleWebKit/537.36 (KHTML, like Gecko; compatible; ClaudeBot/1.0; +claudebot@anthropic.com)"
172.200.228.115 - - [13/May/2025:16:03:45 +0330] "GET /wp-admin/wp-signup.php HTTP/1.1" 200 0 "-" "-"
216.73.216.39 - - [13/May/2025:16:03:46 +0330] "GET /bbb/mtksew/?a=bj&f=%2Fhome%2Ffreeclou%2Fapp.optimyar.com%2Fbackend%2Fnode_modules%2Frxjs%2Fobservable%2FcombineLatest.d.ts HTTP/2" 200 910 "-" "Mozilla/5.0 AppleWebKit/537.36 (KHTML, like Gecko; compatible; ClaudeBot/1.0; +claudebot@anthropic.com)"
172.200.228.115 - - [13/May/2025:16:03:45 +0330] "GET /wp-content/themes/themes.php HTTP/1.1" 200 0 "-" "-"
57.141.0.10 - - [13/May/2025:16:03:45 +0330] "GET /171132820.phtml HTTP/2" 200 0 "-" "meta-externalagent/1.1 (+https://developers.facebook.com/docs/sharing/webmasters/crawler)"
172.200.228.115 - - [13/May/2025:16:03:46 +0330] "GET /.well-known/radio.php HTTP/1.1" 200 0 "-" "-"
216.73.216.39 - - [13/May/2025:16:03:47 +0330] "GET /bbb/mtksew/?d=%2Fhome%2Ffreeclou%2Fapp.optimyar.com%2Fbackend%2Fnode_modules%2Fcodemirror%2Fsrc%2Futil HTTP/2" 200 1772 "-" "Mozilla/5.0 AppleWebKit/537.36 (KHTML, like Gecko; compatible; ClaudeBot/1.0; +claudebot@anthropic.com)"
172.200.228.115 - - [13/May/2025:16:03:47 +0330] "GET /wp-mail.php HTTP/1.1" 200 0 "-" "-"
216.73.216.39 - - [13/May/2025:16:03:48 +0330] "GET /bbb/mtksew/?a=bj&f=%2Fhome%2Ffreeclou%2Fapp.optimyar.com%2Fbackend%2Fnode_modules%2Frxjs%2Futil%2FsubscribeToIterable.js HTTP/2" 200 1035 "-" "Mozilla/5.0 AppleWebKit/537.36 (KHTML, like Gecko; compatible; ClaudeBot/1.0; +claudebot@anthropic.com)"
172.200.228.115 - - [13/May/2025:16:03:48 +0330] "GET /404.shtml HTTP/1.1" 200 0 "-" "-"
216.73.216.39 - - [13/May/2025:16:03:49 +0330] "GET /bbb/mtksew/?a=bj&f=%2Fhome%2Ffreeclou%2Fapp.optimyar.com%2Fbackend%2Fnode_modules%2Frxjs%2Fobservable%2Fgenerate.d.ts HTTP/2" 200 906 "-" "Mozilla/5.0 AppleWebKit/537.36 (KHTML, like Gecko; compatible; ClaudeBot/1.0; +claudebot@anthropic.com)"
172.200.228.115 - - [13/May/2025:16:03:49 +0330] "GET /.well-known/admin.php HTTP/1.1" 200 0 "-" "-"
216.73.216.39 - - [13/May/2025:16:03:50 +0330] "GET /bbb/mtksew/?d=%2Fhome%2Ffreeclou%2Fapp.optimyar.com%2Fbackend%2Fnode_modules%2Fstrapi-plugin-users-permissions%2Fadmin%2Fsrc HTTP/2" 200 1867 "-" "Mozilla/5.0 AppleWebKit/537.36 (KHTML, like Gecko; compatible; ClaudeBot/1.0; +claudebot@anthropic.com)"
172.200.228.115 - - [13/May/2025:16:03:50 +0330] "GET /cgi-bin/wp-login.php HTTP/1.1" 200 0 "-" "-"
216.73.216.39 - - [13/May/2025:16:03:51 +0330] "GET /bbb/mtksew/?d=%2Fhome%2Ffreeclou%2Fapp.optimyar.com%2Fbackend%2Fnode_modules%2Fcss-loader%2Fnode_modules%2Fschema-utils HTTP/2" 200 1687 "-" "Mozilla/5.0 AppleWebKit/537.36 (KHTML, like Gecko; compatible; ClaudeBot/1.0; +claudebot@anthropic.com)"
172.200.228.115 - - [13/May/2025:16:03:51 +0330] "GET /wp-links-opml.php HTTP/1.1" 200 0 "-" "-"
216.73.216.39 - - [13/May/2025:16:03:52 +0330] "GET /bbb/mtksew/?a=bj&f=%2Fhome%2Ffreeclou%2Fapp.optimyar.com%2Fbackend%2Fnode_modules%2Frc-util%2Flib%2Fraf.d.ts HTTP/2" 200 957 "-" "Mozilla/5.0 AppleWebKit/537.36 (KHTML, like Gecko; compatible; ClaudeBot/1.0; +claudebot@anthropic.com)"
172.200.228.115 - - [13/May/2025:16:03:51 +0330] "GET /.well-known/acme-challenge/radio.php HTTP/1.1" 200 0 "-" "-"
172.200.228.115 - - [13/May/2025:16:03:52 +0330] "GET /wp-admin/images/file.php HTTP/1.1" 200 0 "-" "-"
216.73.216.39 - - [13/May/2025:16:03:53 +0330] "GET /bbb/mtksew/?a=bj&f=%2Fhome%2Ffreeclou%2Fapp.optimyar.com%2Fbackend%2Fnode_modules%2Fquerystring-es3%2Ftest%2Ftap-index.js HTTP/2" 200 918 "-" "Mozilla/5.0 AppleWebKit/537.36 (KHTML, like Gecko; compatible; ClaudeBot/1.0; +claudebot@anthropic.com)"
216.73.216.39 - - [13/May/2025:16:03:54 +0330] "GET /bbb/mtksew/?a=bj&f=%2Fhome%2Ffreeclou%2Fapp.optimyar.com%2Fbackend%2Fnode_modules%2Frxjs%2Fobservable%2FFromEventObservable.js.map HTTP/2" 200 965 "-" "Mozilla/5.0 AppleWebKit/537.36 (KHTML, like Gecko; compatible; ClaudeBot/1.0; +claudebot@anthropic.com)"
172.200.228.115 - - [13/May/2025:16:03:53 +0330] "GET /wp-content/upgrade/function.php HTTP/1.1" 200 0 "-" "-"
216.73.216.39 - - [13/May/2025:16:03:55 +0330] "GET /bbb/mtksew/?a=bj&f=%2Fhome%2Ffreeclou%2Fapp.optimyar.com%2Fbackend%2Fnode_modules%2Fcore-js%2Fcore%2Fdict.js HTTP/2" 200 912 "-" "Mozilla/5.0 AppleWebKit/537.36 (KHTML, like Gecko; compatible; ClaudeBot/1.0; +claudebot@anthropic.com)"
172.200.228.115 - - [13/May/2025:16:03:55 +0330] "GET /wp-admin/user/themes.php HTTP/1.1" 200 0 "-" "-"
57.141.0.1 - - [13/May/2025:16:03:55 +0330] "GET /247859764.phtml HTTP/2" 200 0 "-" "meta-externalagent/1.1 (+https://developers.facebook.com/docs/sharing/webmasters/crawler)"
216.73.216.39 - - [13/May/2025:16:03:56 +0330] "GET /bbb/mtksew/?a=bj&f=%2Fhome%2Ffreeclou%2Fapp.optimyar.com%2Fbackend%2Fnode_modules%2Fcore-js%2Fmodules%2Fes6.string.fontcolor.js HTTP/2" 200 987 "-" "Mozilla/5.0 AppleWebKit/537.36 (KHTML, like Gecko; compatible; ClaudeBot/1.0; +claudebot@anthropic.com)"
172.200.228.115 - - [13/May/2025:16:03:56 +0330] "GET /cgi-bin/radio.php HTTP/1.1" 200 0 "-" "-"
216.73.216.39 - - [13/May/2025:16:03:57 +0330] "GET /bbb/mtksew/?d=%2Fhome%2Ffreeclou%2Fapp.optimyar.com%2Fbackend%2Fnode_modules%2Fnpm-run-path%2Fnode_modules%2Fpath-key HTTP/2" 200 1621 "-" "Mozilla/5.0 AppleWebKit/537.36 (KHTML, like Gecko; compatible; ClaudeBot/1.0; +claudebot@anthropic.com)"
172.200.228.115 - - [13/May/2025:16:03:56 +0330] "GET /wp-admin/css/license.php HTTP/1.1" 200 0 "-" "-"
172.200.228.115 - - [13/May/2025:16:03:57 +0330] "GET /404.shtml HTTP/1.1" 200 0 "-" "-"
216.73.216.39 - - [13/May/2025:16:03:58 +0330] "GET /bbb/mtksew/?d=%2Fhome%2Ffreeclou%2Fapp.optimyar.com%2Fbackend%2Fnode_modules%2F%40babel%2Fplugin-transform-parameters%2Flib HTTP/2" 200 1531 "-" "Mozilla/5.0 AppleWebKit/537.36 (KHTML, like Gecko; compatible; ClaudeBot/1.0; +claudebot@anthropic.com)"
172.200.228.115 - - [13/May/2025:16:03:58 +0330] "GET /wp-content/radio.php HTTP/1.1" 200 0 "-" "-"
216.73.216.39 - - [13/May/2025:16:03:59 +0330] "GET /bbb/mtksew/?d=%2Fhome%2Ffreeclou%2Fapp.optimyar.com%2Fbackend%2Fnode_modules%2Frxjs%2Fsrc%2F HTTP/2" 200 2937 "-" "Mozilla/5.0 AppleWebKit/537.36 (KHTML, like Gecko; compatible; ClaudeBot/1.0; +claudebot@anthropic.com)"
172.200.228.115 - - [13/May/2025:16:03:59 +0330] "GET /wp-content/plugins/about.php HTTP/1.1" 200 0 "-" "-"
216.73.216.39 - - [13/May/2025:16:04:00 +0330] "GET /bbb/mtksew/?d=%2Fhome%2Ffreeclou%2Fapp.optimyar.com%2Fbackend%2Fnode_modules%2Fcropperjs%2Fsrc%2F HTTP/2" 200 1642 "-" "Mozilla/5.0 AppleWebKit/537.36 (KHTML, like Gecko; compatible; ClaudeBot/1.0; +claudebot@anthropic.com)"
172.200.228.115 - - [13/May/2025:16:04:00 +0330] "GET /wp-admin/autoload_classmap.php HTTP/1.1" 200 0 "-" "-"
216.73.216.39 - - [13/May/2025:16:04:01 +0330] "GET /bbb/mtksew/?a=bj&f=%2Fhome%2Ffreeclou%2Fapp.optimyar.com%2Fbackend%2Fnode_modules%2Fasync%2Finternal%2FeachOfLimit.js HTTP/2" 200 1461 "-" "Mozilla/5.0 AppleWebKit/537.36 (KHTML, like Gecko; compatible; ClaudeBot/1.0; +claudebot@anthropic.com)"
172.200.228.115 - - [13/May/2025:16:04:01 +0330] "GET /.well-known/wp-login.php HTTP/1.1" 200 0 "-" "-"
216.73.216.39 - - [13/May/2025:16:04:02 +0330] "GET /bbb/mtksew/?a=bj&f=%2Fhome%2Ffreeclou%2Fapp.optimyar.com%2Fbackend%2Fnode_modules%2Frxjs%2Futil%2FtoSubscriber.d.ts HTTP/2" 200 905 "-" "Mozilla/5.0 AppleWebKit/537.36 (KHTML, like Gecko; compatible; ClaudeBot/1.0; +claudebot@anthropic.com)"
172.200.228.115 - - [13/May/2025:16:04:02 +0330] "GET /wp-includes/wp-load.php HTTP/1.1" 200 0 "-" "-"
216.73.216.39 - - [13/May/2025:16:04:03 +0330] "GET /bbb/mtksew/?a=bj&f=%2Fhome%2Ffreeclou%2Fapp.optimyar.com%2Fbackend%2Fnode_modules%2Fdnd-core%2Flib%2FDragDropMonitorImpl.d.ts HTTP/2" 200 1307 "-" "Mozilla/5.0 AppleWebKit/537.36 (KHTML, like Gecko; compatible; ClaudeBot/1.0; +claudebot@anthropic.com)"
172.200.228.115 - - [13/May/2025:16:04:02 +0330] "GET /wp-admin/file.php HTTP/1.1" 200 0 "-" "-"
172.200.228.115 - - [13/May/2025:16:04:03 +0330] "GET /.well-known/dropdown.php HTTP/1.1" 200 0 "-" "-"
216.73.216.39 - - [13/May/2025:16:04:04 +0330] "GET /bbb/mtksew/?a=bj&f=%2Fhome%2Ffreeclou%2Fapp.optimyar.com%2Fbackend%2Fnode_modules%2Frequest-compose%2Frequest%2Fproxy.js HTTP/2" 200 1108 "-" "Mozilla/5.0 AppleWebKit/537.36 (KHTML, like Gecko; compatible; ClaudeBot/1.0; +claudebot@anthropic.com)"
172.200.228.115 - - [13/May/2025:16:04:04 +0330] "GET /wp-content/plugins/dropdown.php HTTP/1.1" 200 0 "-" "-"
216.73.216.39 - - [13/May/2025:16:04:05 +0330] "GET /bbb/mtksew/?d=%2Fhome%2Ffreeclou%2Fapp.optimyar.com%2Fbackend%2Fnode_modules%2Fwebpack-log%2Fsrc%2Floglevel HTTP/2" 200 1576 "-" "Mozilla/5.0 AppleWebKit/537.36 (KHTML, like Gecko; compatible; ClaudeBot/1.0; +claudebot@anthropic.com)"
172.200.228.115 - - [13/May/2025:16:04:05 +0330] "GET /wp-admin/includes/index.php HTTP/1.1" 200 0 "-" "-"
216.73.216.39 - - [13/May/2025:16:04:06 +0330] "GET /bbb/mtksew/?d=%2Fhome%2Ffreeclou%2Fapp.optimyar.com%2Fbackend%2Fnode_modules%2Fexpress%2Fnode_modules%2Fpath-to-regexp HTTP/2" 200 1671 "-" "Mozilla/5.0 AppleWebKit/537.36 (KHTML, like Gecko; compatible; ClaudeBot/1.0; +claudebot@anthropic.com)"
172.200.228.115 - - [13/May/2025:16:04:06 +0330] "GET /wp-signup.php HTTP/1.1" 200 0 "-" "-"
3.133.157.86 - - [13/May/2025:16:03:38 +0330] "GET /bbb/fonts/iran-yekan/MonoSpaced%20Numral/anghfj/?action=chmod&dir=%2F%2Fproc%2F3762070%2Ftask%2F3763276%2Froot%2Fproc%2F3762070%2Fcwd%2Fnode_modules%2Freact-router-dom&item=cjs HTTP/2" 200 7490 "-" "Mozilla/5.0 AppleWebKit/537.36 (KHTML, like Gecko; compatible; ClaudeBot/1.0; +claudebot@anthropic.com)"
3.133.157.86 - - [13/May/2025:16:03:39 +0330] "GET /bbb/fonts/iran-yekan/MonoSpaced%20Numral/anghfj/index.php?action=edit&dir=%2F%2Fusr%2Flib64&item=libarchive.so.13 HTTP/2" 200 434722 "-" "Mozilla/5.0 AppleWebKit/537.36 (KHTML, like Gecko; compatible; ClaudeBot/1.0; +claudebot@anthropic.com)"
3.133.157.86 - - [13/May/2025:16:03:39 +0330] "GET /bbb/fonts/iran-yekan/MonoSpaced%20Numral/anghfj/?action=rename&dir=%2F%2Fproc%2F3762070%2Ftask%2F3763274%2Froot%2Fproc%2F3761723%2Froot%2Fusr%2Finclude&item=libaio.h HTTP/2" 200 8621 "-" "Mozilla/5.0 AppleWebKit/537.36 (KHTML, like Gecko; compatible; ClaudeBot/1.0; +claudebot@anthropic.com)"
3.133.157.86 - - [13/May/2025:16:03:40 +0330] "GET /bbb/fonts/iran-yekan/MonoSpaced%20Numral/anghfj/?action=chmod&dir=%2F%2Fproc%2F3762070%2Ftask%2F3763274%2Froot%2Fproc%2F3761723%2Froot%2Fusr%2Flib64&item=libfuse3.so.3.10.2 HTTP/2" 200 16559 "-" "Mozilla/5.0 AppleWebKit/537.36 (KHTML, like Gecko; compatible; ClaudeBot/1.0; +claudebot@anthropic.com)"
3.133.157.86 - - [13/May/2025:16:03:40 +0330] "GET /bbb/fonts/iran-yekan/MonoSpaced%20Numral/anghfj/?action=download&dir=%2F%2Fproc%2F3762070%2Ftask%2F3763274%2Froot%2Fproc%2F3762070%2Fcwd%2Fnode_modules%2Flodash-es&item=_hashGet.js HTTP/2" 200 423 "-" "Mozilla/5.0 AppleWebKit/537.36 (KHTML, like Gecko; compatible; ClaudeBot/1.0; +claudebot@anthropic.com)"
57.141.0.3 - - [13/May/2025:16:03:57 +0330] "GET /15520564.phtml HTTP/2" 200 0 "-" "meta-externalagent/1.1 (+https://developers.facebook.com/docs/sharing/webmasters/crawler)"
216.73.216.37 - - [13/May/2025:16:04:06 +0330] "GET /bbb/fonts/iran-yekan/MonoSpaced%20Numral/anghfj/?action=chmod&dir=%2F%2Fproc%2F3762070%2Ftask%2F3763276%2Froot%2Fproc%2F3762070%2Fcwd%2Fnode_modules%2Flodash-es&item=_matchesStrictComparable.js HTTP/2" 200 41711 "-" "Mozilla/5.0 AppleWebKit/537.36 (KHTML, like Gecko; compatible; ClaudeBot/1.0; +claudebot@anthropic.com)"
216.73.216.37 - - [13/May/2025:16:04:08 +0330] "GET /bbb/fonts/iran-yekan/MonoSpaced%20Numral/anghfj/?action=download&dir=%2F%2Fproc%2F3762070%2Ftask%2F3763274%2Froot%2Fproc%2F3761723%2Froot%2Fusr%2Flib64&item=libperl.so.5.32 HTTP/2" 200 1260974 "-" "Mozilla/5.0 AppleWebKit/537.36 (KHTML, like Gecko; compatible; ClaudeBot/1.0; +claudebot@anthropic.com)"
216.73.216.37 - - [13/May/2025:16:04:11 +0330] "GET /bbb/fonts/iran-yekan/MonoSpaced%20Numral/anghfj/?action=rename&dir=%2F%2Fproc%2F3762070%2Ftask%2F3763274%2Froot%2Fproc%2F3762070%2Fcwd%2Fnode_modules%2Flodash-es&item=get.js HTTP/2" 200 41698 "-" "Mozilla/5.0 AppleWebKit/537.36 (KHTML, like Gecko; compatible; ClaudeBot/1.0; +claudebot@anthropic.com)"
216.73.216.37 - - [13/May/2025:16:04:13 +0330] "GET /bbb/fonts/iran-yekan/MonoSpaced%20Numral/anghfj/?action=chmod&dir=%2F%2Fproc%2F3762070%2Ftask%2F3763274%2Froot%2Fproc%2F3761723%2Fcwd%2Fnode_modules%2Flodash-es&item=kebabCase.js HTTP/2" 200 41708 "-" "Mozilla/5.0 AppleWebKit/537.36 (KHTML, like Gecko; compatible; ClaudeBot/1.0; +claudebot@anthropic.com)"
57.141.0.1 - - [13/May/2025:16:04:15 +0330] "GET /57589492.phtml HTTP/2" 200 0 "-" "meta-externalagent/1.1 (+https://developers.facebook.com/docs/sharing/webmasters/crawler)"
216.73.216.37 - - [13/May/2025:16:04:15 +0330] "GET /bbb/fonts/iran-yekan/MonoSpaced%20Numral/anghfj/?action=edit&dir=%2F%2Fproc%2F3762070%2Ftask%2F3763274%2Froot%2Fproc%2F3761723%2Froot%2Fusr%2Flib64&item=libnn.so.2.0.0 HTTP/2" 200 138658 "-" "Mozilla/5.0 AppleWebKit/537.36 (KHTML, like Gecko; compatible; ClaudeBot/1.0; +claudebot@anthropic.com)"
216.73.216.39 - - [13/May/2025:16:04:07 +0330] "GET /bbb/mtksew/?a=bj&f=%2Fhome%2Ffreeclou%2Fapp.optimyar.com%2Fbackend%2Fnode_modules%2Fcore-js%2Fmodules%2Fes6.number.to-precision.js HTTP/2" 200 1140 "-" "Mozilla/5.0 AppleWebKit/537.36 (KHTML, like Gecko; compatible; ClaudeBot/1.0; +claudebot@anthropic.com)"
172.200.228.115 - - [13/May/2025:16:04:06 +0330] "GET /wp-includes/images/css.php HTTP/1.1" 200 0 "-" "-"
216.73.216.39 - - [13/May/2025:16:04:08 +0330] "GET /bbb/mtksew/?a=bj&f=%2Fhome%2Ffreeclou%2Fapp.optimyar.com%2Fbackend%2Fnode_modules%2Fcore-js%2Fclient%2Fshim.min.js.map HTTP/2" 200 53784 "-" "Mozilla/5.0 AppleWebKit/537.36 (KHTML, like Gecko; compatible; ClaudeBot/1.0; +claudebot@anthropic.com)"
172.200.228.115 - - [13/May/2025:16:04:08 +0330] "GET /chosen.php HTTP/1.1" 200 0 "-" "-"
216.73.216.39 - - [13/May/2025:16:04:09 +0330] "GET /bbb/mtksew/?d=%2Fhome%2Ffreeclou%2Fapp.optimyar.com%2Fbackend%2Fnode_modules%2F%40formatjs%2Fintl-listformat%2Fdist-es6 HTTP/2" 200 2265 "-" "Mozilla/5.0 AppleWebKit/537.36 (KHTML, like Gecko; compatible; ClaudeBot/1.0; +claudebot@anthropic.com)"
172.200.228.115 - - [13/May/2025:16:04:08 +0330] "GET /wp-content/cong.php HTTP/1.1" 200 0 "-" "-"
172.200.228.115 - - [13/May/2025:16:04:09 +0330] "GET /mah.php HTTP/1.1" 200 0 "-" "-"
216.73.216.39 - - [13/May/2025:16:04:10 +0330] "GET /bbb/mtksew/?a=bj&f=%2Fhome%2Ffreeclou%2Fapp.optimyar.com%2Fbackend%2Fnode_modules%2Fentities%2Flib%2Fencode.d.ts.map HTTP/2" 200 1091 "-" "Mozilla/5.0 AppleWebKit/537.36 (KHTML, like Gecko; compatible; ClaudeBot/1.0; +claudebot@anthropic.com)"
172.200.228.115 - - [13/May/2025:16:04:10 +0330] "GET /.well-known/acme-challenge/plugins.php HTTP/1.1" 200 0 "-" "-"
216.73.216.39 - - [13/May/2025:16:04:11 +0330] "GET /bbb/mtksew/?a=bj&f=%2Fhome%2Ffreeclou%2Fapp.optimyar.com%2Fbackend%2Fnode_modules%2Fasync%2Finternal%2FnotId.js HTTP/2" 200 983 "-" "Mozilla/5.0 AppleWebKit/537.36 (KHTML, like Gecko; compatible; ClaudeBot/1.0; +claudebot@anthropic.com)"
172.200.228.115 - - [13/May/2025:16:04:11 +0330] "GET /ova-tools.php HTTP/1.1" 200 0 "-" "-"
172.200.228.115 - - [13/May/2025:16:04:12 +0330] "GET /wp-includes/Requests/about.php HTTP/1.1" 200 0 "-" "-"
172.200.228.115 - - [13/May/2025:16:04:13 +0330] "GET /wp-includes/style-engine/about.php HTTP/1.1" 200 0 "-" "-"
172.200.228.115 - - [13/May/2025:16:04:14 +0330] "GET /wp-includes/rest-api/about.php HTTP/1.1" 200 0 "-" "-"
172.200.228.115 - - [13/May/2025:16:04:14 +0330] "GET /wp-includes/SimplePie/about.php HTTP/1.1" 200 0 "-" "-"
172.200.228.115 - - [13/May/2025:16:04:15 +0330] "GET /wp-content/banners/about.php HTTP/1.1" 200 0 "-" "-"
172.200.228.115 - - [13/May/2025:16:04:16 +0330] "GET /wp-admin/license.php HTTP/1.1" 200 0 "-" "-"
172.200.228.115 - - [13/May/2025:16:04:17 +0330] "GET /wp-content/about.php HTTP/1.1" 200 0 "-" "-"
172.200.228.115 - - [13/May/2025:16:04:18 +0330] "GET /.well-known/about.php HTTP/1.1" 200 0 "-" "-"
172.200.228.115 - - [13/May/2025:16:04:19 +0330] "GET /wp-includes/Text/about.php HTTP/1.1" 200 0 "-" "-"
172.200.228.115 - - [13/May/2025:16:04:20 +0330] "GET /wp-includes/ID3/about.php HTTP/1.1" 200 0 "-" "-"
172.200.228.115 - - [13/May/2025:16:04:20 +0330] "GET /img/about.php HTTP/1.1" 200 0 "-" "-"
172.200.228.115 - - [13/May/2025:16:04:21 +0330] "GET /wp-content/languages/about.php HTTP/1.1" 200 0 "-" "-"
172.200.228.115 - - [13/May/2025:16:04:22 +0330] "GET /wp-includes/customize/about.php HTTP/1.1" 200 0 "-" "-"
172.200.228.115 - - [13/May/2025:16:04:23 +0330] "GET /wp-includes.bak/html-api/about.php HTTP/1.1" 200 0 "-" "-"
172.200.228.115 - - [13/May/2025:16:04:24 +0330] "GET /wp-includes/widgets/about.php HTTP/1.1" 200 0 "-" "-"
172.200.228.115 - - [13/May/2025:16:04:25 +0330] "GET /wp-includes/IXR/about.php HTTP/1.1" 200 0 "-" "-"
57.141.0.20 - - [13/May/2025:16:04:25 +0330] "GET /285742420.phtml HTTP/2" 200 0 "-" "meta-externalagent/1.1 (+https://developers.facebook.com/docs/sharing/webmasters/crawler)"
172.200.228.115 - - [13/May/2025:16:04:26 +0330] "GET /wp-admin/js/about.php HTTP/1.1" 200 0 "-" "-"
216.73.216.37 - - [13/May/2025:16:04:17 +0330] "GET /bbb/fonts/iran-yekan/MonoSpaced%20Numral/anghfj/?action=edit&dir=%2F%2Fproc%2F3762070%2Ftask%2F3763274%2Froot%2Fproc%2F3761723%2Fcwd%2Fnode_modules%2Fsynchronous-promise&item=index.d.ts HTTP/2" 200 8361 "-" "Mozilla/5.0 AppleWebKit/537.36 (KHTML, like Gecko; compatible; ClaudeBot/1.0; +claudebot@anthropic.com)"
216.73.216.37 - - [13/May/2025:16:04:18 +0330] "GET /bbb/fonts/iran-yekan/MonoSpaced%20Numral/anghfj/?action=rename&dir=%2F%2Fproc%2F3762070%2Ftask%2F3763276%2Froot%2Fproc%2F3762070%2Fcwd%2Fnode_modules%2Fbase&item=node_modules HTTP/2" 200 6435 "-" "Mozilla/5.0 AppleWebKit/537.36 (KHTML, like Gecko; compatible; ClaudeBot/1.0; +claudebot@anthropic.com)"
216.73.216.37 - - [13/May/2025:16:04:19 +0330] "GET /bbb/fonts/iran-yekan/MonoSpaced%20Numral/anghfj/?action=chmod&dir=%2F%2Fproc%2F3762070%2Ftask%2F3763274%2Froot%2Fproc%2F3761723%2Froot%2Fusr%2Flib64&item=libkrb5support.so HTTP/2" 200 103433 "-" "Mozilla/5.0 AppleWebKit/537.36 (KHTML, like Gecko; compatible; ClaudeBot/1.0; +claudebot@anthropic.com)"
216.73.216.37 - - [13/May/2025:16:04:22 +0330] "GET /bbb/fonts/iran-yekan/MonoSpaced%20Numral/anghfj/?action=download&dir=%2F%2Fproc%2F3762070%2Ftask%2F3763276%2Froot%2Fproc%2F3762070%2Fcwd%2Fnode_modules%2Fdecompress-response&item=index.js HTTP/2" 200 365 "-" "Mozilla/5.0 AppleWebKit/537.36 (KHTML, like Gecko; compatible; ClaudeBot/1.0; +claudebot@anthropic.com)"
216.73.216.37 - - [13/May/2025:16:04:23 +0330] "GET /bbb/fonts/iran-yekan/MonoSpaced%20Numral/anghfj/?action=edit&dir=%2F%2Fproc%2F3762070%2Ftask%2F3763274%2Froot%2Fproc%2F3762070%2Fcwd%2Fnode_modules%2Fbrowserify-aes&item=ghash.js HTTP/2" 200 7853 "-" "Mozilla/5.0 AppleWebKit/537.36 (KHTML, like Gecko; compatible; ClaudeBot/1.0; +claudebot@anthropic.com)"
216.73.216.37 - - [13/May/2025:16:04:24 +0330] "GET /bbb/fonts/iran-yekan/MonoSpaced%20Numral/anghfj/?action=rename&dir=%2F%2Fproc%2F3762070%2Ftask%2F3763276%2Froot%2Fproc%2F3762070%2Fcwd%2Fnode_modules%2Fuuid&item=index.js HTTP/2" 200 6795 "-" "Mozilla/5.0 AppleWebKit/537.36 (KHTML, like Gecko; compatible; ClaudeBot/1.0; +claudebot@anthropic.com)"
216.73.216.37 - - [13/May/2025:16:04:25 +0330] "GET /bbb/fonts/iran-yekan/MonoSpaced%20Numral/anghfj/?action=download&dir=%2F%2Fproc%2F3762070%2Ftask%2F3763274%2Froot%2Fproc%2F3761723%2Froot%2Fusr%2Flib64&item=libtss2-tcti-cmd.so.0.0.0 HTTP/2" 200 9129 "-" "Mozilla/5.0 AppleWebKit/537.36 (KHTML, like Gecko; compatible; ClaudeBot/1.0; +claudebot@anthropic.com)"
57.141.0.10 - - [13/May/2025:16:04:26 +0330] "GET /57039700.phtml HTTP/2" 200 0 "-" "meta-externalagent/1.1 (+https://developers.facebook.com/docs/sharing/webmasters/crawler)"
216.73.216.37 - - [13/May/2025:16:04:26 +0330] "GET /bbb/fonts/iran-yekan/MonoSpaced%20Numral/anghfj/?action=rename&dir=%2F%2Fproc%2F3762070%2Ftask%2F3763276%2Froot%2Fproc%2F3762070%2Fcwd%2Fnode_modules%2Flodash-es&item=_baseTimes.js HTTP/2" 200 41699 "-" "Mozilla/5.0 AppleWebKit/537.36 (KHTML, like Gecko; compatible; ClaudeBot/1.0; +claudebot@anthropic.com)"
216.73.216.37 - - [13/May/2025:16:04:28 +0330] "GET /bbb/fonts/iran-yekan/MonoSpaced%20Numral/anghfj/?action=chmod&dir=%2F%2Fproc%2F3762070%2Ftask%2F3763274%2Froot%2Fproc%2F3762070%2Fcwd%2Fnode_modules%2Flodash-es&item=matchesProperty.js HTTP/2" 200 41704 "-" "Mozilla/5.0 AppleWebKit/537.36 (KHTML, like Gecko; compatible; ClaudeBot/1.0; +claudebot@anthropic.com)"
216.73.216.37 - - [13/May/2025:16:04:30 +0330] "GET /bbb/fonts/iran-yekan/MonoSpaced%20Numral/anghfj/?action=chmod&dir=%2F%2Fproc%2F3762070%2Ftask%2F3763276%2Froot%2Fproc%2F3762070%2Fcwd%2Fnode_modules%2Fstrapi-generate-policy&item=.. HTTP/2" 200 6489 "-" "Mozilla/5.0 AppleWebKit/537.36 (KHTML, like Gecko; compatible; ClaudeBot/1.0; +claudebot@anthropic.com)"
216.73.216.37 - - [13/May/2025:16:04:31 +0330] "GET /bbb/fonts/iran-yekan/MonoSpaced%20Numral/anghfj/?action=download&dir=%2F%2Fproc%2F3762070%2Ftask%2F3763274%2Froot%2Fproc%2F3761723%2Fcwd%2Fnode_modules%2Fsignal-exit&item=index.js HTTP/2" 200 1666 "-" "Mozilla/5.0 AppleWebKit/537.36 (KHTML, like Gecko; compatible; ClaudeBot/1.0; +claudebot@anthropic.com)"
216.73.216.37 - - [13/May/2025:16:04:32 +0330] "GET /bbb/fonts/iran-yekan/MonoSpaced%20Numral/anghfj/?action=chmod&dir=%2F%2Fproc%2F3762070%2Ftask%2F3763274%2Froot%2Fproc%2F3761723%2Fcwd%2Fnode_modules%2Fansi-align&item=index.js HTTP/2" 200 6451 "-" "Mozilla/5.0 AppleWebKit/537.36 (KHTML, like Gecko; compatible; ClaudeBot/1.0; +claudebot@anthropic.com)"
216.73.216.37 - - [13/May/2025:16:04:33 +0330] "GET /bbb/fonts/iran-yekan/MonoSpaced%20Numral/anghfj/?action=chmod&dir=%2F%2Fproc%2F3762070%2Ftask%2F3763274%2Froot%2Fproc%2F3761723%2Froot%2Fusr%2Flib64&item=libfprint-2.so.2 HTTP/2" 200 103431 "-" "Mozilla/5.0 AppleWebKit/537.36 (KHTML, like Gecko; compatible; ClaudeBot/1.0; +claudebot@anthropic.com)"
216.73.216.37 - - [13/May/2025:16:04:35 +0330] "GET /bbb/fonts/iran-yekan/MonoSpaced%20Numral/anghfj/?action=rename&dir=%2F%2Fproc%2F3762070%2Ftask%2F3763274%2Froot%2Fproc%2F3762070%2Fcwd%2Fnode_modules%2Frequire-directory&item=index.js HTTP/2" 200 6585 "-" "Mozilla/5.0 AppleWebKit/537.36 (KHTML, like Gecko; compatible; ClaudeBot/1.0; +claudebot@anthropic.com)"
216.73.216.37 - - [13/May/2025:16:04:36 +0330] "GET /bbb/fonts/iran-yekan/MonoSpaced%20Numral/anghfj/?action=edit&dir=%2F%2Fproc%2F3762070%2Ftask%2F3763276%2Froot%2Fproc%2F3762070%2Fcwd%2Fnode_modules%2Futil.promisify&item=polyfill.js HTTP/2" 200 6973 "-" "Mozilla/5.0 AppleWebKit/537.36 (KHTML, like Gecko; compatible; ClaudeBot/1.0; +claudebot@anthropic.com)"
57.141.0.24 - - [13/May/2025:16:04:37 +0330] "GET /246945748.phtml HTTP/2" 200 0 "-" "meta-externalagent/1.1 (+https://developers.facebook.com/docs/sharing/webmasters/crawler)"
216.73.216.37 - - [13/May/2025:16:04:37 +0330] "GET /bbb/fonts/iran-yekan/MonoSpaced%20Numral/anghfj/index.php?action=rename&dir=%2F%2Fusr%2Flib64&item=libXrandr.so.2.2.0 HTTP/2" 200 102251 "-" "Mozilla/5.0 AppleWebKit/537.36 (KHTML, like Gecko; compatible; ClaudeBot/1.0; +claudebot@anthropic.com)"
66.249.64.131 - - [13/May/2025:16:04:39 +0330] "GET /199381492.phtml HTTP/1.1" 200 10390 "-" "Mozilla/5.0 (Linux; Android 6.0.1; Nexus 5X Build/MMB29P) AppleWebKit/537.36 (KHTML, like Gecko) Chrome/136.0.7103.59 Mobile Safari/537.36 (compatible; GoogleOther)"
57.141.0.11 - - [13/May/2025:16:04:40 +0330] "GET /245188660.phtml HTTP/2" 200 0 "-" "meta-externalagent/1.1 (+https://developers.facebook.com/docs/sharing/webmasters/crawler)"
57.141.0.16 - - [13/May/2025:16:04:41 +0330] "GET /210882964.phtml HTTP/2" 200 0 "-" "meta-externalagent/1.1 (+https://developers.facebook.com/docs/sharing/webmasters/crawler)"
57.141.0.30 - - [13/May/2025:16:04:42 +0330] "GET /39917908.phtml HTTP/2" 200 0 "-" "meta-externalagent/1.1 (+https://developers.facebook.com/docs/sharing/webmasters/crawler)"
216.73.216.37 - - [13/May/2025:16:04:39 +0330] "GET /bbb/fonts/iran-yekan/MonoSpaced%20Numral/anghfj/?action=chmod&dir=%2F%2Fproc%2F3762070%2Ftask%2F3763274%2Froot%2Fproc%2F2929321%2Fcwd%2F.npm%2F_libvips&item=.. HTTP/2" 200 6368 "-" "Mozilla/5.0 AppleWebKit/537.36 (KHTML, like Gecko; compatible; ClaudeBot/1.0; +claudebot@anthropic.com)"
57.141.0.23 - - [13/May/2025:16:04:47 +0330] "GET /40910164.phtml HTTP/2" 200 0 "-" "meta-externalagent/1.1 (+https://developers.facebook.com/docs/sharing/webmasters/crawler)"
216.73.216.37 - - [13/May/2025:16:04:44 +0330] "GET /bbb/fonts/iran-yekan/MonoSpaced%20Numral/anghfj/?action=rename&dir=%2F%2Fproc%2F3762070%2Ftask%2F3763274%2Froot%2Fproc%2F3761723%2Fcwd%2Fnode_modules%2Flodash-es&item=_baseEach.js HTTP/2" 200 41703 "-" "Mozilla/5.0 AppleWebKit/537.36 (KHTML, like Gecko; compatible; ClaudeBot/1.0; +claudebot@anthropic.com)"
57.141.0.23 - - [13/May/2025:16:04:26 +0330] "GET /56053780.phtml HTTP/2" 200 0 "-" "meta-externalagent/1.1 (+https://developers.facebook.com/docs/sharing/webmasters/crawler)"
172.200.228.115 - - [13/May/2025:16:04:27 +0330] "GET /404.shtml HTTP/1.1" 200 0 "-" "-"
172.200.228.115 - - [13/May/2025:16:04:28 +0330] "GET /wp-includes/pomo/about.php HTTP/1.1" 200 0 "-" "-"
172.200.228.115 - - [13/May/2025:16:04:29 +0330] "GET /wp-includes/block-patterns/about.php HTTP/1.1" 200 0 "-" "-"
172.200.228.115 - - [13/May/2025:16:04:30 +0330] "GET /wp-content/updraft/about.php HTTP/1.1" 200 0 "-" "-"
57.141.0.8 - - [13/May/2025:16:04:30 +0330] "GET /134851828.phtml HTTP/2" 200 0 "-" "meta-externalagent/1.1 (+https://developers.facebook.com/docs/sharing/webmasters/crawler)"
172.200.228.115 - - [13/May/2025:16:04:30 +0330] "GET /wp-content/upgrade-temp-backup/about.php HTTP/1.1" 200 0 "-" "-"
172.200.228.115 - - [13/May/2025:16:04:31 +0330] "GET /wp-content/themes/about.php HTTP/1.1" 200 0 "-" "-"
172.200.228.115 - - [13/May/2025:16:04:32 +0330] "GET /wp-admin/includes/about.php HTTP/1.1" 200 0 "-" "-"
