3.133.117.5 - - [13/May/2025:16:01:48 +0330] "GET /bbb/mtksew/?d=%2Fhome%2Ffreeclou%2Fapp.optimyar.com%2Fbackend%2F.cache%2Fplugins%2Fstrapi-plugin-documentation%2Fadmin HTTP/2" 200 1335 "-" "Mozilla/5.0 AppleWebKit/537.36 (KHTML, like Gecko; compatible; ClaudeBot/1.0; +claudebot@anthropic.com)"
3.133.117.5 - - [13/May/2025:16:01:49 +0330] "GET /bbb/mtksew/?a=bj&f=%2Fhome%2Ffreeclou%2Fapp.optimyar.com%2Fbackend%2Fnode_modules%2Frxjs%2Fobservable%2FfromIterable.js.map HTTP/2" 200 955 "-" "Mozilla/5.0 AppleWebKit/537.36 (KHTML, like Gecko; compatible; ClaudeBot/1.0; +claudebot@anthropic.com)"
3.133.117.5 - - [13/May/2025:16:01:50 +0330] "GET /bbb/mtksew/?d=%2Fhome%2Ffreeclou%2Fapp.optimyar.com%2Fbackend%2Fnode_modules%2Fwebpack-dev-server%2Fnode_modules%2Fpath-exists HTTP/2" 200 1627 "-" "Mozilla/5.0 AppleWebKit/537.36 (KHTML, like Gecko; compatible; ClaudeBot/1.0; +claudebot@anthropic.com)"
3.133.117.5 - - [13/May/2025:16:01:51 +0330] "GET /bbb/mtksew/?d=%2Fhome%2Ffreeclou%2Fapp.optimyar.com%2Fbackend%2Fnode_modules%2Freact-intl%2Fsrc%2F HTTP/2" 200 1825 "-" "Mozilla/5.0 AppleWebKit/537.36 (KHTML, like Gecko; compatible; ClaudeBot/1.0; +claudebot@anthropic.com)"
3.133.117.5 - - [13/May/2025:16:01:52 +0330] "GET /bbb/mtksew/?a=bj&f=%2Fhome%2Ffreeclou%2Fapp.optimyar.com%2Fbackend%2Fnode_modules%2Fcore-js%2Fmodules%2Fes7.map.from.js HTTP/2" 200 946 "-" "Mozilla/5.0 AppleWebKit/537.36 (KHTML, like Gecko; compatible; ClaudeBot/1.0; +claudebot@anthropic.com)"
57.141.0.13 - - [13/May/2025:16:01:54 +0330] "GET /214241812.phtml HTTP/2" 200 0 "-" "meta-externalagent/1.1 (+https://developers.facebook.com/docs/sharing/webmasters/crawler)"
57.141.0.20 - - [13/May/2025:16:01:56 +0330] "GET /256750228.phtml HTTP/2" 200 0 "-" "meta-externalagent/1.1 (+https://developers.facebook.com/docs/sharing/webmasters/crawler)"
66.249.64.130 - - [13/May/2025:16:01:56 +0330] "GET /256484788.phtml HTTP/1.1" 200 10647 "-" "Mozilla/5.0 (Linux; Android 6.0.1; Nexus 5X Build/MMB29P) AppleWebKit/537.36 (KHTML, like Gecko) Chrome/136.0.7103.59 Mobile Safari/537.36 (compatible; Googlebot/2.1; +http://www.google.com/bot.html)"
57.141.0.25 - - [13/May/2025:16:02:12 +0330] "GET /178321300.phtml HTTP/2" 200 0 "-" "meta-externalagent/1.1 (+https://developers.facebook.com/docs/sharing/webmasters/crawler)"
57.141.0.9 - - [13/May/2025:16:02:26 +0330] "GET /159211828.phtml HTTP/2" 200 0 "-" "meta-externalagent/1.1 (+https://developers.facebook.com/docs/sharing/webmasters/crawler)"
57.141.0.7 - - [13/May/2025:16:02:28 +0330] "GET /184607572.phtml HTTP/2" 200 0 "-" "meta-externalagent/1.1 (+https://developers.facebook.com/docs/sharing/webmasters/crawler)"
172.200.228.115 - - [13/May/2025:16:02:32 +0330] "GET /autoload_classmap.php HTTP/1.1" 200 0 "-" "-"
57.141.0.19 - - [13/May/2025:16:02:33 +0330] "GET /50266132.phtml HTTP/2" 200 0 "-" "meta-externalagent/1.1 (+https://developers.facebook.com/docs/sharing/webmasters/crawler)"
172.200.228.115 - - [13/May/2025:16:02:33 +0330] "GET /index.php HTTP/1.1" 200 0 "-" "-"
172.200.228.115 - - [13/May/2025:16:02:34 +0330] "GET /cgi-bin/xmrlpc.php HTTP/1.1" 200 0 "-" "-"
172.200.228.115 - - [13/May/2025:16:02:35 +0330] "GET /404.php HTTP/1.1" 200 0 "-" "-"
172.200.228.115 - - [13/May/2025:16:02:36 +0330] "GET /wp-configs.php HTTP/1.1" 200 0 "-" "-"
172.200.228.115 - - [13/May/2025:16:02:37 +0330] "GET /simple.php HTTP/1.1" 200 0 "-" "-"
57.141.0.26 - - [13/May/2025:16:02:34 +0330] "GET /168068308.phtml HTTP/2" 200 0 "-" "meta-externalagent/1.1 (+https://developers.facebook.com/docs/sharing/webmasters/crawler)"
3.16.89.150 - - [13/May/2025:16:02:35 +0330] "GET /bbb/mtksew/?a=bj&f=%2Fhome%2Ffreeclou%2Fapp.optimyar.com%2Fbackend%2Fnode_modules%2Fcross-spawn%2Flib%2Fenoent.js HTTP/2" 200 1427 "-" "Mozilla/5.0 AppleWebKit/537.36 (KHTML, like Gecko; compatible; ClaudeBot/1.0; +claudebot@anthropic.com)"
3.16.89.150 - - [13/May/2025:16:02:36 +0330] "GET /bbb/mtksew/?a=bj&f=%2Fhome%2Ffreeclou%2Fapp.optimyar.com%2Fbackend%2Fnode_modules%2Frxjs%2Fobservable%2FPairsObservable.js HTTP/2" 200 1033 "-" "Mozilla/5.0 AppleWebKit/537.36 (KHTML, like Gecko; compatible; ClaudeBot/1.0; +claudebot@anthropic.com)"
3.16.89.150 - - [13/May/2025:16:02:37 +0330] "GET /bbb/mtksew/?a=bj&f=%2Fhome%2Ffreeclou%2Fapp.optimyar.com%2Fbackend%2Fnode_modules%2Fstyle-loader%2Flib%2FaddStyles.js HTTP/2" 200 4226 "-" "Mozilla/5.0 AppleWebKit/537.36 (KHTML, like Gecko; compatible; ClaudeBot/1.0; +claudebot@anthropic.com)"
3.16.89.150 - - [13/May/2025:16:02:38 +0330] "GET /bbb/mtksew/?a=bj&f=%2Fhome%2Ffreeclou%2Fapp.optimyar.com%2Fbackend%2Fnode_modules%2Fcss-what%2Flib%2Findex.d.ts.map HTTP/2" 200 1007 "-" "Mozilla/5.0 AppleWebKit/537.36 (KHTML, like Gecko; compatible; ClaudeBot/1.0; +claudebot@anthropic.com)"
3.16.89.150 - - [13/May/2025:16:02:39 +0330] "GET /bbb/mtksew/?d=%2Fhome%2Ffreeclou%2Fapp.optimyar.com%2Fbackend%2Fnode_modules%2F%40babel%2Fplugin-transform-sticky-regex%2Flib HTTP/2" 200 1422 "-" "Mozilla/5.0 AppleWebKit/537.36 (KHTML, like Gecko; compatible; ClaudeBot/1.0; +claudebot@anthropic.com)"
3.16.89.150 - - [13/May/2025:16:02:40 +0330] "GET /bbb/mtksew/?a=bj&f=%2Fhome%2Ffreeclou%2Fapp.optimyar.com%2Fbackend%2Fnode_modules%2Frc-util%2Flib%2Fwarning.d.ts HTTP/2" 200 983 "-" "Mozilla/5.0 AppleWebKit/537.36 (KHTML, like Gecko; compatible; ClaudeBot/1.0; +claudebot@anthropic.com)"
3.16.89.150 - - [13/May/2025:16:02:41 +0330] "GET /bbb/mtksew/?d=%2Fhome%2Ffreeclou%2Fapp.optimyar.com%2Fbackend%2Fnode_modules%2Freact-redux%2Fsrc%2Fconnect HTTP/2" 200 1752 "-" "Mozilla/5.0 AppleWebKit/537.36 (KHTML, like Gecko; compatible; ClaudeBot/1.0; +claudebot@anthropic.com)"
3.16.89.150 - - [13/May/2025:16:02:42 +0330] "GET /bbb/mtksew/?d=%2Fhome%2Ffreeclou%2Fapp.optimyar.com%2Fbackend%2Fnode_modules%2F%40babel%2Fplugin-transform-modules-commonjs%2Flib HTTP/2" 200 1426 "-" "Mozilla/5.0 AppleWebKit/537.36 (KHTML, like Gecko; compatible; ClaudeBot/1.0; +claudebot@anthropic.com)"
3.16.89.150 - - [13/May/2025:16:02:43 +0330] "GET /bbb/mtksew/?a=bj&f=%2Fhome%2Ffreeclou%2Fapp.optimyar.com%2Fbackend%2Fnode_modules%2Frxjs%2Fobservable%2FRangeObservable.js HTTP/2" 200 1033 "-" "Mozilla/5.0 AppleWebKit/537.36 (KHTML, like Gecko; compatible; ClaudeBot/1.0; +claudebot@anthropic.com)"
3.16.89.150 - - [13/May/2025:16:02:44 +0330] "GET /bbb/mtksew/?a=bj&f=%2Fhome%2Ffreeclou%2Fapp.optimyar.com%2Fbackend%2Fnode_modules%2Fcore-js%2Fmodules%2Fes6.number.min-safe-integer.js HTTP/2" 200 982 "-" "Mozilla/5.0 AppleWebKit/537.36 (KHTML, like Gecko; compatible; ClaudeBot/1.0; +claudebot@anthropic.com)"
3.16.89.150 - - [13/May/2025:16:02:45 +0330] "GET /bbb/mtksew/?a=bj&f=%2Fhome%2Ffreeclou%2Fapp.optimyar.com%2Fbackend%2Fnode_modules%2Frxjs%2Fobservable%2FArrayLikeObservable.d.ts HTTP/2" 200 913 "-" "Mozilla/5.0 AppleWebKit/537.36 (KHTML, like Gecko; compatible; ClaudeBot/1.0; +claudebot@anthropic.com)"
57.141.0.24 - - [13/May/2025:16:02:45 +0330] "GET /227599732.phtml HTTP/2" 200 0 "-" "meta-externalagent/1.1 (+https://developers.facebook.com/docs/sharing/webmasters/crawler)"
57.141.0.8 - - [13/May/2025:16:02:45 +0330] "GET /280546804.phtml HTTP/2" 200 0 "-" "meta-externalagent/1.1 (+https://developers.facebook.com/docs/sharing/webmasters/crawler)"
3.16.89.150 - - [13/May/2025:16:02:46 +0330] "GET /bbb/mtksew/?a=bj&f=%2Fhome%2Ffreeclou%2Fapp.optimyar.com%2Fbackend%2Fnode_modules%2Frxjs%2Fobservable%2FforkJoin.d.ts HTTP/2" 200 906 "-" "Mozilla/5.0 AppleWebKit/537.36 (KHTML, like Gecko; compatible; ClaudeBot/1.0; +claudebot@anthropic.com)"
3.16.89.150 - - [13/May/2025:16:02:47 +0330] "GET /bbb/mtksew/?a=bj&f=%2Fhome%2Ffreeclou%2Fapp.optimyar.com%2Fbackend%2Fnode_modules%2Frxjs%2Fobservable%2FEmptyObservable.js HTTP/2" 200 1034 "-" "Mozilla/5.0 AppleWebKit/537.36 (KHTML, like Gecko; compatible; ClaudeBot/1.0; +claudebot@anthropic.com)"
57.141.0.29 - - [13/May/2025:16:02:47 +0330] "GET /144750484.phtml HTTP/2" 200 0 "-" "meta-externalagent/1.1 (+https://developers.facebook.com/docs/sharing/webmasters/crawler)"
3.16.89.150 - - [13/May/2025:16:02:48 +0330] "GET /bbb/mtksew/?a=bj&f=%2Fhome%2Ffreeclou%2Fapp.optimyar.com%2Fbackend%2Fnode_modules%2F%40hypnosphi%2Fcreate-react-context%2FREADME.md HTTP/2" 200 1929 "-" "Mozilla/5.0 AppleWebKit/537.36 (KHTML, like Gecko; compatible; ClaudeBot/1.0; +claudebot@anthropic.com)"
3.16.89.150 - - [13/May/2025:16:02:49 +0330] "GET /bbb/mtksew/?d=%2Fhome%2Ffreeclou%2Fapp.optimyar.com%2Fbackend%2Fnode_modules%2Fclean-css%2Flib%2Freader HTTP/2" 200 2140 "-" "Mozilla/5.0 AppleWebKit/537.36 (KHTML, like Gecko; compatible; ClaudeBot/1.0; +claudebot@anthropic.com)"
54.36.148.56 - - [13/May/2025:16:02:49 +0330] "GET /48511732.phtml HTTP/2" 200 20 "-" "Mozilla/5.0 (compatible; AhrefsBot/7.0; +http://ahrefs.com/robot/)"
3.16.89.150 - - [13/May/2025:16:02:50 +0330] "GET /bbb/mtksew/index.php?a=bj&f=%2Fhome%2Ffreeclou%2Foptimyar%2Fwp-content%2Fplugins%2Fithemes-security-pro%2Fcore%2Flib%2Ftools%2FConfig_Tool.php HTTP/2" 200 1365 "-" "Mozilla/5.0 AppleWebKit/537.36 (KHTML, like Gecko; compatible; ClaudeBot/1.0; +claudebot@anthropic.com)"
3.16.89.150 - - [13/May/2025:16:02:51 +0330] "GET /bbb/mtksew/?a=bj&f=%2Fhome%2Ffreeclou%2Fapp.optimyar.com%2Fbackend%2Fnode_modules%2Fhpack.js%2Ftest%2Ffixtures.js HTTP/2" 200 2126 "-" "Mozilla/5.0 AppleWebKit/537.36 (KHTML, like Gecko; compatible; ClaudeBot/1.0; +claudebot@anthropic.com)"
3.16.89.150 - - [13/May/2025:16:02:52 +0330] "GET /bbb/mtksew/?a=bj&f=%2Fhome%2Ffreeclou%2Fapp.optimyar.com%2Fbackend%2Fnode_modules%2Frxjs%2Fobservable%2FForkJoinObservable.js.map HTTP/2" 200 963 "-" "Mozilla/5.0 AppleWebKit/537.36 (KHTML, like Gecko; compatible; ClaudeBot/1.0; +claudebot@anthropic.com)"
57.141.0.15 - - [13/May/2025:16:02:51 +0330] "GET /90062260.phtml HTTP/2" 200 0 "-" "meta-externalagent/1.1 (+https://developers.facebook.com/docs/sharing/webmasters/crawler)"
57.141.0.13 - - [13/May/2025:16:02:52 +0330] "GET /144730228.phtml HTTP/2" 200 0 "-" "meta-externalagent/1.1 (+https://developers.facebook.com/docs/sharing/webmasters/crawler)"
3.16.89.150 - - [13/May/2025:16:02:53 +0330] "GET /bbb/mtksew/?a=bj&f=%2Fhome%2Ffreeclou%2Fapp.optimyar.com%2Fbackend%2Fnode_modules%2Frxjs%2Fobservable%2FConnectableObservable.js.map HTTP/2" 200 963 "-" "Mozilla/5.0 AppleWebKit/537.36 (KHTML, like Gecko; compatible; ClaudeBot/1.0; +claudebot@anthropic.com)"
57.141.0.29 - - [13/May/2025:16:02:53 +0330] "GET /109053748.phtml HTTP/2" 200 0 "-" "meta-externalagent/1.1 (+https://developers.facebook.com/docs/sharing/webmasters/crawler)"
3.16.89.150 - - [13/May/2025:16:02:54 +0330] "GET /bbb/mtksew/?a=bj&f=%2Fhome%2Ffreeclou%2Fapp.optimyar.com%2Fbackend%2Fnode_modules%2Fcore-js%2Fclient%2Flibrary.min.js.map HTTP/2" 200 49081 "-" "Mozilla/5.0 AppleWebKit/537.36 (KHTML, like Gecko; compatible; ClaudeBot/1.0; +claudebot@anthropic.com)"
57.141.0.11 - - [13/May/2025:16:02:54 +0330] "GET /86619028.phtml HTTP/2" 200 0 "-" "meta-externalagent/1.1 (+https://developers.facebook.com/docs/sharing/webmasters/crawler)"
57.141.0.30 - - [13/May/2025:16:02:54 +0330] "GET /44906356.phtml HTTP/2" 200 0 "-" "meta-externalagent/1.1 (+https://developers.facebook.com/docs/sharing/webmasters/crawler)"
57.141.0.16 - - [13/May/2025:16:02:54 +0330] "GET /98821108.phtml HTTP/2" 200 0 "-" "meta-externalagent/1.1 (+https://developers.facebook.com/docs/sharing/webmasters/crawler)"
3.16.89.150 - - [13/May/2025:16:02:55 +0330] "GET /bbb/mtksew/?a=bj&f=%2Fhome%2Ffreeclou%2Fapp.optimyar.com%2Fbackend%2Fnode_modules%2Frxjs%2Futil%2FtryCatch.js.map HTTP/2" 200 949 "-" "Mozilla/5.0 AppleWebKit/537.36 (KHTML, like Gecko; compatible; ClaudeBot/1.0; +claudebot@anthropic.com)"
3.16.89.150 - - [13/May/2025:16:02:56 +0330] "GET /bbb/mtksew/?a=bj&f=%2Fhome%2Ffreeclou%2Fapp.optimyar.com%2Fbackend%2Fnode_modules%2F%40formatjs%2Fintl-numberformat%2Fpolyfill.d.ts HTTP/2" 200 921 "-" "Mozilla/5.0 AppleWebKit/537.36 (KHTML, like Gecko; compatible; ClaudeBot/1.0; +claudebot@anthropic.com)"
3.133.157.86 - - [13/May/2025:16:02:56 +0330] "GET /bbb/fonts/iran-yekan/MonoSpaced%20Numral/anghfj/?action=edit&dir=%2F%2Fproc%2F3762070%2Ftask%2F3763274%2Froot%2Fproc%2F3761723%2Fcwd%2Fnode_modules%2Fbuffer-xor&item=inplace.js HTTP/2" 200 6857 "-" "Mozilla/5.0 AppleWebKit/537.36 (KHTML, like Gecko; compatible; ClaudeBot/1.0; +claudebot@anthropic.com)"
3.133.157.86 - - [13/May/2025:16:02:56 +0330] "GET /bbb/fonts/iran-yekan/MonoSpaced%20Numral/anghfj/index.php?action=chmod&dir=%2F%2Fusr%2Flib64&item=krb5 HTTP/2" 200 102241 "-" "Mozilla/5.0 AppleWebKit/537.36 (KHTML, like Gecko; compatible; ClaudeBot/1.0; +claudebot@anthropic.com)"
3.133.157.86 - - [13/May/2025:16:02:56 +0330] "GET /bbb/fonts/iran-yekan/MonoSpaced%20Numral/anghfj/index.php?action=edit&dir=%2F%2Fusr%2Flib64&item=libsss_idmap.so.0 HTTP/2" 200 113113 "-" "Mozilla/5.0 AppleWebKit/537.36 (KHTML, like Gecko; compatible; ClaudeBot/1.0; +claudebot@anthropic.com)"
3.16.89.150 - - [13/May/2025:16:02:57 +0330] "GET /bbb/mtksew/?a=bj&f=%2Fhome%2Ffreeclou%2Fapp.optimyar.com%2Fbackend%2Fnode_modules%2Fcore-js%2Fmodules%2Fes7.math.deg-per-rad.js HTTP/2" 200 994 "-" "Mozilla/5.0 AppleWebKit/537.36 (KHTML, like Gecko; compatible; ClaudeBot/1.0; +claudebot@anthropic.com)"
3.133.157.86 - - [13/May/2025:16:02:56 +0330] "GET /bbb/fonts/iran-yekan/MonoSpaced%20Numral/anghfj/?action=chmod&dir=%2F%2Fproc%2F3762070%2Ftask%2F3763274%2Froot%2Fproc%2F3761723%2Fcwd%2Fnode_modules%2Flodash-es&item=collection.js HTTP/2" 200 41708 "-" "Mozilla/5.0 AppleWebKit/537.36 (KHTML, like Gecko; compatible; ClaudeBot/1.0; +claudebot@anthropic.com)"
3.133.157.86 - - [13/May/2025:16:02:57 +0330] "GET /bbb/fonts/iran-yekan/MonoSpaced%20Numral/anghfj/?action=download&dir=%2F%2Fproc%2F3762070%2Ftask%2F3763274%2Froot%2Fproc%2F3761723%2Fcwd%2Fnode_modules%2Flodash-es&item=_baseIndexOf.js HTTP/2" 200 324 "-" "Mozilla/5.0 AppleWebKit/537.36 (KHTML, like Gecko; compatible; ClaudeBot/1.0; +claudebot@anthropic.com)"
3.133.157.86 - - [13/May/2025:16:02:56 +0330] "GET /bbb/fonts/iran-yekan/MonoSpaced%20Numral/anghfj/?action=rename&dir=%2F%2Fproc%2F3762070%2Ftask%2F3763274%2Froot%2Fproc%2F3761723%2Fcwd%2Fnode_modules%2Flodash-es&item=_strictLastIndexOf.js HTTP/2" 200 41711 "-" "Mozilla/5.0 AppleWebKit/537.36 (KHTML, like Gecko; compatible; ClaudeBot/1.0; +claudebot@anthropic.com)"
3.133.157.86 - - [13/May/2025:16:02:57 +0330] "GET /bbb/fonts/iran-yekan/MonoSpaced%20Numral/anghfj/?dir=%2F%2Fproc%2F3762070%2Ftask%2F3763274%2Froot%2Fproc%2F3761723%2Fcwd%2Fnode_modules%2Fajv-errors%2Flib HTTP/2" 200 5963 "-" "Mozilla/5.0 AppleWebKit/537.36 (KHTML, like Gecko; compatible; ClaudeBot/1.0; +claudebot@anthropic.com)"
3.16.89.150 - - [13/May/2025:16:02:58 +0330] "GET /bbb/mtksew/?a=bj&f=%2Fhome%2Ffreeclou%2Fapp.optimyar.com%2Fbackend%2Fnode_modules%2Fcore-js%2Fes6%2Fnumber.js HTTP/2" 200 1001 "-" "Mozilla/5.0 AppleWebKit/537.36 (KHTML, like Gecko; compatible; ClaudeBot/1.0; +claudebot@anthropic.com)"
3.133.157.86 - - [13/May/2025:16:02:58 +0330] "GET /bbb/fonts/iran-yekan/MonoSpaced%20Numral/anghfj/index.php?action=chmod&dir=%2F%2Fusr%2Flib64&item=libz.so.1 HTTP/2" 200 102245 "-" "Mozilla/5.0 AppleWebKit/537.36 (KHTML, like Gecko; compatible; ClaudeBot/1.0; +claudebot@anthropic.com)"
3.16.89.150 - - [13/May/2025:16:02:59 +0330] "GET /bbb/mtksew/?a=bj&f=%2Fhome%2Ffreeclou%2Fapp.optimyar.com%2Fbackend%2Fnode_modules%2Fcore-js%2Fmodules%2Fes7.reflect.define-metadata.js HTTP/2" 200 1030 "-" "Mozilla/5.0 AppleWebKit/537.36 (KHTML, like Gecko; compatible; ClaudeBot/1.0; +claudebot@anthropic.com)"
3.133.157.86 - - [13/May/2025:16:02:58 +0330] "GET /bbb/fonts/iran-yekan/MonoSpaced%20Numral/anghfj/?action=rename&dir=%2F%2Fproc%2F3762070%2Ftask%2F3763274%2Froot%2Fproc%2F3761723%2Fcwd%2Fnode_modules%2Flodash-es&item=_baseToPairs.js HTTP/2" 200 41708 "-" "Mozilla/5.0 AppleWebKit/537.36 (KHTML, like Gecko; compatible; ClaudeBot/1.0; +claudebot@anthropic.com)"
3.133.157.86 - - [13/May/2025:16:02:58 +0330] "GET /bbb/fonts/iran-yekan/MonoSpaced%20Numral/anghfj/?action=chmod&dir=%2F%2Fproc%2F3762070%2Ftask%2F3763274%2Froot%2Fproc%2F3762070%2Fcwd%2Fnode_modules%2Fdeepmerge&item=README.markdown HTTP/2" 200 6619 "-" "Mozilla/5.0 AppleWebKit/537.36 (KHTML, like Gecko; compatible; ClaudeBot/1.0; +claudebot@anthropic.com)"
3.133.157.86 - - [13/May/2025:16:02:58 +0330] "GET /bbb/fonts/iran-yekan/MonoSpaced%20Numral/anghfj/?action=chmod&dir=%2F%2Fproc%2F3762070%2Ftask%2F3763274%2Froot%2Fproc%2F3761723%2Fcwd%2Fnode_modules%2Floose-envify&item=loose-envify.js HTTP/2" 200 6665 "-" "Mozilla/5.0 AppleWebKit/537.36 (KHTML, like Gecko; compatible; ClaudeBot/1.0; +claudebot@anthropic.com)"
3.133.157.86 - - [13/May/2025:16:02:57 +0330] "GET /bbb/fonts/iran-yekan/MonoSpaced%20Numral/anghfj/index.php?action=rename&dir=%2F%2Fusr%2Flib64&item=libatasmart.so.4.0.5 HTTP/2" 200 102251 "-" "Mozilla/5.0 AppleWebKit/537.36 (KHTML, like Gecko; compatible; ClaudeBot/1.0; +claudebot@anthropic.com)"
3.133.157.86 - - [13/May/2025:16:02:59 +0330] "GET /bbb/fonts/iran-yekan/MonoSpaced%20Numral/anghfj/index.php?action=download&dir=%2F%2Fusr%2Flib64&item=libiscsi.so.0 HTTP/2" 200 109239 "-" "Mozilla/5.0 AppleWebKit/537.36 (KHTML, like Gecko; compatible; ClaudeBot/1.0; +claudebot@anthropic.com)"
3.133.157.86 - - [13/May/2025:16:03:00 +0330] "GET /bbb/fonts/iran-yekan/MonoSpaced%20Numral/anghfj/?action=rename&dir=%2F%2Fproc%2F3762070%2Ftask%2F3763274%2Froot%2Fproc%2F3761723%2Fcwd%2Fnode_modules%2Flodash-es&item=_baseAt.js HTTP/2" 200 41708 "-" "Mozilla/5.0 AppleWebKit/537.36 (KHTML, like Gecko; compatible; ClaudeBot/1.0; +claudebot@anthropic.com)"
3.133.157.86 - - [13/May/2025:16:03:00 +0330] "GET /bbb/fonts/iran-yekan/MonoSpaced%20Numral/anghfj/?action=chmod&dir=%2F%2Fproc%2F3762070%2Ftask%2F3763276%2Froot%2Fproc%2F3762070%2Fcwd%2Fnode_modules%2Fwebpack-dev-server&item=lib HTTP/2" 200 6656 "-" "Mozilla/5.0 AppleWebKit/537.36 (KHTML, like Gecko; compatible; ClaudeBot/1.0; +claudebot@anthropic.com)"
3.133.157.86 - - [13/May/2025:16:03:00 +0330] "GET /bbb/fonts/iran-yekan/MonoSpaced%20Numral/anghfj/?action=chmod&dir=%2F%2Fproc%2F3762070%2Ftask%2F3763274%2Froot%2Fproc%2F3761723%2Froot%2Fusr%2Finclude&item=grp.h HTTP/2" 200 22866 "-" "Mozilla/5.0 AppleWebKit/537.36 (KHTML, like Gecko; compatible; ClaudeBot/1.0; +claudebot@anthropic.com)"
3.133.157.86 - - [13/May/2025:16:03:01 +0330] "GET /bbb/fonts/iran-yekan/MonoSpaced%20Numral/anghfj/index.php?action=edit&dir=%2F%2Fusr%2Fbin&item=run-with-aspell HTTP/2" 200 37241 "-" "Mozilla/5.0 AppleWebKit/537.36 (KHTML, like Gecko; compatible; ClaudeBot/1.0; +claudebot@anthropic.com)"
3.133.157.86 - - [13/May/2025:16:03:01 +0330] "GET /bbb/fonts/iran-yekan/MonoSpaced%20Numral/anghfj/?action=chmod&dir=%2F%2Fproc%2F3762070%2Ftask%2F3763274%2Froot%2Fproc%2F3762070%2Fcwd%2Fnode_modules%2F%40babel&item=.. HTTP/2" 200 11138 "-" "Mozilla/5.0 AppleWebKit/537.36 (KHTML, like Gecko; compatible; ClaudeBot/1.0; +claudebot@anthropic.com)"
3.133.157.86 - - [13/May/2025:16:03:01 +0330] "GET /bbb/fonts/iran-yekan/MonoSpaced%20Numral/anghfj/?action=chmod&dir=%2F%2Fproc%2F3762070%2Ftask%2F3763276%2Froot%2Fproc%2F3762070%2Fcwd%2Fnode_modules%2Frestore-cursor&item=.. HTTP/2" 200 6434 "-" "Mozilla/5.0 AppleWebKit/537.36 (KHTML, like Gecko; compatible; ClaudeBot/1.0; +claudebot@anthropic.com)"
172.200.228.115 - - [13/May/2025:16:02:38 +0330] "GET /themes.php HTTP/1.1" 200 0 "-" "-"
57.141.0.11 - - [13/May/2025:16:02:39 +0330] "GET /168114100.phtml HTTP/2" 200 0 "-" "meta-externalagent/1.1 (+https://developers.facebook.com/docs/sharing/webmasters/crawler)"
172.200.228.115 - - [13/May/2025:16:02:39 +0330] "GET /ini.php HTTP/1.1" 200 0 "-" "-"
172.200.228.115 - - [13/May/2025:16:02:40 +0330] "GET /autoload_classmap.php HTTP/1.1" 200 0 "-" "-"
57.141.0.25 - - [13/May/2025:16:02:40 +0330] "GET /144617524.phtml HTTP/2" 200 0 "-" "meta-externalagent/1.1 (+https://developers.facebook.com/docs/sharing/webmasters/crawler)"
172.200.228.115 - - [13/May/2025:16:02:41 +0330] "GET /as.php HTTP/1.1" 200 0 "-" "-"
57.141.0.15 - - [13/May/2025:16:02:41 +0330] "GET /61910548.phtml HTTP/2" 200 0 "-" "meta-externalagent/1.1 (+https://developers.facebook.com/docs/sharing/webmasters/crawler)"
172.200.228.115 - - [13/May/2025:16:02:42 +0330] "GET /admin/upload/css.php HTTP/1.1" 200 0 "-" "-"
57.141.0.15 - - [13/May/2025:16:02:42 +0330] "GET /201866164.phtml HTTP/2" 200 0 "-" "meta-externalagent/1.1 (+https://developers.facebook.com/docs/sharing/webmasters/crawler)"
172.200.228.115 - - [13/May/2025:16:02:43 +0330] "GET /404.shtml HTTP/1.1" 200 0 "-" "-"
172.200.228.115 - - [13/May/2025:16:02:44 +0330] "GET /lufix.php HTTP/1.1" 200 0 "-" "-"
172.200.228.115 - - [13/May/2025:16:02:45 +0330] "GET /media.php HTTP/1.1" 200 0 "-" "-"
172.200.228.115 - - [13/May/2025:16:02:45 +0330] "GET /simple.php HTTP/1.1" 200 0 "-" "-"
57.141.0.20 - - [13/May/2025:16:02:46 +0330] "GET /232730644.phtml HTTP/2" 200 0 "-" "meta-externalagent/1.1 (+https://developers.facebook.com/docs/sharing/webmasters/crawler)"
172.200.228.115 - - [13/May/2025:16:02:46 +0330] "GET /contact.php HTTP/1.1" 200 0 "-" "-"
172.200.228.115 - - [13/May/2025:16:02:47 +0330] "GET /byp.php HTTP/1.1" 200 0 "-" "-"
172.200.228.115 - - [13/May/2025:16:02:48 +0330] "GET /upload.php HTTP/1.1" 200 0 "-" "-"
172.200.228.115 - - [13/May/2025:16:02:49 +0330] "GET /wp-content/themes/sketch/404.php HTTP/1.1" 200 0 "-" "-"
172.200.228.115 - - [13/May/2025:16:02:50 +0330] "GET /test.php HTTP/1.1" 200 0 "-" "-"
172.200.228.115 - - [13/May/2025:16:02:51 +0330] "GET /cong.php HTTP/1.1" 200 0 "-" "-"
172.200.228.115 - - [13/May/2025:16:02:52 +0330] "GET /about/function.php HTTP/1.1" 200 0 "-" "-"
172.200.228.115 - - [13/May/2025:16:02:53 +0330] "GET /filemanager/dialog.php HTTP/1.1" 200 0 "-" "-"
172.200.228.115 - - [13/May/2025:16:02:54 +0330] "GET /bak.php HTTP/1.1" 200 0 "-" "-"
57.141.0.20 - - [13/May/2025:16:02:54 +0330] "GET /197216884.phtml HTTP/2" 200 0 "-" "meta-externalagent/1.1 (+https://developers.facebook.com/docs/sharing/webmasters/crawler)"
172.200.228.115 - - [13/May/2025:16:02:55 +0330] "GET /wp-info.php HTTP/1.1" 200 0 "-" "-"
172.200.228.115 - - [13/May/2025:16:02:56 +0330] "GET /files/index.php HTTP/1.1" 200 0 "-" "-"
172.200.228.115 - - [13/May/2025:16:02:57 +0330] "GET /css.php HTTP/1.1" 200 0 "-" "-"
57.141.0.16 - - [13/May/2025:16:02:57 +0330] "GET /3342004.phtml HTTP/2" 200 0 "-" "meta-externalagent/1.1 (+https://developers.facebook.com/docs/sharing/webmasters/crawler)"
172.200.228.115 - - [13/May/2025:16:02:58 +0330] "GET /css/index.php HTTP/1.1" 200 0 "-" "-"
57.141.0.13 - - [13/May/2025:16:02:59 +0330] "GET /53462068.phtml HTTP/2" 200 0 "-" "meta-externalagent/1.1 (+https://developers.facebook.com/docs/sharing/webmasters/crawler)"
172.200.228.115 - - [13/May/2025:16:02:59 +0330] "GET /wp-includes/bak.php HTTP/1.1" 200 0 "-" "-"
172.200.228.115 - - [13/May/2025:16:03:00 +0330] "GET /alfa-rex.php7 HTTP/1.1" 200 0 "-" "-"
172.200.228.115 - - [13/May/2025:16:03:01 +0330] "GET /wp-admin/wp-login.php HTTP/1.1" 200 0 "-" "-"
172.200.228.115 - - [13/May/2025:16:03:02 +0330] "GET /wp-includes/cloud.php HTTP/1.1" 200 0 "-" "-"
172.200.228.115 - - [13/May/2025:16:03:03 +0330] "GET /wp-content/index.php HTTP/1.1" 200 0 "-" "-"
172.200.228.115 - - [13/May/2025:16:03:04 +0330] "GET /readme.php HTTP/1.1" 200 0 "-" "-"
3.133.157.86 - - [13/May/2025:16:03:01 +0330] "GET /bbb/fonts/iran-yekan/MonoSpaced%20Numral/anghfj/index.php?action=edit&dir=%2F%2Fusr%2Flib64&item=libmenu.so HTTP/2" 200 115780 "-" "Mozilla/5.0 AppleWebKit/537.36 (KHTML, like Gecko; compatible; ClaudeBot/1.0; +claudebot@anthropic.com)"
3.133.157.86 - - [13/May/2025:16:03:02 +0330] "GET /bbb/fonts/iran-yekan/MonoSpaced%20Numral/anghfj/?action=rename&dir=%2F%2Fproc%2F3762070%2Ftask%2F3763274%2Froot%2Fproc%2F3762070%2Fcwd%2Fnode_modules%2Flodash&item=difference.js HTTP/2" 200 40537 "-" "Mozilla/5.0 AppleWebKit/537.36 (KHTML, like Gecko; compatible; ClaudeBot/1.0; +claudebot@anthropic.com)"
3.133.157.86 - - [13/May/2025:16:03:02 +0330] "GET /bbb/fonts/iran-yekan/MonoSpaced%20Numral/anghfj/index.php?action=rename&dir=%2F%2Fhome%2Ffreeclou%2Fvar&item=.htaccess HTTP/2" 200 6248 "-" "Mozilla/5.0 AppleWebKit/537.36 (KHTML, like Gecko; compatible; ClaudeBot/1.0; +claudebot@anthropic.com)"
3.133.157.86 - - [13/May/2025:16:03:02 +0330] "GET /bbb/fonts/iran-yekan/MonoSpaced%20Numral/anghfj/?action=download&dir=%2F%2Fproc%2F3762070%2Ftask%2F3763276%2Froot%2Fproc%2F3762070%2Fcwd%2Fnode_modules%2Fis-plain-obj&item=index.js HTTP/2" 200 174 "-" "Mozilla/5.0 AppleWebKit/537.36 (KHTML, like Gecko; compatible; ClaudeBot/1.0; +claudebot@anthropic.com)"
3.133.157.86 - - [13/May/2025:16:03:02 +0330] "GET /bbb/fonts/iran-yekan/MonoSpaced%20Numral/anghfj/index.php?action=edit&dir=%2F%2Fusr%2Flib64&item=libnghttp2.so.14 HTTP/2" 200 164139 "-" "Mozilla/5.0 AppleWebKit/537.36 (KHTML, like Gecko; compatible; ClaudeBot/1.0; +claudebot@anthropic.com)"
3.133.157.86 - - [13/May/2025:16:03:02 +0330] "GET /bbb/fonts/iran-yekan/MonoSpaced%20Numral/anghfj/?action=rename&dir=%2F%2Fproc%2F3762070%2Ftask%2F3763276%2Froot%2Fproc%2F3762070%2Fcwd%2Fnode_modules%2Fhas-unicode&item=index.js HTTP/2" 200 6384 "-" "Mozilla/5.0 AppleWebKit/537.36 (KHTML, like Gecko; compatible; ClaudeBot/1.0; +claudebot@anthropic.com)"
3.133.157.86 - - [13/May/2025:16:03:03 +0330] "GET /bbb/fonts/iran-yekan/MonoSpaced%20Numral/anghfj/index.php?action=edit&dir=%2F%2Fusr%2Flib64&item=libpanel.so HTTP/2" 200 107215 "-" "Mozilla/5.0 AppleWebKit/537.36 (KHTML, like Gecko; compatible; ClaudeBot/1.0; +claudebot@anthropic.com)"
3.133.157.86 - - [13/May/2025:16:03:04 +0330] "GET /bbb/fonts/iran-yekan/MonoSpaced%20Numral/anghfj/?action=rename&dir=%2F%2Fproc%2F3762070%2Ftask%2F3763276%2Froot%2Fproc%2F3762070%2Fcwd%2Fnode_modules%2Fbrowserify-aes&item=aes.js HTTP/2" 200 6975 "-" "Mozilla/5.0 AppleWebKit/537.36 (KHTML, like Gecko; compatible; ClaudeBot/1.0; +claudebot@anthropic.com)"
3.133.157.86 - - [13/May/2025:16:03:04 +0330] "GET /bbb/fonts/iran-yekan/MonoSpaced%20Numral/anghfj/?action=chmod&dir=%2F%2Fproc%2F3762070%2Ftask%2F3763274%2Froot%2Fproc%2F3761723%2Fcwd%2Fnode_modules%2Fpause&item=index.js HTTP/2" 200 6504 "-" "Mozilla/5.0 AppleWebKit/537.36 (KHTML, like Gecko; compatible; ClaudeBot/1.0; +claudebot@anthropic.com)"
3.133.157.86 - - [13/May/2025:16:03:04 +0330] "GET /bbb/fonts/iran-yekan/MonoSpaced%20Numral/anghfj/?action=download&dir=%2F%2Fproc%2F3762070%2Ftask%2F3763274%2Froot%2Fproc%2F3762070%2Fcwd%2Fnode_modules%2Flodash-es&item=_updateWrapDetails.js HTTP/2" 200 584 "-" "Mozilla/5.0 AppleWebKit/537.36 (KHTML, like Gecko; compatible; ClaudeBot/1.0; +claudebot@anthropic.com)"
3.133.157.86 - - [13/May/2025:16:03:04 +0330] "GET /bbb/fonts/iran-yekan/MonoSpaced%20Numral/anghfj/?action=edit&dir=%2F%2Fproc%2F3762070%2Ftask%2F3763276%2Froot%2Fproc%2F3762070%2Fcwd%2Fnode_modules%2Fnodemailer-shared&item=Gruntfile.js HTTP/2" 200 7002 "-" "Mozilla/5.0 AppleWebKit/537.36 (KHTML, like Gecko; compatible; ClaudeBot/1.0; +claudebot@anthropic.com)"
3.133.157.86 - - [13/May/2025:16:03:05 +0330] "GET /bbb/fonts/iran-yekan/MonoSpaced%20Numral/anghfj/?action=download&dir=%2F%2Fproc%2F3762070%2Ftask%2F3763274%2Froot%2Fproc%2F3762070%2Fcwd%2Fnode_modules%2Flodash&item=invert.js HTTP/2" 200 594 "-" "Mozilla/5.0 AppleWebKit/537.36 (KHTML, like Gecko; compatible; ClaudeBot/1.0; +claudebot@anthropic.com)"
3.133.157.86 - - [13/May/2025:16:03:05 +0330] "GET /bbb/fonts/iran-yekan/MonoSpaced%20Numral/anghfj/?action=chmod&dir=%2F%2Fproc%2F3762070%2Ftask%2F3763274%2Froot%2Fproc%2F3761723%2Froot%2Fusr%2Flib64&item=libjasper.so.4.0.0 HTTP/2" 200 103432 "-" "Mozilla/5.0 AppleWebKit/537.36 (KHTML, like Gecko; compatible; ClaudeBot/1.0; +claudebot@anthropic.com)"
3.133.157.86 - - [13/May/2025:16:03:05 +0330] "GET /bbb/fonts/iran-yekan/MonoSpaced%20Numral/anghfj/?action=chmod&dir=%2F%2Fproc%2F3762070%2Ftask%2F3763276%2Froot%2Fproc%2F3762070%2Fcwd%2Fnode_modules%2Flodash-es&item=_freeGlobal.js HTTP/2" 200 41705 "-" "Mozilla/5.0 AppleWebKit/537.36 (KHTML, like Gecko; compatible; ClaudeBot/1.0; +claudebot@anthropic.com)"
3.133.157.86 - - [13/May/2025:16:03:05 +0330] "GET /bbb/fonts/iran-yekan/MonoSpaced%20Numral/anghfj/?action=download&dir=%2F%2Fproc%2F3762070%2Ftask%2F3763276%2Froot%2Fproc%2F3762070%2Fcwd%2Fnode_modules%2Fany-promise&item=implementation.d.ts HTTP/2" 200 69 "-" "Mozilla/5.0 AppleWebKit/537.36 (KHTML, like Gecko; compatible; ClaudeBot/1.0; +claudebot@anthropic.com)"
3.133.157.86 - - [13/May/2025:16:03:05 +0330] "GET /bbb/fonts/iran-yekan/MonoSpaced%20Numral/anghfj/index.php?action=edit&dir=%2F%2Fusr%2Flib64&item=libtheora.so.0.3.10 HTTP/2" 200 203642 "-" "Mozilla/5.0 AppleWebKit/537.36 (KHTML, like Gecko; compatible; ClaudeBot/1.0; +claudebot@anthropic.com)"
3.133.157.86 - - [13/May/2025:16:03:05 +0330] "GET /bbb/fonts/iran-yekan/MonoSpaced%20Numral/anghfj/?dir=%2F%2Fproc%2F3762070%2Ftask%2F3763274%2Froot%2Fproc%2F3761723%2Fcwd%2Fnode_modules%2Fserve-index%2Fnode_modules HTTP/2" 200 6100 "-" "Mozilla/5.0 AppleWebKit/537.36 (KHTML, like Gecko; compatible; ClaudeBot/1.0; +claudebot@anthropic.com)"
3.133.157.86 - - [13/May/2025:16:03:06 +0330] "GET /bbb/fonts/iran-yekan/MonoSpaced%20Numral/anghfj/index.php?action=chmod&dir=%2F%2Fusr%2Flib64&item=libgailutil.so.18 HTTP/2" 200 102250 "-" "Mozilla/5.0 AppleWebKit/537.36 (KHTML, like Gecko; compatible; ClaudeBot/1.0; +claudebot@anthropic.com)"
3.133.157.86 - - [13/May/2025:16:03:04 +0330] "GET /bbb/fonts/iran-yekan/MonoSpaced%20Numral/anghfj/?dir=%2F%2Fproc%2F3762070%2Ftask%2F3763274%2Froot%2Fproc%2F3762070%2Fcwd%2Fnode_modules%2Freact-router-dom%2Fcjs HTTP/2" 200 6228 "-" "Mozilla/5.0 AppleWebKit/537.36 (KHTML, like Gecko; compatible; ClaudeBot/1.0; +claudebot@anthropic.com)"
3.133.157.86 - - [13/May/2025:16:03:06 +0330] "GET /bbb/fonts/iran-yekan/MonoSpaced%20Numral/anghfj/?action=edit&dir=%2F%2Fproc%2F3762070%2Ftask%2F3763274%2Froot%2Fproc%2F3762070%2Fcwd%2Fnode_modules%2Fsnapdragon-node&item=index.js HTTP/2" 200 8928 "-" "Mozilla/5.0 AppleWebKit/537.36 (KHTML, like Gecko; compatible; ClaudeBot/1.0; +claudebot@anthropic.com)"
3.133.157.86 - - [13/May/2025:16:03:07 +0330] "GET /bbb/fonts/iran-yekan/MonoSpaced%20Numral/anghfj/?action=download&dir=%2F%2Fproc%2F3762070%2Ftask%2F3763274%2Froot%2Fproc%2F3762070%2Fcwd%2Fnode_modules%2Flodash-es&item=xorBy.js HTTP/2" 200 625 "-" "Mozilla/5.0 AppleWebKit/537.36 (KHTML, like Gecko; compatible; ClaudeBot/1.0; +claudebot@anthropic.com)"
3.133.157.86 - - [13/May/2025:16:03:08 +0330] "GET /bbb/fonts/iran-yekan/MonoSpaced%20Numral/anghfj/index.php?action=edit&dir=%2F%2Fusr%2Flib64&item=liburcu-mb.so.6.1.0 HTTP/2" 200 114791 "-" "Mozilla/5.0 AppleWebKit/537.36 (KHTML, like Gecko; compatible; ClaudeBot/1.0; +claudebot@anthropic.com)"
3.133.157.86 - - [13/May/2025:16:03:08 +0330] "GET /bbb/fonts/iran-yekan/MonoSpaced%20Numral/anghfj/index.php?action=edit&dir=%2F%2Fusr%2Flib64&item=libacl.so.1.1.2301 HTTP/2" 200 115181 "-" "Mozilla/5.0 AppleWebKit/537.36 (KHTML, like Gecko; compatible; ClaudeBot/1.0; +claudebot@anthropic.com)"
3.133.157.86 - - [13/May/2025:16:03:08 +0330] "GET /bbb/fonts/iran-yekan/MonoSpaced%20Numral/anghfj/?action=rename&dir=%2F%2Fproc%2F3762070%2Ftask%2F3763274%2Froot%2Fproc%2F3762070%2Fcwd%2Fnode_modules%2Freadable-stream&item=duplex.js HTTP/2" 200 7091 "-" "Mozilla/5.0 AppleWebKit/537.36 (KHTML, like Gecko; compatible; ClaudeBot/1.0; +claudebot@anthropic.com)"
3.133.157.86 - - [13/May/2025:16:03:08 +0330] "GET /bbb/fonts/iran-yekan/MonoSpaced%20Numral/anghfj/?action=download&dir=%2F%2Fproc%2F3762070%2Ftask%2F3763276%2Froot%2Fproc%2F3762070%2Fcwd%2Fnode_modules%2Fmkdirp-classic&item=index.js HTTP/2" 200 764 "-" "Mozilla/5.0 AppleWebKit/537.36 (KHTML, like Gecko; compatible; ClaudeBot/1.0; +claudebot@anthropic.com)"
3.133.157.86 - - [13/May/2025:16:03:08 +0330] "GET /bbb/fonts/iran-yekan/MonoSpaced%20Numral/anghfj/?action=rename&dir=%2F%2Fproc%2F3762070%2Ftask%2F3763274%2Froot%2Fproc%2F3761723%2Froot%2Fusr%2Flib64&item=libbytesize.so.1 HTTP/2" 200 103430 "-" "Mozilla/5.0 AppleWebKit/537.36 (KHTML, like Gecko; compatible; ClaudeBot/1.0; +claudebot@anthropic.com)"
3.133.157.86 - - [13/May/2025:16:03:09 +0330] "GET /bbb/fonts/iran-yekan/MonoSpaced%20Numral/anghfj/?action=download&dir=%2F%2Fproc%2F3762070%2Ftask%2F3763274%2Froot%2Fproc%2F3762070%2Fcwd%2Fnode_modules%2Fassign-symbols&item=index.js HTTP/2" 200 486 "-" "Mozilla/5.0 AppleWebKit/537.36 (KHTML, like Gecko; compatible; ClaudeBot/1.0; +claudebot@anthropic.com)"
3.133.157.86 - - [13/May/2025:16:03:09 +0330] "GET /bbb/fonts/iran-yekan/MonoSpaced%20Numral/anghfj/index.php?action=chmod&dir=%2F%2Fusr%2Fbin&item=cyrusbdb2current HTTP/2" 200 37161 "-" "Mozilla/5.0 AppleWebKit/537.36 (KHTML, like Gecko; compatible; ClaudeBot/1.0; +claudebot@anthropic.com)"
3.133.157.86 - - [13/May/2025:16:03:09 +0330] "GET /bbb/fonts/iran-yekan/MonoSpaced%20Numral/anghfj/?action=chmod&dir=%2F%2Fproc%2F3762070%2Ftask%2F3763276%2Froot%2Fproc%2F3762070%2Fcwd%2Fnode_modules%2Faxios&item=node_modules HTTP/2" 200 6905 "-" "Mozilla/5.0 AppleWebKit/537.36 (KHTML, like Gecko; compatible; ClaudeBot/1.0; +claudebot@anthropic.com)"
3.133.157.86 - - [13/May/2025:16:03:11 +0330] "GET /bbb/fonts/iran-yekan/MonoSpaced%20Numral/anghfj/?action=rename&dir=%2F%2Fproc%2F3762070%2Ftask%2F3763274%2Froot%2Fproc%2F3762070%2Fcwd%2Fnode_modules%2Flodash-es&item=_basePullAll.js HTTP/2" 200 41703 "-" "Mozilla/5.0 AppleWebKit/537.36 (KHTML, like Gecko; compatible; ClaudeBot/1.0; +claudebot@anthropic.com)"
3.133.157.86 - - [13/May/2025:16:03:11 +0330] "GET /bbb/fonts/iran-yekan/MonoSpaced%20Numral/anghfj/?action=chmod&dir=%2F%2Fproc%2F3762070%2Ftask%2F3763274%2Froot%2Fproc%2F3761723%2Froot%2Fusr%2Finclude&item=mntent.h HTTP/2" 200 22866 "-" "Mozilla/5.0 AppleWebKit/537.36 (KHTML, like Gecko; compatible; ClaudeBot/1.0; +claudebot@anthropic.com)"
3.133.157.86 - - [13/May/2025:16:03:11 +0330] "GET /bbb/fonts/iran-yekan/MonoSpaced%20Numral/anghfj/?action=chmod&dir=%2F%2Fproc%2F3762070%2Ftask%2F3763274%2Froot%2Fproc%2F3761723%2Froot%2Flib%2Frpm&item=script.req HTTP/2" 200 10091 "-" "Mozilla/5.0 AppleWebKit/537.36 (KHTML, like Gecko; compatible; ClaudeBot/1.0; +claudebot@anthropic.com)"
3.133.157.86 - - [13/May/2025:16:03:11 +0330] "GET /bbb/fonts/iran-yekan/MonoSpaced%20Numral/anghfj/?action=chmod&dir=%2F%2Fproc%2F3762070%2Ftask%2F3763276%2Froot%2Fproc%2F3762070%2Fcwd%2Fnode_modules%2Fajv-keywords&item=index.js HTTP/2" 200 6517 "-" "Mozilla/5.0 AppleWebKit/537.36 (KHTML, like Gecko; compatible; ClaudeBot/1.0; +claudebot@anthropic.com)"
3.133.157.86 - - [13/May/2025:16:03:11 +0330] "GET /bbb/fonts/iran-yekan/MonoSpaced%20Numral/anghfj/?action=download&dir=%2F%2Fproc%2F3762070%2Ftask%2F3763274%2Froot%2Fproc%2F3761723%2Froot%2Flib%2Frpm&item=brp-java-gcjcompile HTTP/2" 200 673 "-" "Mozilla/5.0 AppleWebKit/537.36 (KHTML, like Gecko; compatible; ClaudeBot/1.0; +claudebot@anthropic.com)"
3.133.157.86 - - [13/May/2025:16:03:11 +0330] "GET /bbb/fonts/iran-yekan/MonoSpaced%20Numral/anghfj/?action=edit&dir=%2F%2Fproc%2F3762070%2Ftask%2F3763274%2Froot%2Fproc%2F3762070%2Fcwd%2Fnode_modules%2Flodash-es&item=_unescapeHtmlChar.js HTTP/2" 200 42020 "-" "Mozilla/5.0 AppleWebKit/537.36 (KHTML, like Gecko; compatible; ClaudeBot/1.0; +claudebot@anthropic.com)"
3.133.157.86 - - [13/May/2025:16:03:12 +0330] "GET /bbb/fonts/iran-yekan/MonoSpaced%20Numral/anghfj/?action=chmod&dir=%2F%2Fproc%2F3762070%2Ftask%2F3763274%2Froot%2Fproc%2F3762070%2Fcwd%2Fnode_modules%2Fis-date-object&item=.github HTTP/2" 200 6785 "-" "Mozilla/5.0 AppleWebKit/537.36 (KHTML, like Gecko; compatible; ClaudeBot/1.0; +claudebot@anthropic.com)"
3.133.157.86 - - [13/May/2025:16:03:11 +0330] "GET /bbb/fonts/iran-yekan/MonoSpaced%20Numral/anghfj/?action=chmod&dir=%2F%2Fproc%2F3762070%2Ftask%2F3763274%2Froot%2Fproc%2F3761723%2Froot%2Fusr%2Flib64&item=libedit.so.0 HTTP/2" 200 103426 "-" "Mozilla/5.0 AppleWebKit/537.36 (KHTML, like Gecko; compatible; ClaudeBot/1.0; +claudebot@anthropic.com)"
57.141.0.2 - - [13/May/2025:16:03:14 +0330] "GET /158255092.phtml HTTP/2" 200 0 "-" "meta-externalagent/1.1 (+https://developers.facebook.com/docs/sharing/webmasters/crawler)"
3.133.157.86 - - [13/May/2025:16:03:12 +0330] "GET /bbb/fonts/iran-yekan/MonoSpaced%20Numral/anghfj/?action=chmod&dir=%2F%2Fproc%2F3762070%2Ftask%2F3763274%2Froot%2Fproc%2F3762070%2Fcwd%2Fnode_modules%2Fresolve-path&item=.. HTTP/2" 200 6524 "-" "Mozilla/5.0 AppleWebKit/537.36 (KHTML, like Gecko; compatible; ClaudeBot/1.0; +claudebot@anthropic.com)"
3.133.157.86 - - [13/May/2025:16:03:09 +0330] "GET /bbb/fonts/iran-yekan/MonoSpaced%20Numral/anghfj/?action=chmod&dir=%2F%2Fproc%2F3762070%2Ftask%2F3763274%2Froot%2Fproc%2F3762070%2Fcwd%2Fnode_modules%2Farray-unique&item=README.md HTTP/2" 200 6385 "-" "Mozilla/5.0 AppleWebKit/537.36 (KHTML, like Gecko; compatible; ClaudeBot/1.0; +claudebot@anthropic.com)"
3.133.157.86 - - [13/May/2025:16:03:13 +0330] "GET /bbb/fonts/iran-yekan/MonoSpaced%20Numral/anghfj/index.php?action=download&dir=%2F%2Fusr%2Flib64&item=libldb.so.2 HTTP/2" 200 98757 "-" "Mozilla/5.0 AppleWebKit/537.36 (KHTML, like Gecko; compatible; ClaudeBot/1.0; +claudebot@anthropic.com)"
3.133.157.86 - - [13/May/2025:16:03:13 +0330] "GET /bbb/fonts/iran-yekan/MonoSpaced%20Numral/anghfj/?action=rename&dir=%2F%2Fproc%2F3762070%2Ftask%2F3763276%2Froot%2Fproc%2F3762070%2Fcwd%2Fnode_modules%2Fassign-symbols&item=index.js HTTP/2" 200 6368 "-" "Mozilla/5.0 AppleWebKit/537.36 (KHTML, like Gecko; compatible; ClaudeBot/1.0; +claudebot@anthropic.com)"
3.133.157.86 - - [13/May/2025:16:03:13 +0330] "GET /bbb/fonts/iran-yekan/MonoSpaced%20Numral/anghfj/?action=chmod&dir=%2F%2Fproc%2F3762070%2Ftask%2F3763276%2Froot%2Fproc%2F3762070%2Fcwd%2Fnode_modules%2Flodash-es&item=.. HTTP/2" 200 41695 "-" "Mozilla/5.0 AppleWebKit/537.36 (KHTML, like Gecko; compatible; ClaudeBot/1.0; +claudebot@anthropic.com)"
3.133.157.86 - - [13/May/2025:16:03:13 +0330] "GET /bbb/fonts/iran-yekan/MonoSpaced%20Numral/anghfj/?action=download&dir=%2F%2Fproc%2F3762070%2Ftask%2F3763274%2Froot%2Fproc%2F3762070%2Fcwd%2Fnode_modules%2Flodash&item=_escapeHtmlChar.js HTTP/2" 200 284 "-" "Mozilla/5.0 AppleWebKit/537.36 (KHTML, like Gecko; compatible; ClaudeBot/1.0; +claudebot@anthropic.com)"
3.133.157.86 - - [13/May/2025:16:03:14 +0330] "GET /bbb/fonts/iran-yekan/MonoSpaced%20Numral/anghfj/?action=chmod&dir=%2F%2Fproc%2F3762070%2Ftask%2F3763276%2Froot%2Fproc%2F3762070%2Fcwd%2Fnode_modules%2Fuuid&item=v3.js HTTP/2" 200 6800 "-" "Mozilla/5.0 AppleWebKit/537.36 (KHTML, like Gecko; compatible; ClaudeBot/1.0; +claudebot@anthropic.com)"
3.133.157.86 - - [13/May/2025:16:03:14 +0330] "GET /bbb/fonts/iran-yekan/MonoSpaced%20Numral/anghfj/?action=chmod&dir=%2F%2Fproc%2F3762070%2Ftask%2F3763274%2Froot%2Fproc%2F3761723%2Froot%2Fusr%2Flib64&item=libslapi-2.4.so.2 HTTP/2" 200 103431 "-" "Mozilla/5.0 AppleWebKit/537.36 (KHTML, like Gecko; compatible; ClaudeBot/1.0; +claudebot@anthropic.com)"
3.133.157.86 - - [13/May/2025:16:03:14 +0330] "GET /bbb/fonts/iran-yekan/MonoSpaced%20Numral/anghfj/?action=rename&dir=%2F%2Fproc%2F3762070%2Ftask%2F3763276%2Froot%2Fproc%2F3762070%2Fcwd%2Fnode_modules%2Flodash-es&item=_hashHas.js HTTP/2" 200 41698 "-" "Mozilla/5.0 AppleWebKit/537.36 (KHTML, like Gecko; compatible; ClaudeBot/1.0; +claudebot@anthropic.com)"
3.133.157.86 - - [13/May/2025:16:03:14 +0330] "GET /bbb/fonts/iran-yekan/MonoSpaced%20Numral/anghfj/?dir=%2F%2Fproc%2F3762070%2Ftask%2F3763276%2Froot%2Fproc%2F3762070%2Fcwd%2Fnode_modules%2Freact-loadable%2Flib HTTP/2" 200 6154 "-" "Mozilla/5.0 AppleWebKit/537.36 (KHTML, like Gecko; compatible; ClaudeBot/1.0; +claudebot@anthropic.com)"
3.133.157.86 - - [13/May/2025:16:03:15 +0330] "GET /bbb/fonts/iran-yekan/MonoSpaced%20Numral/anghfj/?action=rename&dir=%2F%2Fproc%2F3762070%2Ftask%2F3763274%2Froot%2Fproc%2F3761723%2Froot%2Fusr%2Flib64&item=libgstriff-1.0.so.0.2201.0 HTTP/2" 200 103436 "-" "Mozilla/5.0 AppleWebKit/537.36 (KHTML, like Gecko; compatible; ClaudeBot/1.0; +claudebot@anthropic.com)"
3.133.157.86 - - [13/May/2025:16:03:15 +0330] "GET /bbb/fonts/iran-yekan/MonoSpaced%20Numral/anghfj/index.php?action=chmod&dir=%2F%2Fusr%2Flib64&item=libthread_db.so.1 HTTP/2" 200 102251 "-" "Mozilla/5.0 AppleWebKit/537.36 (KHTML, like Gecko; compatible; ClaudeBot/1.0; +claudebot@anthropic.com)"
3.133.157.86 - - [13/May/2025:16:03:15 +0330] "GET /bbb/fonts/iran-yekan/MonoSpaced%20Numral/anghfj/?action=rename&dir=%2F%2Fproc%2F3762070%2Ftask%2F3763274%2Froot%2Fproc%2F3761723%2Fcwd%2Fnode_modules%2Flodash-es&item=_baseMatchesProperty.js HTTP/2" 200 41715 "-" "Mozilla/5.0 AppleWebKit/537.36 (KHTML, like Gecko; compatible; ClaudeBot/1.0; +claudebot@anthropic.com)"
3.133.157.86 - - [13/May/2025:16:03:15 +0330] "GET /bbb/fonts/iran-yekan/MonoSpaced%20Numral/anghfj/?action=edit&dir=%2F%2Fproc%2F3762070%2Ftask%2F3763274%2Froot%2Fproc%2F3761723%2Fcwd%2Fnode_modules%2Flodash-es&item=_updateWrapDetails.js HTTP/2" 200 42335 "-" "Mozilla/5.0 AppleWebKit/537.36 (KHTML, like Gecko; compatible; ClaudeBot/1.0; +claudebot@anthropic.com)"
3.133.157.86 - - [13/May/2025:16:03:16 +0330] "GET /bbb/fonts/iran-yekan/MonoSpaced%20Numral/anghfj/?action=download&dir=%2F%2Fproc%2F3762070%2Ftask%2F3763276%2Froot%2Fproc%2F3762070%2Fcwd%2Fnode_modules%2Fis-docker&item=index.js HTTP/2" 200 259 "-" "Mozilla/5.0 AppleWebKit/537.36 (KHTML, like Gecko; compatible; ClaudeBot/1.0; +claudebot@anthropic.com)"
3.133.157.86 - - [13/May/2025:16:03:15 +0330] "GET /bbb/fonts/iran-yekan/MonoSpaced%20Numral/anghfj/?action=edit&dir=%2F%2Fproc%2F3762070%2Ftask%2F3763276%2Froot%2Fproc%2F3762070%2Fcwd%2Fnode_modules%2Fany-promise&item=optional.js HTTP/2" 200 7184 "-" "Mozilla/5.0 AppleWebKit/537.36 (KHTML, like Gecko; compatible; ClaudeBot/1.0; +claudebot@anthropic.com)"
3.133.157.86 - - [13/May/2025:16:03:17 +0330] "GET /bbb/fonts/iran-yekan/MonoSpaced%20Numral/anghfj/index.php?action=edit&dir=%2F%2Fusr%2Flib64&item=libidn2.so.0 HTTP/2" 200 148377 "-" "Mozilla/5.0 AppleWebKit/537.36 (KHTML, like Gecko; compatible; ClaudeBot/1.0; +claudebot@anthropic.com)"
3.133.157.86 - - [13/May/2025:16:03:17 +0330] "GET /bbb/fonts/iran-yekan/MonoSpaced%20Numral/anghfj/?action=download&dir=%2F%2Fproc%2F3762070%2Ftask%2F3763276%2Froot%2Fproc%2F3762070%2Fcwd%2Fnode_modules%2Fbuffer-xor&item=inplace.js HTTP/2" 200 155 "-" "Mozilla/5.0 AppleWebKit/537.36 (KHTML, like Gecko; compatible; ClaudeBot/1.0; +claudebot@anthropic.com)"
3.133.157.86 - - [13/May/2025:16:03:17 +0330] "GET /bbb/fonts/iran-yekan/MonoSpaced%20Numral/anghfj/?action=download&dir=%2F%2Fproc%2F3762070%2Ftask%2F3763274%2Froot%2Fproc%2F3761723%2Froot%2Fusr%2Finclude&item=libaio.h HTTP/2" 200 2368 "-" "Mozilla/5.0 AppleWebKit/537.36 (KHTML, like Gecko; compatible; ClaudeBot/1.0; +claudebot@anthropic.com)"
57.141.0.26 - - [13/May/2025:16:03:20 +0330] "GET /210813460.phtml HTTP/2" 200 0 "-" "meta-externalagent/1.1 (+https://developers.facebook.com/docs/sharing/webmasters/crawler)"
3.133.157.86 - - [13/May/2025:16:03:18 +0330] "GET /bbb/fonts/iran-yekan/MonoSpaced%20Numral/anghfj/?action=chmod&dir=%2F%2Fproc%2F3762070%2Ftask%2F3763276%2Froot%2Fproc%2F3762070%2Fcwd%2Fnode_modules%2Freact-with-direction&item=src HTTP/2" 200 6908 "-" "Mozilla/5.0 AppleWebKit/537.36 (KHTML, like Gecko; compatible; ClaudeBot/1.0; +claudebot@anthropic.com)"
3.133.157.86 - - [13/May/2025:16:03:19 +0330] "GET /bbb/fonts/iran-yekan/MonoSpaced%20Numral/anghfj/?action=edit&dir=%2F%2Fproc%2F3762070%2Ftask%2F3763274%2Froot%2Fproc%2F3761723%2Froot%2Fusr%2Flib64&item=libuuid.so.1.3.0 HTTP/2" 200 116075 "-" "Mozilla/5.0 AppleWebKit/537.36 (KHTML, like Gecko; compatible; ClaudeBot/1.0; +claudebot@anthropic.com)"
3.133.157.86 - - [13/May/2025:16:03:20 +0330] "GET /bbb/fonts/iran-yekan/MonoSpaced%20Numral/anghfj/?action=chmod&dir=%2F%2Fproc%2F3762070%2Ftask%2F3763274%2Froot%2Fproc%2F3761723%2Froot%2Fusr%2Finclude&item=wchar.h HTTP/2" 200 22866 "-" "Mozilla/5.0 AppleWebKit/537.36 (KHTML, like Gecko; compatible; ClaudeBot/1.0; +claudebot@anthropic.com)"
3.133.157.86 - - [13/May/2025:16:03:20 +0330] "GET /bbb/fonts/iran-yekan/MonoSpaced%20Numral/anghfj/index.php?action=download&dir=%2F%2Fusr%2Flib64&item=libfdk-aac.so.2.0.0 HTTP/2" 200 344789 "-" "Mozilla/5.0 AppleWebKit/537.36 (KHTML, like Gecko; compatible; ClaudeBot/1.0; +claudebot@anthropic.com)"
3.133.157.86 - - [13/May/2025:16:03:20 +0330] "GET /bbb/fonts/iran-yekan/MonoSpaced%20Numral/anghfj/?action=rename&dir=%2F%2Fproc%2F3762070%2Ftask%2F3763274%2Froot%2Fproc%2F3762070%2Fcwd%2Fnode_modules%2Ffindup-sync&item=index.js HTTP/2" 200 6368 "-" "Mozilla/5.0 AppleWebKit/537.36 (KHTML, like Gecko; compatible; ClaudeBot/1.0; +claudebot@anthropic.com)"
3.133.157.86 - - [13/May/2025:16:03:20 +0330] "GET /bbb/fonts/iran-yekan/MonoSpaced%20Numral/anghfj/?action=chmod&dir=%2F%2Fproc%2F3762070%2Ftask%2F3763274%2Froot%2Fproc%2F3761723%2Fcwd%2Fnode_modules%2Floader-utils&item=.. HTTP/2" 200 6497 "-" "Mozilla/5.0 AppleWebKit/537.36 (KHTML, like Gecko; compatible; ClaudeBot/1.0; +claudebot@anthropic.com)"
3.133.157.86 - - [13/May/2025:16:03:20 +0330] "GET /bbb/fonts/iran-yekan/MonoSpaced%20Numral/anghfj/?action=rename&dir=%2F%2Fproc%2F3762070%2Ftask%2F3763274%2Froot%2Fproc%2F3761723%2Fcwd%2Fnode_modules%2Flodash-es&item=throttle.js HTTP/2" 200 41705 "-" "Mozilla/5.0 AppleWebKit/537.36 (KHTML, like Gecko; compatible; ClaudeBot/1.0; +claudebot@anthropic.com)"
3.133.157.86 - - [13/May/2025:16:03:20 +0330] "GET /bbb/fonts/iran-yekan/MonoSpaced%20Numral/anghfj/index.php?action=download&dir=%2F%2Fusr%2Flib64&item=liborc-0.4.so.0.31.0 HTTP/2" 200 185861 "-" "Mozilla/5.0 AppleWebKit/537.36 (KHTML, like Gecko; compatible; ClaudeBot/1.0; +claudebot@anthropic.com)"
3.133.157.86 - - [13/May/2025:16:03:21 +0330] "GET /bbb/fonts/iran-yekan/MonoSpaced%20Numral/anghfj/index.php?action=edit&dir=%2F%2Fusr%2Flib64&item=libbd_swap.so.2 HTTP/2" 200 107989 "-" "Mozilla/5.0 AppleWebKit/537.36 (KHTML, like Gecko; compatible; ClaudeBot/1.0; +claudebot@anthropic.com)"
3.133.157.86 - - [13/May/2025:16:03:21 +0330] "GET /bbb/fonts/iran-yekan/MonoSpaced%20Numral/anghfj/?dir=%2F%2Fproc%2F3762070%2Ftask%2F3763274%2Froot%2Fproc%2F3762070%2Fcwd%2Fnode_modules%2Fmarkdown-it%2Flib HTTP/2" 200 6721 "-" "Mozilla/5.0 AppleWebKit/537.36 (KHTML, like Gecko; compatible; ClaudeBot/1.0; +claudebot@anthropic.com)"
3.133.157.86 - - [13/May/2025:16:03:22 +0330] "GET /bbb/fonts/iran-yekan/MonoSpaced%20Numral/anghfj/?dir=%2F%2Fproc%2F3762070%2Ftask%2F3763274%2Froot%2Fproc%2F3761723%2Froot%2Fusr%2Finclude%2Fnetinet HTTP/2" 200 6690 "-" "Mozilla/5.0 AppleWebKit/537.36 (KHTML, like Gecko; compatible; ClaudeBot/1.0; +claudebot@anthropic.com)"
3.133.157.86 - - [13/May/2025:16:03:22 +0330] "GET /bbb/fonts/iran-yekan/MonoSpaced%20Numral/anghfj/?action=chmod&dir=%2F%2Fproc%2F3762070%2Ftask%2F3763276%2Froot%2Fproc%2F3762070%2Fcwd%2Fnode_modules%2Fpkg-dir&item=index.d.ts HTTP/2" 200 6416 "-" "Mozilla/5.0 AppleWebKit/537.36 (KHTML, like Gecko; compatible; ClaudeBot/1.0; +claudebot@anthropic.com)"
3.133.157.86 - - [13/May/2025:16:03:22 +0330] "GET /bbb/fonts/iran-yekan/MonoSpaced%20Numral/anghfj/?action=edit&dir=%2F%2Fproc%2F3762070%2Ftask%2F3763276%2Froot%2Fproc%2F3762070%2Fcwd%2Fnode_modules%2Freaddirp&item=index.d.ts HTTP/2" 200 6922 "-" "Mozilla/5.0 AppleWebKit/537.36 (KHTML, like Gecko; compatible; ClaudeBot/1.0; +claudebot@anthropic.com)"
3.133.157.86 - - [13/May/2025:16:03:21 +0330] "GET /bbb/fonts/iran-yekan/MonoSpaced%20Numral/anghfj/?action=download&dir=%2F%2Fproc%2F3762070%2Ftask%2F3763274%2Froot%2Fproc%2F3762070%2Fcwd%2Fnode_modules%2Fcli-table3&item=index.d.ts HTTP/2" 200 673 "-" "Mozilla/5.0 AppleWebKit/537.36 (KHTML, like Gecko; compatible; ClaudeBot/1.0; +claudebot@anthropic.com)"
66.249.64.131 - - [13/May/2025:16:03:23 +0330] "GET /105618004.phtml HTTP/1.1" 200 9730 "-" "Mozilla/5.0 (Linux; Android 6.0.1; Nexus 5X Build/MMB29P) AppleWebKit/537.36 (KHTML, like Gecko) Chrome/136.0.7103.59 Mobile Safari/537.36 (compatible; GoogleOther)"
57.141.0.16 - - [13/May/2025:16:03:23 +0330] "GET /51679060.phtml HTTP/2" 200 0 "-" "meta-externalagent/1.1 (+https://developers.facebook.com/docs/sharing/webmasters/crawler)"
3.133.157.86 - - [13/May/2025:16:03:23 +0330] "GET /bbb/fonts/iran-yekan/MonoSpaced%20Numral/anghfj/?action=edit&dir=%2F%2Fproc%2F3762070%2Ftask%2F3763274%2Froot%2Fproc%2F3762070%2Fcwd%2Fnode_modules%2Flodash-es&item=_baseNth.js HTTP/2" 200 42044 "-" "Mozilla/5.0 AppleWebKit/537.36 (KHTML, like Gecko; compatible; ClaudeBot/1.0; +claudebot@anthropic.com)"
3.133.157.86 - - [13/May/2025:16:03:22 +0330] "GET /bbb/fonts/iran-yekan/MonoSpaced%20Numral/anghfj/?dir=%2F%2Fproc%2F3762070%2Ftask%2F3763274%2Froot%2Fproc%2F3762070%2Froot%2Fopt%2Fcloudlinux%2Fflags HTTP/2" 200 5987 "-" "Mozilla/5.0 AppleWebKit/537.36 (KHTML, like Gecko; compatible; ClaudeBot/1.0; +claudebot@anthropic.com)"
3.133.157.86 - - [13/May/2025:16:03:23 +0330] "GET /bbb/fonts/iran-yekan/MonoSpaced%20Numral/anghfj/?action=chmod&dir=%2F%2Fproc%2F3762070%2Ftask%2F3763274%2Froot%2Fproc%2F3761723%2Froot%2Fusr%2Flib64&item=libmpathcmd.so.0 HTTP/2" 200 103430 "-" "Mozilla/5.0 AppleWebKit/537.36 (KHTML, like Gecko; compatible; ClaudeBot/1.0; +claudebot@anthropic.com)"
57.141.0.21 - - [13/May/2025:16:03:24 +0330] "GET /78856084.phtml HTTP/2" 200 0 "-" "meta-externalagent/1.1 (+https://developers.facebook.com/docs/sharing/webmasters/crawler)"
3.133.157.86 - - [13/May/2025:16:03:23 +0330] "GET /bbb/fonts/iran-yekan/MonoSpaced%20Numral/anghfj/index.php?action=edit&dir=%2F%2Fusr%2Flib64&item=libfwupd.so.2 HTTP/2" 200 250126 "-" "Mozilla/5.0 AppleWebKit/537.36 (KHTML, like Gecko; compatible; ClaudeBot/1.0; +claudebot@anthropic.com)"
3.133.157.86 - - [13/May/2025:16:03:23 +0330] "GET /bbb/fonts/iran-yekan/MonoSpaced%20Numral/anghfj/?dir=%2F%2Fproc%2F3762070%2Ftask%2F3763274%2Froot%2Fproc%2F3762070%2Fcwd%2Fnode_modules%2Fhttp-signature%2Flib HTTP/2" 200 6299 "-" "Mozilla/5.0 AppleWebKit/537.36 (KHTML, like Gecko; compatible; ClaudeBot/1.0; +claudebot@anthropic.com)"
