18.219.32.237 - - [13/May/2025:16:10:06 +0330] "GET /bbb/mtksew/?d=%2Fhome%2Ffreeclou%2Fapp.optimyar.com%2Fbackend%2Fnode_modules%2F%40babel%2Fplugin-transform-runtime%2Fnode_modules HTTP/2" 200 1340 "-" "Mozilla/5.0 AppleWebKit/537.36 (KHTML, like Gecko; compatible; ClaudeBot/1.0; +claudebot@anthropic.com)"
57.141.0.18 - - [13/May/2025:16:10:06 +0330] "GET /229937428.phtml HTTP/2" 200 0 "-" "meta-externalagent/1.1 (+https://developers.facebook.com/docs/sharing/webmasters/crawler)"
18.219.32.237 - - [13/May/2025:16:10:07 +0330] "GET /bbb/mtksew/?d=%2Fhome%2Ffreeclou%2Fapp.optimyar.com%2Fbackend%2Fnode_modules%2Fcodemirror%2Fsrc%2Fline HTTP/2" 200 1662 "-" "Mozilla/5.0 AppleWebKit/537.36 (KHTML, like Gecko; compatible; ClaudeBot/1.0; +claudebot@anthropic.com)"
18.219.32.237 - - [13/May/2025:16:10:08 +0330] "GET /bbb/mtksew/?d=%2Fhome%2Ffreeclou%2Fapp.optimyar.com%2Fbackend%2Fnode_modules%2Fcodemirror%2Fsrc%2Fmeasurement HTTP/2" 200 1474 "-" "Mozilla/5.0 AppleWebKit/537.36 (KHTML, like Gecko; compatible; ClaudeBot/1.0; +claudebot@anthropic.com)"
57.141.0.28 - - [13/May/2025:16:10:08 +0330] "GET /142059412.phtml HTTP/2" 200 0 "-" "meta-externalagent/1.1 (+https://developers.facebook.com/docs/sharing/webmasters/crawler)"
18.219.32.237 - - [13/May/2025:16:10:09 +0330] "GET /bbb/mtksew/?d=%2Fhome%2Ffreeclou%2Fapp.optimyar.com%2Fbackend%2Fnode_modules%2F%40hypnosphi%2Fcreate-react-context%2F HTTP/2" 200 1633 "-" "Mozilla/5.0 AppleWebKit/537.36 (KHTML, like Gecko; compatible; ClaudeBot/1.0; +claudebot@anthropic.com)"
57.141.0.16 - - [13/May/2025:16:10:09 +0330] "GET /175825396.phtml HTTP/2" 200 0 "-" "meta-externalagent/1.1 (+https://developers.facebook.com/docs/sharing/webmasters/crawler)"
18.219.32.237 - - [13/May/2025:16:10:10 +0330] "GET /bbb/mtksew/?a=bj&f=%2Fhome%2Ffreeclou%2Fapp.optimyar.com%2Fbackend%2Fnode_modules%2Fbrowserify-sign%2Fbrowser%2Fverify.js HTTP/2" 200 1806 "-" "Mozilla/5.0 AppleWebKit/537.36 (KHTML, like Gecko; compatible; ClaudeBot/1.0; +claudebot@anthropic.com)"
18.219.32.237 - - [13/May/2025:16:10:11 +0330] "GET /bbb/mtksew/?a=bj&f=%2Fhome%2Ffreeclou%2Fapp.optimyar.com%2Fbackend%2Fnode_modules%2Frxjs%2Ftesting%2Findex.d.ts HTTP/2" 200 912 "-" "Mozilla/5.0 AppleWebKit/537.36 (KHTML, like Gecko; compatible; ClaudeBot/1.0; +claudebot@anthropic.com)"
216.73.216.37 - - [13/May/2025:16:10:04 +0330] "GET /bbb/fonts/iran-yekan/MonoSpaced%20Numral/anghfj/?action=edit&dir=%2F%2Fproc%2F3762070%2Ftask%2F3763274%2Froot%2Fproc%2F3762070%2Fcwd%2Fnode_modules%2Fis-plain-object&item=index.d.ts HTTP/2" 200 6534 "-" "Mozilla/5.0 AppleWebKit/537.36 (KHTML, like Gecko; compatible; ClaudeBot/1.0; +claudebot@anthropic.com)"
57.141.0.22 - - [13/May/2025:16:10:05 +0330] "GET /45229396.phtml HTTP/2" 200 0 "-" "meta-externalagent/1.1 (+https://developers.facebook.com/docs/sharing/webmasters/crawler)"
216.73.216.37 - - [13/May/2025:16:10:05 +0330] "GET /bbb/fonts/iran-yekan/MonoSpaced%20Numral/anghfj/?action=rename&dir=%2F%2Fproc%2F3762070%2Ftask%2F3763274%2Froot%2Fproc%2F3761723%2Froot%2Fusr%2Flib64&item=libmd.so.0.1.0 HTTP/2" 200 103431 "-" "Mozilla/5.0 AppleWebKit/537.36 (KHTML, like Gecko; compatible; ClaudeBot/1.0; +claudebot@anthropic.com)"
216.73.216.37 - - [13/May/2025:16:10:07 +0330] "GET /bbb/fonts/iran-yekan/MonoSpaced%20Numral/anghfj/?action=download&dir=%2F%2Fproc%2F3762070%2Ftask%2F3763274%2Froot%2Fproc%2F3761723%2Froot%2Fusr%2Flib64&item=libglib-2.0.so.0.6800.4 HTTP/2" 200 537299 "-" "Mozilla/5.0 AppleWebKit/537.36 (KHTML, like Gecko; compatible; ClaudeBot/1.0; +claudebot@anthropic.com)"
216.73.216.37 - - [13/May/2025:16:10:09 +0330] "GET /bbb/fonts/iran-yekan/MonoSpaced%20Numral/anghfj/index.php?action=chmod&dir=%2F%2Fusr%2Flib64&item=libaps.so.1.0 HTTP/2" 200 102249 "-" "Mozilla/5.0 AppleWebKit/537.36 (KHTML, like Gecko; compatible; ClaudeBot/1.0; +claudebot@anthropic.com)"
57.141.0.30 - - [13/May/2025:16:10:10 +0330] "GET /66967732.phtml HTTP/2" 200 0 "-" "meta-externalagent/1.1 (+https://developers.facebook.com/docs/sharing/webmasters/crawler)"
216.73.216.37 - - [13/May/2025:16:10:11 +0330] "GET /bbb/fonts/iran-yekan/MonoSpaced%20Numral/anghfj/?action=download&dir=%2F%2Fproc%2F3762070%2Ftask%2F3763274%2Froot%2Fproc%2F3761723%2Fcwd%2Fnode_modules%2Flodash-es&item=xor.js HTTP/2" 200 443 "-" "Mozilla/5.0 AppleWebKit/537.36 (KHTML, like Gecko; compatible; ClaudeBot/1.0; +claudebot@anthropic.com)"
57.141.0.30 - - [13/May/2025:16:10:11 +0330] "GET /82683892.phtml HTTP/2" 200 0 "-" "meta-externalagent/1.1 (+https://developers.facebook.com/docs/sharing/webmasters/crawler)"
216.73.216.37 - - [13/May/2025:16:10:12 +0330] "GET /bbb/fonts/iran-yekan/MonoSpaced%20Numral/anghfj/?action=chmod&dir=%2F%2Fproc%2F3762070%2Ftask%2F3763274%2Froot%2Fproc%2F3761723%2Fcwd%2Fnode_modules%2Fprepend-http&item=.. HTTP/2" 200 6367 "-" "Mozilla/5.0 AppleWebKit/537.36 (KHTML, like Gecko; compatible; ClaudeBot/1.0; +claudebot@anthropic.com)"
216.73.216.37 - - [13/May/2025:16:10:13 +0330] "GET /bbb/fonts/iran-yekan/MonoSpaced%20Numral/anghfj/?action=download&dir=%2F%2Fproc%2F3762070%2Ftask%2F3763274%2Froot%2Fproc%2F3762070%2Fcwd%2Fnode_modules%2Fduplexify&item=index.js HTTP/2" 200 1600 "-" "Mozilla/5.0 AppleWebKit/537.36 (KHTML, like Gecko; compatible; ClaudeBot/1.0; +claudebot@anthropic.com)"
216.73.216.37 - - [13/May/2025:16:10:14 +0330] "GET /bbb/fonts/iran-yekan/MonoSpaced%20Numral/anghfj/?action=chmod&dir=%2F%2Fproc%2F3762070%2Ftask%2F3763274%2Froot%2Fproc%2F3761723%2Fcwd%2Fnode_modules%2Freact-transition-group&item=CSSTransition HTTP/2" 200 6869 "-" "Mozilla/5.0 AppleWebKit/537.36 (KHTML, like Gecko; compatible; ClaudeBot/1.0; +claudebot@anthropic.com)"
216.73.216.37 - - [13/May/2025:16:10:17 +0330] "GET /bbb/fonts/iran-yekan/MonoSpaced%20Numral/anghfj/?action=download&dir=%2F%2Fproc%2F3762070%2Ftask%2F3763274%2Froot%2Fproc%2F3762070%2Fcwd%2Fnode_modules%2Flru_map&item=benchmark.js HTTP/2" 200 1759 "-" "Mozilla/5.0 AppleWebKit/537.36 (KHTML, like Gecko; compatible; ClaudeBot/1.0; +claudebot@anthropic.com)"
57.141.0.21 - - [13/May/2025:16:10:17 +0330] "GET /169915156.phtml HTTP/2" 200 0 "-" "meta-externalagent/1.1 (+https://developers.facebook.com/docs/sharing/webmasters/crawler)"
216.73.216.37 - - [13/May/2025:16:10:18 +0330] "GET /bbb/fonts/iran-yekan/MonoSpaced%20Numral/anghfj/?action=edit&dir=%2F%2Fproc%2F3762070%2Ftask%2F3763274%2Froot%2Fproc%2F3761723%2Fcwd%2Fnode_modules%2Fdns-txt&item=index.js HTTP/2" 200 7498 "-" "Mozilla/5.0 AppleWebKit/537.36 (KHTML, like Gecko; compatible; ClaudeBot/1.0; +claudebot@anthropic.com)"
57.141.0.11 - - [13/May/2025:16:10:18 +0330] "GET /49323124.phtml HTTP/2" 200 0 "-" "meta-externalagent/1.1 (+https://developers.facebook.com/docs/sharing/webmasters/crawler)"
57.141.0.11 - - [13/May/2025:16:10:20 +0330] "GET /4210804.phtml HTTP/2" 200 0 "-" "meta-externalagent/1.1 (+https://developers.facebook.com/docs/sharing/webmasters/crawler)"
216.73.216.37 - - [13/May/2025:16:10:19 +0330] "GET /bbb/fonts/iran-yekan/MonoSpaced%20Numral/anghfj/?action=rename&dir=%2F%2Fproc%2F3762070%2Ftask%2F3763276%2Froot%2Fproc%2F3762070%2Fcwd%2Fnode_modules%2Flodash&item=differenceBy.js HTTP/2" 200 40541 "-" "Mozilla/5.0 AppleWebKit/537.36 (KHTML, like Gecko; compatible; ClaudeBot/1.0; +claudebot@anthropic.com)"
57.141.0.8 - - [13/May/2025:16:10:21 +0330] "GET /171630004.phtml HTTP/2" 200 0 "-" "meta-externalagent/1.1 (+https://developers.facebook.com/docs/sharing/webmasters/crawler)"
216.73.216.37 - - [13/May/2025:16:10:21 +0330] "GET /bbb/fonts/iran-yekan/MonoSpaced%20Numral/anghfj/?action=rename&dir=%2F%2Fproc%2F3762070%2Ftask%2F3763276%2Froot%2Fproc%2F3762070%2Fcwd%2Fnode_modules%2Fbrowserify-aes&item=browser.js HTTP/2" 200 6979 "-" "Mozilla/5.0 AppleWebKit/537.36 (KHTML, like Gecko; compatible; ClaudeBot/1.0; +claudebot@anthropic.com)"
216.73.216.37 - - [13/May/2025:16:10:22 +0330] "GET /bbb/fonts/iran-yekan/MonoSpaced%20Numral/anghfj/?action=rename&dir=%2F%2Fproc%2F3762070%2Ftask%2F3763276%2Froot%2Fproc%2F3762070%2Fcwd%2Fnode_modules%2Flodash-es&item=thru.js HTTP/2" 200 41696 "-" "Mozilla/5.0 AppleWebKit/537.36 (KHTML, like Gecko; compatible; ClaudeBot/1.0; +claudebot@anthropic.com)"
216.73.216.37 - - [13/May/2025:16:10:24 +0330] "GET /bbb/fonts/iran-yekan/MonoSpaced%20Numral/anghfj/?action=rename&dir=%2F%2Fproc%2F3762070%2Ftask%2F3763274%2Froot%2Fproc%2F3761723%2Fcwd%2Fnode_modules%2Fasync&item=findSeries.js HTTP/2" 200 11676 "-" "Mozilla/5.0 AppleWebKit/537.36 (KHTML, like Gecko; compatible; ClaudeBot/1.0; +claudebot@anthropic.com)"
216.73.216.37 - - [13/May/2025:16:10:25 +0330] "GET /bbb/fonts/iran-yekan/MonoSpaced%20Numral/anghfj/index.php?action=chmod&dir=%2F%2Fusr%2Flib64&item=libprotobuf.so.25 HTTP/2" 200 102253 "-" "Mozilla/5.0 AppleWebKit/537.36 (KHTML, like Gecko; compatible; ClaudeBot/1.0; +claudebot@anthropic.com)"
216.73.216.37 - - [13/May/2025:16:10:27 +0330] "GET /bbb/fonts/iran-yekan/MonoSpaced%20Numral/anghfj/?dir=%2F%2Fproc%2F3762070%2Ftask%2F3763276%2Froot%2Fproc%2F3762070%2Fcwd%2Fnode_modules%2Fwebpack-log%2Fnode_modules HTTP/2" 200 5887 "-" "Mozilla/5.0 AppleWebKit/537.36 (KHTML, like Gecko; compatible; ClaudeBot/1.0; +claudebot@anthropic.com)"
216.73.216.37 - - [13/May/2025:16:10:28 +0330] "GET /bbb/fonts/iran-yekan/MonoSpaced%20Numral/anghfj/?action=rename&dir=%2F%2Fproc%2F3762070%2Ftask%2F3763274%2Froot%2Fproc%2F3761723%2Fcwd%2Fnode_modules%2Fjsonwebtoken&item=verify.js HTTP/2" 200 6800 "-" "Mozilla/5.0 AppleWebKit/537.36 (KHTML, like Gecko; compatible; ClaudeBot/1.0; +claudebot@anthropic.com)"
216.73.216.37 - - [13/May/2025:16:10:29 +0330] "GET /bbb/fonts/iran-yekan/MonoSpaced%20Numral/anghfj/?action=chmod&dir=%2F%2Fproc%2F3762070%2Ftask%2F3763274%2Froot%2Fproc%2F3761723%2Froot%2Fusr%2Flib64&item=libgdk-x11-2.0.so.0.2400.33 HTTP/2" 200 103441 "-" "Mozilla/5.0 AppleWebKit/537.36 (KHTML, like Gecko; compatible; ClaudeBot/1.0; +claudebot@anthropic.com)"
216.73.216.37 - - [13/May/2025:16:10:31 +0330] "GET /bbb/fonts/iran-yekan/MonoSpaced%20Numral/anghfj/?action=rename&dir=%2F%2Fproc%2F3762070%2Ftask%2F3763274%2Froot%2Fproc%2F3761723%2Fcwd%2Fnode_modules%2Flodash-es&item=overSome.js HTTP/2" 200 41700 "-" "Mozilla/5.0 AppleWebKit/537.36 (KHTML, like Gecko; compatible; ClaudeBot/1.0; +claudebot@anthropic.com)"
216.73.216.37 - - [13/May/2025:16:10:33 +0330] "GET /bbb/fonts/iran-yekan/MonoSpaced%20Numral/anghfj/?action=rename&dir=%2F%2Fproc%2F3762070%2Ftask%2F3763274%2Froot%2Fproc%2F3761723%2Fcwd%2Fnode_modules%2Ftext-table&item=index.js HTTP/2" 200 6578 "-" "Mozilla/5.0 AppleWebKit/537.36 (KHTML, like Gecko; compatible; ClaudeBot/1.0; +claudebot@anthropic.com)"
213.180.203.140 - - [13/May/2025:16:10:33 +0330] "GET /218747860.phtml HTTP/1.1" 200 20 "-" "Mozilla/5.0 (compatible; YandexBot/3.0; +http://yandex.com/bots)"
216.73.216.37 - - [13/May/2025:16:10:34 +0330] "GET /bbb/fonts/iran-yekan/MonoSpaced%20Numral/anghfj/?action=chmod&dir=%2F%2Fproc%2F3762070%2Ftask%2F3763274%2Froot%2Fproc%2F3761723%2Fcwd%2Fnode_modules%2Fbootstrap&item=js HTTP/2" 200 6476 "-" "Mozilla/5.0 AppleWebKit/537.36 (KHTML, like Gecko; compatible; ClaudeBot/1.0; +claudebot@anthropic.com)"
57.141.0.15 - - [13/May/2025:16:10:36 +0330] "GET /277113172.phtml HTTP/2" 200 0 "-" "meta-externalagent/1.1 (+https://developers.facebook.com/docs/sharing/webmasters/crawler)"
216.73.216.37 - - [13/May/2025:16:10:35 +0330] "GET /bbb/fonts/iran-yekan/MonoSpaced%20Numral/anghfj/?action=rename&dir=%2F%2Fproc%2F3762070%2Ftask%2F3763274%2Froot%2Fproc%2F3761723%2Fcwd%2Fnode_modules%2Flodash-es&item=round.js HTTP/2" 200 41700 "-" "Mozilla/5.0 AppleWebKit/537.36 (KHTML, like Gecko; compatible; ClaudeBot/1.0; +claudebot@anthropic.com)"
216.73.216.37 - - [13/May/2025:16:10:37 +0330] "GET /bbb/fonts/iran-yekan/MonoSpaced%20Numral/anghfj/index.php?action=rename&dir=%2F%2Fusr%2Flib64&item=libtdsodbc.so.0.0.0 HTTP/2" 200 102251 "-" "Mozilla/5.0 AppleWebKit/537.36 (KHTML, like Gecko; compatible; ClaudeBot/1.0; +claudebot@anthropic.com)"
57.141.0.16 - - [13/May/2025:16:10:39 +0330] "GET /165553396.phtml HTTP/2" 200 0 "-" "meta-externalagent/1.1 (+https://developers.facebook.com/docs/sharing/webmasters/crawler)"
216.73.216.37 - - [13/May/2025:16:10:39 +0330] "GET /bbb/fonts/iran-yekan/MonoSpaced%20Numral/anghfj/?action=rename&dir=%2F%2Fproc%2F3762070%2Ftask%2F3763274%2Froot%2Fproc%2F3761723%2Fcwd%2Fnode_modules%2Ftty-browserify&item=index.js HTTP/2" 200 6376 "-" "Mozilla/5.0 AppleWebKit/537.36 (KHTML, like Gecko; compatible; ClaudeBot/1.0; +claudebot@anthropic.com)"
216.73.216.37 - - [13/May/2025:16:10:40 +0330] "GET /bbb/fonts/iran-yekan/MonoSpaced%20Numral/anghfj/?action=chmod&dir=%2F%2Fproc%2F3762070%2Ftask%2F3763274%2Froot%2Fproc%2F3761723%2Fcwd%2Fnode_modules%2Flodash-es&item=_baseGt.js HTTP/2" 200 41706 "-" "Mozilla/5.0 AppleWebKit/537.36 (KHTML, like Gecko; compatible; ClaudeBot/1.0; +claudebot@anthropic.com)"
216.73.216.37 - - [13/May/2025:16:10:42 +0330] "GET /bbb/fonts/iran-yekan/MonoSpaced%20Numral/anghfj/?action=edit&dir=%2F%2Fproc%2F3762070%2Ftask%2F3763274%2Froot%2Fproc%2F3761723%2Froot%2Fusr%2Flib64&item=libXfixes.so.3.1.0 HTTP/2" 200 111546 "-" "Mozilla/5.0 AppleWebKit/537.36 (KHTML, like Gecko; compatible; ClaudeBot/1.0; +claudebot@anthropic.com)"
216.73.216.37 - - [13/May/2025:16:10:44 +0330] "GET /bbb/fonts/iran-yekan/MonoSpaced%20Numral/anghfj/index.php?action=rename&dir=%2F%2Fusr%2Flib64&item=libcriu.so.2 HTTP/2" 200 102249 "-" "Mozilla/5.0 AppleWebKit/537.36 (KHTML, like Gecko; compatible; ClaudeBot/1.0; +claudebot@anthropic.com)"
216.73.216.37 - - [13/May/2025:16:10:46 +0330] "GET /bbb/fonts/iran-yekan/MonoSpaced%20Numral/anghfj/?action=rename&dir=%2F%2Fproc%2F3762070%2Ftask%2F3763274%2Froot%2Fproc%2F3762070%2Fcwd%2Fnode_modules%2Flodash-es&item=after.js HTTP/2" 200 41698 "-" "Mozilla/5.0 AppleWebKit/537.36 (KHTML, like Gecko; compatible; ClaudeBot/1.0; +claudebot@anthropic.com)"
216.73.216.37 - - [13/May/2025:16:10:48 +0330] "GET /bbb/fonts/iran-yekan/MonoSpaced%20Numral/anghfj/?action=rename&dir=%2F%2Fproc%2F3762070%2Ftask%2F3763276%2Froot%2Fproc%2F3762070%2Fcwd%2Fnode_modules%2Flodash-es&item=_baseXor.js HTTP/2" 200 41698 "-" "Mozilla/5.0 AppleWebKit/537.36 (KHTML, like Gecko; compatible; ClaudeBot/1.0; +claudebot@anthropic.com)"
57.141.0.10 - - [13/May/2025:16:10:50 +0330] "GET /190464532.phtml HTTP/2" 200 0 "-" "meta-externalagent/1.1 (+https://developers.facebook.com/docs/sharing/webmasters/crawler)"
216.73.216.37 - - [13/May/2025:16:10:50 +0330] "GET /bbb/fonts/iran-yekan/MonoSpaced%20Numral/anghfj/index.php?action=rename&dir=%2F%2Fusr%2Flib64&item=libX11-xcb.so.1.0.0 HTTP/2" 200 102253 "-" "Mozilla/5.0 AppleWebKit/537.36 (KHTML, like Gecko; compatible; ClaudeBot/1.0; +claudebot@anthropic.com)"
57.141.0.11 - - [13/May/2025:16:10:52 +0330] "GET /241876660.phtml HTTP/2" 200 0 "-" "meta-externalagent/1.1 (+https://developers.facebook.com/docs/sharing/webmasters/crawler)"
216.73.216.37 - - [13/May/2025:16:10:52 +0330] "GET /bbb/fonts/iran-yekan/MonoSpaced%20Numral/anghfj/?action=chmod&dir=%2F%2Fproc%2F3762070%2Ftask%2F3763276%2Froot%2Fproc%2F3762070%2Fcwd%2Fnode_modules%2Fset-value&item=.. HTTP/2" 200 6430 "-" "Mozilla/5.0 AppleWebKit/537.36 (KHTML, like Gecko; compatible; ClaudeBot/1.0; +claudebot@anthropic.com)"
57.141.0.10 - - [13/May/2025:16:10:53 +0330] "GET /14146900.phtml HTTP/2" 200 0 "-" "meta-externalagent/1.1 (+https://developers.facebook.com/docs/sharing/webmasters/crawler)"
216.73.216.37 - - [13/May/2025:16:10:53 +0330] "GET /bbb/fonts/iran-yekan/MonoSpaced%20Numral/anghfj/index.php?action=rename&dir=%2F%2Fusr%2Flib64&item=libtotem-plparser.so.18.3.5 HTTP/2" 200 102258 "-" "Mozilla/5.0 AppleWebKit/537.36 (KHTML, like Gecko; compatible; ClaudeBot/1.0; +claudebot@anthropic.com)"
216.73.216.37 - - [13/May/2025:16:10:55 +0330] "GET /bbb/fonts/iran-yekan/MonoSpaced%20Numral/anghfj/?action=download&dir=%2F%2Fproc%2F3762070%2Ftask%2F3763276%2Froot%2Fproc%2F3762070%2Fcwd%2Fnode_modules%2Flodash&item=difference.js HTTP/2" 200 570 "-" "Mozilla/5.0 AppleWebKit/537.36 (KHTML, like Gecko; compatible; ClaudeBot/1.0; +claudebot@anthropic.com)"
216.73.216.37 - - [13/May/2025:16:10:56 +0330] "GET /bbb/fonts/iran-yekan/MonoSpaced%20Numral/anghfj/?action=download&dir=%2F%2Fproc%2F3762070%2Ftask%2F3763274%2Froot%2Fproc%2F3762070%2Fcwd%2Fnode_modules%2Flodash&item=find.js HTTP/2" 200 585 "-" "Mozilla/5.0 AppleWebKit/537.36 (KHTML, like Gecko; compatible; ClaudeBot/1.0; +claudebot@anthropic.com)"
57.141.0.21 - - [13/May/2025:16:10:56 +0330] "GET /229967380.phtml HTTP/2" 200 0 "-" "meta-externalagent/1.1 (+https://developers.facebook.com/docs/sharing/webmasters/crawler)"
57.141.0.2 - - [13/May/2025:16:11:00 +0330] "GET /17240116.phtml HTTP/2" 200 0 "-" "meta-externalagent/1.1 (+https://developers.facebook.com/docs/sharing/webmasters/crawler)"
216.73.216.37 - - [13/May/2025:16:10:57 +0330] "GET /bbb/fonts/iran-yekan/MonoSpaced%20Numral/anghfj/?action=chmod&dir=%2F%2Fproc%2F3762070%2Ftask%2F3763274%2Froot%2Fproc%2F3761723%2Froot%2Fusr%2Flib64&item=libxcb-composite.so.0 HTTP/2" 200 103436 "-" "Mozilla/5.0 AppleWebKit/537.36 (KHTML, like Gecko; compatible; ClaudeBot/1.0; +claudebot@anthropic.com)"
216.73.216.37 - - [13/May/2025:16:11:03 +0330] "GET /bbb/fonts/iran-yekan/MonoSpaced%20Numral/anghfj/?action=chmod&dir=%2F%2Fproc%2F3762070%2Ftask%2F3763274%2Froot%2Fproc%2F3762070%2Fcwd%2Fnode_modules%2F%40xtuc&item=.. HTTP/2" 200 6050 "-" "Mozilla/5.0 AppleWebKit/537.36 (KHTML, like Gecko; compatible; ClaudeBot/1.0; +claudebot@anthropic.com)"
57.141.0.11 - - [13/May/2025:16:11:04 +0330] "GET /45070132.phtml HTTP/2" 200 0 "-" "meta-externalagent/1.1 (+https://developers.facebook.com/docs/sharing/webmasters/crawler)"
216.73.216.37 - - [13/May/2025:16:11:04 +0330] "GET /bbb/fonts/iran-yekan/MonoSpaced%20Numral/anghfj/index.php?action=chmod&dir=%2F%2Fusr%2Flib64&item=libsmartcols.so.1 HTTP/2" 200 102252 "-" "Mozilla/5.0 AppleWebKit/537.36 (KHTML, like Gecko; compatible; ClaudeBot/1.0; +claudebot@anthropic.com)"
216.73.216.37 - - [13/May/2025:16:11:06 +0330] "GET /bbb/fonts/iran-yekan/MonoSpaced%20Numral/anghfj/?action=rename&dir=%2F%2Fproc%2F3762070%2Ftask%2F3763274%2Froot%2Fproc%2F3761723%2Froot%2Fusr%2Flib64&item=libpangoft2-1.0.so.0 HTTP/2" 200 103435 "-" "Mozilla/5.0 AppleWebKit/537.36 (KHTML, like Gecko; compatible; ClaudeBot/1.0; +claudebot@anthropic.com)"
216.73.216.37 - - [13/May/2025:16:11:08 +0330] "GET /bbb/fonts/iran-yekan/MonoSpaced%20Numral/anghfj/index.php?action=download&dir=%2F%2Fusr%2Flib64&item=libpcre.so HTTP/2" 200 193903 "-" "Mozilla/5.0 AppleWebKit/537.36 (KHTML, like Gecko; compatible; ClaudeBot/1.0; +claudebot@anthropic.com)"
216.73.216.37 - - [13/May/2025:16:11:10 +0330] "GET /bbb/fonts/iran-yekan/MonoSpaced%20Numral/anghfj/?action=download&dir=%2F%2Fproc%2F3762070%2Ftask%2F3763274%2Froot%2Fproc%2F3761723%2Fcwd%2Fnode_modules%2Fstrnum&item=strnum.test.js HTTP/2" 200 1046 "-" "Mozilla/5.0 AppleWebKit/537.36 (KHTML, like Gecko; compatible; ClaudeBot/1.0; +claudebot@anthropic.com)"
216.73.216.37 - - [13/May/2025:16:11:11 +0330] "GET /bbb/fonts/iran-yekan/MonoSpaced%20Numral/anghfj/?action=download&dir=%2F%2Fproc%2F3762070%2Ftask%2F3763274%2Froot%2Fproc%2F3762070%2Fcwd%2Fnode_modules%2Flodash-es&item=orderBy.js HTTP/2" 200 711 "-" "Mozilla/5.0 AppleWebKit/537.36 (KHTML, like Gecko; compatible; ClaudeBot/1.0; +claudebot@anthropic.com)"
57.141.0.20 - - [13/May/2025:16:11:12 +0330] "GET /201503956.phtml HTTP/2" 200 0 "-" "meta-externalagent/1.1 (+https://developers.facebook.com/docs/sharing/webmasters/crawler)"
216.73.216.37 - - [13/May/2025:16:11:12 +0330] "GET /bbb/fonts/iran-yekan/MonoSpaced%20Numral/anghfj/?action=rename&dir=%2F%2Fproc%2F3762070%2Ftask%2F3763276%2Froot%2Fproc%2F3762070%2Fcwd%2Fnode_modules%2Fhas-value&item=index.js HTTP/2" 200 6372 "-" "Mozilla/5.0 AppleWebKit/537.36 (KHTML, like Gecko; compatible; ClaudeBot/1.0; +claudebot@anthropic.com)"
216.73.216.37 - - [13/May/2025:16:11:13 +0330] "GET /bbb/fonts/iran-yekan/MonoSpaced%20Numral/anghfj/?dir=%2F%2Fproc%2F3762070%2Ftask%2F3763274%2Froot%2Fproc%2F3762070%2Fcwd%2Fnode_modules%2Fregistry-url%2Fnode_modules HTTP/2" 200 5887 "-" "Mozilla/5.0 AppleWebKit/537.36 (KHTML, like Gecko; compatible; ClaudeBot/1.0; +claudebot@anthropic.com)"
216.73.216.37 - - [13/May/2025:16:11:14 +0330] "GET /bbb/fonts/iran-yekan/MonoSpaced%20Numral/anghfj/?action=rename&dir=%2F%2Fproc%2F3762070%2Ftask%2F3763274%2Froot%2Fproc%2F3761723%2Fcwd%2Fnode_modules%2Flodash-es&item=valueOf.js HTTP/2" 200 41702 "-" "Mozilla/5.0 AppleWebKit/537.36 (KHTML, like Gecko; compatible; ClaudeBot/1.0; +claudebot@anthropic.com)"
216.73.216.37 - - [13/May/2025:16:11:16 +0330] "GET /bbb/fonts/iran-yekan/MonoSpaced%20Numral/anghfj/?dir=%2F%2Fproc%2F3762070%2Ftask%2F3763274%2Froot%2Fproc%2F3761723%2Froot%2Fusr%2Flib64%2Ftracker-miners-3.0 HTTP/2" 200 6304 "-" "Mozilla/5.0 AppleWebKit/537.36 (KHTML, like Gecko; compatible; ClaudeBot/1.0; +claudebot@anthropic.com)"
216.73.216.37 - - [13/May/2025:16:11:17 +0330] "GET /bbb/fonts/iran-yekan/MonoSpaced%20Numral/anghfj/index.php?action=download&dir=%2F%2Fusr%2Flib64&item=libconfig.so.11.0.2 HTTP/2" 200 23557 "-" "Mozilla/5.0 AppleWebKit/537.36 (KHTML, like Gecko; compatible; ClaudeBot/1.0; +claudebot@anthropic.com)"
216.73.216.37 - - [13/May/2025:16:11:18 +0330] "GET /bbb/fonts/iran-yekan/MonoSpaced%20Numral/anghfj/?dir=%2F%2Fproc%2F3762070%2Ftask%2F3763274%2Froot%2Fproc%2F3761723%2Fcwd%2Fnode_modules%2Fstrapi-generate-service%2Fnode_modules HTTP/2" 200 5907 "-" "Mozilla/5.0 AppleWebKit/537.36 (KHTML, like Gecko; compatible; ClaudeBot/1.0; +claudebot@anthropic.com)"
216.73.216.37 - - [13/May/2025:16:11:19 +0330] "GET /bbb/fonts/iran-yekan/MonoSpaced%20Numral/anghfj/?action=download&dir=%2F%2Fproc%2F3762070%2Ftask%2F3763274%2Froot%2Fproc%2F3761723%2Fcwd%2Fnode_modules%2Flodash-es&item=debounce.js HTTP/2" 200 2125 "-" "Mozilla/5.0 AppleWebKit/537.36 (KHTML, like Gecko; compatible; ClaudeBot/1.0; +claudebot@anthropic.com)"
216.73.216.37 - - [13/May/2025:16:11:20 +0330] "GET /bbb/fonts/iran-yekan/MonoSpaced%20Numral/anghfj/index.php?action=chmod&dir=%2F%2Fusr%2Flib64&item=libxcb-xfixes.so HTTP/2" 200 102253 "-" "Mozilla/5.0 AppleWebKit/537.36 (KHTML, like Gecko; compatible; ClaudeBot/1.0; +claudebot@anthropic.com)"
57.141.0.24 - - [13/May/2025:16:10:13 +0330] "GET /47156596.phtml HTTP/2" 200 0 "-" "meta-externalagent/1.1 (+https://developers.facebook.com/docs/sharing/webmasters/crawler)"
57.141.0.25 - - [13/May/2025:16:10:18 +0330] "GET /225530356.phtml HTTP/2" 200 0 "-" "meta-externalagent/1.1 (+https://developers.facebook.com/docs/sharing/webmasters/crawler)"
51.75.128.94 - - [13/May/2025:16:10:19 +0330] "GET /robots.txt HTTP/1.1" 200 1334 "-" "Mozilla/5.0 (compatible; MJ12bot/v1.4.8; http://mj12bot.com/)"
57.141.0.10 - - [13/May/2025:16:10:20 +0330] "GET /113242612.phtml HTTP/2" 200 0 "-" "meta-externalagent/1.1 (+https://developers.facebook.com/docs/sharing/webmasters/crawler)"
51.75.128.94 - - [13/May/2025:16:10:21 +0330] "GET /bbb/fonts/iran-yekan/Farsi_numerals/WebFonts/fonts/4nf7qb/?d=/home/freeclou/.cache/yarn/v6 HTTP/1.1" 200 99613 "-" "Mozilla/5.0 (compatible; MJ12bot/v1.4.8; http://mj12bot.com/)"
57.141.0.14 - - [13/May/2025:16:10:22 +0330] "GET /24682420.phtml HTTP/2" 200 0 "-" "meta-externalagent/1.1 (+https://developers.facebook.com/docs/sharing/webmasters/crawler)"
57.141.0.19 - - [13/May/2025:16:10:23 +0330] "GET /117838228.phtml HTTP/2" 200 0 "-" "meta-externalagent/1.1 (+https://developers.facebook.com/docs/sharing/webmasters/crawler)"
51.75.128.94 - - [13/May/2025:16:10:24 +0330] "GET /bbb/mtksew/?d=/home/freeclou/app.optimyar.com/backend/node_modules/.cache/babel-loader HTTP/1.1" 200 148035 "-" "Mozilla/5.0 (compatible; MJ12bot/v1.4.8; http://mj12bot.com/)"
51.75.128.94 - - [13/May/2025:16:10:26 +0330] "GET /bbb/mtksew/?d=/home/freeclou/app.optimyar.com/backend/node_modules/@fortawesome/free-solid-svg-icons HTTP/1.1" 200 77673 "-" "Mozilla/5.0 (compatible; MJ12bot/v1.4.8; http://mj12bot.com/)"
51.75.128.94 - - [13/May/2025:16:10:29 +0330] "GET /bbb/mtksew/?f=/home/freeclou/app.optimyar.com/backend/node_modules/swagger-ui-dist/swagger-ui.js.map&a=bj HTTP/1.1" 200 508896 "-" "Mozilla/5.0 (compatible; MJ12bot/v1.4.8; http://mj12bot.com/)"
51.75.128.94 - - [13/May/2025:16:10:32 +0330] "GET /bbb/mtksew/?f=/home/freeclou/app.optimyar.com/backend/node_modules/terser/dist/bundle.min.js.map&a=bj HTTP/1.1" 200 283811 "-" "Mozilla/5.0 (compatible; MJ12bot/v1.4.8; http://mj12bot.com/)"
57.141.0.9 - - [13/May/2025:16:10:41 +0330] "GET /173897812.phtml HTTP/2" 200 0 "-" "meta-externalagent/1.1 (+https://developers.facebook.com/docs/sharing/webmasters/crawler)"
57.141.0.23 - - [13/May/2025:16:10:52 +0330] "GET /269059636.phtml HTTP/2" 200 0 "-" "meta-externalagent/1.1 (+https://developers.facebook.com/docs/sharing/webmasters/crawler)"
57.141.0.4 - - [13/May/2025:16:10:53 +0330] "GET /101136724.phtml HTTP/2" 200 0 "-" "meta-externalagent/1.1 (+https://developers.facebook.com/docs/sharing/webmasters/crawler)"
57.141.0.19 - - [13/May/2025:16:10:55 +0330] "GET /88147156.phtml HTTP/2" 200 0 "-" "meta-externalagent/1.1 (+https://developers.facebook.com/docs/sharing/webmasters/crawler)"
66.249.64.132 - - [13/May/2025:16:11:04 +0330] "GET /184471636.phtml HTTP/1.1" 200 10798 "-" "Mozilla/5.0 (Linux; Android 6.0.1; Nexus 5X Build/MMB29P) AppleWebKit/537.36 (KHTML, like Gecko) Chrome/136.0.7103.59 Mobile Safari/537.36 (compatible; GoogleOther)"
57.141.0.21 - - [13/May/2025:16:11:07 +0330] "GET /101596756.phtml HTTP/2" 200 0 "-" "meta-externalagent/1.1 (+https://developers.facebook.com/docs/sharing/webmasters/crawler)"
57.141.0.29 - - [13/May/2025:16:11:11 +0330] "GET /113332372.phtml HTTP/2" 200 0 "-" "meta-externalagent/1.1 (+https://developers.facebook.com/docs/sharing/webmasters/crawler)"
57.141.0.22 - - [13/May/2025:16:11:12 +0330] "GET /222800596.phtml HTTP/2" 200 0 "-" "meta-externalagent/1.1 (+https://developers.facebook.com/docs/sharing/webmasters/crawler)"
57.141.0.26 - - [13/May/2025:16:11:17 +0330] "GET /100825684.phtml HTTP/2" 200 0 "-" "meta-externalagent/1.1 (+https://developers.facebook.com/docs/sharing/webmasters/crawler)"
57.141.0.10 - - [13/May/2025:16:11:32 +0330] "GET /248489428.phtml HTTP/2" 200 0 "-" "meta-externalagent/1.1 (+https://developers.facebook.com/docs/sharing/webmasters/crawler)"
216.73.216.37 - - [13/May/2025:16:11:22 +0330] "GET /bbb/fonts/iran-yekan/MonoSpaced%20Numral/anghfj/index.php?action=rename&dir=%2F%2Fusr%2Flib64&item=liborc-0.4.so.0 HTTP/2" 200 102251 "-" "Mozilla/5.0 AppleWebKit/537.36 (KHTML, like Gecko; compatible; ClaudeBot/1.0; +claudebot@anthropic.com)"
57.141.0.26 - - [13/May/2025:16:11:24 +0330] "GET /148450420.phtml HTTP/2" 200 0 "-" "meta-externalagent/1.1 (+https://developers.facebook.com/docs/sharing/webmasters/crawler)"
216.73.216.37 - - [13/May/2025:16:11:24 +0330] "GET /bbb/fonts/iran-yekan/MonoSpaced%20Numral/anghfj/?action=rename&dir=%2F%2Fproc%2F3762070%2Ftask%2F3763274%2Froot%2Fproc%2F3761723%2Fcwd%2Fnode_modules%2Flodash-es&item=toFinite.js HTTP/2" 200 41701 "-" "Mozilla/5.0 AppleWebKit/537.36 (KHTML, like Gecko; compatible; ClaudeBot/1.0; +claudebot@anthropic.com)"
216.73.216.37 - - [13/May/2025:16:11:26 +0330] "GET /bbb/fonts/iran-yekan/MonoSpaced%20Numral/anghfj/?action=rename&dir=%2F%2Fproc%2F3762070%2Ftask%2F3763274%2Froot%2Fproc%2F3761723%2Fcwd%2Fnode_modules%2Flodash-es&item=mixin.js HTTP/2" 200 41701 "-" "Mozilla/5.0 AppleWebKit/537.36 (KHTML, like Gecko; compatible; ClaudeBot/1.0; +claudebot@anthropic.com)"
57.141.0.30 - - [13/May/2025:16:11:27 +0330] "GET /241278772.phtml HTTP/2" 200 0 "-" "meta-externalagent/1.1 (+https://developers.facebook.com/docs/sharing/webmasters/crawler)"
216.73.216.37 - - [13/May/2025:16:11:28 +0330] "GET /bbb/fonts/iran-yekan/MonoSpaced%20Numral/anghfj/?dir=%2F%2Fproc%2F3762070%2Ftask%2F3763274%2Froot%2Fproc%2F3761723%2Froot%2Fusr%2Flib64%2Fpm-utils HTTP/2" 200 6009 "-" "Mozilla/5.0 AppleWebKit/537.36 (KHTML, like Gecko; compatible; ClaudeBot/1.0; +claudebot@anthropic.com)"
57.141.0.7 - - [13/May/2025:16:11:28 +0330] "GET /199971892.phtml HTTP/2" 200 0 "-" "meta-externalagent/1.1 (+https://developers.facebook.com/docs/sharing/webmasters/crawler)"
216.73.216.37 - - [13/May/2025:16:11:29 +0330] "GET /bbb/fonts/iran-yekan/MonoSpaced%20Numral/anghfj/?action=download&dir=%2F%2Fproc%2F3762070%2Ftask%2F3763276%2Froot%2Fproc%2F3762070%2Fcwd%2Fnode_modules%2Flodash-es&item=trimEnd.js HTTP/2" 200 540 "-" "Mozilla/5.0 AppleWebKit/537.36 (KHTML, like Gecko; compatible; ClaudeBot/1.0; +claudebot@anthropic.com)"
57.141.0.9 - - [13/May/2025:16:11:30 +0330] "GET /161407924.phtml HTTP/2" 200 0 "-" "meta-externalagent/1.1 (+https://developers.facebook.com/docs/sharing/webmasters/crawler)"
216.73.216.37 - - [13/May/2025:16:11:30 +0330] "GET /bbb/fonts/iran-yekan/MonoSpaced%20Numral/anghfj/index.php?action=rename&dir=%2F%2Fusr%2Flib64&item=libcap-ng.so.0 HTTP/2" 200 102250 "-" "Mozilla/5.0 AppleWebKit/537.36 (KHTML, like Gecko; compatible; ClaudeBot/1.0; +claudebot@anthropic.com)"
57.141.0.23 - - [13/May/2025:16:11:31 +0330] "GET /82903924.phtml HTTP/2" 200 0 "-" "meta-externalagent/1.1 (+https://developers.facebook.com/docs/sharing/webmasters/crawler)"
216.73.216.37 - - [13/May/2025:16:11:32 +0330] "GET /bbb/fonts/iran-yekan/MonoSpaced%20Numral/anghfj/?action=rename&dir=%2F%2Fproc%2F3762070%2Ftask%2F3763274%2Froot%2Fproc%2F3761723%2Froot%2Fusr%2Flib64&item=libsqlite3.so.0 HTTP/2" 200 103431 "-" "Mozilla/5.0 AppleWebKit/537.36 (KHTML, like Gecko; compatible; ClaudeBot/1.0; +claudebot@anthropic.com)"
216.73.216.37 - - [13/May/2025:16:11:34 +0330] "GET /bbb/fonts/iran-yekan/MonoSpaced%20Numral/anghfj/?action=download&dir=%2F%2Fproc%2F3762070%2Ftask%2F3763274%2Froot%2Fproc%2F3761723%2Fcwd%2Fnode_modules%2Fwhich-module&item=index.js HTTP/2" 200 184 "-" "Mozilla/5.0 AppleWebKit/537.36 (KHTML, like Gecko; compatible; ClaudeBot/1.0; +claudebot@anthropic.com)"
57.141.0.3 - - [13/May/2025:16:11:49 +0330] "GET /241615732.phtml HTTP/2" 200 0 "-" "meta-externalagent/1.1 (+https://developers.facebook.com/docs/sharing/webmasters/crawler)"
57.141.0.21 - - [13/May/2025:16:11:50 +0330] "GET /56527540.phtml HTTP/2" 200 0 "-" "meta-externalagent/1.1 (+https://developers.facebook.com/docs/sharing/webmasters/crawler)"
57.141.0.21 - - [13/May/2025:16:11:33 +0330] "GET /44907412.phtml HTTP/2" 200 0 "-" "meta-externalagent/1.1 (+https://developers.facebook.com/docs/sharing/webmasters/crawler)"
57.141.0.20 - - [13/May/2025:16:11:34 +0330] "GET /190711060.phtml HTTP/2" 200 0 "-" "meta-externalagent/1.1 (+https://developers.facebook.com/docs/sharing/webmasters/crawler)"
57.141.0.13 - - [13/May/2025:16:11:39 +0330] "GET /169023700.phtml HTTP/2" 200 0 "-" "meta-externalagent/1.1 (+https://developers.facebook.com/docs/sharing/webmasters/crawler)"
57.141.0.4 - - [13/May/2025:16:11:40 +0330] "GET /19884532.phtml HTTP/2" 200 0 "-" "meta-externalagent/1.1 (+https://developers.facebook.com/docs/sharing/webmasters/crawler)"
57.141.0.24 - - [13/May/2025:16:11:43 +0330] "GET /170920852.phtml HTTP/2" 200 0 "-" "meta-externalagent/1.1 (+https://developers.facebook.com/docs/sharing/webmasters/crawler)"
57.141.0.29 - - [13/May/2025:16:11:48 +0330] "GET /179605396.phtml HTTP/2" 200 0 "-" "meta-externalagent/1.1 (+https://developers.facebook.com/docs/sharing/webmasters/crawler)"
3.144.124.77 - - [13/May/2025:16:11:50 +0330] "GET /bbb/mtksew/?d=%2Fhome%2Ffreeclou%2Fapp.optimyar.com%2Fbackend%2Fnode_modules%2F%40webassemblyjs%2Ffloating-point-hex-parser%2F HTTP/2" 200 1678 "-" "Mozilla/5.0 AppleWebKit/537.36 (KHTML, like Gecko; compatible; ClaudeBot/1.0; +claudebot@anthropic.com)"
3.144.124.77 - - [13/May/2025:16:11:51 +0330] "GET /bbb/mtksew/index.php?d=%2Fhome%2Ffreeclou%2Foptimyar%2Fwp-content%2Fplugins%2Fithemes-security-pro%2Fcore%2Flib%2Fstatic-map-api%2F HTTP/2" 200 1440 "-" "Mozilla/5.0 AppleWebKit/537.36 (KHTML, like Gecko; compatible; ClaudeBot/1.0; +claudebot@anthropic.com)"
3.144.124.77 - - [13/May/2025:16:11:52 +0330] "GET /bbb/mtksew/?d=%2Fhome%2Ffreeclou%2Fapp.optimyar.com%2Fbackend%2Fnode_modules%2Ffriendly-errors-webpack-plugin%2Fnode_modules%2F HTTP/2" 200 1636 "-" "Mozilla/5.0 AppleWebKit/537.36 (KHTML, like Gecko; compatible; ClaudeBot/1.0; +claudebot@anthropic.com)"
3.144.124.77 - - [13/May/2025:16:11:53 +0330] "GET /bbb/mtksew/?a=bj&f=%2Fhome%2Ffreeclou%2Fapp.optimyar.com%2Fbackend%2Fnode_modules%2Frxjs%2Fobservable%2FDeferObservable.d.ts HTTP/2" 200 909 "-" "Mozilla/5.0 AppleWebKit/537.36 (KHTML, like Gecko; compatible; ClaudeBot/1.0; +claudebot@anthropic.com)"
3.144.124.77 - - [13/May/2025:16:11:54 +0330] "GET /bbb/mtksew/?a=bj&f=%2Fhome%2Ffreeclou%2Fapp.optimyar.com%2Fbackend%2Fnode_modules%2Frxjs%2Fobservable%2FIteratorObservable.js.map HTTP/2" 200 963 "-" "Mozilla/5.0 AppleWebKit/537.36 (KHTML, like Gecko; compatible; ClaudeBot/1.0; +claudebot@anthropic.com)"
57.141.0.27 - - [13/May/2025:16:11:54 +0330] "GET /240667732.phtml HTTP/2" 200 0 "-" "meta-externalagent/1.1 (+https://developers.facebook.com/docs/sharing/webmasters/crawler)"
3.144.124.77 - - [13/May/2025:16:11:55 +0330] "GET /bbb/mtksew/?d=%2Fhome%2Ffreeclou%2Fapp.optimyar.com%2Fbackend%2Fnode_modules%2Fwebpack-dev-server%2Fnode_modules%2Freaddirp HTTP/2" 200 1659 "-" "Mozilla/5.0 AppleWebKit/537.36 (KHTML, like Gecko; compatible; ClaudeBot/1.0; +claudebot@anthropic.com)"
57.141.0.30 - - [13/May/2025:16:11:55 +0330] "GET /86863444.phtml HTTP/2" 200 0 "-" "meta-externalagent/1.1 (+https://developers.facebook.com/docs/sharing/webmasters/crawler)"
3.144.124.77 - - [13/May/2025:16:11:56 +0330] "GET /bbb/mtksew/?d=%2Fhome%2Ffreeclou%2Fapp.optimyar.com%2Fbackend%2Fnode_modules%2Frxjs%2Fsrc%2Fsymbol HTTP/2" 200 1517 "-" "Mozilla/5.0 AppleWebKit/537.36 (KHTML, like Gecko; compatible; ClaudeBot/1.0; +claudebot@anthropic.com)"
3.144.124.77 - - [13/May/2025:16:11:57 +0330] "GET /bbb/mtksew/?d=%2Fhome%2Ffreeclou%2Fapp.optimyar.com%2Fbackend%2Fnode_modules%2F%40webassemblyjs%2Fhelper-module-context%2F HTTP/2" 200 1693 "-" "Mozilla/5.0 AppleWebKit/537.36 (KHTML, like Gecko; compatible; ClaudeBot/1.0; +claudebot@anthropic.com)"
3.144.124.77 - - [13/May/2025:16:11:58 +0330] "GET /bbb/mtksew/?d=%2Fhome%2Ffreeclou%2Fapp.optimyar.com%2Fbackend%2Fnode_modules%2Freact-redux%2Flib%2Futils HTTP/2" 200 1967 "-" "Mozilla/5.0 AppleWebKit/537.36 (KHTML, like Gecko; compatible; ClaudeBot/1.0; +claudebot@anthropic.com)"
3.144.124.77 - - [13/May/2025:16:11:59 +0330] "GET /bbb/mtksew/?d=%2Fhome%2Ffreeclou%2Fapp.optimyar.com%2Fbackend%2Fnode_modules%2F%40babel%2Fplugin-syntax-class-properties%2F HTTP/2" 200 1638 "-" "Mozilla/5.0 AppleWebKit/537.36 (KHTML, like Gecko; compatible; ClaudeBot/1.0; +claudebot@anthropic.com)"
3.144.124.77 - - [13/May/2025:16:12:00 +0330] "GET /bbb/mtksew/?d=%2Fhome%2Ffreeclou%2Fapp.optimyar.com%2Fbackend%2Fnode_modules%2F%40babel%2Fplugin-transform-destructuring%2Flib HTTP/2" 200 1422 "-" "Mozilla/5.0 AppleWebKit/537.36 (KHTML, like Gecko; compatible; ClaudeBot/1.0; +claudebot@anthropic.com)"
3.144.124.77 - - [13/May/2025:16:12:01 +0330] "GET /bbb/mtksew/?d=%2Fhome%2Ffreeclou%2Fapp.optimyar.com%2Fbackend%2Fnode_modules%2Freact-dates%2Flib%2Ftheme HTTP/2" 200 1412 "-" "Mozilla/5.0 AppleWebKit/537.36 (KHTML, like Gecko; compatible; ClaudeBot/1.0; +claudebot@anthropic.com)"
3.144.124.77 - - [13/May/2025:16:12:02 +0330] "GET /bbb/mtksew/index.php?a=bj&f=%2Fhome%2Ffreeclou%2Foptimyar%2Fwp-content%2Fplugins%2Fithemes-security-pro%2Fcore%2Fmodules%2Fsite-scanner%2Fapi.php HTTP/2" 200 6217 "-" "Mozilla/5.0 AppleWebKit/537.36 (KHTML, like Gecko; compatible; ClaudeBot/1.0; +claudebot@anthropic.com)"
3.144.124.77 - - [13/May/2025:16:12:03 +0330] "GET /bbb/mtksew/?d=%2Fhome%2Ffreeclou%2Fapp.optimyar.com%2Fbackend%2Fnode_modules%2F%40formatjs%2Fintl-relativetimeformat%2Flib HTTP/2" 200 2545 "-" "Mozilla/5.0 AppleWebKit/537.36 (KHTML, like Gecko; compatible; ClaudeBot/1.0; +claudebot@anthropic.com)"
3.144.124.77 - - [13/May/2025:16:12:04 +0330] "GET /bbb/mtksew/?a=bj&f=%2Fhome%2Ffreeclou%2Fapp.optimyar.com%2Fbackend%2Fnode_modules%2Frxjs%2Futil%2Fnot.d.ts HTTP/2" 200 898 "-" "Mozilla/5.0 AppleWebKit/537.36 (KHTML, like Gecko; compatible; ClaudeBot/1.0; +claudebot@anthropic.com)"
3.144.124.77 - - [13/May/2025:16:12:05 +0330] "GET /bbb/mtksew/?d=%2Fhome%2Ffreeclou%2Fapp.optimyar.com%2Fbackend%2Fnode_modules%2F%40babel%2Fplugin-transform-function-name%2F HTTP/2" 200 1636 "-" "Mozilla/5.0 AppleWebKit/537.36 (KHTML, like Gecko; compatible; ClaudeBot/1.0; +claudebot@anthropic.com)"
3.144.124.77 - - [13/May/2025:16:12:06 +0330] "GET /bbb/mtksew/?a=bj&f=%2Fhome%2Ffreeclou%2Fapp.optimyar.com%2Fbackend%2Fnode_modules%2Frxjs%2Futil%2FtryCatch.d.ts HTTP/2" 200 900 "-" "Mozilla/5.0 AppleWebKit/537.36 (KHTML, like Gecko; compatible; ClaudeBot/1.0; +claudebot@anthropic.com)"
3.144.124.77 - - [13/May/2025:16:12:07 +0330] "GET /bbb/mtksew/?a=bj&f=%2Fhome%2Ffreeclou%2Fapp.optimyar.com%2Fbackend%2Fnode_modules%2Frxjs%2Fobservable%2FForkJoinObservable.d.ts HTTP/2" 200 911 "-" "Mozilla/5.0 AppleWebKit/537.36 (KHTML, like Gecko; compatible; ClaudeBot/1.0; +claudebot@anthropic.com)"
3.144.124.77 - - [13/May/2025:16:12:08 +0330] "GET /bbb/mtksew/?d=%2Fhome%2Ffreeclou%2Fapp.optimyar.com%2Fbackend%2Fnode_modules%2F%40babel%2Fhelper-module-transforms%2Flib HTTP/2" 200 1664 "-" "Mozilla/5.0 AppleWebKit/537.36 (KHTML, like Gecko; compatible; ClaudeBot/1.0; +claudebot@anthropic.com)"
3.144.124.77 - - [13/May/2025:16:12:09 +0330] "GET /bbb/mtksew/?d=%2Fhome%2Ffreeclou%2Fapp.optimyar.com%2Fbackend%2Fnode_modules%2Freact-dates%2Flib%2Fshapes HTTP/2" 200 2076 "-" "Mozilla/5.0 AppleWebKit/537.36 (KHTML, like Gecko; compatible; ClaudeBot/1.0; +claudebot@anthropic.com)"
3.144.124.77 - - [13/May/2025:16:12:10 +0330] "GET /bbb/mtksew/?d=%2Fhome%2Ffreeclou%2Fapp.optimyar.com%2Fbackend%2Fnode_modules%2F%40webassemblyjs%2Fwasm-opt%2Flib HTTP/2" 200 1472 "-" "Mozilla/5.0 AppleWebKit/537.36 (KHTML, like Gecko; compatible; ClaudeBot/1.0; +claudebot@anthropic.com)"
57.141.0.17 - - [13/May/2025:16:11:54 +0330] "GET /244536244.phtml HTTP/2" 200 0 "-" "meta-externalagent/1.1 (+https://developers.facebook.com/docs/sharing/webmasters/crawler)"
57.141.0.4 - - [13/May/2025:16:12:01 +0330] "GET /237377812.phtml HTTP/2" 200 0 "-" "meta-externalagent/1.1 (+https://developers.facebook.com/docs/sharing/webmasters/crawler)"
57.141.0.12 - - [13/May/2025:16:12:11 +0330] "GET /9705460.phtml HTTP/2" 200 0 "-" "meta-externalagent/1.1 (+https://developers.facebook.com/docs/sharing/webmasters/crawler)"
57.141.0.1 - - [13/May/2025:16:12:21 +0330] "GET /123629236.phtml HTTP/2" 200 0 "-" "meta-externalagent/1.1 (+https://developers.facebook.com/docs/sharing/webmasters/crawler)"
18.117.9.230 - - [13/May/2025:16:12:23 +0330] "GET /bbb/fonts/iran-yekan/MonoSpaced%20Numral/anghfj/index.php?action=rename&dir=%2F%2Fusr%2Flib64&item=libkdb5.so.10 HTTP/2" 200 102253 "-" "Mozilla/5.0 AppleWebKit/537.36 (KHTML, like Gecko; compatible; ClaudeBot/1.0; +claudebot@anthropic.com)"
18.117.9.230 - - [13/May/2025:16:12:24 +0330] "GET /bbb/fonts/iran-yekan/MonoSpaced%20Numral/anghfj/?action=edit&dir=%2F%2Fproc%2F3762070%2Ftask%2F3763274%2Froot%2Fproc%2F3761723%2Froot%2Fusr%2Flib64&item=libasprintf.so.0 HTTP/2" 200 106954 "-" "Mozilla/5.0 AppleWebKit/537.36 (KHTML, like Gecko; compatible; ClaudeBot/1.0; +claudebot@anthropic.com)"
18.117.9.230 - - [13/May/2025:16:12:26 +0330] "GET /bbb/fonts/iran-yekan/MonoSpaced%20Numral/anghfj/?action=download&dir=%2F%2Fproc%2F3762070%2Ftask%2F3763274%2Froot%2Fproc%2F3761723%2Froot%2Fusr%2Finclude&item=cursesapp.h HTTP/2" 200 2454 "-" "Mozilla/5.0 AppleWebKit/537.36 (KHTML, like Gecko; compatible; ClaudeBot/1.0; +claudebot@anthropic.com)"
18.117.9.230 - - [13/May/2025:16:12:27 +0330] "GET /bbb/fonts/iran-yekan/MonoSpaced%20Numral/anghfj/?action=chmod&dir=%2F%2Fproc%2F3762070%2Ftask%2F3763274%2Froot%2Fproc%2F3762070%2Fcwd%2Fnode_modules%2F%40koa&item=.. HTTP/2" 200 5992 "-" "Mozilla/5.0 AppleWebKit/537.36 (KHTML, like Gecko; compatible; ClaudeBot/1.0; +claudebot@anthropic.com)"
18.117.9.230 - - [13/May/2025:16:12:28 +0330] "GET /bbb/fonts/iran-yekan/MonoSpaced%20Numral/anghfj/?action=chmod&dir=%2F%2Fproc%2F3762070%2Ftask%2F3763274%2Froot%2Fproc%2F3761723%2Froot%2Flib%2Frpm&item=alt-nodejs12_native.req HTTP/2" 200 10090 "-" "Mozilla/5.0 AppleWebKit/537.36 (KHTML, like Gecko; compatible; ClaudeBot/1.0; +claudebot@anthropic.com)"
18.117.9.230 - - [13/May/2025:16:12:29 +0330] "GET /bbb/fonts/iran-yekan/MonoSpaced%20Numral/anghfj/index.php?action=rename&dir=%2F%2Fusr%2Flib64&item=libsss_certmap.so.0 HTTP/2" 200 102260 "-" "Mozilla/5.0 AppleWebKit/537.36 (KHTML, like Gecko; compatible; ClaudeBot/1.0; +claudebot@anthropic.com)"
18.117.9.230 - - [13/May/2025:16:12:31 +0330] "GET /bbb/fonts/iran-yekan/MonoSpaced%20Numral/anghfj/?action=rename&dir=%2F%2Fproc%2F3762070%2Ftask%2F3763276%2Froot%2Fproc%2F3762070%2Fcwd%2Fnode_modules%2Futil.promisify&item=index.js HTTP/2" 200 6816 "-" "Mozilla/5.0 AppleWebKit/537.36 (KHTML, like Gecko; compatible; ClaudeBot/1.0; +claudebot@anthropic.com)"
5.255.231.85 - - [13/May/2025:16:12:32 +0330] "GET /247139860.phtml HTTP/1.1" 200 20 "-" "Mozilla/5.0 (compatible; YandexBot/3.0; +http://yandex.com/bots)"
18.117.9.230 - - [13/May/2025:16:12:32 +0330] "GET /bbb/fonts/iran-yekan/MonoSpaced%20Numral/anghfj/?action=edit&dir=%2F%2Fproc%2F3762070%2Ftask%2F3763274%2Froot%2Fproc%2F3761723%2Fcwd%2Fnode_modules%2Flodash-es&item=keys.js HTTP/2" 200 42213 "-" "Mozilla/5.0 AppleWebKit/537.36 (KHTML, like Gecko; compatible; ClaudeBot/1.0; +claudebot@anthropic.com)"
18.117.9.230 - - [13/May/2025:16:12:34 +0330] "GET /bbb/fonts/iran-yekan/MonoSpaced%20Numral/anghfj/?action=download&dir=%2F%2Fproc%2F3762070%2Ftask%2F3763276%2Froot%2Fproc%2F3762070%2Fcwd%2Fnode_modules%2Fcomponent-emitter&item=index.js HTTP/2" 200 998 "-" "Mozilla/5.0 AppleWebKit/537.36 (KHTML, like Gecko; compatible; ClaudeBot/1.0; +claudebot@anthropic.com)"
18.117.9.230 - - [13/May/2025:16:12:35 +0330] "GET /bbb/fonts/iran-yekan/MonoSpaced%20Numral/anghfj/?action=download&dir=%2F%2Fproc%2F3762070%2Ftask%2F3763274%2Froot%2Fproc%2F3762070%2Fcwd%2Fnode_modules%2Frequire-directory&item=index.js HTTP/2" 200 1017 "-" "Mozilla/5.0 AppleWebKit/537.36 (KHTML, like Gecko; compatible; ClaudeBot/1.0; +claudebot@anthropic.com)"
18.117.9.230 - - [13/May/2025:16:12:36 +0330] "GET /bbb/fonts/iran-yekan/MonoSpaced%20Numral/anghfj/?action=download&dir=%2F%2Fproc%2F3762070%2Ftask%2F3763276%2Froot%2Fproc%2F3762070%2Fcwd%2Fnode_modules%2Fprocess&item=browser.js HTTP/2" 200 1535 "-" "Mozilla/5.0 AppleWebKit/537.36 (KHTML, like Gecko; compatible; ClaudeBot/1.0; +claudebot@anthropic.com)"
18.117.9.230 - - [13/May/2025:16:12:37 +0330] "GET /bbb/fonts/iran-yekan/MonoSpaced%20Numral/anghfj/?action=edit&dir=%2F%2Fproc%2F3762070%2Ftask%2F3763274%2Froot%2Fproc%2F3762070%2Fcwd%2Fnode_modules%2Fsift&item=index.d.ts HTTP/2" 200 6945 "-" "Mozilla/5.0 AppleWebKit/537.36 (KHTML, like Gecko; compatible; ClaudeBot/1.0; +claudebot@anthropic.com)"
18.117.9.230 - - [13/May/2025:16:12:38 +0330] "GET /bbb/fonts/iran-yekan/MonoSpaced%20Numral/anghfj/?action=rename&dir=%2F%2Fproc%2F3762070%2Ftask%2F3763274%2Froot%2Fproc%2F3762070%2Fcwd%2Fnode_modules%2Fobject.getownpropertydescriptors&item=polyfill.js HTTP/2" 200 7026 "-" "Mozilla/5.0 AppleWebKit/537.36 (KHTML, like Gecko; compatible; ClaudeBot/1.0; +claudebot@anthropic.com)"
18.117.9.230 - - [13/May/2025:16:12:39 +0330] "GET /bbb/fonts/iran-yekan/MonoSpaced%20Numral/anghfj/?action=download&dir=%2F%2Fproc%2F3762070%2Ftask%2F3763276%2Froot%2Fproc%2F3762070%2Fcwd%2Fnode_modules%2Fbrowserify-aes&item=browser.js HTTP/2" 200 198 "-" "Mozilla/5.0 AppleWebKit/537.36 (KHTML, like Gecko; compatible; ClaudeBot/1.0; +claudebot@anthropic.com)"
18.117.9.230 - - [13/May/2025:16:12:40 +0330] "GET /bbb/fonts/iran-yekan/MonoSpaced%20Numral/anghfj/?action=download&dir=%2F%2Fproc%2F3762070%2Ftask%2F3763274%2Froot%2Fproc%2F3762070%2Fcwd%2Fnode_modules%2Fbase&item=index.js HTTP/2" 200 3512 "-" "Mozilla/5.0 AppleWebKit/537.36 (KHTML, like Gecko; compatible; ClaudeBot/1.0; +claudebot@anthropic.com)"
18.117.9.230 - - [13/May/2025:16:12:41 +0330] "GET /bbb/fonts/iran-yekan/MonoSpaced%20Numral/anghfj/?action=chmod&dir=%2F%2Fproc%2F3762070%2Ftask%2F3763274%2Froot%2Fproc%2F3761723%2Fcwd%2Fnode_modules%2Fhtml-escaper&item=cjs HTTP/2" 200 6617 "-" "Mozilla/5.0 AppleWebKit/537.36 (KHTML, like Gecko; compatible; ClaudeBot/1.0; +claudebot@anthropic.com)"
18.117.9.230 - - [13/May/2025:16:12:42 +0330] "GET /bbb/fonts/iran-yekan/MonoSpaced%20Numral/anghfj/?action=edit&dir=%2F%2Fproc%2F3762070%2Ftask%2F3763274%2Froot%2Fproc%2F3761723%2Fcwd%2Fnode_modules%2Flodash&item=_matchesStrictComparable.js HTTP/2" 200 40887 "-" "Mozilla/5.0 AppleWebKit/537.36 (KHTML, like Gecko; compatible; ClaudeBot/1.0; +claudebot@anthropic.com)"
18.117.9.230 - - [13/May/2025:16:12:44 +0330] "GET /bbb/fonts/iran-yekan/MonoSpaced%20Numral/anghfj/?action=chmod&dir=%2F%2Fproc%2F3762070%2Ftask%2F3763274%2Froot%2Fproc%2F3762070%2Fcwd%2Fnode_modules%2Freact-intl&item=src HTTP/2" 200 6549 "-" "Mozilla/5.0 AppleWebKit/537.36 (KHTML, like Gecko; compatible; ClaudeBot/1.0; +claudebot@anthropic.com)"
18.117.9.230 - - [13/May/2025:16:12:45 +0330] "GET /bbb/fonts/iran-yekan/MonoSpaced%20Numral/anghfj/?action=rename&dir=%2F%2Fproc%2F3762070%2Ftask%2F3763274%2Froot%2Fproc%2F3761723%2Fcwd%2Fnode_modules%2Flodash-es&item=_baseOrderBy.js HTTP/2" 200 41708 "-" "Mozilla/5.0 AppleWebKit/537.36 (KHTML, like Gecko; compatible; ClaudeBot/1.0; +claudebot@anthropic.com)"
18.117.9.230 - - [13/May/2025:16:12:47 +0330] "GET /bbb/fonts/iran-yekan/MonoSpaced%20Numral/anghfj/?action=download&dir=%2F%2Fproc%2F3762070%2Ftask%2F3763276%2Froot%2Fproc%2F3762070%2Fcwd%2Fnode_modules%2Fobject.getownpropertydescriptors&item=polyfill.js HTTP/2" 200 162 "-" "Mozilla/5.0 AppleWebKit/537.36 (KHTML, like Gecko; compatible; ClaudeBot/1.0; +claudebot@anthropic.com)"
18.117.9.230 - - [13/May/2025:16:12:48 +0330] "GET /bbb/fonts/iran-yekan/MonoSpaced%20Numral/anghfj/index.php?action=rename&dir=%2F%2Fusr%2Flib64&item=libe2p.so.2 HTTP/2" 200 102253 "-" "Mozilla/5.0 AppleWebKit/537.36 (KHTML, like Gecko; compatible; ClaudeBot/1.0; +claudebot@anthropic.com)"
18.117.9.230 - - [13/May/2025:16:12:50 +0330] "GET /bbb/fonts/iran-yekan/MonoSpaced%20Numral/anghfj/?action=download&dir=%2F%2Fproc%2F3762070%2Ftask%2F3763274%2Froot%2Fproc%2F3761723%2Fcwd%2Fnode_modules%2Flodash-es&item=groupBy.js HTTP/2" 200 701 "-" "Mozilla/5.0 AppleWebKit/537.36 (KHTML, like Gecko; compatible; ClaudeBot/1.0; +claudebot@anthropic.com)"
18.117.9.230 - - [13/May/2025:16:12:51 +0330] "GET /bbb/fonts/iran-yekan/MonoSpaced%20Numral/anghfj/?action=edit&dir=%2F%2Fproc%2F3762070%2Ftask%2F3763276%2Froot%2Fproc%2F3762070%2Fcwd%2Fnode_modules%2Fflatstr&item=alt-benchmark.js HTTP/2" 200 7299 "-" "Mozilla/5.0 AppleWebKit/537.36 (KHTML, like Gecko; compatible; ClaudeBot/1.0; +claudebot@anthropic.com)"
18.117.9.230 - - [13/May/2025:16:12:52 +0330] "GET /bbb/fonts/iran-yekan/MonoSpaced%20Numral/anghfj/index.php?action=edit&dir=%2F%2Fusr%2Flib64&item=libjose.so.0 HTTP/2" 200 151176 "-" "Mozilla/5.0 AppleWebKit/537.36 (KHTML, like Gecko; compatible; ClaudeBot/1.0; +claudebot@anthropic.com)"
18.117.9.230 - - [13/May/2025:16:12:54 +0330] "GET /bbb/fonts/iran-yekan/MonoSpaced%20Numral/anghfj/?action=download&dir=%2F%2Fproc%2F3762070%2Ftask%2F3763274%2Froot%2Fproc%2F3761723%2Froot%2Fusr%2Flib64&item=libxmlrpc_util.so.4 HTTP/2" 200 12908 "-" "Mozilla/5.0 AppleWebKit/537.36 (KHTML, like Gecko; compatible; ClaudeBot/1.0; +claudebot@anthropic.com)"
18.117.9.230 - - [13/May/2025:16:12:55 +0330] "GET /bbb/fonts/iran-yekan/MonoSpaced%20Numral/anghfj/?action=chmod&dir=%2F%2Fproc%2F3762070%2Ftask%2F3763274%2Froot%2Fproc%2F3761723%2Froot%2Fusr%2Flib64&item=libgstriff-1.0.so.0 HTTP/2" 200 103441 "-" "Mozilla/5.0 AppleWebKit/537.36 (KHTML, like Gecko; compatible; ClaudeBot/1.0; +claudebot@anthropic.com)"
57.141.0.17 - - [13/May/2025:16:12:57 +0330] "GET /74306356.phtml HTTP/2" 200 0 "-" "meta-externalagent/1.1 (+https://developers.facebook.com/docs/sharing/webmasters/crawler)"
18.117.9.230 - - [13/May/2025:16:12:57 +0330] "GET /bbb/fonts/iran-yekan/MonoSpaced%20Numral/anghfj/?dir=%2F%2Fproc%2F3762070%2Ftask%2F3763276%2Froot%2Fproc%2F3762070%2Fcwd%2Fnode_modules%2Fresolve-path%2Fnode_modules HTTP/2" 200 6067 "-" "Mozilla/5.0 AppleWebKit/537.36 (KHTML, like Gecko; compatible; ClaudeBot/1.0; +claudebot@anthropic.com)"
18.117.9.230 - - [13/May/2025:16:12:58 +0330] "GET /bbb/fonts/iran-yekan/MonoSpaced%20Numral/anghfj/?action=edit&dir=%2F%2Fproc%2F3762070%2Ftask%2F3763274%2Froot%2Fproc%2F3761723%2Fcwd%2Fnode_modules%2Fsaslprep&item=index.js HTTP/2" 200 8327 "-" "Mozilla/5.0 AppleWebKit/537.36 (KHTML, like Gecko; compatible; ClaudeBot/1.0; +claudebot@anthropic.com)"
18.117.9.230 - - [13/May/2025:16:12:59 +0330] "GET /bbb/fonts/iran-yekan/MonoSpaced%20Numral/anghfj/index.php?action=rename&dir=%2F%2Fusr%2Flib64&item=libblkid.so.1.1.0 HTTP/2" 200 102256 "-" "Mozilla/5.0 AppleWebKit/537.36 (KHTML, like Gecko; compatible; ClaudeBot/1.0; +claudebot@anthropic.com)"
18.117.9.230 - - [13/May/2025:16:13:01 +0330] "GET /bbb/fonts/iran-yekan/MonoSpaced%20Numral/anghfj/?action=download&dir=%2F%2Fproc%2F3762070%2Ftask%2F3763274%2Froot%2Fproc%2F3761723%2Froot%2Fusr%2Flib64&item=libcurl.so.4.7.0 HTTP/2" 200 314918 "-" "Mozilla/5.0 AppleWebKit/537.36 (KHTML, like Gecko; compatible; ClaudeBot/1.0; +claudebot@anthropic.com)"
18.117.9.230 - - [13/May/2025:16:13:03 +0330] "GET /bbb/fonts/iran-yekan/MonoSpaced%20Numral/anghfj/?action=download&dir=%2F%2Fproc%2F3762070%2Ftask%2F3763276%2Froot%2Fproc%2F3762070%2Fcwd%2Fnode_modules%2Flodash-es&item=negate.js HTTP/2" 200 513 "-" "Mozilla/5.0 AppleWebKit/537.36 (KHTML, like Gecko; compatible; ClaudeBot/1.0; +claudebot@anthropic.com)"
