182.23.13.70 - - [12/May/2025:17:57:38 +0330] "POST /courses/%d8%a2%d9%85%d9%88%d8%b2%d8%b4-%d8%a8%d9%87%db%8c%d9%86%d9%87-%d8%b3%d8%a7%d8%b2%db%8c-%d8%af%d8%b1-%d9%be%d8%a7%db%8c%d8%aa%d9%88%d9%86-%d8%a8%d8%a7-%d9%be%da%a9%db%8c%d8%ac-%d9%87%d8%a7%db%8c-%da%af/ HTTP/1.1" 200 93071 "-" "Mozilla/5.0 (Macintosh; Intel Mac OS X 10_15_7) AppleWebKit/537.36 (KHTML, like Gecko) Chrome/133.0.0.0 Safari/537.36"
182.23.13.70 - - [12/May/2025:17:57:51 +0330] "POST /courses/%d8%a2%d9%85%d9%88%d8%b2%d8%b4-%d8%a8%d9%87%db%8c%d9%86%d9%87-%d8%b3%d8%a7%d8%b2%db%8c-%d8%af%d8%b1-%d9%be%d8%a7%db%8c%d8%aa%d9%88%d9%86-%d8%a8%d8%a7-%d9%be%da%a9%db%8c%d8%ac-%d9%87%d8%a7%db%8c-%da%af/ HTTP/1.1" 200 93072 "-" "Mozilla/5.0 (Windows NT 10.0; Win64; x64) AppleWebKit/537.36 (KHTML, like Gecko) Chrome/120.0.0.0 Safari/537.36"
195.26.225.209 - - [12/May/2025:17:58:07 +0330] "GET /posts-news/ HTTP/1.1" 200 32180 "-" "Mozilla/5.0 (Macintosh; Intel Mac OS X 10_15_7) AppleWebKit/537.36 (KHTML, like Gecko) Chrome/133.0.0.0 Safari/537.36"
182.23.13.70 - - [12/May/2025:17:58:25 +0330] "POST /posts-news/ HTTP/1.1" 200 32180 "-" "Mozilla/5.0 (Macintosh; Intel Mac OS X 10_15_7) AppleWebKit/537.36 (KHTML, like Gecko) Chrome/133.0.0.0 Safari/537.36"
46.148.206.226 - - [12/May/2025:18:08:28 +0330] "GET / HTTP/1.0" 200 279171 "https://optimyar.com/" "Mozilla/5.0 (Windows NT 10.0; Win64; x64) AppleWebKit/537.36 (KHTML, like Gecko) Chrome/131.0.0.0 Safari/537.36"
46.148.206.226 - - [12/May/2025:18:08:41 +0330] "GET / HTTP/1.0" 200 279171 "https://optimyar.com/" "Mozilla/5.0 (Windows NT 10.0; Win64; x64) AppleWebKit/537.36 (KHTML, like Gecko) Chrome/131.0.0.0 Safari/537.36"
5.117.188.89 - - [12/May/2025:17:59:57 +0330] "GET /wp-content/plugins/persian-elementor/assets/css/font/IRANYekanX/IRANYekanX-Bold.woff2 HTTP/1.1" 200 40348 "https://optimyar.com/wp-content/plugins/persian-elementor/assets/css/font.css?ver=2.13.9" "Mozilla/5.0 (Windows NT 6.1; Win64; x64; rv:109.0) Gecko/20100101 Firefox/115.0"
5.117.188.89 - - [12/May/2025:18:00:01 +0330] "GET /wp-content/plugins/persian-elementor/assets/css/font/Tanha/Tanha.woff2 HTTP/1.1" 200 41476 "https://optimyar.com/wp-content/plugins/persian-elementor/assets/css/font.css?ver=2.13.9" "Mozilla/5.0 (Windows NT 6.1; Win64; x64; rv:109.0) Gecko/20100101 Firefox/115.0"
5.117.188.89 - - [12/May/2025:18:00:01 +0330] "GET /wp-content/plugins/persian-elementor/assets/css/font/IRANYekanX/IRANYekanX-Medium.woff2 HTTP/1.1" 200 39256 "https://optimyar.com/wp-content/plugins/persian-elementor/assets/css/font.css?ver=2.13.9" "Mozilla/5.0 (Windows NT 6.1; Win64; x64; rv:109.0) Gecko/20100101 Firefox/115.0"
5.117.188.89 - - [12/May/2025:18:00:01 +0330] "GET /wp-content/plugins/persian-elementor/assets/css/font/IRANYekanX/IRANYekanX-Bold.woff2 HTTP/1.1" 200 40348 "https://optimyar.com/wp-content/plugins/persian-elementor/assets/css/font.css?ver=2.13.9" "Mozilla/5.0 (Windows NT 6.1; Win64; x64; rv:109.0) Gecko/20100101 Firefox/115.0"
5.117.188.89 - - [12/May/2025:18:00:05 +0330] "GET /wp-content/uploads/2022/11/man.svg HTTP/1.1" 200 2534 "https://optimyar.com/courses/sample-average-approximation/" "Mozilla/5.0 (Windows NT 6.1; Win64; x64; rv:109.0) Gecko/20100101 Firefox/115.0"
5.117.188.89 - - [12/May/2025:18:00:05 +0330] "GET /wp-content/uploads/2022/11/pointer.svg HTTP/1.1" 200 1067 "https://optimyar.com/courses/sample-average-approximation/" "Mozilla/5.0 (Windows NT 6.1; Win64; x64; rv:109.0) Gecko/20100101 Firefox/115.0"
5.117.188.89 - - [12/May/2025:18:00:05 +0330] "GET /wp-content/uploads/2022/11/attention.svg HTTP/1.1" 200 16245 "https://optimyar.com/courses/sample-average-approximation/" "Mozilla/5.0 (Windows NT 6.1; Win64; x64; rv:109.0) Gecko/20100101 Firefox/115.0"
5.117.188.89 - - [12/May/2025:18:00:05 +0330] "GET /wp-content/uploads/2022/08/%D8%A8%D8%B1%D9%86%D8%A7%D9%85%D9%87-%D8%B1%DB%8C%D8%B2%DB%8C-%D8%B1%DB%8C%D8%A7%D8%B6%DB%8C.png HTTP/1.1" 200 189587 "https://optimyar.com/courses/sample-average-approximation/" "Mozilla/5.0 (Windows NT 6.1; Win64; x64; rv:109.0) Gecko/20100101 Firefox/115.0"
5.117.188.89 - - [12/May/2025:18:00:05 +0330] "GET /wp-content/uploads/2022/08/%D8%A2%D9%85%D9%88%D8%B2%D8%B4-%DA%AF%D9%85%D8%B2-1.png HTTP/1.1" 200 321374 "https://optimyar.com/courses/sample-average-approximation/" "Mozilla/5.0 (Windows NT 6.1; Win64; x64; rv:109.0) Gecko/20100101 Firefox/115.0"
5.117.188.89 - - [12/May/2025:18:00:05 +0330] "GET /wp-content/uploads/2022/08/%D8%A8%D8%B1%D9%86%D8%A7%D9%85%D9%87-%D8%B1%DB%8C%D8%B2%DB%8C-%D8%AF%D8%B1-%D8%B9%D8%AF%D9%85-%D9%82%D8%B7%D8%B9%DB%8C%D8%AA-1.png HTTP/1.1" 200 341991 "https://optimyar.com/courses/sample-average-approximation/" "Mozilla/5.0 (Windows NT 6.1; Win64; x64; rv:109.0) Gecko/20100101 Firefox/115.0"
139.59.37.61 - - [12/May/2025:18:01:48 +0330] "POST /xmlrpc.php HTTP/1.1" 503 7618 "-" "Mozilla/5.0 (Windows NT 10.0; Win64; x64; rv:98.0) Gecko/20100101 Firefox/98.0"
31.214.174.196 - - [12/May/2025:18:08:31 +0330] "POST /wp-cron.php?doing_wp_cron=1747060711.4281010627746582031250 HTTP/1.1" 200 20 "-" "WordPress/6.8.1; https://optimyar.com"
46.148.206.226 - - [12/May/2025:18:08:36 +0330] "GET / HTTP/1.0" 200 279171 "https://optimyar.com/" "Mozilla/5.0 (Windows NT 10.0; Win64; x64) AppleWebKit/537.36 (KHTML, like Gecko) Chrome/131.0.0.0 Safari/537.36"
31.214.174.196 - - [12/May/2025:18:15:15 +0330] "POST /wp-cron.php?doing_wp_cron=1747061115.4229569435119628906250 HTTP/1.1" 200 20 "-" "WordPress/6.8.1; https://optimyar.com"
91.194.160.11 - - [12/May/2025:18:15:13 +0330] "GET / HTTP/1.1" 200 279171 "-" "Mozilla/5.0 (Windows NT 10.0; WOW64; rv:47.0) Gecko/20100101 Firefox/47.0"
31.214.174.196 - - [12/May/2025:18:18:14 +0330] "POST /wp-cron.php?doing_wp_cron=1747061294.6805338859558105468750 HTTP/1.1" 200 20 "-" "WordPress/6.8.1; https://optimyar.com"
43.135.145.73 - - [12/May/2025:18:18:12 +0330] "GET / HTTP/1.1" 200 32580 "http://optimyar.com" "Mozilla/5.0 (iPhone; CPU iPhone OS 13_2_3 like Mac OS X) AppleWebKit/605.1.15 (KHTML, like Gecko) Version/13.0.3 Mobile/15E148 Safari/604.1"
5.255.231.38 - - [12/May/2025:18:23:57 +0330] "GET /robots.txt HTTP/1.1" 200 170 "-" "Mozilla/5.0 (compatible; YandexBot/3.0; +http://yandex.com/bots)"
213.180.203.53 - - [12/May/2025:18:23:58 +0330] "GET /robots.txt HTTP/1.1" 200 170 "-" "Mozilla/5.0 (compatible; YandexBot/3.0; +http://yandex.com/bots)"
95.108.213.134 - - [12/May/2025:18:24:00 +0330] "GET /robots.txt HTTP/1.1" 200 170 "-" "Mozilla/5.0 (compatible; YandexBot/3.0; +http://yandex.com/bots)"
95.108.213.145 - - [12/May/2025:18:24:05 +0330] "GET /robots.txt HTTP/1.1" 200 170 "-" "Mozilla/5.0 (compatible; YandexBot/3.0; +http://yandex.com/bots)"
5.255.231.101 - - [12/May/2025:18:23:57 +0330] "GET /robots.txt HTTP/1.1" 200 170 "-" "Mozilla/5.0 (compatible; YandexBot/3.0; +http://yandex.com/bots)"
87.250.224.81 - - [12/May/2025:18:24:00 +0330] "GET /robots.txt HTTP/1.1" 200 170 "-" "Mozilla/5.0 (compatible; YandexBot/3.0; +http://yandex.com/bots)"
95.108.213.194 - - [12/May/2025:18:24:02 +0330] "GET /robots.txt HTTP/1.1" 200 170 "-" "Mozilla/5.0 (compatible; YandexBot/3.0; +http://yandex.com/bots)"
95.108.213.139 - - [12/May/2025:18:24:02 +0330] "GET /robots.txt HTTP/1.1" 200 170 "-" "Mozilla/5.0 (compatible; YandexBot/3.0; +http://yandex.com/bots)"
5.255.231.12 - - [12/May/2025:18:24:03 +0330] "GET /robots.txt HTTP/1.1" 200 170 "-" "Mozilla/5.0 (compatible; YandexBot/3.0; +http://yandex.com/bots)"
87.250.224.213 - - [12/May/2025:18:24:04 +0330] "GET /robots.txt HTTP/1.1" 200 170 "-" "Mozilla/5.0 (compatible; YandexBot/3.0; +http://yandex.com/bots)"
91.194.160.11 - - [12/May/2025:18:27:48 +0330] "GET / HTTP/1.1" 200 279171 "-" "Mozilla/5.0 (Windows NT 10.0; WOW64; rv:47.0) Gecko/20100101 Firefox/47.0"
31.214.174.196 - - [12/May/2025:18:29:36 +0330] "POST /wp-cron.php?doing_wp_cron=1747061976.7446761131286621093750 HTTP/1.1" 200 20 "-" "WordPress/6.8.1; https://optimyar.com"
64.227.98.180 - - [12/May/2025:18:29:34 +0330] "POST /xmlrpc.php HTTP/1.1" 503 7618 "-" "Mozilla/5.0 (Windows NT 10.0; Win64; x64; rv:67.0) Gecko/20100101 Firefox/67.0"
31.214.174.196 - - [12/May/2025:18:38:24 +0330] "POST /wp-cron.php?doing_wp_cron=1747062504.9675168991088867187500 HTTP/1.1" 200 20 "-" "WordPress/6.8.1; https://optimyar.com"
3.15.149.154 - - [12/May/2025:18:38:23 +0330] "GET /robots.txt HTTP/2" 200 123 "-" "Mozilla/5.0 AppleWebKit/537.36 (KHTML, like Gecko; compatible; ClaudeBot/1.0; +claudebot@anthropic.com)"
66.249.64.132 - - [12/May/2025:18:41:52 +0330] "GET /wp-content/uploads/elementor/css/post-34.css?ver=1745850393 HTTP/1.1" 200 811 "https://optimyar.com/courses/%D8%A2%D9%85%D9%88%D8%B2%D8%B4-%D8%A8%D9%87%DB%8C%D9%86%D9%87-%D8%B3%D8%A7%D8%B2%DB%8C-%D8%A7%D8%B3%D8%AA%D9%88%D8%A7%D8%B1-%D9%85%D8%A8%D8%AA%D9%86%DB%8C-%D8%A8%D8%B1-%D8%B3%D9%86%D8%A7%D8%B1%DB%8C/" "Mozilla/5.0 (Linux; Android 6.0.1; Nexus 5X Build/MMB29P) AppleWebKit/537.36 (KHTML, like Gecko) Chrome/135.0.7049.114 Mobile Safari/537.36 (compatible; Googlebot/2.1; +http://www.google.com/bot.html)"
66.249.64.129 - - [12/May/2025:18:42:02 +0330] "GET /wp-content/uploads/essential-addons-elementor/eael-18728.css?ver=1738798827 HTTP/1.1" 200 1753 "https://optimyar.com/courses/%D8%A2%D9%85%D9%88%D8%B2%D8%B4-%D8%A8%D9%87%DB%8C%D9%86%D9%87-%D8%B3%D8%A7%D8%B2%DB%8C-%D8%A7%D8%B3%D8%AA%D9%88%D8%A7%D8%B1-%D9%85%D8%A8%D8%AA%D9%86%DB%8C-%D8%A8%D8%B1-%D8%B3%D9%86%D8%A7%D8%B1%DB%8C/" "Mozilla/5.0 (Linux; Android 6.0.1; Nexus 5X Build/MMB29P) AppleWebKit/537.36 (KHTML, like Gecko) Chrome/135.0.7049.114 Mobile Safari/537.36 (compatible; Googlebot/2.1; +http://www.google.com/bot.html)"
5.214.54.182 - - [12/May/2025:18:37:05 +0330] "GET / HTTP/2" 200 32579 "-" "Mozilla/5.0 (Macintosh; Intel Mac OS X 10_11_1) AppleWebKit/601.2.4 (KHTML, like Gecko) Version/9.0.1 Safari/601.2.4 facebookexternalhit/1.1 Facebot Twitterbot/1.0"
195.2.79.165 - - [12/May/2025:18:39:34 +0330] "GET / HTTP/1.0" 200 279171 "https://optimyar.com/" "Mozilla/5.0 (Windows NT 10.0; Win64; x64) AppleWebKit/537.36 (KHTML, like Gecko) Chrome/130.0.0.0 Safari/537.36 CCleaner/130.0.0.0"
66.249.64.128 - - [12/May/2025:18:41:42 +0330] "GET /courses/%D8%A2%D9%85%D9%88%D8%B2%D8%B4-%D8%A8%D9%87%DB%8C%D9%86%D9%87-%D8%B3%D8%A7%D8%B2%DB%8C-%D8%A7%D8%B3%D8%AA%D9%88%D8%A7%D8%B1-%D9%85%D8%A8%D8%AA%D9%86%DB%8C-%D8%A8%D8%B1-%D8%B3%D9%86%D8%A7%D8%B1%DB%8C/ HTTP/1.1" 200 89199 "-" "Mozilla/5.0 (Linux; Android 6.0.1; Nexus 5X Build/MMB29P) AppleWebKit/537.36 (KHTML, like Gecko) Chrome/136.0.7103.59 Mobile Safari/537.36 (compatible; Googlebot/2.1; +http://www.google.com/bot.html)"
66.249.64.132 - - [12/May/2025:18:42:20 +0330] "GET /wp-content/uploads/2022/11/pointer.svg HTTP/1.1" 200 1067 "https://optimyar.com/courses/%D8%A2%D9%85%D9%88%D8%B2%D8%B4-%D8%A8%D9%87%DB%8C%D9%86%D9%87-%D8%B3%D8%A7%D8%B2%DB%8C-%D8%A7%D8%B3%D8%AA%D9%88%D8%A7%D8%B1-%D9%85%D8%A8%D8%AA%D9%86%DB%8C-%D8%A8%D8%B1-%D8%B3%D9%86%D8%A7%D8%B1%DB%8C/" "Mozilla/5.0 (Linux; Android 6.0.1; Nexus 5X Build/MMB29P) AppleWebKit/537.36 (KHTML, like Gecko) Chrome/135.0.7049.114 Mobile Safari/537.36 (compatible; Googlebot/2.1; +http://www.google.com/bot.html)"
31.214.174.196 - - [12/May/2025:18:57:21 +0330] "POST /wp-cron.php?doing_wp_cron=1747063641.3909709453582763671875 HTTP/1.1" 200 20 "-" "WordPress/6.8.1; https://optimyar.com"
87.98.176.151 - - [12/May/2025:18:57:17 +0330] "POST /xmlrpc.php HTTP/1.1" 503 7616 "-" "Mozilla/5.0 (Windows NT 10.0; Win64; x64; rv:95.0) Gecko/20100101 Firefox/95.0"
57.141.0.14 - - [12/May/2025:18:54:06 +0330] "GET /index.html HTTP/2" 200 1925 "-" "meta-externalagent/1.1 (+https://developers.facebook.com/docs/sharing/webmasters/crawler)"
42.83.147.54 - - [12/May/2025:19:08:29 +0330] "GET / HTTP/1.1" 200 32579 "-" "Mozilla/5.0 (Windows NT 6.1; Win64; x64) AppleWebKit/537.36 (KHTML, like Gecko)Chrome/74.0.3729.169 Safari/537.36"
156.228.110.85 - - [12/May/2025:19:12:29 +0330] "GET /vendor/phpunit/phpunit/src/Util/PHP/ HTTP/1.1" 404 15368 "-" "Mozilla/5.0 (Windows NT 10.0; Win64; x64) AppleWebKit/537.36 (KHTML, like Gecko) Chrome/106.0.0.0 Safari/537.36"
156.228.110.85 - - [12/May/2025:19:12:34 +0330] "GET /wp-login.php HTTP/1.1" 302 20 "-" "Mozilla/5.0 (Windows NT 10.0; Win64; x64) AppleWebKit/537.36 (KHTML, like Gecko) Chrome/106.0.0.0 Safari/537.36"
156.228.110.85 - - [12/May/2025:19:12:36 +0330] "GET /not-found HTTP/1.1" 301 20 "-" "Mozilla/5.0 (Windows NT 10.0; Win64; x64) AppleWebKit/537.36 (KHTML, like Gecko) Chrome/106.0.0.0 Safari/537.36"
156.228.110.85 - - [12/May/2025:19:12:38 +0330] "GET /not-found/ HTTP/1.1" 404 15810 "-" "Mozilla/5.0 (Windows NT 10.0; Win64; x64) AppleWebKit/537.36 (KHTML, like Gecko) Chrome/106.0.0.0 Safari/537.36"
57.141.0.27 - - [12/May/2025:19:14:10 +0330] "GET / HTTP/2" 200 279171 "-" "meta-externalagent/1.1 (+https://developers.facebook.com/docs/sharing/webmasters/crawler)"
91.194.160.11 - - [12/May/2025:19:05:51 +0330] "GET / HTTP/1.1" 200 279171 "-" "Mozilla/5.0 (Windows NT 10.0; WOW64; rv:47.0) Gecko/20100101 Firefox/47.0"
156.228.110.85 - - [12/May/2025:19:12:24 +0330] "GET /vendor/phpunit/phpunit/LICENSE HTTP/1.1" 404 15368 "-" "Mozilla/5.0 (Windows NT 10.0; Win64; x64) AppleWebKit/537.36 (KHTML, like Gecko) Chrome/106.0.0.0 Safari/537.36"
57.141.0.28 - - [12/May/2025:19:13:59 +0330] "GET / HTTP/2" 301 0 "-" "meta-externalagent/1.1 (+https://developers.facebook.com/docs/sharing/webmasters/crawler)"
31.214.174.196 - - [12/May/2025:19:24:08 +0330] "POST /wp-cron.php?doing_wp_cron=1747065248.3963010311126708984375 HTTP/1.1" 200 20 "-" "WordPress/6.8.1; https://optimyar.com"
43.152.72.247 - - [12/May/2025:19:24:06 +0330] "GET / HTTP/1.1" 200 32580 "http://www.optimyar.com" "Mozilla/5.0 (iPhone; CPU iPhone OS 13_2_3 like Mac OS X) AppleWebKit/605.1.15 (KHTML, like Gecko) Version/13.0.3 Mobile/15E148 Safari/604.1"
178.20.45.182 - - [12/May/2025:19:27:51 +0330] "GET / HTTP/1.0" 200 279171 "https://optimyar.com/" "Mozilla/5.0 (Windows NT 10.0; Win64; x64) AppleWebKit/537.36 (KHTML, like Gecko) Chrome/131.0.0.0 Safari/537.36 Avast/131.0.0.0"
135.181.59.162 - - [12/May/2025:19:25:21 +0330] "POST /xmlrpc.php HTTP/1.1" 503 7616 "-" "Mozilla/5.0 (Windows NT 10.0; Win64; x64; rv:44.0) Gecko/20100101 Firefox/44.0"
31.214.174.196 - - [12/May/2025:19:27:53 +0330] "POST /wp-cron.php?doing_wp_cron=1747065473.3408639430999755859375 HTTP/1.1" 200 20 "-" "WordPress/6.8.1; https://optimyar.com"
57.141.0.19 - - [12/May/2025:19:37:37 +0330] "GET /index.html HTTP/2" 200 1925 "-" "meta-externalagent/1.1 (+https://developers.facebook.com/docs/sharing/webmasters/crawler)"
31.214.174.196 - - [12/May/2025:19:52:22 +0330] "POST /wp-cron.php?doing_wp_cron=1747066942.4700639247894287109375 HTTP/1.1" 200 20 "-" "WordPress/6.8.1; https://optimyar.com"
31.214.174.196 - - [12/May/2025:20:06:16 +0330] "POST /wp-cron.php?doing_wp_cron=1747067776.1330161094665527343750 HTTP/1.1" 200 20 "-" "WordPress/6.8.1; https://optimyar.com"
164.68.102.93 - - [12/May/2025:20:06:27 +0330] "GET /wp-content/themes/hello_dolly_v2.php HTTP/1.1" 404 15369 "www.google.com" "Mozilla/5.0 (Linux; Android 7.0; SM-G892A Build/NRD90M; wv) AppleWebKit/537.36 (KHTML, like Gecko) Version/4.0 Chrome/60.0.3112.107 Mobile Safari/537.36"
83.197.123.91 - - [12/May/2025:19:52:19 +0330] "POST /xmlrpc.php HTTP/1.1" 503 7617 "-" "Mozilla/5.0 (Windows NT 10.0; Win64; x64; rv:72.0) Gecko/20100101 Firefox/72.0"
94.103.90.150 - - [12/May/2025:19:55:33 +0330] "GET / HTTP/1.0" 200 279171 "https://optimyar.com/" "Mozilla/5.0 (Windows NT 10.0; Win64; x64) AppleWebKit/537.36 (KHTML, like Gecko) Chrome/130.0.0.0 Safari/537.36 CCleaner/130.0.0.0"
161.216.164.2 - - [12/May/2025:19:55:45 +0330] "GET / HTTP/2" 200 0 "-" "Mozilla/5.0 (iPhone; CPU iPhone OS 18_4_1 like Mac OS X) AppleWebKit/605.1.15 (KHTML, like Gecko) Version/18.4.1 Mobile/22E252 Safari/604.1"
164.68.102.93 - - [12/May/2025:20:06:13 +0330] "GET /wp-content/plugins/HelloDollyV2/hello_dolly_v2.php HTTP/1.1" 404 15369 "www.google.com" "Mozilla/5.0 (Linux; Android 7.0; SM-G892A Build/NRD90M; wv) AppleWebKit/537.36 (KHTML, like Gecko) Version/4.0 Chrome/60.0.3112.107 Mobile Safari/537.36"
164.68.102.93 - - [12/May/2025:20:06:37 +0330] "GET /wp-content/themes/include.php HTTP/1.1" 404 15369 "www.google.com" "Mozilla/5.0 (Linux; Android 7.0; SM-G892A Build/NRD90M; wv) AppleWebKit/537.36 (KHTML, like Gecko) Version/4.0 Chrome/60.0.3112.107 Mobile Safari/537.36"
164.68.102.93 - - [12/May/2025:20:06:53 +0330] "GET /style.php HTTP/1.1" 404 15319 "www.google.com" "Mozilla/5.0 (Linux; Android 7.0; SM-G892A Build/NRD90M; wv) AppleWebKit/537.36 (KHTML, like Gecko) Version/4.0 Chrome/60.0.3112.107 Mobile Safari/537.36"
18.246.48.65 - - [12/May/2025:20:07:56 +0330] "GET /robots.txt HTTP/2" 200 123 "-" "Mozilla/5.0 (compatible; wpbot/1.3; +https://forms.gle/ajBaxygz9jSR8p8G9)"
31.214.174.196 - - [12/May/2025:20:07:57 +0330] "POST /?wordfence_syncAttackData=1747067877.9045 HTTP/1.1" 200 20 "-" "WordPress/6.8.1; https://optimyar.com"
18.246.48.65 - - [12/May/2025:20:07:59 +0330] "GET / HTTP/2" 301 20 "-" "Mozilla/5.0 (compatible; wpbot/1.3; +https://forms.gle/ajBaxygz9jSR8p8G9)"
18.246.48.65 - - [12/May/2025:20:08:02 +0330] "GET / HTTP/2" 200 32579 "-" "Mozilla/5.0 (compatible; wpbot/1.3; +https://forms.gle/ajBaxygz9jSR8p8G9)"
31.214.174.196 - - [12/May/2025:20:13:12 +0330] "POST /wp-cron.php?doing_wp_cron=1747068192.4675960540771484375000 HTTP/1.1" 200 20 "-" "WordPress/6.8.1; https://optimyar.com"
74.125.208.98 - - [12/May/2025:20:13:10 +0330] "GET /.well-known/traffic-advice HTTP/1.1" 404 15318 "-" "Chrome Privacy Preserving Prefetch Proxy"
162.120.188.159 - - [12/May/2025:20:13:12 +0330] "GET /courses/robust-optimization-d99-all/ HTTP/2" 200 93624 "https://www.google.com/" "Mozilla/5.0 (Windows NT 10.0; Win64; x64) AppleWebKit/537.36 (KHTML, like Gecko) Chrome/136.0.0.0 Safari/537.36"
31.214.174.196 - - [12/May/2025:20:17:10 +0330] "POST /wp-cron.php?doing_wp_cron=1747068430.5233669281005859375000 HTTP/1.1" 200 20 "-" "WordPress/6.8.1; https://optimyar.com"
94.103.90.150 - - [12/May/2025:20:17:08 +0330] "GET / HTTP/1.0" 200 279171 "https://optimyar.com/" "Mozilla/5.0 (Windows NT 10.0; Win64; x64) AppleWebKit/537.36 (KHTML, like Gecko) Chrome/129.0.0.0 Safari/537.36"
104.248.193.188 - - [12/May/2025:20:19:58 +0330] "POST /xmlrpc.php HTTP/1.1" 503 7617 "-" "Mozilla/5.0 (Windows NT 10.0; Win64; x64; rv:42.0) Gecko/20100101 Firefox/42.0"
195.2.71.225 - - [12/May/2025:20:18:18 +0330] "GET / HTTP/1.0" 200 279171 "https://optimyar.com/" "Mozilla/5.0 (Windows NT 10.0; Win64; x64) AppleWebKit/537.36 (KHTML, like Gecko) Chrome/131.0.0.0 Safari/537.36 Avast/131.0.0.0"
31.214.174.196 - - [12/May/2025:20:34:30 +0330] "POST /wp-cron.php?doing_wp_cron=1747069470.3868730068206787109375 HTTP/1.1" 200 20 "-" "WordPress/6.8.1; https://optimyar.com"
66.249.64.128 - - [12/May/2025:20:34:39 +0330] "GET /wp-content/uploads/elementor/css/post-30564.css?ver=1746550767 HTTP/1.1" 200 529 "https://optimyar.com/elementskit-content/dynamic-content-widget-popup-9efa53f/" "Mozilla/5.0 (Linux; Android 6.0.1; Nexus 5X Build/MMB29P) AppleWebKit/537.36 (KHTML, like Gecko) Chrome/135.0.7049.114 Mobile Safari/537.36 (compatible; Googlebot/2.1; +http://www.google.com/bot.html)"
194.32.122.12 - - [12/May/2025:20:37:40 +0330] "GET / HTTP/1.0" 200 279171 "https://optimyar.com/" "Mozilla/5.0 (Windows NT 10.0; Win64; x64) AppleWebKit/537.36 (KHTML, like Gecko) Chrome/131.0.0.0 Safari/537.36 Avast/131.0.0.0"
194.32.122.12 - - [12/May/2025:20:37:48 +0330] "GET / HTTP/1.0" 200 279171 "https://optimyar.com/" "Mozilla/5.0 (Windows NT 10.0; Win64; x64) AppleWebKit/537.36 (KHTML, like Gecko) Chrome/131.0.0.0 Safari/537.36 Avast/131.0.0.0"
194.32.122.12 - - [12/May/2025:20:37:54 +0330] "GET / HTTP/1.0" 200 279171 "https://optimyar.com/" "Mozilla/5.0 (Windows NT 10.0; Win64; x64) AppleWebKit/537.36 (KHTML, like Gecko) Chrome/131.0.0.0 Safari/537.36 Avast/131.0.0.0"
66.249.64.132 - - [12/May/2025:20:34:28 +0330] "GET /elementskit-content/dynamic-content-widget-popup-9efa53f/ HTTP/1.1" 200 14696 "-" "Mozilla/5.0 (Linux; Android 6.0.1; Nexus 5X Build/MMB29P) AppleWebKit/537.36 (KHTML, like Gecko) Chrome/136.0.7103.59 Mobile Safari/537.36 (compatible; Googlebot/2.1; +http://www.google.com/bot.html)"
46.41.243.98 - - [12/May/2025:20:36:37 +0330] "GET /wp-content/uploads/2022/07/%D8%A2%D9%85%D9%88%D8%B2%D8%B4-%D8%A8%D9%87%DB%8C%D9%86%D9%87_%D8%B3%D8%A7%D8%B2%DB%8C_%DA%86%D9%86%D8%AF-%D9%87%D8%AF%D9%81%D9%87.png HTTP/2" 200 274744 "https://getliner.com/" "Mozilla/5.0 (Windows NT 10.0; Win64; x64) AppleWebKit/537.36 (KHTML, like Gecko) Chrome/136.0.0.0 Safari/537.36"
31.214.174.196 - - [12/May/2025:20:37:43 +0330] "POST /wp-cron.php?doing_wp_cron=1747069663.2123169898986816406250 HTTP/1.1" 200 20 "-" "WordPress/6.8.1; https://optimyar.com"
18.210.28.136 - - [12/May/2025:20:45:23 +0330] "POST /xmlrpc.php HTTP/1.1" 503 7617 "-" "Mozilla/5.0 (Windows NT 10.0; Win64; x64; rv:98.0) Gecko/20100101 Firefox/98.0"
31.214.174.196 - - [12/May/2025:20:46:58 +0330] "POST /wp-cron.php?doing_wp_cron=1747070218.8138630390167236328125 HTTP/1.1" 200 20 "-" "WordPress/6.8.1; https://optimyar.com"
178.20.44.82 - - [12/May/2025:20:46:56 +0330] "GET / HTTP/1.0" 200 279171 "https://optimyar.com/" "Mozilla/5.0 (Windows NT 10.0; Win64; x64) AppleWebKit/537.36 (KHTML, like Gecko) Chrome/129.0.0.0 Safari/537.36"
178.20.44.82 - - [12/May/2025:20:48:51 +0330] "GET / HTTP/1.0" 200 279171 "https://optimyar.com/" "Mozilla/5.0 (Windows NT 10.0; Win64; x64) AppleWebKit/537.36 (KHTML, like Gecko) Chrome/129.0.0.0 Safari/537.36"
74.125.208.110 - - [12/May/2025:20:52:32 +0330] "GET /courses/dteo-la/ HTTP/1.1" 200 38581 "-" "Mozilla/5.0 (Linux; Android 7.0; SM-G930V Build/NRD90M) AppleWebKit/537.36 (KHTML, like Gecko) Chrome/59.0.3071.125 Mobile Safari/537.36 (compatible; Google-Read-Aloud; +https://support.google.com/webmasters/answer/1061943)"
74.125.212.238 - - [12/May/2025:20:52:37 +0330] "GET /courses/dteo-la/ HTTP/1.1" 200 38580 "-" "Mozilla/5.0 (Linux; Android 7.0; SM-G930V Build/NRD90M) AppleWebKit/537.36 (KHTML, like Gecko) Chrome/59.0.3071.125 Mobile Safari/537.36 (compatible; Google-Read-Aloud; +https://support.google.com/webmasters/answer/1061943)"
74.125.212.238 - - [12/May/2025:20:52:41 +0330] "GET /wp-content/plugins/elementor/assets/css/widget-social-icons-rtl.min.css?ver=3.28.4 HTTP/1.1" 200 1069 "https://optimyar.com/courses/dteo-la/" "Mozilla/5.0 (Linux; Android 7.0; SM-G930V Build/NRD90M) AppleWebKit/537.36 (KHTML, like Gecko) Chrome/59.0.3071.125 Mobile Safari/537.36 (compatible; Google-Read-Aloud; +https://support.google.com/webmasters/answer/1061943)"
74.125.212.224 - - [12/May/2025:20:52:41 +0330] "GET /wp-content/plugins/elementor/assets/css/widget-spacer-rtl.min.css?ver=3.28.4 HTTP/1.1" 200 315 "https://optimyar.com/courses/dteo-la/" "Mozilla/5.0 (Linux; Android 7.0; SM-G930V Build/NRD90M) AppleWebKit/537.36 (KHTML, like Gecko) Chrome/59.0.3071.125 Mobile Safari/537.36 (compatible; Google-Read-Aloud; +https://support.google.com/webmasters/answer/1061943)"
74.125.212.224 - - [12/May/2025:20:52:41 +0330] "GET /wp-content/plugins/elementor/assets/css/widget-google_maps-rtl.min.css?ver=3.28.4 HTTP/1.1" 200 117 "https://optimyar.com/courses/dteo-la/" "Mozilla/5.0 (Linux; Android 7.0; SM-G930V Build/NRD90M) AppleWebKit/537.36 (KHTML, like Gecko) Chrome/59.0.3071.125 Mobile Safari/537.36 (compatible; Google-Read-Aloud; +https://support.google.com/webmasters/answer/1061943)"
74.125.212.224 - - [12/May/2025:20:52:41 +0330] "GET /wp-content/plugins/elementor-pro/assets/css/conditionals/popup.min.css?ver=3.28.3 HTTP/1.1" 200 328 "https://optimyar.com/courses/dteo-la/" "Mozilla/5.0 (Linux; Android 7.0; SM-G930V Build/NRD90M) AppleWebKit/537.36 (KHTML, like Gecko) Chrome/59.0.3071.125 Mobile Safari/537.36 (compatible; Google-Read-Aloud; +https://support.google.com/webmasters/answer/1061943)"
74.125.212.238 - - [12/May/2025:20:52:41 +0330] "GET /wp-content/themes/skelementor/style.css?ver=6.8.1 HTTP/1.1" 200 820 "https://optimyar.com/courses/dteo-la/" "Mozilla/5.0 (Linux; Android 7.0; SM-G930V Build/NRD90M) AppleWebKit/537.36 (KHTML, like Gecko) Chrome/59.0.3071.125 Mobile Safari/537.36 (compatible; Google-Read-Aloud; +https://support.google.com/webmasters/answer/1061943)"
74.125.212.238 - - [12/May/2025:20:52:41 +0330] "GET /wp-content/uploads/essential-addons-elementor/eael-35195.css?ver=1740260685 HTTP/1.1" 200 1753 "https://optimyar.com/courses/dteo-la/" "Mozilla/5.0 (Linux; Android 7.0; SM-G930V Build/NRD90M) AppleWebKit/537.36 (KHTML, like Gecko) Chrome/59.0.3071.125 Mobile Safari/537.36 (compatible; Google-Read-Aloud; +https://support.google.com/webmasters/answer/1061943)"
66.249.64.132 - - [12/May/2025:20:52:32 +0330] "GET /?o=212135084 HTTP/1.1" 200 32580 "-" "Mozilla/5.0 (Linux; Android 6.0.1; Nexus 5X Build/MMB29P) AppleWebKit/537.36 (KHTML, like Gecko) Chrome/136.0.7103.59 Mobile Safari/537.36 (compatible; Googlebot/2.1; +http://www.google.com/bot.html)"
74.125.212.238 - - [12/May/2025:20:52:38 +0330] "GET /courses/dteo-la/ HTTP/1.1" 200 38580 "-" "Mozilla/5.0 (Linux; Android 7.0; SM-G930V Build/NRD90M) AppleWebKit/537.36 (KHTML, like Gecko) Chrome/59.0.3071.125 Mobile Safari/537.36 (compatible; Google-Read-Aloud; +https://support.google.com/webmasters/answer/1061943)"
74.125.212.238 - - [12/May/2025:20:52:41 +0330] "GET /wp-content/plugins/elementor/assets/css/widget-icon-list-rtl.min.css?ver=3.28.4 HTTP/1.1" 200 952 "https://optimyar.com/courses/dteo-la/" "Mozilla/5.0 (Linux; Android 7.0; SM-G930V Build/NRD90M) AppleWebKit/537.36 (KHTML, like Gecko) Chrome/59.0.3071.125 Mobile Safari/537.36 (compatible; Google-Read-Aloud; +https://support.google.com/webmasters/answer/1061943)"
74.125.212.238 - - [12/May/2025:20:52:41 +0330] "GET /wp-content/plugins/elementor/assets/lib/eicons/css/elementor-icons.min.css?ver=5.36.0 HTTP/1.1" 200 3845 "https://optimyar.com/courses/dteo-la/" "Mozilla/5.0 (Linux; Android 7.0; SM-G930V Build/NRD90M) AppleWebKit/537.36 (KHTML, like Gecko) Chrome/59.0.3071.125 Mobile Safari/537.36 (compatible; Google-Read-Aloud; +https://support.google.com/webmasters/answer/1061943)"
74.125.212.224 - - [12/May/2025:20:52:41 +0330] "GET /wp-content/plugins/elementor-pro/assets/css/conditionals/popup.min.css?ver=3.28.3 HTTP/1.1" 200 328 "https://optimyar.com/courses/dteo-la/" "Mozilla/5.0 (Linux; Android 7.0; SM-G930V Build/NRD90M) AppleWebKit/537.36 (KHTML, like Gecko) Chrome/59.0.3071.125 Mobile Safari/537.36 (compatible; Google-Read-Aloud; +https://support.google.com/webmasters/answer/1061943)"
74.125.212.224 - - [12/May/2025:20:52:41 +0330] "GET /wp-content/plugins/elementor/assets/css/widget-heading-rtl.min.css?ver=3.28.4 HTTP/1.1" 200 154 "https://optimyar.com/courses/dteo-la/" "Mozilla/5.0 (Linux; Android 7.0; SM-G930V Build/NRD90M) AppleWebKit/537.36 (KHTML, like Gecko) Chrome/59.0.3071.125 Mobile Safari/537.36 (compatible; Google-Read-Aloud; +https://support.google.com/webmasters/answer/1061943)"
74.125.212.238 - - [12/May/2025:20:52:41 +0330] "GET /wp-content/plugins/elementor-pro/assets/css/widget-form-rtl.min.css?ver=3.28.3 HTTP/1.1" 200 1409 "https://optimyar.com/courses/dteo-la/" "Mozilla/5.0 (Linux; Android 7.0; SM-G930V Build/NRD90M) AppleWebKit/537.36 (KHTML, like Gecko) Chrome/59.0.3071.125 Mobile Safari/537.36 (compatible; Google-Read-Aloud; +https://support.google.com/webmasters/answer/1061943)"
74.125.212.225 - - [12/May/2025:20:52:41 +0330] "GET /wp-content/plugins/elementor/assets/css/frontend-rtl.min.css?ver=3.28.4 HTTP/1.1" 200 6454 "https://optimyar.com/courses/dteo-la/" "Mozilla/5.0 (Linux; Android 7.0; SM-G930V Build/NRD90M) AppleWebKit/537.36 (KHTML, like Gecko) Chrome/59.0.3071.125 Mobile Safari/537.36 (compatible; Google-Read-Aloud; +https://support.google.com/webmasters/answer/1061943)"
74.125.212.225 - - [12/May/2025:20:52:41 +0330] "GET /wp-content/plugins/elementor/assets/css/widget-spacer-rtl.min.css?ver=3.28.4 HTTP/1.1" 200 315 "https://optimyar.com/courses/dteo-la/" "Mozilla/5.0 (Linux; Android 7.0; SM-G930V Build/NRD90M) AppleWebKit/537.36 (KHTML, like Gecko) Chrome/59.0.3071.125 Mobile Safari/537.36 (compatible; Google-Read-Aloud; +https://support.google.com/webmasters/answer/1061943)"
74.125.212.238 - - [12/May/2025:20:52:41 +0330] "GET /wp-content/plugins/essential-addons-for-elementor-lite/assets/front-end/css/view/general.min.css?ver=6.1.11 HTTP/1.1" 200 1365 "https://optimyar.com/courses/dteo-la/" "Mozilla/5.0 (Linux; Android 7.0; SM-G930V Build/NRD90M) AppleWebKit/537.36 (KHTML, like Gecko) Chrome/59.0.3071.125 Mobile Safari/537.36 (compatible; Google-Read-Aloud; +https://support.google.com/webmasters/answer/1061943)"
74.125.212.225 - - [12/May/2025:20:52:41 +0330] "GET /wp-content/plugins/elementor-pro/assets/css/widget-nav-menu-rtl.min.css?ver=3.28.3 HTTP/1.1" 200 3178 "https://optimyar.com/courses/dteo-la/" "Mozilla/5.0 (Linux; Android 7.0; SM-G930V Build/NRD90M) AppleWebKit/537.36 (KHTML, like Gecko) Chrome/59.0.3071.125 Mobile Safari/537.36 (compatible; Google-Read-Aloud; +https://support.google.com/webmasters/answer/1061943)"
74.125.212.224 - - [12/May/2025:20:52:41 +0330] "GET /wp-content/plugins/wpdiscuz/assets/css/wpdiscuz-combo-no_quill.min.css?ver=6.8.1 HTTP/1.1" 200 3127 "https://optimyar.com/courses/dteo-la/" "Mozilla/5.0 (Linux; Android 7.0; SM-G930V Build/NRD90M) AppleWebKit/537.36 (KHTML, like Gecko) Chrome/59.0.3071.125 Mobile Safari/537.36 (compatible; Google-Read-Aloud; +https://support.google.com/webmasters/answer/1061943)"
74.125.212.225 - - [12/May/2025:20:52:41 +0330] "GET /wp-content/plugins/elementor/assets/css/widget-google_maps-rtl.min.css?ver=3.28.4 HTTP/1.1" 200 117 "https://optimyar.com/courses/dteo-la/" "Mozilla/5.0 (Linux; Android 7.0; SM-G930V Build/NRD90M) AppleWebKit/537.36 (KHTML, like Gecko) Chrome/59.0.3071.125 Mobile Safari/537.36 (compatible; Google-Read-Aloud; +https://support.google.com/webmasters/answer/1061943)"
74.125.212.238 - - [12/May/2025:20:52:41 +0330] "GET /wp-content/plugins/elementor/assets/css/widget-image-rtl.min.css?ver=3.28.4 HTTP/1.1" 200 119 "https://optimyar.com/courses/dteo-la/" "Mozilla/5.0 (Linux; Android 7.0; SM-G930V Build/NRD90M) AppleWebKit/537.36 (KHTML, like Gecko) Chrome/59.0.3071.125 Mobile Safari/537.36 (compatible; Google-Read-Aloud; +https://support.google.com/webmasters/answer/1061943)"
74.125.212.225 - - [12/May/2025:20:52:41 +0330] "GET /wp-content/plugins/elementor/assets/css/frontend-rtl.min.css?ver=3.28.4 HTTP/1.1" 200 6454 "https://optimyar.com/courses/dteo-la/" "Mozilla/5.0 (Linux; Android 7.0; SM-G930V Build/NRD90M) AppleWebKit/537.36 (KHTML, like Gecko) Chrome/59.0.3071.125 Mobile Safari/537.36 (compatible; Google-Read-Aloud; +https://support.google.com/webmasters/answer/1061943)"
74.125.212.238 - - [12/May/2025:20:52:41 +0330] "GET /wp-content/plugins/persian-elementor/includes/icons/efaicons/style.css?ver=2.13.9 HTTP/1.1" 200 706 "https://optimyar.com/courses/dteo-la/" "Mozilla/5.0 (Linux; Android 7.0; SM-G930V Build/NRD90M) AppleWebKit/537.36 (KHTML, like Gecko) Chrome/59.0.3071.125 Mobile Safari/537.36 (compatible; Google-Read-Aloud; +https://support.google.com/webmasters/answer/1061943)"
74.125.212.224 - - [12/May/2025:20:52:41 +0330] "GET /wp-content/plugins/elementor/assets/css/widget-icon-list-rtl.min.css?ver=3.28.4 HTTP/1.1" 200 952 "https://optimyar.com/courses/dteo-la/" "Mozilla/5.0 (Linux; Android 7.0; SM-G930V Build/NRD90M) AppleWebKit/537.36 (KHTML, like Gecko) Chrome/59.0.3071.125 Mobile Safari/537.36 (compatible; Google-Read-Aloud; +https://support.google.com/webmasters/answer/1061943)"
74.125.212.225 - - [12/May/2025:20:52:41 +0330] "GET /wp-content/plugins/elementor-pro/assets/css/widget-nav-menu-rtl.min.css?ver=3.28.3 HTTP/1.1" 200 3178 "https://optimyar.com/courses/dteo-la/" "Mozilla/5.0 (Linux; Android 7.0; SM-G930V Build/NRD90M) AppleWebKit/537.36 (KHTML, like Gecko) Chrome/59.0.3071.125 Mobile Safari/537.36 (compatible; Google-Read-Aloud; +https://support.google.com/webmasters/answer/1061943)"
74.125.212.224 - - [12/May/2025:20:52:41 +0330] "GET /wp-content/plugins/wpdiscuz/assets/third-party/font-awesome-5.13.0/css/fa.min.css?ver=7.6.29 HTTP/1.1" 200 2350 "https://optimyar.com/courses/dteo-la/" "Mozilla/5.0 (Linux; Android 7.0; SM-G930V Build/NRD90M) AppleWebKit/537.36 (KHTML, like Gecko) Chrome/59.0.3071.125 Mobile Safari/537.36 (compatible; Google-Read-Aloud; +https://support.google.com/webmasters/answer/1061943)"
74.125.212.224 - - [12/May/2025:20:52:41 +0330] "GET /wp-content/plugins/wpdiscuz/themes/default/style-rtl.css?ver=7.6.29 HTTP/1.1" 200 18873 "https://optimyar.com/courses/dteo-la/" "Mozilla/5.0 (Linux; Android 7.0; SM-G930V Build/NRD90M) AppleWebKit/537.36 (KHTML, like Gecko) Chrome/59.0.3071.125 Mobile Safari/537.36 (compatible; Google-Read-Aloud; +https://support.google.com/webmasters/answer/1061943)"
74.125.212.225 - - [12/May/2025:20:52:41 +0330] "GET /wp-content/plugins/elementor/assets/css/conditionals/apple-webkit.min.css?ver=3.28.4 HTTP/1.1" 200 472 "https://optimyar.com/courses/dteo-la/" "Mozilla/5.0 (Linux; Android 7.0; SM-G930V Build/NRD90M) AppleWebKit/537.36 (KHTML, like Gecko) Chrome/59.0.3071.125 Mobile Safari/537.36 (compatible; Google-Read-Aloud; +https://support.google.com/webmasters/answer/1061943)"
74.125.212.238 - - [12/May/2025:20:52:41 +0330] "GET /wp-content/uploads/essential-addons-elementor/eael-35195.css?ver=1740260685 HTTP/1.1" 200 1753 "https://optimyar.com/courses/dteo-la/" "Mozilla/5.0 (Linux; Android 7.0; SM-G930V Build/NRD90M) AppleWebKit/537.36 (KHTML, like Gecko) Chrome/59.0.3071.125 Mobile Safari/537.36 (compatible; Google-Read-Aloud; +https://support.google.com/webmasters/answer/1061943)"
74.125.212.224 - - [12/May/2025:20:52:41 +0330] "GET /wp-content/plugins/wpdiscuz/themes/default/style-rtl.css?ver=7.6.29 HTTP/1.1" 200 18873 "https://optimyar.com/courses/dteo-la/" "Mozilla/5.0 (Linux; Android 7.0; SM-G930V Build/NRD90M) AppleWebKit/537.36 (KHTML, like Gecko) Chrome/59.0.3071.125 Mobile Safari/537.36 (compatible; Google-Read-Aloud; +https://support.google.com/webmasters/answer/1061943)"
74.125.212.225 - - [12/May/2025:20:52:41 +0330] "GET /wp-content/plugins/wpdiscuz/assets/css/wpdiscuz-combo-no_quill.min.css?ver=6.8.1 HTTP/1.1" 200 3127 "https://optimyar.com/courses/dteo-la/" "Mozilla/5.0 (Linux; Android 7.0; SM-G930V Build/NRD90M) AppleWebKit/537.36 (KHTML, like Gecko) Chrome/59.0.3071.125 Mobile Safari/537.36 (compatible; Google-Read-Aloud; +https://support.google.com/webmasters/answer/1061943)"
74.125.212.238 - - [12/May/2025:20:52:41 +0330] "GET /wp-content/plugins/elementor/assets/lib/animations/styles/e-animation-grow.min.css?ver=3.28.4 HTTP/1.1" 200 198 "https://optimyar.com/courses/dteo-la/" "Mozilla/5.0 (Linux; Android 7.0; SM-G930V Build/NRD90M) AppleWebKit/537.36 (KHTML, like Gecko) Chrome/59.0.3071.125 Mobile Safari/537.36 (compatible; Google-Read-Aloud; +https://support.google.com/webmasters/answer/1061943)"
74.125.212.225 - - [12/May/2025:20:52:41 +0330] "GET /wp-content/plugins/elementor-pro/assets/css/modules/sticky.min.css?ver=3.28.3 HTTP/1.1" 200 162 "https://optimyar.com/courses/dteo-la/" "Mozilla/5.0 (Linux; Android 7.0; SM-G930V Build/NRD90M) AppleWebKit/537.36 (KHTML, like Gecko) Chrome/59.0.3071.125 Mobile Safari/537.36 (compatible; Google-Read-Aloud; +https://support.google.com/webmasters/answer/1061943)"
74.125.212.224 - - [12/May/2025:20:52:41 +0330] "GET /wp-content/plugins/elementor/assets/css/widget-heading-rtl.min.css?ver=3.28.4 HTTP/1.1" 200 154 "https://optimyar.com/courses/dteo-la/" "Mozilla/5.0 (Linux; Android 7.0; SM-G930V Build/NRD90M) AppleWebKit/537.36 (KHTML, like Gecko) Chrome/59.0.3071.125 Mobile Safari/537.36 (compatible; Google-Read-Aloud; +https://support.google.com/webmasters/answer/1061943)"
74.125.212.238 - - [12/May/2025:20:52:41 +0330] "GET /wp-content/plugins/elementor/assets/css/widget-social-icons-rtl.min.css?ver=3.28.4 HTTP/1.1" 200 1069 "https://optimyar.com/courses/dteo-la/" "Mozilla/5.0 (Linux; Android 7.0; SM-G930V Build/NRD90M) AppleWebKit/537.36 (KHTML, like Gecko) Chrome/59.0.3071.125 Mobile Safari/537.36 (compatible; Google-Read-Aloud; +https://support.google.com/webmasters/answer/1061943)"
74.125.212.224 - - [12/May/2025:20:52:41 +0330] "GET /wp-content/plugins/elementor/assets/lib/animations/styles/e-animation-grow.min.css?ver=3.28.4 HTTP/1.1" 200 198 "https://optimyar.com/courses/dteo-la/" "Mozilla/5.0 (Linux; Android 7.0; SM-G930V Build/NRD90M) AppleWebKit/537.36 (KHTML, like Gecko) Chrome/59.0.3071.125 Mobile Safari/537.36 (compatible; Google-Read-Aloud; +https://support.google.com/webmasters/answer/1061943)"
74.125.212.224 - - [12/May/2025:20:52:41 +0330] "GET /wp-content/themes/skelementor/style.css?ver=6.8.1 HTTP/1.1" 200 820 "https://optimyar.com/courses/dteo-la/" "Mozilla/5.0 (Linux; Android 7.0; SM-G930V Build/NRD90M) AppleWebKit/537.36 (KHTML, like Gecko) Chrome/59.0.3071.125 Mobile Safari/537.36 (compatible; Google-Read-Aloud; +https://support.google.com/webmasters/answer/1061943)"
74.125.212.225 - - [12/May/2025:20:52:41 +0330] "GET /wp-content/plugins/wpdiscuz/assets/third-party/font-awesome-5.13.0/css/fa.min.css?ver=7.6.29 HTTP/1.1" 200 2350 "https://optimyar.com/courses/dteo-la/" "Mozilla/5.0 (Linux; Android 7.0; SM-G930V Build/NRD90M) AppleWebKit/537.36 (KHTML, like Gecko) Chrome/59.0.3071.125 Mobile Safari/537.36 (compatible; Google-Read-Aloud; +https://support.google.com/webmasters/answer/1061943)"
74.125.212.225 - - [12/May/2025:20:52:41 +0330] "GET /wp-content/plugins/persian-elementor/includes/icons/efaicons/style.css?ver=2.13.9 HTTP/1.1" 200 706 "https://optimyar.com/courses/dteo-la/" "Mozilla/5.0 (Linux; Android 7.0; SM-G930V Build/NRD90M) AppleWebKit/537.36 (KHTML, like Gecko) Chrome/59.0.3071.125 Mobile Safari/537.36 (compatible; Google-Read-Aloud; +https://support.google.com/webmasters/answer/1061943)"
74.125.212.238 - - [12/May/2025:20:52:41 +0330] "GET /wp-content/plugins/elementor-pro/assets/css/modules/sticky.min.css?ver=3.28.3 HTTP/1.1" 200 162 "https://optimyar.com/courses/dteo-la/" "Mozilla/5.0 (Linux; Android 7.0; SM-G930V Build/NRD90M) AppleWebKit/537.36 (KHTML, like Gecko) Chrome/59.0.3071.125 Mobile Safari/537.36 (compatible; Google-Read-Aloud; +https://support.google.com/webmasters/answer/1061943)"
74.125.212.224 - - [12/May/2025:20:52:41 +0330] "GET /wp-content/plugins/elementor-pro/assets/css/widget-form-rtl.min.css?ver=3.28.3 HTTP/1.1" 200 1409 "https://optimyar.com/courses/dteo-la/" "Mozilla/5.0 (Linux; Android 7.0; SM-G930V Build/NRD90M) AppleWebKit/537.36 (KHTML, like Gecko) Chrome/59.0.3071.125 Mobile Safari/537.36 (compatible; Google-Read-Aloud; +https://support.google.com/webmasters/answer/1061943)"
74.125.212.238 - - [12/May/2025:20:52:41 +0330] "GET /wp-content/plugins/persian-elementor/assets/css/font.css?ver=2.13.9 HTTP/1.1" 200 1874 "https://optimyar.com/courses/dteo-la/" "Mozilla/5.0 (Linux; Android 7.0; SM-G930V Build/NRD90M) AppleWebKit/537.36 (KHTML, like Gecko) Chrome/59.0.3071.125 Mobile Safari/537.36 (compatible; Google-Read-Aloud; +https://support.google.com/webmasters/answer/1061943)"
74.125.212.225 - - [12/May/2025:20:52:41 +0330] "GET /wp-content/uploads/elementor/css/custom-jet-blocks-rtl.css?ver=1.3.18 HTTP/1.1" 200 5344 "https://optimyar.com/courses/dteo-la/" "Mozilla/5.0 (Linux; Android 7.0; SM-G930V Build/NRD90M) AppleWebKit/537.36 (KHTML, like Gecko) Chrome/59.0.3071.125 Mobile Safari/537.36 (compatible; Google-Read-Aloud; +https://support.google.com/webmasters/answer/1061943)"
74.125.212.224 - - [12/May/2025:20:52:41 +0330] "GET /wp-content/uploads/elementor/css/custom-jet-blocks-rtl.css?ver=1.3.18 HTTP/1.1" 200 5344 "https://optimyar.com/courses/dteo-la/" "Mozilla/5.0 (Linux; Android 7.0; SM-G930V Build/NRD90M) AppleWebKit/537.36 (KHTML, like Gecko) Chrome/59.0.3071.125 Mobile Safari/537.36 (compatible; Google-Read-Aloud; +https://support.google.com/webmasters/answer/1061943)"
74.125.212.238 - - [12/May/2025:20:52:41 +0330] "GET /wp-content/plugins/elementor/assets/css/conditionals/apple-webkit.min.css?ver=3.28.4 HTTP/1.1" 200 472 "https://optimyar.com/courses/dteo-la/" "Mozilla/5.0 (Linux; Android 7.0; SM-G930V Build/NRD90M) AppleWebKit/537.36 (KHTML, like Gecko) Chrome/59.0.3071.125 Mobile Safari/537.36 (compatible; Google-Read-Aloud; +https://support.google.com/webmasters/answer/1061943)"
74.125.212.238 - - [12/May/2025:20:52:41 +0330] "GET /wp-content/plugins/essential-addons-for-elementor-lite/assets/front-end/css/view/general.min.css?ver=6.1.11 HTTP/1.1" 200 1365 "https://optimyar.com/courses/dteo-la/" "Mozilla/5.0 (Linux; Android 7.0; SM-G930V Build/NRD90M) AppleWebKit/537.36 (KHTML, like Gecko) Chrome/59.0.3071.125 Mobile Safari/537.36 (compatible; Google-Read-Aloud; +https://support.google.com/webmasters/answer/1061943)"
74.125.212.225 - - [12/May/2025:20:52:41 +0330] "GET /wp-content/plugins/elementor/assets/css/widget-image-rtl.min.css?ver=3.28.4 HTTP/1.1" 200 119 "https://optimyar.com/courses/dteo-la/" "Mozilla/5.0 (Linux; Android 7.0; SM-G930V Build/NRD90M) AppleWebKit/537.36 (KHTML, like Gecko) Chrome/59.0.3071.125 Mobile Safari/537.36 (compatible; Google-Read-Aloud; +https://support.google.com/webmasters/answer/1061943)"
74.125.212.238 - - [12/May/2025:20:52:41 +0330] "GET /wp-content/plugins/jet-tabs/assets/css/jet-tabs-frontend.css?ver=2.2.8 HTTP/1.1" 200 3769 "https://optimyar.com/courses/dteo-la/" "Mozilla/5.0 (Linux; Android 7.0; SM-G930V Build/NRD90M) AppleWebKit/537.36 (KHTML, like Gecko) Chrome/59.0.3071.125 Mobile Safari/537.36 (compatible; Google-Read-Aloud; +https://support.google.com/webmasters/answer/1061943)"
74.125.212.238 - - [12/May/2025:20:52:41 +0330] "GET /wp-content/plugins/persian-elementor/assets/css/font.css?ver=2.13.9 HTTP/1.1" 200 1874 "https://optimyar.com/courses/dteo-la/" "Mozilla/5.0 (Linux; Android 7.0; SM-G930V Build/NRD90M) AppleWebKit/537.36 (KHTML, like Gecko) Chrome/59.0.3071.125 Mobile Safari/537.36 (compatible; Google-Read-Aloud; +https://support.google.com/webmasters/answer/1061943)"
74.125.212.238 - - [12/May/2025:20:52:42 +0330] "GET /wp-content/plugins/elementor-extras/assets/lib/nicons/css/nicons.css?ver=2.2.52 HTTP/1.1" 200 1153 "https://optimyar.com/courses/dteo-la/" "Mozilla/5.0 (Linux; Android 7.0; SM-G930V Build/NRD90M) AppleWebKit/537.36 (KHTML, like Gecko) Chrome/59.0.3071.125 Mobile Safari/537.36 (compatible; Google-Read-Aloud; +https://support.google.com/webmasters/answer/1061943)"
74.125.212.225 - - [12/May/2025:20:52:42 +0330] "GET /wp-content/plugins/jet-tabs/assets/css/jet-tabs-frontend.css?ver=2.2.8 HTTP/1.1" 200 3769 "https://optimyar.com/courses/dteo-la/" "Mozilla/5.0 (Linux; Android 7.0; SM-G930V Build/NRD90M) AppleWebKit/537.36 (KHTML, like Gecko) Chrome/59.0.3071.125 Mobile Safari/537.36 (compatible; Google-Read-Aloud; +https://support.google.com/webmasters/answer/1061943)"
74.125.212.225 - - [12/May/2025:20:52:42 +0330] "GET /wp-content/plugins/elementor-extras/assets/css/frontend-rtl.min.css?ver=2.2.52 HTTP/1.1" 200 23590 "https://optimyar.com/courses/dteo-la/" "Mozilla/5.0 (Linux; Android 7.0; SM-G930V Build/NRD90M) AppleWebKit/537.36 (KHTML, like Gecko) Chrome/59.0.3071.125 Mobile Safari/537.36 (compatible; Google-Read-Aloud; +https://support.google.com/webmasters/answer/1061943)"
74.125.212.238 - - [12/May/2025:20:52:42 +0330] "GET /wp-content/plugins/elementor/assets/lib/font-awesome/css/v4-shims.min.css?ver=3.28.4 HTTP/1.1" 200 3987 "https://optimyar.com/courses/dteo-la/" "Mozilla/5.0 (Linux; Android 7.0; SM-G930V Build/NRD90M) AppleWebKit/537.36 (KHTML, like Gecko) Chrome/59.0.3071.125 Mobile Safari/537.36 (compatible; Google-Read-Aloud; +https://support.google.com/webmasters/answer/1061943)"
74.125.212.224 - - [12/May/2025:20:52:42 +0330] "GET /wp-content/plugins/elementor/assets/css/widget-divider-rtl.min.css?ver=3.28.4 HTTP/1.1" 200 707 "https://optimyar.com/courses/dteo-la/" "Mozilla/5.0 (Linux; Android 7.0; SM-G930V Build/NRD90M) AppleWebKit/537.36 (KHTML, like Gecko) Chrome/59.0.3071.125 Mobile Safari/537.36 (compatible; Google-Read-Aloud; +https://support.google.com/webmasters/answer/1061943)"
74.125.212.225 - - [12/May/2025:20:52:42 +0330] "GET /wp-content/plugins/elementor/assets/lib/animations/styles/e-animation-bounce-in.min.css?ver=3.28.4 HTTP/1.1" 200 124 "https://optimyar.com/courses/dteo-la/" "Mozilla/5.0 (Linux; Android 7.0; SM-G930V Build/NRD90M) AppleWebKit/537.36 (KHTML, like Gecko) Chrome/59.0.3071.125 Mobile Safari/537.36 (compatible; Google-Read-Aloud; +https://support.google.com/webmasters/answer/1061943)"
74.125.212.225 - - [12/May/2025:20:52:42 +0330] "GET /wp-content/plugins/elementor/assets/lib/font-awesome/css/v4-shims.min.css?ver=3.28.4 HTTP/1.1" 200 3987 "https://optimyar.com/courses/dteo-la/" "Mozilla/5.0 (Linux; Android 7.0; SM-G930V Build/NRD90M) AppleWebKit/537.36 (KHTML, like Gecko) Chrome/59.0.3071.125 Mobile Safari/537.36 (compatible; Google-Read-Aloud; +https://support.google.com/webmasters/answer/1061943)"
74.125.212.238 - - [12/May/2025:20:52:42 +0330] "GET /wp-content/plugins/elementor/assets/lib/font-awesome/css/solid.min.css?ver=5.15.3 HTTP/1.1" 200 286 "https://optimyar.com/courses/dteo-la/" "Mozilla/5.0 (Linux; Android 7.0; SM-G930V Build/NRD90M) AppleWebKit/537.36 (KHTML, like Gecko) Chrome/59.0.3071.125 Mobile Safari/537.36 (compatible; Google-Read-Aloud; +https://support.google.com/webmasters/answer/1061943)"
74.125.212.224 - - [12/May/2025:20:52:42 +0330] "GET /wp-content/plugins/elementor/assets/lib/animations/styles/e-animation-bounce-in.min.css?ver=3.28.4 HTTP/1.1" 200 124 "https://optimyar.com/courses/dteo-la/" "Mozilla/5.0 (Linux; Android 7.0; SM-G930V Build/NRD90M) AppleWebKit/537.36 (KHTML, like Gecko) Chrome/59.0.3071.125 Mobile Safari/537.36 (compatible; Google-Read-Aloud; +https://support.google.com/webmasters/answer/1061943)"
74.125.212.238 - - [12/May/2025:20:52:42 +0330] "GET /wp-content/plugins/elementor-pro/assets/css/widget-share-buttons-rtl.min.css?ver=3.28.3 HTTP/1.1" 200 2110 "https://optimyar.com/courses/dteo-la/" "Mozilla/5.0 (Linux; Android 7.0; SM-G930V Build/NRD90M) AppleWebKit/537.36 (KHTML, like Gecko) Chrome/59.0.3071.125 Mobile Safari/537.36 (compatible; Google-Read-Aloud; +https://support.google.com/webmasters/answer/1061943)"
74.125.212.225 - - [12/May/2025:20:52:42 +0330] "GET /wp-content/plugins/elementor/assets/lib/font-awesome/css/fontawesome.min.css?ver=5.15.3 HTTP/1.1" 200 12164 "https://optimyar.com/courses/dteo-la/" "Mozilla/5.0 (Linux; Android 7.0; SM-G930V Build/NRD90M) AppleWebKit/537.36 (KHTML, like Gecko) Chrome/59.0.3071.125 Mobile Safari/537.36 (compatible; Google-Read-Aloud; +https://support.google.com/webmasters/answer/1061943)"
74.125.212.238 - - [12/May/2025:20:52:42 +0330] "GET /wp-content/uploads/elementor/css/post-171.css?ver=1745850396 HTTP/1.1" 200 4940 "https://optimyar.com/courses/dteo-la/" "Mozilla/5.0 (Linux; Android 7.0; SM-G930V Build/NRD90M) AppleWebKit/537.36 (KHTML, like Gecko) Chrome/59.0.3071.125 Mobile Safari/537.36 (compatible; Google-Read-Aloud; +https://support.google.com/webmasters/answer/1061943)"
74.125.212.238 - - [12/May/2025:20:52:42 +0330] "GET /wp-content/uploads/elementor/css/post-26457.css?ver=1745850396 HTTP/1.1" 200 1000 "https://optimyar.com/courses/dteo-la/" "Mozilla/5.0 (Linux; Android 7.0; SM-G930V Build/NRD90M) AppleWebKit/537.36 (KHTML, like Gecko) Chrome/59.0.3071.125 Mobile Safari/537.36 (compatible; Google-Read-Aloud; +https://support.google.com/webmasters/answer/1061943)"
74.125.212.224 - - [12/May/2025:20:52:42 +0330] "GET /wp-content/plugins/elementor/assets/lib/font-awesome/css/all.min.css?ver=3.28.4 HTTP/1.1" 200 12380 "https://optimyar.com/courses/dteo-la/" "Mozilla/5.0 (Linux; Android 7.0; SM-G930V Build/NRD90M) AppleWebKit/537.36 (KHTML, like Gecko) Chrome/59.0.3071.125 Mobile Safari/537.36 (compatible; Google-Read-Aloud; +https://support.google.com/webmasters/answer/1061943)"
74.125.212.238 - - [12/May/2025:20:52:42 +0330] "GET /wp-content/plugins/elementor/assets/lib/font-awesome/css/all.min.css?ver=3.28.4 HTTP/1.1" 200 12380 "https://optimyar.com/courses/dteo-la/" "Mozilla/5.0 (Linux; Android 7.0; SM-G930V Build/NRD90M) AppleWebKit/537.36 (KHTML, like Gecko) Chrome/59.0.3071.125 Mobile Safari/537.36 (compatible; Google-Read-Aloud; +https://support.google.com/webmasters/answer/1061943)"
74.125.212.225 - - [12/May/2025:20:52:42 +0330] "GET /wp-content/plugins/elementor/assets/lib/font-awesome/css/brands.min.css?ver=5.15.3 HTTP/1.1" 200 284 "https://optimyar.com/courses/dteo-la/" "Mozilla/5.0 (Linux; Android 7.0; SM-G930V Build/NRD90M) AppleWebKit/537.36 (KHTML, like Gecko) Chrome/59.0.3071.125 Mobile Safari/537.36 (compatible; Google-Read-Aloud; +https://support.google.com/webmasters/answer/1061943)"
74.125.212.225 - - [12/May/2025:20:52:42 +0330] "GET /wp-content/uploads/elementor/css/post-35195.css?ver=1745917060 HTTP/1.1" 200 3718 "https://optimyar.com/courses/dteo-la/" "Mozilla/5.0 (Linux; Android 7.0; SM-G930V Build/NRD90M) AppleWebKit/537.36 (KHTML, like Gecko) Chrome/59.0.3071.125 Mobile Safari/537.36 (compatible; Google-Read-Aloud; +https://support.google.com/webmasters/answer/1061943)"
74.125.212.224 - - [12/May/2025:20:52:42 +0330] "GET /wp-content/plugins/elementor-extras/assets/css/frontend-rtl.min.css?ver=2.2.52 HTTP/1.1" 200 23590 "https://optimyar.com/courses/dteo-la/" "Mozilla/5.0 (Linux; Android 7.0; SM-G930V Build/NRD90M) AppleWebKit/537.36 (KHTML, like Gecko) Chrome/59.0.3071.125 Mobile Safari/537.36 (compatible; Google-Read-Aloud; +https://support.google.com/webmasters/answer/1061943)"
74.125.212.225 - - [12/May/2025:20:52:42 +0330] "GET /wp-content/plugins/elementor/assets/lib/animations/styles/e-animation-pop.min.css?ver=3.28.4 HTTP/1.1" 200 130 "https://optimyar.com/courses/dteo-la/" "Mozilla/5.0 (Linux; Android 7.0; SM-G930V Build/NRD90M) AppleWebKit/537.36 (KHTML, like Gecko) Chrome/59.0.3071.125 Mobile Safari/537.36 (compatible; Google-Read-Aloud; +https://support.google.com/webmasters/answer/1061943)"
