5.74.79.105 - - [13/May/2025:00:37:26 +0330] "GET /wp-content/uploads/2021/02/1.jpg HTTP/2" 200 59229 "https://optimyar.com/courses/" "Mozilla/5.0 (Linux; Android 10; K) AppleWebKit/537.36 (KHTML, like Gecko) Chrome/136.0.0.0 Mobile Safari/537.36"
5.74.79.105 - - [13/May/2025:00:37:26 +0330] "GET /wp-content/uploads/2025/03/9-1536x864.jpg HTTP/2" 200 232162 "https://optimyar.com/courses/" "Mozilla/5.0 (Linux; Android 10; K) AppleWebKit/537.36 (KHTML, like Gecko) Chrome/136.0.0.0 Mobile Safari/537.36"
5.74.79.105 - - [13/May/2025:00:37:26 +0330] "GET /wp-content/uploads/2025/03/10-1536x864.jpg HTTP/2" 200 249264 "https://optimyar.com/courses/" "Mozilla/5.0 (Linux; Android 10; K) AppleWebKit/537.36 (KHTML, like Gecko) Chrome/136.0.0.0 Mobile Safari/537.36"
5.74.79.105 - - [13/May/2025:00:37:26 +0330] "GET /wp-content/uploads/2025/03/7-1536x864.jpg HTTP/2" 200 251389 "https://optimyar.com/courses/" "Mozilla/5.0 (Linux; Android 10; K) AppleWebKit/537.36 (KHTML, like Gecko) Chrome/136.0.0.0 Mobile Safari/537.36"
52.169.84.120 - - [13/May/2025:00:37:25 +0330] "GET /wp-content/cache/w.php HTTP/1.1" 404 102184 "-" "-"
5.74.79.105 - - [13/May/2025:00:37:28 +0330] "GET /wp-content/uploads/2025/03/8-1536x864.jpg HTTP/2" 200 246171 "https://optimyar.com/courses/" "Mozilla/5.0 (Linux; Android 10; K) AppleWebKit/537.36 (KHTML, like Gecko) Chrome/136.0.0.0 Mobile Safari/537.36"
5.74.79.105 - - [13/May/2025:00:37:27 +0330] "GET /courses/fundamental-of-robust-stochastic-optimization-under-uncertainty/ HTTP/2" 200 77247 "https://optimyar.com/courses/" "Mozilla/5.0 (Linux; Android 10; K) AppleWebKit/537.36 (KHTML, like Gecko) Chrome/136.0.0.0 Mobile Safari/537.36"
5.74.79.105 - - [13/May/2025:00:37:31 +0330] "GET /wp-content/uploads/2025/03/5-1536x864.jpg HTTP/2" 200 244817 "https://optimyar.com/courses/" "Mozilla/5.0 (Linux; Android 10; K) AppleWebKit/537.36 (KHTML, like Gecko) Chrome/136.0.0.0 Mobile Safari/537.36"
5.74.79.105 - - [13/May/2025:00:37:33 +0330] "GET /wp-content/uploads/2025/03/6-1536x864.jpg HTTP/2" 200 243892 "https://optimyar.com/courses/" "Mozilla/5.0 (Linux; Android 10; K) AppleWebKit/537.36 (KHTML, like Gecko) Chrome/136.0.0.0 Mobile Safari/537.36"
52.169.84.120 - - [13/May/2025:00:37:30 +0330] "GET /o.php HTTP/1.1" 404 101884 "-" "-"
74.125.212.224 - - [13/May/2025:00:37:31 +0330] "GET /courses/ HTTP/1.1" 200 25582 "-" "Mozilla/5.0 (Linux; Android 7.0; SM-G930V Build/NRD90M) AppleWebKit/537.36 (KHTML, like Gecko) Chrome/59.0.3071.125 Mobile Safari/537.36 (compatible; Google-Read-Aloud; +https://support.google.com/webmasters/answer/1061943)"
66.102.9.65 - - [13/May/2025:00:37:33 +0330] "GET /wp-content/plugins/jet-tabs/assets/css/jet-tabs-frontend.css?ver=2.2.8 HTTP/1.1" 200 3769 "https://optimyar.com/courses/" "Mozilla/5.0 (Linux; Android 7.0; SM-G930V Build/NRD90M) AppleWebKit/537.36 (KHTML, like Gecko) Chrome/59.0.3071.125 Mobile Safari/537.36 (compatible; Google-Read-Aloud; +https://support.google.com/webmasters/answer/1061943)"
66.102.9.64 - - [13/May/2025:00:37:33 +0330] "GET /wp-content/plugins/elementor-pro/assets/css/widget-nav-menu-rtl.min.css?ver=3.28.3 HTTP/1.1" 200 3178 "https://optimyar.com/courses/" "Mozilla/5.0 (Linux; Android 7.0; SM-G930V Build/NRD90M) AppleWebKit/537.36 (KHTML, like Gecko) Chrome/59.0.3071.125 Mobile Safari/537.36 (compatible; Google-Read-Aloud; +https://support.google.com/webmasters/answer/1061943)"
66.102.9.78 - - [13/May/2025:00:37:33 +0330] "GET /wp-content/plugins/elementor/assets/css/widget-image-rtl.min.css?ver=3.28.4 HTTP/1.1" 200 119 "https://optimyar.com/courses/" "Mozilla/5.0 (Linux; Android 7.0; SM-G930V Build/NRD90M) AppleWebKit/537.36 (KHTML, like Gecko) Chrome/59.0.3071.125 Mobile Safari/537.36 (compatible; Google-Read-Aloud; +https://support.google.com/webmasters/answer/1061943)"
66.102.9.78 - - [13/May/2025:00:37:33 +0330] "GET /wp-content/plugins/elementor/assets/lib/font-awesome/css/v4-shims.min.css?ver=3.28.4 HTTP/1.1" 200 3987 "https://optimyar.com/courses/" "Mozilla/5.0 (Linux; Android 7.0; SM-G930V Build/NRD90M) AppleWebKit/537.36 (KHTML, like Gecko) Chrome/59.0.3071.125 Mobile Safari/537.36 (compatible; Google-Read-Aloud; +https://support.google.com/webmasters/answer/1061943)"
66.102.9.65 - - [13/May/2025:00:37:33 +0330] "GET /wp-content/plugins/elementor-pro/assets/css/modules/sticky.min.css?ver=3.28.3 HTTP/1.1" 200 162 "https://optimyar.com/courses/" "Mozilla/5.0 (Linux; Android 7.0; SM-G930V Build/NRD90M) AppleWebKit/537.36 (KHTML, like Gecko) Chrome/59.0.3071.125 Mobile Safari/537.36 (compatible; Google-Read-Aloud; +https://support.google.com/webmasters/answer/1061943)"
66.102.9.65 - - [13/May/2025:00:37:33 +0330] "GET /wp-content/plugins/elementor/assets/css/widget-heading-rtl.min.css?ver=3.28.4 HTTP/1.1" 200 154 "https://optimyar.com/courses/" "Mozilla/5.0 (Linux; Android 7.0; SM-G930V Build/NRD90M) AppleWebKit/537.36 (KHTML, like Gecko) Chrome/59.0.3071.125 Mobile Safari/537.36 (compatible; Google-Read-Aloud; +https://support.google.com/webmasters/answer/1061943)"
66.102.9.65 - - [13/May/2025:00:37:33 +0330] "GET /wp-content/plugins/persian-elementor/includes/icons/efaicons/style.css?ver=2.13.9 HTTP/1.1" 200 706 "https://optimyar.com/courses/" "Mozilla/5.0 (Linux; Android 7.0; SM-G930V Build/NRD90M) AppleWebKit/537.36 (KHTML, like Gecko) Chrome/59.0.3071.125 Mobile Safari/537.36 (compatible; Google-Read-Aloud; +https://support.google.com/webmasters/answer/1061943)"
66.102.9.65 - - [13/May/2025:00:37:33 +0330] "GET /wp-content/plugins/elementor/assets/css/frontend-rtl.min.css?ver=3.28.4 HTTP/1.1" 200 6454 "https://optimyar.com/courses/" "Mozilla/5.0 (Linux; Android 7.0; SM-G930V Build/NRD90M) AppleWebKit/537.36 (KHTML, like Gecko) Chrome/59.0.3071.125 Mobile Safari/537.36 (compatible; Google-Read-Aloud; +https://support.google.com/webmasters/answer/1061943)"
66.102.9.65 - - [13/May/2025:00:37:33 +0330] "GET /wp-content/plugins/elementor/assets/css/widget-icon-list-rtl.min.css?ver=3.28.4 HTTP/1.1" 200 952 "https://optimyar.com/courses/" "Mozilla/5.0 (Linux; Android 7.0; SM-G930V Build/NRD90M) AppleWebKit/537.36 (KHTML, like Gecko) Chrome/59.0.3071.125 Mobile Safari/537.36 (compatible; Google-Read-Aloud; +https://support.google.com/webmasters/answer/1061943)"
66.102.9.65 - - [13/May/2025:00:37:33 +0330] "GET /wp-content/uploads/elementor/css/custom-jet-blocks-rtl.css?ver=1.3.18 HTTP/1.1" 200 5344 "https://optimyar.com/courses/" "Mozilla/5.0 (Linux; Android 7.0; SM-G930V Build/NRD90M) AppleWebKit/537.36 (KHTML, like Gecko) Chrome/59.0.3071.125 Mobile Safari/537.36 (compatible; Google-Read-Aloud; +https://support.google.com/webmasters/answer/1061943)"
66.102.9.65 - - [13/May/2025:00:37:33 +0330] "GET /wp-content/plugins/elementor/assets/lib/eicons/css/elementor-icons.min.css?ver=5.36.0 HTTP/1.1" 200 3845 "https://optimyar.com/courses/" "Mozilla/5.0 (Linux; Android 7.0; SM-G930V Build/NRD90M) AppleWebKit/537.36 (KHTML, like Gecko) Chrome/59.0.3071.125 Mobile Safari/537.36 (compatible; Google-Read-Aloud; +https://support.google.com/webmasters/answer/1061943)"
66.102.9.64 - - [13/May/2025:00:37:33 +0330] "GET /wp-content/plugins/elementor/assets/lib/animations/styles/e-animation-grow.min.css?ver=3.28.4 HTTP/1.1" 200 198 "https://optimyar.com/courses/" "Mozilla/5.0 (Linux; Android 7.0; SM-G930V Build/NRD90M) AppleWebKit/537.36 (KHTML, like Gecko) Chrome/59.0.3071.125 Mobile Safari/537.36 (compatible; Google-Read-Aloud; +https://support.google.com/webmasters/answer/1061943)"
66.102.9.65 - - [13/May/2025:00:37:33 +0330] "GET /wp-content/themes/skelementor/style.css?ver=6.8.1 HTTP/1.1" 200 820 "https://optimyar.com/courses/" "Mozilla/5.0 (Linux; Android 7.0; SM-G930V Build/NRD90M) AppleWebKit/537.36 (KHTML, like Gecko) Chrome/59.0.3071.125 Mobile Safari/537.36 (compatible; Google-Read-Aloud; +https://support.google.com/webmasters/answer/1061943)"
66.102.9.64 - - [13/May/2025:00:37:33 +0330] "GET /wp-content/plugins/elementor-pro/assets/css/conditionals/popup.min.css?ver=3.28.3 HTTP/1.1" 200 328 "https://optimyar.com/courses/" "Mozilla/5.0 (Linux; Android 7.0; SM-G930V Build/NRD90M) AppleWebKit/537.36 (KHTML, like Gecko) Chrome/59.0.3071.125 Mobile Safari/537.36 (compatible; Google-Read-Aloud; +https://support.google.com/webmasters/answer/1061943)"
66.102.9.78 - - [13/May/2025:00:37:33 +0330] "GET /wp-content/plugins/persian-elementor/assets/css/font.css?ver=2.13.9 HTTP/1.1" 200 1874 "https://optimyar.com/courses/" "Mozilla/5.0 (Linux; Android 7.0; SM-G930V Build/NRD90M) AppleWebKit/537.36 (KHTML, like Gecko) Chrome/59.0.3071.125 Mobile Safari/537.36 (compatible; Google-Read-Aloud; +https://support.google.com/webmasters/answer/1061943)"
66.102.9.78 - - [13/May/2025:00:37:33 +0330] "GET /wp-content/plugins/elementor/assets/css/widget-social-icons-rtl.min.css?ver=3.28.4 HTTP/1.1" 200 1069 "https://optimyar.com/courses/" "Mozilla/5.0 (Linux; Android 7.0; SM-G930V Build/NRD90M) AppleWebKit/537.36 (KHTML, like Gecko) Chrome/59.0.3071.125 Mobile Safari/537.36 (compatible; Google-Read-Aloud; +https://support.google.com/webmasters/answer/1061943)"
66.102.9.64 - - [13/May/2025:00:37:33 +0330] "GET /wp-content/plugins/elementor/assets/lib/font-awesome/css/all.min.css?ver=3.28.4 HTTP/1.1" 200 12380 "https://optimyar.com/courses/" "Mozilla/5.0 (Linux; Android 7.0; SM-G930V Build/NRD90M) AppleWebKit/537.36 (KHTML, like Gecko) Chrome/59.0.3071.125 Mobile Safari/537.36 (compatible; Google-Read-Aloud; +https://support.google.com/webmasters/answer/1061943)"
66.102.9.65 - - [13/May/2025:00:37:33 +0330] "GET /wp-content/plugins/elementor-pro/assets/css/widget-form-rtl.min.css?ver=3.28.3 HTTP/1.1" 200 1409 "https://optimyar.com/courses/" "Mozilla/5.0 (Linux; Android 7.0; SM-G930V Build/NRD90M) AppleWebKit/537.36 (KHTML, like Gecko) Chrome/59.0.3071.125 Mobile Safari/537.36 (compatible; Google-Read-Aloud; +https://support.google.com/webmasters/answer/1061943)"
66.102.9.64 - - [13/May/2025:00:37:33 +0330] "GET /wp-content/plugins/elementor/assets/css/widget-spacer-rtl.min.css?ver=3.28.4 HTTP/1.1" 200 315 "https://optimyar.com/courses/" "Mozilla/5.0 (Linux; Android 7.0; SM-G930V Build/NRD90M) AppleWebKit/537.36 (KHTML, like Gecko) Chrome/59.0.3071.125 Mobile Safari/537.36 (compatible; Google-Read-Aloud; +https://support.google.com/webmasters/answer/1061943)"
66.102.9.64 - - [13/May/2025:00:37:33 +0330] "GET /wp-content/plugins/elementskit-lite/widgets/init/assets/css/widget-styles.css?ver=3.5.0 HTTP/1.1" 200 48223 "https://optimyar.com/courses/" "Mozilla/5.0 (Linux; Android 7.0; SM-G930V Build/NRD90M) AppleWebKit/537.36 (KHTML, like Gecko) Chrome/59.0.3071.125 Mobile Safari/537.36 (compatible; Google-Read-Aloud; +https://support.google.com/webmasters/answer/1061943)"
66.102.9.64 - - [13/May/2025:00:37:33 +0330] "GET /wp-content/plugins/elementskit-lite/widgets/init/assets/css/rtl.css?ver=3.5.0 HTTP/1.1" 200 1082 "https://optimyar.com/courses/" "Mozilla/5.0 (Linux; Android 7.0; SM-G930V Build/NRD90M) AppleWebKit/537.36 (KHTML, like Gecko) Chrome/59.0.3071.125 Mobile Safari/537.36 (compatible; Google-Read-Aloud; +https://support.google.com/webmasters/answer/1061943)"
66.102.9.65 - - [13/May/2025:00:37:33 +0330] "GET /wp-content/plugins/essential-addons-for-elementor-lite/assets/front-end/css/view/general.min.css?ver=6.1.11 HTTP/1.1" 200 1365 "https://optimyar.com/courses/" "Mozilla/5.0 (Linux; Android 7.0; SM-G930V Build/NRD90M) AppleWebKit/537.36 (KHTML, like Gecko) Chrome/59.0.3071.125 Mobile Safari/537.36 (compatible; Google-Read-Aloud; +https://support.google.com/webmasters/answer/1061943)"
66.102.9.65 - - [13/May/2025:00:37:33 +0330] "GET /wp-content/uploads/elementor/css/post-34.css?ver=1745850393 HTTP/1.1" 200 811 "https://optimyar.com/courses/" "Mozilla/5.0 (Linux; Android 7.0; SM-G930V Build/NRD90M) AppleWebKit/537.36 (KHTML, like Gecko) Chrome/59.0.3071.125 Mobile Safari/537.36 (compatible; Google-Read-Aloud; +https://support.google.com/webmasters/answer/1061943)"
66.102.9.65 - - [13/May/2025:00:37:33 +0330] "GET /wp-content/plugins/elementor/assets/css/conditionals/apple-webkit.min.css?ver=3.28.4 HTTP/1.1" 200 472 "https://optimyar.com/courses/" "Mozilla/5.0 (Linux; Android 7.0; SM-G930V Build/NRD90M) AppleWebKit/537.36 (KHTML, like Gecko) Chrome/59.0.3071.125 Mobile Safari/537.36 (compatible; Google-Read-Aloud; +https://support.google.com/webmasters/answer/1061943)"
66.102.9.65 - - [13/May/2025:00:37:33 +0330] "GET /wp-content/plugins/elementor-extras/assets/css/frontend-rtl.min.css?ver=2.2.52 HTTP/1.1" 200 23590 "https://optimyar.com/courses/" "Mozilla/5.0 (Linux; Android 7.0; SM-G930V Build/NRD90M) AppleWebKit/537.36 (KHTML, like Gecko) Chrome/59.0.3071.125 Mobile Safari/537.36 (compatible; Google-Read-Aloud; +https://support.google.com/webmasters/answer/1061943)"
66.102.9.78 - - [13/May/2025:00:37:33 +0330] "GET /wp-content/uploads/elementor/css/post-26457.css?ver=1745850396 HTTP/1.1" 200 1000 "https://optimyar.com/courses/" "Mozilla/5.0 (Linux; Android 7.0; SM-G930V Build/NRD90M) AppleWebKit/537.36 (KHTML, like Gecko) Chrome/59.0.3071.125 Mobile Safari/537.36 (compatible; Google-Read-Aloud; +https://support.google.com/webmasters/answer/1061943)"
66.102.9.65 - - [13/May/2025:00:37:33 +0330] "GET /wp-content/plugins/elementskit-lite/widgets/init/assets/css/responsive.css?ver=3.5.0 HTTP/1.1" 200 2859 "https://optimyar.com/courses/" "Mozilla/5.0 (Linux; Android 7.0; SM-G930V Build/NRD90M) AppleWebKit/537.36 (KHTML, like Gecko) Chrome/59.0.3071.125 Mobile Safari/537.36 (compatible; Google-Read-Aloud; +https://support.google.com/webmasters/answer/1061943)"
66.102.9.65 - - [13/May/2025:00:37:33 +0330] "GET /wp-content/plugins/elementor/assets/lib/font-awesome/css/fontawesome.min.css?ver=5.15.3 HTTP/1.1" 200 12164 "https://optimyar.com/courses/" "Mozilla/5.0 (Linux; Android 7.0; SM-G930V Build/NRD90M) AppleWebKit/537.36 (KHTML, like Gecko) Chrome/59.0.3071.125 Mobile Safari/537.36 (compatible; Google-Read-Aloud; +https://support.google.com/webmasters/answer/1061943)"
66.102.9.65 - - [13/May/2025:00:37:33 +0330] "GET /wp-content/plugins/elementor-extras/assets/lib/nicons/css/nicons.css?ver=2.2.52 HTTP/1.1" 200 1153 "https://optimyar.com/courses/" "Mozilla/5.0 (Linux; Android 7.0; SM-G930V Build/NRD90M) AppleWebKit/537.36 (KHTML, like Gecko) Chrome/59.0.3071.125 Mobile Safari/537.36 (compatible; Google-Read-Aloud; +https://support.google.com/webmasters/answer/1061943)"
66.102.9.64 - - [13/May/2025:00:37:33 +0330] "GET /wp-content/uploads/elementor/css/post-25858.css?ver=1745850396 HTTP/1.1" 200 955 "https://optimyar.com/courses/" "Mozilla/5.0 (Linux; Android 7.0; SM-G930V Build/NRD90M) AppleWebKit/537.36 (KHTML, like Gecko) Chrome/59.0.3071.125 Mobile Safari/537.36 (compatible; Google-Read-Aloud; +https://support.google.com/webmasters/answer/1061943)"
66.102.9.65 - - [13/May/2025:00:37:34 +0330] "GET /wp-content/plugins/jet-elements/assets/css/jet-elements-rtl.css?ver=2.7.5.1 HTTP/1.1" 200 2887 "https://optimyar.com/courses/" "Mozilla/5.0 (Linux; Android 7.0; SM-G930V Build/NRD90M) AppleWebKit/537.36 (KHTML, like Gecko) Chrome/59.0.3071.125 Mobile Safari/537.36 (compatible; Google-Read-Aloud; +https://support.google.com/webmasters/answer/1061943)"
66.102.9.78 - - [13/May/2025:00:37:34 +0330] "GET /wp-content/uploads/elementor/css/post-26319.css?ver=1745850396 HTTP/1.1" 200 999 "https://optimyar.com/courses/" "Mozilla/5.0 (Linux; Android 7.0; SM-G930V Build/NRD90M) AppleWebKit/537.36 (KHTML, like Gecko) Chrome/59.0.3071.125 Mobile Safari/537.36 (compatible; Google-Read-Aloud; +https://support.google.com/webmasters/answer/1061943)"
66.102.9.65 - - [13/May/2025:00:37:33 +0330] "GET /wp-content/plugins/elementor/assets/lib/font-awesome/css/regular.min.css?ver=5.15.3 HTTP/1.1" 200 283 "https://optimyar.com/courses/" "Mozilla/5.0 (Linux; Android 7.0; SM-G930V Build/NRD90M) AppleWebKit/537.36 (KHTML, like Gecko) Chrome/59.0.3071.125 Mobile Safari/537.36 (compatible; Google-Read-Aloud; +https://support.google.com/webmasters/answer/1061943)"
66.102.9.78 - - [13/May/2025:00:37:33 +0330] "GET /wp-content/plugins/elementor/assets/lib/font-awesome/css/solid.min.css?ver=5.15.3 HTTP/1.1" 200 286 "https://optimyar.com/courses/" "Mozilla/5.0 (Linux; Android 7.0; SM-G930V Build/NRD90M) AppleWebKit/537.36 (KHTML, like Gecko) Chrome/59.0.3071.125 Mobile Safari/537.36 (compatible; Google-Read-Aloud; +https://support.google.com/webmasters/answer/1061943)"
66.102.9.64 - - [13/May/2025:00:37:33 +0330] "GET /wp-content/plugins/elementskit-lite/modules/elementskit-icon-pack/assets/css/ekiticons.css?ver=3.5.0 HTTP/1.1" 200 11776 "https://optimyar.com/courses/" "Mozilla/5.0 (Linux; Android 7.0; SM-G930V Build/NRD90M) AppleWebKit/537.36 (KHTML, like Gecko) Chrome/59.0.3071.125 Mobile Safari/537.36 (compatible; Google-Read-Aloud; +https://support.google.com/webmasters/answer/1061943)"
66.102.9.78 - - [13/May/2025:00:37:33 +0330] "GET /wp-content/uploads/elementor/custom-icons/myic4/css/myic4.css?ver=1.0.0 HTTP/1.1" 200 948 "https://optimyar.com/courses/" "Mozilla/5.0 (Linux; Android 7.0; SM-G930V Build/NRD90M) AppleWebKit/537.36 (KHTML, like Gecko) Chrome/59.0.3071.125 Mobile Safari/537.36 (compatible; Google-Read-Aloud; +https://support.google.com/webmasters/answer/1061943)"
66.102.9.64 - - [13/May/2025:00:37:33 +0330] "GET /wp-content/plugins/elementor/assets/lib/font-awesome/css/brands.min.css?ver=5.15.3 HTTP/1.1" 200 284 "https://optimyar.com/courses/" "Mozilla/5.0 (Linux; Android 7.0; SM-G930V Build/NRD90M) AppleWebKit/537.36 (KHTML, like Gecko) Chrome/59.0.3071.125 Mobile Safari/537.36 (compatible; Google-Read-Aloud; +https://support.google.com/webmasters/answer/1061943)"
66.102.9.64 - - [13/May/2025:00:37:34 +0330] "GET /wp-content/uploads/elementor/css/post-26339.css?ver=1745850396 HTTP/1.1" 200 1000 "https://optimyar.com/courses/" "Mozilla/5.0 (Linux; Android 7.0; SM-G930V Build/NRD90M) AppleWebKit/537.36 (KHTML, like Gecko) Chrome/59.0.3071.125 Mobile Safari/537.36 (compatible; Google-Read-Aloud; +https://support.google.com/webmasters/answer/1061943)"
66.102.9.64 - - [13/May/2025:00:37:34 +0330] "GET /wp-content/uploads/elementor/css/post-55.css?ver=1745850395 HTTP/1.1" 200 1712 "https://optimyar.com/courses/" "Mozilla/5.0 (Linux; Android 7.0; SM-G930V Build/NRD90M) AppleWebKit/537.36 (KHTML, like Gecko) Chrome/59.0.3071.125 Mobile Safari/537.36 (compatible; Google-Read-Aloud; +https://support.google.com/webmasters/answer/1061943)"
66.102.9.78 - - [13/May/2025:00:37:34 +0330] "GET /wp-content/uploads/elementor/css/post-26343.css?ver=1745850396 HTTP/1.1" 200 1000 "https://optimyar.com/courses/" "Mozilla/5.0 (Linux; Android 7.0; SM-G930V Build/NRD90M) AppleWebKit/537.36 (KHTML, like Gecko) Chrome/59.0.3071.125 Mobile Safari/537.36 (compatible; Google-Read-Aloud; +https://support.google.com/webmasters/answer/1061943)"
5.74.79.105 - - [13/May/2025:00:37:34 +0330] "GET /wp-content/uploads/2025/03/3-1536x864.jpg HTTP/2" 200 232390 "https://optimyar.com/courses/" "Mozilla/5.0 (Linux; Android 10; K) AppleWebKit/537.36 (KHTML, like Gecko) Chrome/136.0.0.0 Mobile Safari/537.36"
66.102.9.78 - - [13/May/2025:00:37:34 +0330] "GET /wp-content/uploads/elementor/css/post-171.css?ver=1745850396 HTTP/1.1" 200 4940 "https://optimyar.com/courses/" "Mozilla/5.0 (Linux; Android 7.0; SM-G930V Build/NRD90M) AppleWebKit/537.36 (KHTML, like Gecko) Chrome/59.0.3071.125 Mobile Safari/537.36 (compatible; Google-Read-Aloud; +https://support.google.com/webmasters/answer/1061943)"
66.102.9.64 - - [13/May/2025:00:37:34 +0330] "GET /wp-content/plugins/shortcodes-ultimate/includes/css/rtl-shortcodes.css?ver=7.3.5 HTTP/1.1" 200 348 "https://optimyar.com/courses/" "Mozilla/5.0 (Linux; Android 7.0; SM-G930V Build/NRD90M) AppleWebKit/537.36 (KHTML, like Gecko) Chrome/59.0.3071.125 Mobile Safari/537.36 (compatible; Google-Read-Aloud; +https://support.google.com/webmasters/answer/1061943)"
66.102.9.78 - - [13/May/2025:00:37:34 +0330] "GET /wp-content/plugins/persian-elementor/assets/css/font/IRANSansX/IRANSansX-DemiBold.woff2 HTTP/1.1" 200 45640 "https://optimyar.com/wp-content/plugins/persian-elementor/assets/css/font.css?ver=2.13.9" "Mozilla/5.0 (Linux; Android 7.0; SM-G930V Build/NRD90M) AppleWebKit/537.36 (KHTML, like Gecko) Chrome/59.0.3071.125 Mobile Safari/537.36 (compatible; Google-Read-Aloud; +https://support.google.com/webmasters/answer/1061943)"
66.102.9.78 - - [13/May/2025:00:37:34 +0330] "GET /wp-content/plugins/persian-elementor/assets/css/font/Gandom/Gandom.woff2 HTTP/1.1" 200 49776 "https://optimyar.com/wp-content/plugins/persian-elementor/assets/css/font.css?ver=2.13.9" "Mozilla/5.0 (Linux; Android 7.0; SM-G930V Build/NRD90M) AppleWebKit/537.36 (KHTML, like Gecko) Chrome/59.0.3071.125 Mobile Safari/537.36 (compatible; Google-Read-Aloud; +https://support.google.com/webmasters/answer/1061943)"
66.102.9.64 - - [13/May/2025:00:37:34 +0330] "GET /wp-content/plugins/elementor/assets/lib/font-awesome/webfonts/fa-brands-400.woff2 HTTP/1.1" 200 81612 "https://optimyar.com/wp-content/plugins/elementor/assets/lib/font-awesome/css/all.min.css?ver=3.28.4" "Mozilla/5.0 (Linux; Android 7.0; SM-G930V Build/NRD90M) AppleWebKit/537.36 (KHTML, like Gecko) Chrome/59.0.3071.125 Mobile Safari/537.36 (compatible; Google-Read-Aloud; +https://support.google.com/webmasters/answer/1061943)"
66.102.9.64 - - [13/May/2025:00:37:34 +0330] "GET /wp-content/plugins/persian-elementor/includes/icons/efaicons/fonts/efaicons.woff2 HTTP/1.1" 200 24716 "https://optimyar.com/wp-content/plugins/persian-elementor/includes/icons/efaicons/style.css?ver=2.13.9" "Mozilla/5.0 (Linux; Android 7.0; SM-G930V Build/NRD90M) AppleWebKit/537.36 (KHTML, like Gecko) Chrome/59.0.3071.125 Mobile Safari/537.36 (compatible; Google-Read-Aloud; +https://support.google.com/webmasters/answer/1061943)"
66.102.9.78 - - [13/May/2025:00:37:34 +0330] "GET /wp-content/plugins/elementor/assets/lib/font-awesome/webfonts/fa-solid-900.woff2 HTTP/1.1" 200 78196 "https://optimyar.com/wp-content/plugins/elementor/assets/lib/font-awesome/css/all.min.css?ver=3.28.4" "Mozilla/5.0 (Linux; Android 7.0; SM-G930V Build/NRD90M) AppleWebKit/537.36 (KHTML, like Gecko) Chrome/59.0.3071.125 Mobile Safari/537.36 (compatible; Google-Read-Aloud; +https://support.google.com/webmasters/answer/1061943)"
66.102.9.78 - - [13/May/2025:00:37:34 +0330] "GET /wp-content/plugins/elementor/assets/lib/font-awesome/webfonts/fa-regular-400.woff2 HTTP/1.1" 200 13276 "https://optimyar.com/wp-content/plugins/elementor/assets/lib/font-awesome/css/all.min.css?ver=3.28.4" "Mozilla/5.0 (Linux; Android 7.0; SM-G930V Build/NRD90M) AppleWebKit/537.36 (KHTML, like Gecko) Chrome/59.0.3071.125 Mobile Safari/537.36 (compatible; Google-Read-Aloud; +https://support.google.com/webmasters/answer/1061943)"
74.125.212.238 - - [13/May/2025:00:37:34 +0330] "GET /wp-content/uploads/elementor/css/post-102.css?ver=1745850518 HTTP/1.1" 200 4495 "https://optimyar.com/courses/" "Mozilla/5.0 (Linux; Android 7.0; SM-G930V Build/NRD90M) AppleWebKit/537.36 (KHTML, like Gecko) Chrome/59.0.3071.125 Mobile Safari/537.36 (compatible; Google-Read-Aloud; +https://support.google.com/webmasters/answer/1061943)"
66.102.9.64 - - [13/May/2025:00:37:34 +0330] "GET /wp-content/plugins/elementskit-lite/modules/elementskit-icon-pack/assets/fonts/elementskit.woff?y24e1e HTTP/1.1" 200 459560 "https://optimyar.com/wp-content/plugins/elementskit-lite/modules/elementskit-icon-pack/assets/css/ekiticons.css?ver=3.5.0" "Mozilla/5.0 (Linux; Android 7.0; SM-G930V Build/NRD90M) AppleWebKit/537.36 (KHTML, like Gecko) Chrome/59.0.3071.125 Mobile Safari/537.36 (compatible; Google-Read-Aloud; +https://support.google.com/webmasters/answer/1061943)"
66.102.9.64 - - [13/May/2025:00:37:34 +0330] "GET /wp-content/plugins/persian-elementor/assets/css/font/IRANYekanX/IRANYekanX-DemiBold.woff2 HTTP/1.1" 200 39896 "https://optimyar.com/wp-content/plugins/persian-elementor/assets/css/font.css?ver=2.13.9" "Mozilla/5.0 (Linux; Android 7.0; SM-G930V Build/NRD90M) AppleWebKit/537.36 (KHTML, like Gecko) Chrome/59.0.3071.125 Mobile Safari/537.36 (compatible; Google-Read-Aloud; +https://support.google.com/webmasters/answer/1061943)"
66.102.9.78 - - [13/May/2025:00:37:34 +0330] "GET /wp-content/plugins/persian-elementor/assets/css/font/IRANYekanX/IRANYekanX-Regular.woff2 HTTP/1.1" 200 35928 "https://optimyar.com/wp-content/plugins/persian-elementor/assets/css/font.css?ver=2.13.9" "Mozilla/5.0 (Linux; Android 7.0; SM-G930V Build/NRD90M) AppleWebKit/537.36 (KHTML, like Gecko) Chrome/59.0.3071.125 Mobile Safari/537.36 (compatible; Google-Read-Aloud; +https://support.google.com/webmasters/answer/1061943)"
5.74.79.105 - - [13/May/2025:00:37:32 +0330] "GET /courses/bertsimas-and-sim-robust-model/ HTTP/2" 200 76995 "https://optimyar.com/courses/" "Mozilla/5.0 (Linux; Android 10; K) AppleWebKit/537.36 (KHTML, like Gecko) Chrome/136.0.0.0 Mobile Safari/537.36"
5.74.79.105 - - [13/May/2025:00:37:37 +0330] "GET /wp-content/uploads/2025/03/4-1536x864.jpg HTTP/2" 200 250371 "https://optimyar.com/courses/" "Mozilla/5.0 (Linux; Android 10; K) AppleWebKit/537.36 (KHTML, like Gecko) Chrome/136.0.0.0 Mobile Safari/537.36"
31.214.174.196 - - [13/May/2025:00:37:38 +0330] "POST /wp-cron.php?doing_wp_cron=1747084058.5461580753326416015625 HTTP/1.1" 200 20 "-" "WordPress/6.8.1; https://optimyar.com"
5.74.79.105 - - [13/May/2025:00:37:37 +0330] "GET /courses/robust-optimization-under-convex-set/ HTTP/2" 200 77171 "https://optimyar.com/courses/" "Mozilla/5.0 (Linux; Android 10; K) AppleWebKit/537.36 (KHTML, like Gecko) Chrome/136.0.0.0 Mobile Safari/537.36"
52.169.84.120 - - [13/May/2025:00:37:36 +0330] "GET /wp-includes/ID3/x2.php HTTP/1.1" 404 102184 "-" "-"
52.169.84.120 - - [13/May/2025:00:37:42 +0330] "GET /wp-content/plugins/one-click-demo-import/about.php HTTP/1.1" 404 102184 "-" "-"
5.74.79.105 - - [13/May/2025:00:37:42 +0330] "GET /courses/robust-multi-objective-optimization/ HTTP/2" 200 77082 "https://optimyar.com/courses/" "Mozilla/5.0 (Linux; Android 10; K) AppleWebKit/537.36 (KHTML, like Gecko) Chrome/136.0.0.0 Mobile Safari/537.36"
5.74.79.105 - - [13/May/2025:00:37:49 +0330] "GET /wp-content/uploads/2025/03/2-1536x864.jpg HTTP/2" 200 247077 "https://optimyar.com/courses/" "Mozilla/5.0 (Linux; Android 10; K) AppleWebKit/537.36 (KHTML, like Gecko) Chrome/136.0.0.0 Mobile Safari/537.36"
52.169.84.120 - - [13/May/2025:00:37:48 +0330] "GET /wp-includes/ID3/xBrain.php HTTP/1.1" 404 102184 "-" "-"
5.74.79.105 - - [13/May/2025:00:37:48 +0330] "GET /courses/p-robust-optimization/ HTTP/2" 200 77098 "https://optimyar.com/courses/" "Mozilla/5.0 (Linux; Android 10; K) AppleWebKit/537.36 (KHTML, like Gecko) Chrome/136.0.0.0 Mobile Safari/537.36"
52.169.84.120 - - [13/May/2025:00:37:54 +0330] "GET /wp-admin/network/wp-conflg.php HTTP/1.1" 302 0 "-" "-"
5.74.79.105 - - [13/May/2025:00:37:56 +0330] "GET /wp-content/uploads/2023/02/cplex.jpg HTTP/2" 200 29524 "https://optimyar.com/courses/" "Mozilla/5.0 (Linux; Android 10; K) AppleWebKit/537.36 (KHTML, like Gecko) Chrome/136.0.0.0 Mobile Safari/537.36"
52.169.84.120 - - [13/May/2025:00:37:56 +0330] "GET /not-found HTTP/1.1" 301 0 "-" "-"
5.74.79.105 - - [13/May/2025:00:37:58 +0330] "GET /wp-content/uploads/2022/11/Data-Driven-minimax-Regret-Robust-Optimization.jpg HTTP/2" 200 40084 "https://optimyar.com/courses/" "Mozilla/5.0 (Linux; Android 10; K) AppleWebKit/537.36 (KHTML, like Gecko) Chrome/136.0.0.0 Mobile Safari/537.36"
5.74.79.105 - - [13/May/2025:00:37:55 +0330] "GET /courses/bertsimas-and-thiele-inventory-robust-model/ HTTP/2" 200 77109 "https://optimyar.com/courses/" "Mozilla/5.0 (Linux; Android 10; K) AppleWebKit/537.36 (KHTML, like Gecko) Chrome/136.0.0.0 Mobile Safari/537.36"
5.74.79.105 - - [13/May/2025:00:37:58 +0330] "GET /courses/benders-decomposition-for-stochastic-programming HTTP/2" 301 20 "https://optimyar.com/courses/" "Mozilla/5.0 (Linux; Android 10; K) AppleWebKit/537.36 (KHTML, like Gecko) Chrome/136.0.0.0 Mobile Safari/537.36"
5.74.79.105 - - [13/May/2025:00:38:01 +0330] "GET /wp-content/uploads/2022/11/DDRO.jpg HTTP/2" 200 31167 "https://optimyar.com/courses/" "Mozilla/5.0 (Linux; Android 10; K) AppleWebKit/537.36 (KHTML, like Gecko) Chrome/136.0.0.0 Mobile Safari/537.36"
52.169.84.120 - - [13/May/2025:00:37:58 +0330] "GET /not-found/ HTTP/1.1" 404 104321 "-" "-"
5.74.79.105 - - [13/May/2025:00:38:00 +0330] "GET /courses/benders-decomposition-for-stochastic-programming/ HTTP/2" 200 84374 "https://optimyar.com/courses/" "Mozilla/5.0 (Linux; Android 10; K) AppleWebKit/537.36 (KHTML, like Gecko) Chrome/136.0.0.0 Mobile Safari/537.36"
5.74.79.105 - - [13/May/2025:00:38:04 +0330] "GET /wp-content/uploads/2022/11/Mulvey.jpg HTTP/2" 200 29642 "https://optimyar.com/courses/" "Mozilla/5.0 (Linux; Android 10; K) AppleWebKit/537.36 (KHTML, like Gecko) Chrome/136.0.0.0 Mobile Safari/537.36"
5.74.79.105 - - [13/May/2025:00:38:04 +0330] "GET /courses/chance-constrained-programming/ HTTP/2" 200 77087 "https://optimyar.com/courses/" "Mozilla/5.0 (Linux; Android 10; K) AppleWebKit/537.36 (KHTML, like Gecko) Chrome/136.0.0.0 Mobile Safari/537.36"
52.169.84.120 - - [13/May/2025:00:38:04 +0330] "GET /mah.php HTTP/1.1" 404 101884 "-" "-"
5.74.79.105 - - [13/May/2025:00:38:07 +0330] "GET /wp-content/uploads/2022/10/%D8%AA%D8%AC%D8%B2%DB%8C_%D8%A8%D9%86%D8%AF%D8%B1%D8%B2.png HTTP/2" 200 48028 "https://optimyar.com/courses/" "Mozilla/5.0 (Linux; Android 10; K) AppleWebKit/537.36 (KHTML, like Gecko) Chrome/136.0.0.0 Mobile Safari/537.36"
5.74.79.105 - - [13/May/2025:00:38:09 +0330] "GET /wp-content/uploads/2022/08/%D8%A8%D8%B1%D9%86%D8%A7%D9%85%D9%87-%D8%B1%DB%8C%D8%B2%DB%8C-%D8%AF%D8%B1-%D8%B9%D8%AF%D9%85-%D9%82%D8%B7%D8%B9%DB%8C%D8%AA.png HTTP/2" 200 194985 "https://optimyar.com/courses/" "Mozilla/5.0 (Linux; Android 10; K) AppleWebKit/537.36 (KHTML, like Gecko) Chrome/136.0.0.0 Mobile Safari/537.36"
5.74.79.105 - - [13/May/2025:00:38:07 +0330] "GET /courses/fuzzy-and-possibilistic-optimization/ HTTP/2" 200 77175 "https://optimyar.com/courses/" "Mozilla/5.0 (Linux; Android 10; K) AppleWebKit/537.36 (KHTML, like Gecko) Chrome/136.0.0.0 Mobile Safari/537.36"
5.74.79.105 - - [13/May/2025:00:38:11 +0330] "GET /wp-content/uploads/2022/10/%D8%A8%D9%87%DB%8C%D9%86%D9%87_%D8%B3%D8%A7%D8%B2%DB%8C.png HTTP/2" 200 51302 "https://optimyar.com/courses/" "Mozilla/5.0 (Linux; Android 10; K) AppleWebKit/537.36 (KHTML, like Gecko) Chrome/136.0.0.0 Mobile Safari/537.36"
5.74.79.105 - - [13/May/2025:00:38:11 +0330] "GET /wp-content/uploads/2022/08/%D8%A8%D8%B1%D9%86%D8%A7%D9%85%D9%87-%D8%B1%DB%8C%D8%B2%DB%8C-%D8%AA%D8%B5%D8%A7%D8%AF%D9%81%DB%8C.png HTTP/2" 200 197877 "https://optimyar.com/courses/" "Mozilla/5.0 (Linux; Android 10; K) AppleWebKit/537.36 (KHTML, like Gecko) Chrome/136.0.0.0 Mobile Safari/537.36"
52.169.84.120 - - [13/May/2025:00:38:10 +0330] "GET /Public HTTP/1.1" 404 101884 "-" "-"
5.74.79.105 - - [13/May/2025:00:38:10 +0330] "GET /courses/python-optimization-with-cplex-gurobi/ HTTP/2" 200 93400 "https://optimyar.com/courses/" "Mozilla/5.0 (Linux; Android 10; K) AppleWebKit/537.36 (KHTML, like Gecko) Chrome/136.0.0.0 Mobile Safari/537.36"
5.74.79.105 - - [13/May/2025:00:38:13 +0330] "GET /courses/data-driven-robust-optimization/ HTTP/2" 200 43257 "https://optimyar.com/courses/" "Mozilla/5.0 (Linux; Android 10; K) AppleWebKit/537.36 (KHTML, like Gecko) Chrome/136.0.0.0 Mobile Safari/537.36"
5.74.79.105 - - [13/May/2025:00:38:17 +0330] "GET /wp-content/uploads/2022/10/GAMS-1.png HTTP/2" 200 38573 "https://optimyar.com/courses/" "Mozilla/5.0 (Linux; Android 10; K) AppleWebKit/537.36 (KHTML, like Gecko) Chrome/136.0.0.0 Mobile Safari/537.36"
52.169.84.120 - - [13/May/2025:00:38:15 +0330] "GET /wp-includes/assets/cloud.php HTTP/1.1" 404 102184 "-" "-"
5.74.79.105 - - [13/May/2025:00:38:19 +0330] "GET /wp-content/uploads/2022/10/%D8%AA%DA%A9%D9%86%DB%8C%DA%A9-%D9%87%D8%A7%DB%8C-%D8%AE%D8%B7%DB%8C-%D8%B3%D8%A7%D8%B2%DB%8C.png HTTP/2" 200 199234 "https://optimyar.com/courses/" "Mozilla/5.0 (Linux; Android 10; K) AppleWebKit/537.36 (KHTML, like Gecko) Chrome/136.0.0.0 Mobile Safari/537.36"
5.74.79.105 - - [13/May/2025:00:38:19 +0330] "GET /courses/benders-decomposition-and-lagrangian-relaxation-methods/ HTTP/2" 200 89759 "https://optimyar.com/courses/" "Mozilla/5.0 (Linux; Android 10; K) AppleWebKit/537.36 (KHTML, like Gecko) Chrome/136.0.0.0 Mobile Safari/537.36"
5.74.79.105 - - [13/May/2025:00:38:22 +0330] "GET /wp-content/uploads/2022/10/%D8%AA%DA%A9%D9%86%DB%8C%DA%A9-%D9%87%D8%A7%DB%8C-%D8%AA%D8%AC%D8%B2%DB%8C%D9%87.png HTTP/2" 200 190617 "https://optimyar.com/courses/" "Mozilla/5.0 (Linux; Android 10; K) AppleWebKit/537.36 (KHTML, like Gecko) Chrome/136.0.0.0 Mobile Safari/537.36"
52.169.84.120 - - [13/May/2025:00:38:21 +0330] "GET /rk1W6vMJj8y.php HTTP/1.1" 404 101884 "-" "-"
5.74.79.105 - - [13/May/2025:00:38:24 +0330] "GET /wp-content/uploads/2022/10/%D8%A8%D9%87%DB%8C%D9%86%D9%87-%D8%B3%D8%A7%D8%B2%DB%8C-%DA%86%D9%86%D8%AF%D9%87%D8%AF%D9%81%D9%87.png HTTP/2" 200 190711 "https://optimyar.com/courses/" "Mozilla/5.0 (Linux; Android 10; K) AppleWebKit/537.36 (KHTML, like Gecko) Chrome/136.0.0.0 Mobile Safari/537.36"
5.74.79.105 - - [13/May/2025:00:38:25 +0330] "GET /wp-content/uploads/2022/10/%D8%A8%D8%B1%D9%86%D8%A7%D9%85%D9%87-%D8%B1%DB%8C%D8%B2%DB%8C-%D8%AF%D9%88%D8%B3%D8%B7%D8%AD%DB%8C.png HTTP/2" 200 199297 "https://optimyar.com/courses/" "Mozilla/5.0 (Linux; Android 10; K) AppleWebKit/537.36 (KHTML, like Gecko) Chrome/136.0.0.0 Mobile Safari/537.36"
5.74.79.105 - - [13/May/2025:00:38:27 +0330] "GET /wp-content/uploads/2022/08/%D8%A2%D9%85%D9%88%D8%B2%D8%B4-%DA%AF%D9%85%D8%B2.png HTTP/2" 200 190617 "https://optimyar.com/courses/" "Mozilla/5.0 (Linux; Android 10; K) AppleWebKit/537.36 (KHTML, like Gecko) Chrome/136.0.0.0 Mobile Safari/537.36"
5.74.79.105 - - [13/May/2025:00:38:24 +0330] "GET /courses/robust-optimization-d99-all/ HTTP/2" 200 93026 "https://optimyar.com/courses/" "Mozilla/5.0 (Linux; Android 10; K) AppleWebKit/537.36 (KHTML, like Gecko) Chrome/136.0.0.0 Mobile Safari/537.36"
52.169.84.120 - - [13/May/2025:00:38:27 +0330] "GET /wp-admin/user/bak.php HTTP/1.1" 302 0 "-" "-"
5.74.79.105 - - [13/May/2025:00:38:27 +0330] "GET /courses/optimization-and-operations-research/ HTTP/2" 200 142349 "https://optimyar.com/courses/" "Mozilla/5.0 (Linux; Android 10; K) AppleWebKit/537.36 (KHTML, like Gecko) Chrome/136.0.0.0 Mobile Safari/537.36"
52.169.84.120 - - [13/May/2025:00:38:29 +0330] "GET /not-found HTTP/1.1" 301 0 "-" "-"
5.74.79.105 - - [13/May/2025:00:38:30 +0330] "GET /courses/gams_compressed/ HTTP/2" 200 86992 "https://optimyar.com/courses/" "Mozilla/5.0 (Linux; Android 10; K) AppleWebKit/537.36 (KHTML, like Gecko) Chrome/136.0.0.0 Mobile Safari/537.36"
52.169.84.120 - - [13/May/2025:00:38:31 +0330] "GET /not-found/ HTTP/1.1" 404 104321 "-" "-"
5.74.79.105 - - [13/May/2025:00:38:33 +0330] "GET /courses/lao-la/ HTTP/2" 200 36930 "https://optimyar.com/courses/" "Mozilla/5.0 (Linux; Android 10; K) AppleWebKit/537.36 (KHTML, like Gecko) Chrome/136.0.0.0 Mobile Safari/537.36"
5.74.79.105 - - [13/May/2025:00:38:36 +0330] "GET /courses/dteo-la/ HTTP/2" 200 38582 "https://optimyar.com/courses/" "Mozilla/5.0 (Linux; Android 10; K) AppleWebKit/537.36 (KHTML, like Gecko) Chrome/136.0.0.0 Mobile Safari/537.36"
5.74.79.105 - - [13/May/2025:00:38:39 +0330] "GET /wp-content/plugins/wpdiscuz/themes/default/style-rtl.css?ver=7.6.29 HTTP/2" 200 18873 "https://optimyar.com/courses/modm-la/" "Mozilla/5.0 (Linux; Android 10; K) AppleWebKit/537.36 (KHTML, like Gecko) Chrome/136.0.0.0 Mobile Safari/537.36"
5.74.79.105 - - [13/May/2025:00:38:39 +0330] "GET /wp-content/plugins/wpdiscuz/assets/third-party/font-awesome-5.13.0/css/fa.min.css?ver=7.6.29 HTTP/2" 200 2350 "https://optimyar.com/courses/modm-la/" "Mozilla/5.0 (Linux; Android 10; K) AppleWebKit/537.36 (KHTML, like Gecko) Chrome/136.0.0.0 Mobile Safari/537.36"
5.74.79.105 - - [13/May/2025:00:38:39 +0330] "GET /wp-content/plugins/wpdiscuz/assets/css/wpdiscuz-combo-no_quill.min.css?ver=6.8.1 HTTP/2" 200 3127 "https://optimyar.com/courses/modm-la/" "Mozilla/5.0 (Linux; Android 10; K) AppleWebKit/537.36 (KHTML, like Gecko) Chrome/136.0.0.0 Mobile Safari/537.36"
5.74.79.105 - - [13/May/2025:00:38:39 +0330] "GET /wp-content/uploads/essential-addons-elementor/eael-35189.css?ver=1740260739 HTTP/2" 200 1753 "https://optimyar.com/courses/modm-la/" "Mozilla/5.0 (Linux; Android 10; K) AppleWebKit/537.36 (KHTML, like Gecko) Chrome/136.0.0.0 Mobile Safari/537.36"
5.74.79.105 - - [13/May/2025:00:38:39 +0330] "GET /wp-content/plugins/elementor/assets/lib/animations/styles/e-animation-bounce-in.min.css?ver=3.28.4 HTTP/2" 200 124 "https://optimyar.com/courses/modm-la/" "Mozilla/5.0 (Linux; Android 10; K) AppleWebKit/537.36 (KHTML, like Gecko) Chrome/136.0.0.0 Mobile Safari/537.36"
5.74.79.105 - - [13/May/2025:00:38:39 +0330] "GET /wp-content/plugins/elementor-pro/assets/css/widget-share-buttons-rtl.min.css?ver=3.28.3 HTTP/2" 200 2110 "https://optimyar.com/courses/modm-la/" "Mozilla/5.0 (Linux; Android 10; K) AppleWebKit/537.36 (KHTML, like Gecko) Chrome/136.0.0.0 Mobile Safari/537.36"
5.74.79.105 - - [13/May/2025:00:38:39 +0330] "GET /wp-content/plugins/elementor/assets/lib/animations/styles/e-animation-pop.min.css?ver=3.28.4 HTTP/2" 200 130 "https://optimyar.com/courses/modm-la/" "Mozilla/5.0 (Linux; Android 10; K) AppleWebKit/537.36 (KHTML, like Gecko) Chrome/136.0.0.0 Mobile Safari/537.36"
5.74.79.105 - - [13/May/2025:00:38:39 +0330] "GET /wp-content/uploads/elementor/css/post-35189.css?ver=1745925613 HTTP/2" 200 3721 "https://optimyar.com/courses/modm-la/" "Mozilla/5.0 (Linux; Android 10; K) AppleWebKit/537.36 (KHTML, like Gecko) Chrome/136.0.0.0 Mobile Safari/537.36"
5.74.79.105 - - [13/May/2025:00:38:40 +0330] "GET /wp-content/uploads/2021/01/Ali-Papi.jpg HTTP/2" 200 39828 "https://optimyar.com/courses/modm-la/" "Mozilla/5.0 (Linux; Android 10; K) AppleWebKit/537.36 (KHTML, like Gecko) Chrome/136.0.0.0 Mobile Safari/537.36"
5.74.79.105 - - [13/May/2025:00:38:40 +0330] "GET /wp-content/plugins/wpdiscuz/assets/img/plugin-icon/icon_info.png HTTP/2" 200 3063 "https://optimyar.com/courses/modm-la/" "Mozilla/5.0 (Linux; Android 10; K) AppleWebKit/537.36 (KHTML, like Gecko) Chrome/136.0.0.0 Mobile Safari/537.36"
5.74.79.105 - - [13/May/2025:00:38:37 +0330] "GET /courses/modm-la/ HTTP/2" 200 38475 "https://optimyar.com/courses/" "Mozilla/5.0 (Linux; Android 10; K) AppleWebKit/537.36 (KHTML, like Gecko) Chrome/136.0.0.0 Mobile Safari/537.36"
5.74.79.105 - - [13/May/2025:00:38:40 +0330] "GET /wp-content/plugins/persian-elementor/assets/css/font/IRANSansX/IRANSansX-Bold.woff2 HTTP/2" 200 46124 "https://optimyar.com/wp-content/plugins/persian-elementor/assets/css/font.css?ver=2.13.9" "Mozilla/5.0 (Linux; Android 10; K) AppleWebKit/537.36 (KHTML, like Gecko) Chrome/136.0.0.0 Mobile Safari/537.36"
52.169.84.120 - - [13/May/2025:00:38:37 +0330] "GET /wp-includes/js/alfa-rex.php HTTP/1.1" 404 102184 "-" "-"
5.74.79.105 - - [13/May/2025:00:38:40 +0330] "GET /wp-content/plugins/persian-elementor/assets/css/font/IRANYekanX/IRANYekanX-Black.woff2 HTTP/2" 200 37296 "https://optimyar.com/wp-content/plugins/persian-elementor/assets/css/font.css?ver=2.13.9" "Mozilla/5.0 (Linux; Android 10; K) AppleWebKit/537.36 (KHTML, like Gecko) Chrome/136.0.0.0 Mobile Safari/537.36"
5.74.79.105 - - [13/May/2025:00:38:40 +0330] "GET /wp-content/uploads/2022/07/%D8%A2%D9%85%D9%88%D8%B2%D8%B4-%D8%A8%D9%87%DB%8C%D9%86%D9%87_%D8%B3%D8%A7%D8%B2%DB%8C_%DA%86%D9%86%D8%AF-%D9%87%D8%AF%D9%81%D9%87-1536x1086.png HTTP/2" 200 1270322 "https://optimyar.com/courses/modm-la/" "Mozilla/5.0 (Linux; Android 10; K) AppleWebKit/537.36 (KHTML, like Gecko) Chrome/136.0.0.0 Mobile Safari/537.36"
5.74.79.105 - - [13/May/2025:00:38:40 +0330] "GET /wp-content/uploads/elementor/css/post-28744.css?ver=1745850429 HTTP/2" 200 1089 "https://optimyar.com/courses/modm-la/" "Mozilla/5.0 (Linux; Android 10; K) AppleWebKit/537.36 (KHTML, like Gecko) Chrome/136.0.0.0 Mobile Safari/537.36"
5.74.79.105 - - [13/May/2025:00:38:40 +0330] "GET /wp-content/uploads/essential-addons-elementor/eael-18728.css?ver=1740260739 HTTP/2" 200 1753 "https://optimyar.com/courses/modm-la/" "Mozilla/5.0 (Linux; Android 10; K) AppleWebKit/537.36 (KHTML, like Gecko) Chrome/136.0.0.0 Mobile Safari/537.36"
5.74.79.105 - - [13/May/2025:00:38:40 +0330] "GET /wp-content/uploads/elementor/css/post-18728.css?ver=1745850429 HTTP/2" 200 971 "https://optimyar.com/courses/modm-la/" "Mozilla/5.0 (Linux; Android 10; K) AppleWebKit/537.36 (KHTML, like Gecko) Chrome/136.0.0.0 Mobile Safari/537.36"
5.74.79.105 - - [13/May/2025:00:38:40 +0330] "GET /wp-content/uploads/elementor/css/post-9192.css?ver=1745850429 HTTP/2" 200 1151 "https://optimyar.com/courses/modm-la/" "Mozilla/5.0 (Linux; Android 10; K) AppleWebKit/537.36 (KHTML, like Gecko) Chrome/136.0.0.0 Mobile Safari/537.36"
5.74.79.105 - - [13/May/2025:00:38:40 +0330] "GET /wp-content/uploads/elementor/css/post-25811.css?ver=1745856142 HTTP/2" 200 1517 "https://optimyar.com/courses/modm-la/" "Mozilla/5.0 (Linux; Android 10; K) AppleWebKit/537.36 (KHTML, like Gecko) Chrome/136.0.0.0 Mobile Safari/537.36"
5.74.79.105 - - [13/May/2025:00:38:40 +0330] "GET /wp-content/plugins/wpdiscuz/assets/js/wpdiscuz-combo-no_quill.min.js?ver=7.6.29 HTTP/2" 200 22822 "https://optimyar.com/courses/modm-la/" "Mozilla/5.0 (Linux; Android 10; K) AppleWebKit/537.36 (KHTML, like Gecko) Chrome/136.0.0.0 Mobile Safari/537.36"
5.74.79.105 - - [13/May/2025:00:38:40 +0330] "GET /wp-content/uploads/essential-addons-elementor/eael-35189.js?ver=1740260739 HTTP/2" 200 974 "https://optimyar.com/courses/modm-la/" "Mozilla/5.0 (Linux; Android 10; K) AppleWebKit/537.36 (KHTML, like Gecko) Chrome/136.0.0.0 Mobile Safari/537.36"
5.74.79.105 - - [13/May/2025:00:38:40 +0330] "GET /wp-content/uploads/essential-addons-elementor/eael-18728.js?ver=1740260739 HTTP/2" 200 974 "https://optimyar.com/courses/modm-la/" "Mozilla/5.0 (Linux; Android 10; K) AppleWebKit/537.36 (KHTML, like Gecko) Chrome/136.0.0.0 Mobile Safari/537.36"
5.74.79.105 - - [13/May/2025:00:38:40 +0330] "GET /wp-includes/js/comment-reply.min.js?ver=6.8.1 HTTP/2" 200 1247 "https://optimyar.com/courses/modm-la/" "Mozilla/5.0 (Linux; Android 10; K) AppleWebKit/537.36 (KHTML, like Gecko) Chrome/136.0.0.0 Mobile Safari/537.36"
5.74.79.105 - - [13/May/2025:00:38:40 +0330] "GET /wp-content/plugins/akismet/_inc/akismet-frontend.js?ver=1740841587 HTTP/2" 200 3015 "https://optimyar.com/courses/modm-la/" "Mozilla/5.0 (Linux; Android 10; K) AppleWebKit/537.36 (KHTML, like Gecko) Chrome/136.0.0.0 Mobile Safari/537.36"
5.74.79.105 - - [13/May/2025:00:38:41 +0330] "GET /wp-content/plugins/elementor-pro/assets/js/share-buttons.63d984f8c96d1e053bc0.bundle.min.js HTTP/2" 200 690 "https://optimyar.com/courses/modm-la/" "Mozilla/5.0 (Linux; Android 10; K) AppleWebKit/537.36 (KHTML, like Gecko) Chrome/136.0.0.0 Mobile Safari/537.36"
5.74.79.105 - - [13/May/2025:00:38:42 +0330] "GET /wp-content/plugins/elementor/assets/lib/share-link/share-link.min.js?ver=3.28.4 HTTP/2" 200 1072 "https://optimyar.com/courses/modm-la/" "Mozilla/5.0 (Linux; Android 10; K) AppleWebKit/537.36 (KHTML, like Gecko) Chrome/136.0.0.0 Mobile Safari/537.36"
52.169.84.120 - - [13/May/2025:00:38:42 +0330] "GET /max.php HTTP/1.1" 404 101884 "-" "-"
52.169.84.120 - - [13/May/2025:00:38:48 +0330] "GET /wp-content/themes/zrt.php HTTP/1.1" 404 102184 "-" "-"
52.169.84.120 - - [13/May/2025:00:38:53 +0330] "GET /.well-known/acme-challenge/wp-protector.php HTTP/1.1" 404 102184 "-" "-"
52.169.84.120 - - [13/May/2025:00:38:59 +0330] "GET /wp2.php HTTP/1.1" 404 101884 "-" "-"
52.169.84.120 - - [13/May/2025:00:39:04 +0330] "GET /epinyins.php HTTP/1.1" 404 101884 "-" "-"
52.169.84.120 - - [13/May/2025:00:39:10 +0330] "GET /wp-includes/BW78qubSIi6.php HTTP/1.1" 404 101884 "-" "-"
5.74.79.105 - - [13/May/2025:00:39:12 +0330] "GET /courses/gtblp-la HTTP/2" 301 20 "https://optimyar.com/courses/" "Mozilla/5.0 (Linux; Android 10; K) AppleWebKit/537.36 (KHTML, like Gecko) Chrome/136.0.0.0 Mobile Safari/537.36"
5.74.79.105 - - [13/May/2025:00:39:14 +0330] "GET /courses/gtblp-la/ HTTP/2" 200 38906 "https://optimyar.com/courses/" "Mozilla/5.0 (Linux; Android 10; K) AppleWebKit/537.36 (KHTML, like Gecko) Chrome/136.0.0.0 Mobile Safari/537.36"
5.74.79.105 - - [13/May/2025:00:39:17 +0330] "GET /courses/modm-la/ HTTP/2" 200 38476 "https://optimyar.com/courses/" "Mozilla/5.0 (Linux; Android 10; K) AppleWebKit/537.36 (KHTML, like Gecko) Chrome/136.0.0.0 Mobile Safari/537.36"
52.169.84.120 - - [13/May/2025:00:39:17 +0330] "GET /.alf.php HTTP/1.1" 404 101884 "-" "-"
5.74.79.105 - - [13/May/2025:00:39:20 +0330] "GET /courses/mssp-mlro-14010510/ HTTP/2" 200 51022 "https://optimyar.com/courses/" "Mozilla/5.0 (Linux; Android 10; K) AppleWebKit/537.36 (KHTML, like Gecko) Chrome/136.0.0.0 Mobile Safari/537.36"
84.54.44.19 - - [13/May/2025:00:39:21 +0330] "GET / HTTP/1.0" 200 279171 "https://optimyar.com/" "Mozilla/5.0 (Windows NT 10.0; Win64; x64) AppleWebKit/537.36 (KHTML, like Gecko) Chrome/131.0.0.0 Safari/537.36 Avast/131.0.0.0"
52.169.84.120 - - [13/May/2025:00:39:23 +0330] "GET /.well-known/acme-challenge/radio.php HTTP/1.1" 404 102184 "-" "-"
5.74.79.105 - - [13/May/2025:00:39:24 +0330] "GET /courses/gams-la/ HTTP/2" 200 38370 "https://optimyar.com/courses/" "Mozilla/5.0 (Linux; Android 10; K) AppleWebKit/537.36 (KHTML, like Gecko) Chrome/136.0.0.0 Mobile Safari/537.36"
5.74.79.105 - - [13/May/2025:00:39:28 +0330] "GET /wp-content/uploads/essential-addons-elementor/eael-35183.css?ver=1740260654 HTTP/2" 200 1753 "https://optimyar.com/courses/gtblp-la/" "Mozilla/5.0 (Linux; Android 10; K) AppleWebKit/537.36 (KHTML, like Gecko) Chrome/136.0.0.0 Mobile Safari/537.36"
5.74.79.105 - - [13/May/2025:00:39:28 +0330] "GET /wp-content/uploads/elementor/css/post-35183.css?ver=1745909204 HTTP/2" 200 3706 "https://optimyar.com/courses/gtblp-la/" "Mozilla/5.0 (Linux; Android 10; K) AppleWebKit/537.36 (KHTML, like Gecko) Chrome/136.0.0.0 Mobile Safari/537.36"
5.74.79.105 - - [13/May/2025:00:39:25 +0330] "GET /courses/gtblp-la/ HTTP/2" 200 38908 "https://optimyar.com/courses/" "Mozilla/5.0 (Linux; Android 10; K) AppleWebKit/537.36 (KHTML, like Gecko) Chrome/136.0.0.0 Mobile Safari/537.36"
5.74.79.105 - - [13/May/2025:00:39:28 +0330] "GET /wp-content/uploads/2022/07/%D8%A2%D9%85%D9%88%D8%B2%D8%B4-%D9%86%D8%B8%D8%B1%DB%8C%D9%87-%D8%A8%D8%A7%D8%B2%DB%8C-%D8%A8%D8%B1%D9%86%D8%A7%D9%85%D9%87_%D8%B1%DB%8C%D8%B2%DB%8C-%D8%AF%D9%88%D8%B3%D8%B7%D8%AD%DB%8C-1536x1086.png HTTP/2" 200 1243370 "https://optimyar.com/courses/gtblp-la/" "Mozilla/5.0 (Linux; Android 10; K) AppleWebKit/537.36 (KHTML, like Gecko) Chrome/136.0.0.0 Mobile Safari/537.36"
66.102.9.64 - - [13/May/2025:00:37:34 +0330] "GET /wp-content/uploads/elementor/css/post-102.css?ver=1745850518 HTTP/1.1" 200 4495 "https://optimyar.com/courses/" "Mozilla/5.0 (Linux; Android 7.0; SM-G930V Build/NRD90M) AppleWebKit/537.36 (KHTML, like Gecko) Chrome/59.0.3071.125 Mobile Safari/537.36 (compatible; Google-Read-Aloud; +https://support.google.com/webmasters/answer/1061943)"
66.102.9.65 - - [13/May/2025:00:37:34 +0330] "GET /wp-content/plugins/persian-elementor/assets/css/font/IRANSansX/IRANSansX-Regular.woff2 HTTP/1.1" 200 40852 "https://optimyar.com/wp-content/plugins/persian-elementor/assets/css/font.css?ver=2.13.9" "Mozilla/5.0 (Linux; Android 7.0; SM-G930V Build/NRD90M) AppleWebKit/537.36 (KHTML, like Gecko) Chrome/59.0.3071.125 Mobile Safari/537.36 (compatible; Google-Read-Aloud; +https://support.google.com/webmasters/answer/1061943)"
66.102.9.78 - - [13/May/2025:00:37:34 +0330] "GET /wp-content/plugins/persian-elementor/assets/css/font/Parastoo/Parastoo-Bold.woff2 HTTP/1.1" 200 48268 "https://optimyar.com/wp-content/plugins/persian-elementor/assets/css/font.css?ver=2.13.9" "Mozilla/5.0 (Linux; Android 7.0; SM-G930V Build/NRD90M) AppleWebKit/537.36 (KHTML, like Gecko) Chrome/59.0.3071.125 Mobile Safari/537.36 (compatible; Google-Read-Aloud; +https://support.google.com/webmasters/answer/1061943)"
66.102.9.64 - - [13/May/2025:00:37:34 +0330] "GET /wp-content/plugins/persian-elementor/assets/css/font/IRANSansX/IRANSansX-Medium.woff2 HTTP/1.1" 200 45884 "https://optimyar.com/wp-content/plugins/persian-elementor/assets/css/font.css?ver=2.13.9" "Mozilla/5.0 (Linux; Android 7.0; SM-G930V Build/NRD90M) AppleWebKit/537.36 (KHTML, like Gecko) Chrome/59.0.3071.125 Mobile Safari/537.36 (compatible; Google-Read-Aloud; +https://support.google.com/webmasters/answer/1061943)"
66.102.9.65 - - [13/May/2025:00:37:34 +0330] "GET /wp-content/plugins/elementor/assets/lib/eicons/fonts/eicons.woff2?5.36.0 HTTP/1.1" 200 99440 "https://optimyar.com/wp-content/plugins/elementor/assets/lib/eicons/css/elementor-icons.min.css?ver=5.36.0" "Mozilla/5.0 (Linux; Android 7.0; SM-G930V Build/NRD90M) AppleWebKit/537.36 (KHTML, like Gecko) Chrome/59.0.3071.125 Mobile Safari/537.36 (compatible; Google-Read-Aloud; +https://support.google.com/webmasters/answer/1061943)"
31.214.174.196 - - [13/May/2025:00:37:44 +0330] "POST /wp-cron.php?doing_wp_cron=1747084064.1279180049896240234375 HTTP/1.1" 200 20 "-" "WordPress/6.8.1; https://optimyar.com"
74.125.213.33 - - [13/May/2025:00:39:33 +0330] "GET /courses/gtblp-la/ HTTP/1.1" 200 38908 "-" "Mozilla/5.0 (Linux; Android 7.0; SM-G930V Build/NRD90M) AppleWebKit/537.36 (KHTML, like Gecko) Chrome/59.0.3071.125 Mobile Safari/537.36 (compatible; Google-Read-Aloud; +https://support.google.com/webmasters/answer/1061943)"
74.125.213.33 - - [13/May/2025:00:39:33 +0330] "GET /courses/gtblp-la/ HTTP/1.1" 200 38908 "-" "Mozilla/5.0 (Linux; Android 7.0; SM-G930V Build/NRD90M) AppleWebKit/537.36 (KHTML, like Gecko) Chrome/59.0.3071.125 Mobile Safari/537.36 (compatible; Google-Read-Aloud; +https://support.google.com/webmasters/answer/1061943)"
