66.249.64.132 - - [12/May/2025:15:42:36 +0330] "GET /310304129.shtml HTTP/1.1" 200 9814 "-" "Mozilla/5.0 (Linux; Android 6.0.1; Nexus 5X Build/MMB29P) AppleWebKit/537.36 (KHTML, like Gecko) Chrome/136.0.7103.59 Mobile Safari/537.36 (compatible; Googlebot/2.1; +http://www.google.com/bot.html)"
84.47.208.245 - - [12/May/2025:15:49:39 +0330] "GET /buyCourse/636cfbdb239d8d854379a5a3 HTTP/2" 200 1821 "https://optimyar.com/" "Mozilla/5.0 (Linux; Android 10; K) AppleWebKit/537.36 (KHTML, like Gecko) Chrome/136.0.0.0 Mobile Safari/537.36"
84.47.208.245 - - [12/May/2025:15:49:40 +0330] "GET /libs/stimul/stimulsoft.viewer.office2013.whiteblue.css HTTP/1.1" 200 3122 "https://app.optimyar.com/buyCourse/636cfbdb239d8d854379a5a3" "Mozilla/5.0 (Linux; Android 10; K) AppleWebKit/537.36 (KHTML, like Gecko) Chrome/136.0.0.0 Mobile Safari/537.36"
84.47.208.245 - - [12/May/2025:15:49:40 +0330] "GET /app.css HTTP/1.1" 200 0 "https://app.optimyar.com/buyCourse/636cfbdb239d8d854379a5a3" "Mozilla/5.0 (Linux; Android 10; K) AppleWebKit/537.36 (KHTML, like Gecko) Chrome/136.0.0.0 Mobile Safari/537.36"
84.47.208.245 - - [12/May/2025:15:49:40 +0330] "GET /libs/cross-domain/hub.js HTTP/1.1" 200 952 "https://app.optimyar.com/buyCourse/636cfbdb239d8d854379a5a3" "Mozilla/5.0 (Linux; Android 10; K) AppleWebKit/537.36 (KHTML, like Gecko) Chrome/136.0.0.0 Mobile Safari/537.36"
84.47.208.245 - - [12/May/2025:15:49:40 +0330] "GET /defaults.js?v=310 HTTP/1.1" 200 425 "https://app.optimyar.com/buyCourse/636cfbdb239d8d854379a5a3" "Mozilla/5.0 (Linux; Android 10; K) AppleWebKit/537.36 (KHTML, like Gecko) Chrome/136.0.0.0 Mobile Safari/537.36"
84.47.208.245 - - [12/May/2025:15:49:40 +0330] "GET /apiUrl.js?v=310 HTTP/1.1" 200 1085 "https://app.optimyar.com/buyCourse/636cfbdb239d8d854379a5a3" "Mozilla/5.0 (Linux; Android 10; K) AppleWebKit/537.36 (KHTML, like Gecko) Chrome/136.0.0.0 Mobile Safari/537.36"
84.47.208.245 - - [12/May/2025:15:49:40 +0330] "GET /fa_lang.js?v=334 HTTP/1.1" 200 8246 "https://app.optimyar.com/buyCourse/636cfbdb239d8d854379a5a3" "Mozilla/5.0 (Linux; Android 10; K) AppleWebKit/537.36 (KHTML, like Gecko) Chrome/136.0.0.0 Mobile Safari/537.36"
84.47.208.245 - - [12/May/2025:15:49:40 +0330] "GET /libs/stimul/stimulsoft.reports.js?v=4 HTTP/1.1" 200 3875294 "https://app.optimyar.com/buyCourse/636cfbdb239d8d854379a5a3" "Mozilla/5.0 (Linux; Android 10; K) AppleWebKit/537.36 (KHTML, like Gecko) Chrome/136.0.0.0 Mobile Safari/537.36"
84.47.208.245 - - [12/May/2025:15:49:45 +0330] "GET /libs/stimul/stimulsoft.viewer.js?v=4 HTTP/1.1" 200 367025 "https://app.optimyar.com/buyCourse/636cfbdb239d8d854379a5a3" "Mozilla/5.0 (Linux; Android 10; K) AppleWebKit/537.36 (KHTML, like Gecko) Chrome/136.0.0.0 Mobile Safari/537.36"
84.47.208.245 - - [12/May/2025:15:49:45 +0330] "GET /static/css/2.5db30c42.chunk.css HTTP/1.1" 200 15335 "https://app.optimyar.com/buyCourse/636cfbdb239d8d854379a5a3" "Mozilla/5.0 (Linux; Android 10; K) AppleWebKit/537.36 (KHTML, like Gecko) Chrome/136.0.0.0 Mobile Safari/537.36"
84.47.208.245 - - [12/May/2025:15:49:45 +0330] "GET /static/css/main.60855b2a.chunk.css HTTP/1.1" 200 98708 "https://app.optimyar.com/buyCourse/636cfbdb239d8d854379a5a3" "Mozilla/5.0 (Linux; Android 10; K) AppleWebKit/537.36 (KHTML, like Gecko) Chrome/136.0.0.0 Mobile Safari/537.36"
84.47.208.245 - - [12/May/2025:15:49:45 +0330] "GET /libs/xlsx/jszip.js HTTP/1.1" 200 72470 "https://app.optimyar.com/buyCourse/636cfbdb239d8d854379a5a3" "Mozilla/5.0 (Linux; Android 10; K) AppleWebKit/537.36 (KHTML, like Gecko) Chrome/136.0.0.0 Mobile Safari/537.36"
84.47.208.245 - - [12/May/2025:15:49:46 +0330] "GET /libs/xlsx/xlsx.js HTTP/1.1" 200 102175 "https://app.optimyar.com/buyCourse/636cfbdb239d8d854379a5a3" "Mozilla/5.0 (Linux; Android 10; K) AppleWebKit/537.36 (KHTML, like Gecko) Chrome/136.0.0.0 Mobile Safari/537.36"
84.47.208.245 - - [12/May/2025:15:49:46 +0330] "GET /libs/zip/dist/zip.min.js HTTP/1.1" 200 28371 "https://app.optimyar.com/buyCourse/636cfbdb239d8d854379a5a3" "Mozilla/5.0 (Linux; Android 10; K) AppleWebKit/537.36 (KHTML, like Gecko) Chrome/136.0.0.0 Mobile Safari/537.36"
84.47.208.245 - - [12/May/2025:15:49:47 +0330] "GET /app.js?v=4 HTTP/1.1" 200 2037 "https://app.optimyar.com/buyCourse/636cfbdb239d8d854379a5a3" "Mozilla/5.0 (Linux; Android 10; K) AppleWebKit/537.36 (KHTML, like Gecko) Chrome/136.0.0.0 Mobile Safari/537.36"
84.47.208.245 - - [12/May/2025:15:49:47 +0330] "GET /static/js/2.727844f4.chunk.js HTTP/1.1" 200 919699 "https://app.optimyar.com/buyCourse/636cfbdb239d8d854379a5a3" "Mozilla/5.0 (Linux; Android 10; K) AppleWebKit/537.36 (KHTML, like Gecko) Chrome/136.0.0.0 Mobile Safari/537.36"
84.47.208.245 - - [12/May/2025:15:49:48 +0330] "GET /static/js/main.2871af22.chunk.js HTTP/1.1" 200 66622 "https://app.optimyar.com/buyCourse/636cfbdb239d8d854379a5a3" "Mozilla/5.0 (Linux; Android 10; K) AppleWebKit/537.36 (KHTML, like Gecko) Chrome/136.0.0.0 Mobile Safari/537.36"
84.47.208.245 - - [12/May/2025:15:49:49 +0330] "GET /static/media/iranyekanwebregularfanum.55f541a7.woff HTTP/1.1" 200 33585 "https://app.optimyar.com/static/css/main.60855b2a.chunk.css" "Mozilla/5.0 (Linux; Android 10; K) AppleWebKit/537.36 (KHTML, like Gecko) Chrome/136.0.0.0 Mobile Safari/537.36"
84.47.208.245 - - [12/May/2025:15:49:49 +0330] "GET /fa_lang.js HTTP/1.1" 200 8246 "https://app.optimyar.com/login?returnUrl=/buyCourse/636cfbdb239d8d854379a5a3" "Mozilla/5.0 (Linux; Android 10; K) AppleWebKit/537.36 (KHTML, like Gecko) Chrome/136.0.0.0 Mobile Safari/537.36"
84.47.208.245 - - [12/May/2025:15:49:49 +0330] "GET /static/media/Pulse.c4808363.gif HTTP/1.1" 200 79252 "https://app.optimyar.com/login?returnUrl=/buyCourse/636cfbdb239d8d854379a5a3" "Mozilla/5.0 (Linux; Android 10; K) AppleWebKit/537.36 (KHTML, like Gecko) Chrome/136.0.0.0 Mobile Safari/537.36"
84.47.208.245 - - [12/May/2025:15:49:49 +0330] "GET /logo192.png HTTP/1.1" 200 4153 "https://app.optimyar.com/login?returnUrl=/buyCourse/636cfbdb239d8d854379a5a3" "Mozilla/5.0 (Linux; Android 10; K) AppleWebKit/537.36 (KHTML, like Gecko) Chrome/136.0.0.0 Mobile Safari/537.36"
84.47.208.245 - - [12/May/2025:15:49:50 +0330] "GET /assets/fonts/fontawesome/webfonts/fa-solid-900.woff2 HTTP/1.1" 200 129832 "https://app.optimyar.com/static/css/main.60855b2a.chunk.css" "Mozilla/5.0 (Linux; Android 10; K) AppleWebKit/537.36 (KHTML, like Gecko) Chrome/136.0.0.0 Mobile Safari/537.36"
84.47.208.245 - - [12/May/2025:15:55:27 +0330] "GET /static/media/iranyekanwebmediumfanum.5fb4123b.woff HTTP/1.1" 200 34625 "https://app.optimyar.com/static/css/main.60855b2a.chunk.css" "Mozilla/5.0 (Linux; Android 10; K) AppleWebKit/537.36 (KHTML, like Gecko) Chrome/136.0.0.0 Mobile Safari/537.36"
84.47.208.245 - - [12/May/2025:15:55:27 +0330] "GET /static/media/iranyekanwebboldfanum.6b119610.woff HTTP/1.1" 200 33581 "https://app.optimyar.com/static/css/main.60855b2a.chunk.css" "Mozilla/5.0 (Linux; Android 10; K) AppleWebKit/537.36 (KHTML, like Gecko) Chrome/136.0.0.0 Mobile Safari/537.36"
84.47.208.245 - - [12/May/2025:15:55:58 +0330] "GET /static/media/mellat.2f1000a9.png HTTP/1.1" 200 31753 "https://app.optimyar.com/buyCourse/636cfbdb239d8d854379a5a3" "Mozilla/5.0 (Linux; Android 10; K) AppleWebKit/537.36 (KHTML, like Gecko) Chrome/136.0.0.0 Mobile Safari/537.36"
84.47.208.245 - - [12/May/2025:15:55:58 +0330] "GET /static/media/iranyekanwebextrablackfanum.0098fad9.woff HTTP/1.1" 200 34189 "https://app.optimyar.com/static/css/main.60855b2a.chunk.css" "Mozilla/5.0 (Linux; Android 10; K) AppleWebKit/537.36 (KHTML, like Gecko) Chrome/136.0.0.0 Mobile Safari/537.36"
66.249.64.128 - - [12/May/2025:16:03:18 +0330] "GET /320326123.shtml HTTP/1.1" 200 10080 "-" "Mozilla/5.0 (Linux; Android 6.0.1; Nexus 5X Build/MMB29P) AppleWebKit/537.36 (KHTML, like Gecko) Chrome/136.0.7103.59 Mobile Safari/537.36 (compatible; Googlebot/2.1; +http://www.google.com/bot.html)"
66.249.64.128 - - [12/May/2025:15:45:39 +0330] "GET /195203489.shtml HTTP/1.1" 200 10974 "-" "Mozilla/5.0 (Linux; Android 6.0.1; Nexus 5X Build/MMB29P) AppleWebKit/537.36 (KHTML, like Gecko) Chrome/136.0.7103.59 Mobile Safari/537.36 (compatible; Googlebot/2.1; +http://www.google.com/bot.html)"
66.249.64.129 - - [12/May/2025:15:48:24 +0330] "GET /289029083.shtml HTTP/1.1" 200 9613 "-" "Mozilla/5.0 (Linux; Android 6.0.1; Nexus 5X Build/MMB29P) AppleWebKit/537.36 (KHTML, like Gecko) Chrome/136.0.7103.59 Mobile Safari/537.36 (compatible; Googlebot/2.1; +http://www.google.com/bot.html)"
84.47.208.245 - - [12/May/2025:15:49:49 +0330] "GET /manifest.json HTTP/1.1" 200 220 "https://app.optimyar.com/login?returnUrl=/buyCourse/636cfbdb239d8d854379a5a3" "Mozilla/5.0 (Linux; Android 10; K) AppleWebKit/537.36 (KHTML, like Gecko) Chrome/136.0.0.0 Mobile Safari/537.36"
66.249.64.128 - - [12/May/2025:15:52:22 +0330] "GET /8304711.shtml HTTP/1.1" 200 9564 "-" "Mozilla/5.0 (Linux; Android 6.0.1; Nexus 5X Build/MMB29P) AppleWebKit/537.36 (KHTML, like Gecko) Chrome/136.0.7103.59 Mobile Safari/537.36 (compatible; GoogleOther)"
66.249.64.132 - - [12/May/2025:15:52:39 +0330] "GET /280515527.shtml HTTP/1.1" 200 11337 "-" "Mozilla/5.0 (Linux; Android 6.0.1; Nexus 5X Build/MMB29P) AppleWebKit/537.36 (KHTML, like Gecko) Chrome/136.0.7103.59 Mobile Safari/537.36 (compatible; Googlebot/2.1; +http://www.google.com/bot.html)"
66.249.64.128 - - [12/May/2025:16:05:09 +0330] "GET /74830351.shtml HTTP/1.1" 200 9919 "-" "Mozilla/5.0 (Linux; Android 6.0.1; Nexus 5X Build/MMB29P) AppleWebKit/537.36 (KHTML, like Gecko) Chrome/136.0.7103.59 Mobile Safari/537.36 (compatible; Googlebot/2.1; +http://www.google.com/bot.html)"
66.249.64.128 - - [12/May/2025:16:20:46 +0330] "GET /83096811.shtml HTTP/1.1" 200 9680 "-" "Mozilla/5.0 (Linux; Android 6.0.1; Nexus 5X Build/MMB29P) AppleWebKit/537.36 (KHTML, like Gecko) Chrome/136.0.7103.59 Mobile Safari/537.36 (compatible; Googlebot/2.1; +http://www.google.com/bot.html)"
66.249.64.132 - - [12/May/2025:16:20:55 +0330] "GET /122100325.shtml HTTP/1.1" 200 10843 "-" "Mozilla/5.0 (Linux; Android 6.0.1; Nexus 5X Build/MMB29P) AppleWebKit/537.36 (KHTML, like Gecko) Chrome/136.0.7103.59 Mobile Safari/537.36 (compatible; Googlebot/2.1; +http://www.google.com/bot.html)"
66.249.64.132 - - [12/May/2025:16:22:55 +0330] "GET /325611619.shtml HTTP/1.1" 200 10532 "-" "Mozilla/5.0 (Linux; Android 6.0.1; Nexus 5X Build/MMB29P) AppleWebKit/537.36 (KHTML, like Gecko) Chrome/136.0.7103.59 Mobile Safari/537.36 (compatible; Googlebot/2.1; +http://www.google.com/bot.html)"
20.246.78.232 - - [12/May/2025:16:23:40 +0330] "GET / HTTP/1.1" 200 1821 "-" "Python/3.9 aiohttp/3.10.6"
66.249.64.132 - - [12/May/2025:16:24:16 +0330] "GET /395335169.shtml HTTP/1.1" 200 10154 "-" "Mozilla/5.0 (Linux; Android 6.0.1; Nexus 5X Build/MMB29P) AppleWebKit/537.36 (KHTML, like Gecko) Chrome/136.0.7103.59 Mobile Safari/537.36 (compatible; Googlebot/2.1; +http://www.google.com/bot.html)"
66.249.64.128 - - [12/May/2025:16:27:11 +0330] "GET /32157247.shtml HTTP/1.1" 200 10350 "-" "Mozilla/5.0 (Linux; Android 6.0.1; Nexus 5X Build/MMB29P) AppleWebKit/537.36 (KHTML, like Gecko) Chrome/136.0.7103.59 Mobile Safari/537.36 (compatible; Googlebot/2.1; +http://www.google.com/bot.html)"
66.249.64.129 - - [12/May/2025:16:31:13 +0330] "GET /182466789.shtml HTTP/1.1" 200 10445 "-" "Mozilla/5.0 (Linux; Android 6.0.1; Nexus 5X Build/MMB29P) AppleWebKit/537.36 (KHTML, like Gecko) Chrome/136.0.7103.59 Mobile Safari/537.36 (compatible; GoogleOther)"
66.249.64.132 - - [12/May/2025:16:33:33 +0330] "GET /28618173.shtml HTTP/1.1" 200 10452 "-" "Mozilla/5.0 (Linux; Android 6.0.1; Nexus 5X Build/MMB29P) AppleWebKit/537.36 (KHTML, like Gecko) Chrome/136.0.7103.59 Mobile Safari/537.36 (compatible; Googlebot/2.1; +http://www.google.com/bot.html)"
66.249.64.128 - - [12/May/2025:16:34:01 +0330] "GET /209200459.shtml HTTP/1.1" 200 9892 "-" "Mozilla/5.0 (Linux; Android 6.0.1; Nexus 5X Build/MMB29P) AppleWebKit/537.36 (KHTML, like Gecko) Chrome/136.0.7103.59 Mobile Safari/537.36 (compatible; Googlebot/2.1; +http://www.google.com/bot.html)"
66.249.64.129 - - [12/May/2025:16:35:05 +0330] "GET /223319905.shtml HTTP/1.1" 200 10637 "-" "Mozilla/5.0 (Linux; Android 6.0.1; Nexus 5X Build/MMB29P) AppleWebKit/537.36 (KHTML, like Gecko) Chrome/136.0.7103.59 Mobile Safari/537.36 (compatible; Googlebot/2.1; +http://www.google.com/bot.html)"
66.249.64.129 - - [12/May/2025:16:17:45 +0330] "GET /352493493.shtml HTTP/1.1" 200 9890 "-" "Mozilla/5.0 (Linux; Android 6.0.1; Nexus 5X Build/MMB29P) AppleWebKit/537.36 (KHTML, like Gecko) Chrome/136.0.7103.59 Mobile Safari/537.36 (compatible; Googlebot/2.1; +http://www.google.com/bot.html)"
66.249.64.132 - - [12/May/2025:16:18:32 +0330] "GET /266043393.shtml HTTP/1.1" 200 10854 "-" "Mozilla/5.0 (Linux; Android 6.0.1; Nexus 5X Build/MMB29P) AppleWebKit/537.36 (KHTML, like Gecko) Chrome/136.0.7103.59 Mobile Safari/537.36 (compatible; Googlebot/2.1; +http://www.google.com/bot.html)"
66.249.64.132 - - [12/May/2025:16:20:28 +0330] "GET /211340305.shtml HTTP/1.1" 200 10761 "-" "Mozilla/5.0 (Linux; Android 6.0.1; Nexus 5X Build/MMB29P) AppleWebKit/537.36 (KHTML, like Gecko) Chrome/136.0.7103.59 Mobile Safari/537.36 (compatible; Googlebot/2.1; +http://www.google.com/bot.html)"
66.249.64.132 - - [12/May/2025:16:22:01 +0330] "GET /220169565.shtml HTTP/1.1" 200 10512 "-" "Mozilla/5.0 (Linux; Android 6.0.1; Nexus 5X Build/MMB29P) AppleWebKit/537.36 (KHTML, like Gecko) Chrome/136.0.7103.59 Mobile Safari/537.36 (compatible; Googlebot/2.1; +http://www.google.com/bot.html)"
66.249.64.132 - - [12/May/2025:16:25:04 +0330] "GET /354628113.shtml HTTP/1.1" 200 9842 "-" "Mozilla/5.0 (Linux; Android 6.0.1; Nexus 5X Build/MMB29P) AppleWebKit/537.36 (KHTML, like Gecko) Chrome/136.0.7103.59 Mobile Safari/537.36 (compatible; Googlebot/2.1; +http://www.google.com/bot.html)"
66.249.64.128 - - [12/May/2025:16:28:47 +0330] "GET /308806545.shtml HTTP/1.1" 200 10517 "-" "Mozilla/5.0 (Linux; Android 6.0.1; Nexus 5X Build/MMB29P) AppleWebKit/537.36 (KHTML, like Gecko) Chrome/136.0.7103.59 Mobile Safari/537.36 (compatible; Googlebot/2.1; +http://www.google.com/bot.html)"
66.249.64.132 - - [12/May/2025:16:28:56 +0330] "GET /303604129.shtml HTTP/1.1" 200 10085 "-" "Mozilla/5.0 (Linux; Android 6.0.1; Nexus 5X Build/MMB29P) AppleWebKit/537.36 (KHTML, like Gecko) Chrome/136.0.7103.59 Mobile Safari/537.36 (compatible; Googlebot/2.1; +http://www.google.com/bot.html)"
66.249.64.132 - - [12/May/2025:16:29:51 +0330] "GET /115386523.shtml HTTP/1.1" 200 9983 "-" "Mozilla/5.0 (Linux; Android 6.0.1; Nexus 5X Build/MMB29P) AppleWebKit/537.36 (KHTML, like Gecko) Chrome/136.0.7103.59 Mobile Safari/537.36 (compatible; Googlebot/2.1; +http://www.google.com/bot.html)"
66.249.64.128 - - [12/May/2025:16:30:46 +0330] "GET /162723095.shtml HTTP/1.1" 200 10547 "-" "Mozilla/5.0 (Linux; Android 6.0.1; Nexus 5X Build/MMB29P) AppleWebKit/537.36 (KHTML, like Gecko) Chrome/136.0.7103.59 Mobile Safari/537.36 (compatible; Googlebot/2.1; +http://www.google.com/bot.html)"
66.249.64.128 - - [12/May/2025:16:35:23 +0330] "GET /271639903.shtml HTTP/1.1" 200 10182 "-" "Mozilla/5.0 (Linux; Android 6.0.1; Nexus 5X Build/MMB29P) AppleWebKit/537.36 (KHTML, like Gecko) Chrome/136.0.7103.59 Mobile Safari/537.36 (compatible; Googlebot/2.1; +http://www.google.com/bot.html)"
66.249.64.132 - - [12/May/2025:16:35:51 +0330] "GET /341060345.shtml HTTP/1.1" 200 9909 "-" "Mozilla/5.0 (Linux; Android 6.0.1; Nexus 5X Build/MMB29P) AppleWebKit/537.36 (KHTML, like Gecko) Chrome/136.0.7103.59 Mobile Safari/537.36 (compatible; Googlebot/2.1; +http://www.google.com/bot.html)"
66.249.64.132 - - [12/May/2025:16:37:53 +0330] "GET /137226647.shtml HTTP/1.1" 200 10643 "-" "Mozilla/5.0 (Linux; Android 6.0.1; Nexus 5X Build/MMB29P) AppleWebKit/537.36 (KHTML, like Gecko) Chrome/136.0.7103.59 Mobile Safari/537.36 (compatible; Googlebot/2.1; +http://www.google.com/bot.html)"
66.249.64.128 - - [12/May/2025:16:40:40 +0330] "GET /219711419.shtml HTTP/1.1" 200 9746 "-" "Mozilla/5.0 (Linux; Android 6.0.1; Nexus 5X Build/MMB29P) AppleWebKit/537.36 (KHTML, like Gecko) Chrome/136.0.7103.59 Mobile Safari/537.36 (compatible; Googlebot/2.1; +http://www.google.com/bot.html)"
66.249.64.128 - - [12/May/2025:16:41:40 +0330] "GET /283199145.shtml HTTP/1.1" 200 10712 "-" "Mozilla/5.0 (Linux; Android 6.0.1; Nexus 5X Build/MMB29P) AppleWebKit/537.36 (KHTML, like Gecko) Chrome/136.0.7103.59 Mobile Safari/537.36 (compatible; Googlebot/2.1; +http://www.google.com/bot.html)"
66.249.64.129 - - [12/May/2025:16:43:07 +0330] "GET /110298007.shtml HTTP/1.1" 200 10317 "-" "Mozilla/5.0 (Linux; Android 6.0.1; Nexus 5X Build/MMB29P) AppleWebKit/537.36 (KHTML, like Gecko) Chrome/136.0.7103.59 Mobile Safari/537.36 (compatible; Googlebot/2.1; +http://www.google.com/bot.html)"
66.249.64.132 - - [12/May/2025:16:44:47 +0330] "GET /7121625.shtml HTTP/1.1" 200 10212 "-" "Mozilla/5.0 (Linux; Android 6.0.1; Nexus 5X Build/MMB29P) AppleWebKit/537.36 (KHTML, like Gecko) Chrome/136.0.7103.59 Mobile Safari/537.36 (compatible; Googlebot/2.1; +http://www.google.com/bot.html)"
66.249.64.129 - - [12/May/2025:16:37:46 +0330] "GET /197730193.shtml HTTP/1.1" 200 9916 "-" "Mozilla/5.0 (Linux; Android 6.0.1; Nexus 5X Build/MMB29P) AppleWebKit/537.36 (KHTML, like Gecko) Chrome/136.0.7103.59 Mobile Safari/537.36 (compatible; Googlebot/2.1; +http://www.google.com/bot.html)"
66.249.64.128 - - [12/May/2025:16:38:02 +0330] "GET /243918251.shtml HTTP/1.1" 200 10999 "-" "Mozilla/5.0 (Linux; Android 6.0.1; Nexus 5X Build/MMB29P) AppleWebKit/537.36 (KHTML, like Gecko) Chrome/136.0.7103.59 Mobile Safari/537.36 (compatible; Googlebot/2.1; +http://www.google.com/bot.html)"
66.249.64.129 - - [12/May/2025:16:42:39 +0330] "GET /41418255.shtml HTTP/1.1" 200 10209 "-" "Mozilla/5.0 (Linux; Android 6.0.1; Nexus 5X Build/MMB29P) AppleWebKit/537.36 (KHTML, like Gecko) Chrome/136.0.7103.59 Mobile Safari/537.36 (compatible; Googlebot/2.1; +http://www.google.com/bot.html)"
66.249.64.132 - - [12/May/2025:16:44:14 +0330] "GET /212682449.shtml HTTP/1.1" 200 10532 "-" "Mozilla/5.0 (Linux; Android 6.0.1; Nexus 5X Build/MMB29P) AppleWebKit/537.36 (KHTML, like Gecko) Chrome/136.0.7103.59 Mobile Safari/537.36 (compatible; Googlebot/2.1; +http://www.google.com/bot.html)"
66.249.64.129 - - [12/May/2025:16:48:31 +0330] "GET /186345017.shtml HTTP/1.1" 200 10428 "-" "Mozilla/5.0 (Linux; Android 6.0.1; Nexus 5X Build/MMB29P) AppleWebKit/537.36 (KHTML, like Gecko) Chrome/136.0.7103.59 Mobile Safari/537.36 (compatible; Googlebot/2.1; +http://www.google.com/bot.html)"
104.210.140.140 - - [12/May/2025:16:52:55 +0330] "GET /robots.txt HTTP/2" 200 117 "-" "Mozilla/5.0 (Macintosh; Intel Mac OS X 10_15_7) AppleWebKit/537.36 (KHTML, like Gecko) Chrome/131.0.0.0 Safari/537.36; compatible; OAI-SearchBot/1.0; +https://openai.com/searchbot"
66.249.64.129 - - [12/May/2025:16:59:44 +0330] "GET /350823451.shtml HTTP/1.1" 200 9786 "-" "Mozilla/5.0 (Linux; Android 6.0.1; Nexus 5X Build/MMB29P) AppleWebKit/537.36 (KHTML, like Gecko) Chrome/136.0.7103.59 Mobile Safari/537.36 (compatible; GoogleOther)"
66.249.64.128 - - [12/May/2025:17:00:46 +0330] "GET /283185343.shtml HTTP/1.1" 200 10176 "-" "Mozilla/5.0 (Linux; Android 6.0.1; Nexus 5X Build/MMB29P) AppleWebKit/537.36 (KHTML, like Gecko) Chrome/136.0.7103.59 Mobile Safari/537.36 (compatible; Googlebot/2.1; +http://www.google.com/bot.html)"
66.249.64.132 - - [12/May/2025:17:09:59 +0330] "GET /118048433.shtml HTTP/1.1" 200 11314 "-" "Mozilla/5.0 (Linux; Android 6.0.1; Nexus 5X Build/MMB29P) AppleWebKit/537.36 (KHTML, like Gecko) Chrome/136.0.7103.59 Mobile Safari/537.36 (compatible; Googlebot/2.1; +http://www.google.com/bot.html)"
66.249.64.129 - - [12/May/2025:17:29:51 +0330] "GET /robots.txt HTTP/1.1" 200 117 "-" "Mozilla/5.0 (compatible; Googlebot/2.1; +http://www.google.com/bot.html)"
66.249.64.128 - - [12/May/2025:17:31:46 +0330] "GET /273692649.shtml HTTP/1.1" 200 10992 "-" "Mozilla/5.0 (Linux; Android 6.0.1; Nexus 5X Build/MMB29P) AppleWebKit/537.36 (KHTML, like Gecko) Chrome/136.0.7103.59 Mobile Safari/537.36 (compatible; GoogleOther)"
66.249.64.132 - - [12/May/2025:17:42:41 +0330] "GET /251293611.shtml HTTP/1.1" 200 9749 "-" "Mozilla/5.0 (Linux; Android 6.0.1; Nexus 5X Build/MMB29P) AppleWebKit/537.36 (KHTML, like Gecko) Chrome/136.0.7103.59 Mobile Safari/537.36 (compatible; GoogleOther)"
5.117.188.89 - - [12/May/2025:18:00:25 +0330] "GET /buyCourse/6384f4175eb93156570e641d HTTP/1.1" 200 1821 "https://optimyar.com/" "Mozilla/5.0 (Windows NT 6.1; Win64; x64; rv:109.0) Gecko/20100101 Firefox/115.0"
5.117.188.89 - - [12/May/2025:18:00:25 +0330] "GET /libs/stimul/stimulsoft.viewer.office2013.whiteblue.css HTTP/1.1" 200 3122 "https://app.optimyar.com/buyCourse/6384f4175eb93156570e641d" "Mozilla/5.0 (Windows NT 6.1; Win64; x64; rv:109.0) Gecko/20100101 Firefox/115.0"
5.117.188.89 - - [12/May/2025:18:00:25 +0330] "GET /app.css HTTP/1.1" 200 0 "https://app.optimyar.com/buyCourse/6384f4175eb93156570e641d" "Mozilla/5.0 (Windows NT 6.1; Win64; x64; rv:109.0) Gecko/20100101 Firefox/115.0"
5.117.188.89 - - [12/May/2025:18:00:25 +0330] "GET /libs/cross-domain/hub.js HTTP/1.1" 200 952 "https://app.optimyar.com/buyCourse/6384f4175eb93156570e641d" "Mozilla/5.0 (Windows NT 6.1; Win64; x64; rv:109.0) Gecko/20100101 Firefox/115.0"
5.117.188.89 - - [12/May/2025:18:00:25 +0330] "GET /defaults.js?v=310 HTTP/1.1" 200 425 "https://app.optimyar.com/buyCourse/6384f4175eb93156570e641d" "Mozilla/5.0 (Windows NT 6.1; Win64; x64; rv:109.0) Gecko/20100101 Firefox/115.0"
5.117.188.89 - - [12/May/2025:18:00:25 +0330] "GET /apiUrl.js?v=310 HTTP/1.1" 200 1085 "https://app.optimyar.com/buyCourse/6384f4175eb93156570e641d" "Mozilla/5.0 (Windows NT 6.1; Win64; x64; rv:109.0) Gecko/20100101 Firefox/115.0"
5.117.188.89 - - [12/May/2025:18:00:25 +0330] "GET /fa_lang.js?v=334 HTTP/1.1" 200 8246 "https://app.optimyar.com/buyCourse/6384f4175eb93156570e641d" "Mozilla/5.0 (Windows NT 6.1; Win64; x64; rv:109.0) Gecko/20100101 Firefox/115.0"
5.117.188.89 - - [12/May/2025:18:00:25 +0330] "GET /static/css/2.5db30c42.chunk.css HTTP/1.1" 200 0 "https://app.optimyar.com/buyCourse/6384f4175eb93156570e641d" "Mozilla/5.0 (Windows NT 6.1; Win64; x64; rv:109.0) Gecko/20100101 Firefox/115.0"
5.117.188.89 - - [12/May/2025:18:00:25 +0330] "GET /libs/zip/dist/zip.min.js HTTP/1.1" 200 0 "https://app.optimyar.com/buyCourse/6384f4175eb93156570e641d" "Mozilla/5.0 (Windows NT 6.1; Win64; x64; rv:109.0) Gecko/20100101 Firefox/115.0"
5.117.188.89 - - [12/May/2025:18:00:25 +0330] "GET /libs/stimul/stimulsoft.reports.js?v=4 HTTP/1.1" 200 3490513 "https://app.optimyar.com/buyCourse/6384f4175eb93156570e641d" "Mozilla/5.0 (Windows NT 6.1; Win64; x64; rv:109.0) Gecko/20100101 Firefox/115.0"
5.117.188.89 - - [12/May/2025:18:00:25 +0330] "GET /libs/xlsx/jszip.js HTTP/1.1" 200 0 "https://app.optimyar.com/buyCourse/6384f4175eb93156570e641d" "Mozilla/5.0 (Windows NT 6.1; Win64; x64; rv:109.0) Gecko/20100101 Firefox/115.0"
5.117.188.89 - - [12/May/2025:18:00:25 +0330] "GET /static/js/main.2871af22.chunk.js HTTP/1.1" 200 0 "https://app.optimyar.com/buyCourse/6384f4175eb93156570e641d" "Mozilla/5.0 (Windows NT 6.1; Win64; x64; rv:109.0) Gecko/20100101 Firefox/115.0"
5.117.188.89 - - [12/May/2025:18:00:25 +0330] "GET /libs/stimul/stimulsoft.viewer.js?v=4 HTTP/1.1" 200 37085 "https://app.optimyar.com/buyCourse/6384f4175eb93156570e641d" "Mozilla/5.0 (Windows NT 6.1; Win64; x64; rv:109.0) Gecko/20100101 Firefox/115.0"
5.117.188.89 - - [12/May/2025:18:00:25 +0330] "GET /static/css/main.60855b2a.chunk.css HTTP/1.1" 200 0 "https://app.optimyar.com/buyCourse/6384f4175eb93156570e641d" "Mozilla/5.0 (Windows NT 6.1; Win64; x64; rv:109.0) Gecko/20100101 Firefox/115.0"
5.117.188.89 - - [12/May/2025:18:00:25 +0330] "GET /libs/xlsx/xlsx.js HTTP/1.1" 200 0 "https://app.optimyar.com/buyCourse/6384f4175eb93156570e641d" "Mozilla/5.0 (Windows NT 6.1; Win64; x64; rv:109.0) Gecko/20100101 Firefox/115.0"
5.117.188.89 - - [12/May/2025:18:00:25 +0330] "GET /app.js?v=4 HTTP/1.1" 200 0 "https://app.optimyar.com/buyCourse/6384f4175eb93156570e641d" "Mozilla/5.0 (Windows NT 6.1; Win64; x64; rv:109.0) Gecko/20100101 Firefox/115.0"
5.117.188.89 - - [12/May/2025:18:00:25 +0330] "GET /static/js/2.727844f4.chunk.js HTTP/1.1" 200 0 "https://app.optimyar.com/buyCourse/6384f4175eb93156570e641d" "Mozilla/5.0 (Windows NT 6.1; Win64; x64; rv:109.0) Gecko/20100101 Firefox/115.0"
66.249.64.132 - - [12/May/2025:18:14:29 +0330] "GET /106639137.shtml HTTP/1.1" 200 10000 "-" "Mozilla/5.0 (Linux; Android 6.0.1; Nexus 5X Build/MMB29P) AppleWebKit/537.36 (KHTML, like Gecko) Chrome/136.0.7103.59 Mobile Safari/537.36 (compatible; Googlebot/2.1; +http://www.google.com/bot.html)"
66.249.64.132 - - [12/May/2025:18:20:23 +0330] "GET /62209427.shtml HTTP/1.1" 200 10234 "-" "Mozilla/5.0 (Linux; Android 6.0.1; Nexus 5X Build/MMB29P) AppleWebKit/537.36 (KHTML, like Gecko) Chrome/136.0.7103.59 Mobile Safari/537.36 (compatible; GoogleOther)"
66.249.64.132 - - [12/May/2025:18:13:25 +0330] "GET /217327693.shtml HTTP/1.1" 200 9861 "-" "Mozilla/5.0 (Linux; Android 6.0.1; Nexus 5X Build/MMB29P) AppleWebKit/537.36 (KHTML, like Gecko) Chrome/136.0.7103.59 Mobile Safari/537.36 (compatible; Googlebot/2.1; +http://www.google.com/bot.html)"
66.249.64.128 - - [12/May/2025:18:51:41 +0330] "GET /204151741.shtml HTTP/1.1" 200 9902 "-" "Mozilla/5.0 (Linux; Android 6.0.1; Nexus 5X Build/MMB29P) AppleWebKit/537.36 (KHTML, like Gecko) Chrome/136.0.7103.59 Mobile Safari/537.36 (compatible; GoogleOther)"
66.249.64.128 - - [12/May/2025:18:53:58 +0330] "GET /83829523.shtml HTTP/1.1" 200 9942 "-" "Mozilla/5.0 (Linux; Android 6.0.1; Nexus 5X Build/MMB29P) AppleWebKit/537.36 (KHTML, like Gecko) Chrome/136.0.7103.59 Mobile Safari/537.36 (compatible; GoogleOther)"
66.249.64.132 - - [12/May/2025:18:56:09 +0330] "GET /84514531.shtml HTTP/1.1" 200 10883 "-" "Mozilla/5.0 (Linux; Android 6.0.1; Nexus 5X Build/MMB29P) AppleWebKit/537.36 (KHTML, like Gecko) Chrome/136.0.7103.59 Mobile Safari/537.36 (compatible; GoogleOther)"
66.249.64.128 - - [12/May/2025:18:58:24 +0330] "GET /139265323.shtml HTTP/1.1" 200 9679 "-" "Mozilla/5.0 (Linux; Android 6.0.1; Nexus 5X Build/MMB29P) AppleWebKit/537.36 (KHTML, like Gecko) Chrome/136.0.7103.59 Mobile Safari/537.36 (compatible; GoogleOther)"
66.249.64.128 - - [12/May/2025:18:45:58 +0330] "GET /352564379.shtml HTTP/1.1" 200 9907 "-" "Mozilla/5.0 (Linux; Android 6.0.1; Nexus 5X Build/MMB29P) AppleWebKit/537.36 (KHTML, like Gecko) Chrome/136.0.7103.59 Mobile Safari/537.36 (compatible; GoogleOther)"
66.249.64.129 - - [12/May/2025:18:51:05 +0330] "GET /122737093.shtml HTTP/1.1" 200 10697 "-" "Mozilla/5.0 (Linux; Android 6.0.1; Nexus 5X Build/MMB29P) AppleWebKit/537.36 (KHTML, like Gecko) Chrome/136.0.7103.59 Mobile Safari/537.36 (compatible; GoogleOther)"
66.249.64.128 - - [12/May/2025:19:04:02 +0330] "GET /46436287.shtml HTTP/1.1" 200 10321 "-" "Mozilla/5.0 (Linux; Android 6.0.1; Nexus 5X Build/MMB29P) AppleWebKit/537.36 (KHTML, like Gecko) Chrome/136.0.7103.59 Mobile Safari/537.36 (compatible; GoogleOther)"
85.185.132.6 - - [12/May/2025:19:14:36 +0330] "GET /favicon.ico HTTP/2" 200 35221 "-" "Mozilla/5.0 (Windows NT 10.0; Win64; x64) AppleWebKit/537.36 (KHTML, like Gecko) Chrome/136.0.0.0 Safari/537.36"
66.249.64.129 - - [12/May/2025:19:00:38 +0330] "GET /273692649.shtml HTTP/1.1" 200 10992 "-" "Mozilla/5.0 (Linux; Android 6.0.1; Nexus 5X Build/MMB29P) AppleWebKit/537.36 (KHTML, like Gecko) Chrome/136.0.7103.59 Mobile Safari/537.36 (compatible; GoogleOther)"
43.133.220.37 - - [12/May/2025:19:18:42 +0330] "GET / HTTP/1.1" 200 1821 "http://app.optimyar.com" "Mozilla/5.0 (iPhone; CPU iPhone OS 13_2_3 like Mac OS X) AppleWebKit/605.1.15 (KHTML, like Gecko) Version/13.0.3 Mobile/15E148 Safari/604.1"
66.249.64.132 - - [12/May/2025:19:22:17 +0330] "GET /362197371.shtml HTTP/1.1" 200 9778 "-" "Mozilla/5.0 (Linux; Android 6.0.1; Nexus 5X Build/MMB29P) AppleWebKit/537.36 (KHTML, like Gecko) Chrome/136.0.7103.59 Mobile Safari/537.36 (compatible; GoogleOther)"
66.249.64.128 - - [12/May/2025:19:26:23 +0330] "GET /297142381.shtml HTTP/1.1" 200 9639 "-" "Mozilla/5.0 (Linux; Android 6.0.1; Nexus 5X Build/MMB29P) AppleWebKit/537.36 (KHTML, like Gecko) Chrome/136.0.7103.59 Mobile Safari/537.36 (compatible; Googlebot/2.1; +http://www.google.com/bot.html)"
66.249.64.128 - - [12/May/2025:19:37:01 +0330] "GET /364095347.shtml HTTP/1.1" 200 9848 "-" "Mozilla/5.0 (Linux; Android 6.0.1; Nexus 5X Build/MMB29P) AppleWebKit/537.36 (KHTML, like Gecko) Chrome/136.0.7103.59 Mobile Safari/537.36 (compatible; GoogleOther)"
66.249.64.128 - - [12/May/2025:19:34:57 +0330] "GET /201159119.shtml HTTP/1.1" 200 9808 "-" "Mozilla/5.0 (Linux; Android 6.0.1; Nexus 5X Build/MMB29P) AppleWebKit/537.36 (KHTML, like Gecko) Chrome/136.0.7103.59 Mobile Safari/537.36 (compatible; GoogleOther)"
66.249.64.129 - - [12/May/2025:20:07:30 +0330] "GET /288204849.shtml HTTP/1.1" 200 9882 "-" "Mozilla/5.0 (Linux; Android 6.0.1; Nexus 5X Build/MMB29P) AppleWebKit/537.36 (KHTML, like Gecko) Chrome/136.0.7103.59 Mobile Safari/537.36 (compatible; GoogleOther)"
66.249.64.132 - - [12/May/2025:20:17:16 +0330] "GET /83609361.shtml HTTP/1.1" 200 10358 "-" "Mozilla/5.0 (Linux; Android 6.0.1; Nexus 5X Build/MMB29P) AppleWebKit/537.36 (KHTML, like Gecko) Chrome/136.0.7103.59 Mobile Safari/537.36 (compatible; Googlebot/2.1; +http://www.google.com/bot.html)"
66.249.64.129 - - [12/May/2025:21:18:16 +0330] "GET /98706873.shtml HTTP/1.1" 200 10772 "-" "Mozilla/5.0 (Linux; Android 6.0.1; Nexus 5X Build/MMB29P) AppleWebKit/537.36 (KHTML, like Gecko) Chrome/136.0.7103.59 Mobile Safari/537.36 (compatible; GoogleOther)"
66.249.64.132 - - [12/May/2025:22:20:11 +0330] "GET /333103693.shtml HTTP/1.1" 200 11414 "-" "Mozilla/5.0 (Linux; Android 6.0.1; Nexus 5X Build/MMB29P) AppleWebKit/537.36 (KHTML, like Gecko) Chrome/136.0.7103.59 Mobile Safari/537.36 (compatible; Googlebot/2.1; +http://www.google.com/bot.html)"
46.51.111.220 - - [12/May/2025:23:08:41 +0330] "GET / HTTP/2" 200 1821 "https://optimyar.com/" "Mozilla/5.0 (Windows NT 10.0; Win64; x64; rv:137.0) Gecko/20100101 Firefox/137.0"
46.51.111.220 - - [12/May/2025:23:08:42 +0330] "GET /libs/stimul/stimulsoft.viewer.office2013.whiteblue.css HTTP/1.1" 200 3122 "https://app.optimyar.com/" "Mozilla/5.0 (Windows NT 10.0; Win64; x64; rv:137.0) Gecko/20100101 Firefox/137.0"
46.51.111.220 - - [12/May/2025:23:08:42 +0330] "GET /app.css HTTP/1.1" 200 0 "https://app.optimyar.com/" "Mozilla/5.0 (Windows NT 10.0; Win64; x64; rv:137.0) Gecko/20100101 Firefox/137.0"
46.51.111.220 - - [12/May/2025:23:08:42 +0330] "GET /static/css/2.5db30c42.chunk.css HTTP/1.1" 200 15335 "https://app.optimyar.com/" "Mozilla/5.0 (Windows NT 10.0; Win64; x64; rv:137.0) Gecko/20100101 Firefox/137.0"
46.51.111.220 - - [12/May/2025:23:08:42 +0330] "GET /static/css/main.60855b2a.chunk.css HTTP/1.1" 200 27600 "https://app.optimyar.com/" "Mozilla/5.0 (Windows NT 10.0; Win64; x64; rv:137.0) Gecko/20100101 Firefox/137.0"
46.51.111.220 - - [12/May/2025:23:08:43 +0330] "GET /logo192.png HTTP/1.1" 200 4153 "https://app.optimyar.com/login?returnUrl=/myCourseList" "Mozilla/5.0 (Windows NT 10.0; Win64; x64; rv:137.0) Gecko/20100101 Firefox/137.0"
23.137.105.157 - - [12/May/2025:23:32:27 +0330] "POST /wp-admin HTTP/1.1" 200 1821 "https://app.optimyar.com/wp-admin/" "Mozilla/5.0 (Windows NT 10.0; Win64; x64) AppleWebKit/537.36 (KHTML, like Gecko) Chrome/90.0.4430.85 Safari/537.36"
23.137.105.157 - - [12/May/2025:23:32:28 +0330] "POST /wp-login.php HTTP/1.1" 200 1821 "https://app.optimyar.com/wp-admin/" "Mozilla/5.0 (Windows NT 10.0; Win64; x64) AppleWebKit/537.36 (KHTML, like Gecko) Chrome/90.0.4430.85 Safari/537.36"
23.137.105.157 - - [12/May/2025:23:32:29 +0330] "POST /admin HTTP/1.1" 200 1821 "https://app.optimyar.com/wp-admin/" "Mozilla/5.0 (Windows NT 10.0; Win64; x64) AppleWebKit/537.36 (KHTML, like Gecko) Chrome/90.0.4430.85 Safari/537.36"
23.137.105.157 - - [12/May/2025:23:32:29 +0330] "POST /user/login HTTP/1.1" 200 1821 "https://app.optimyar.com/wp-admin/" "Mozilla/5.0 (Windows NT 10.0; Win64; x64) AppleWebKit/537.36 (KHTML, like Gecko) Chrome/90.0.4430.85 Safari/537.36"
23.137.105.157 - - [12/May/2025:23:32:30 +0330] "POST /login HTTP/1.1" 200 1821 "https://app.optimyar.com/wp-admin/" "Mozilla/5.0 (Windows NT 10.0; Win64; x64) AppleWebKit/537.36 (KHTML, like Gecko) Chrome/90.0.4430.85 Safari/537.36"
23.137.105.157 - - [12/May/2025:23:32:31 +0330] "POST /dashboard HTTP/1.1" 200 1821 "https://app.optimyar.com/wp-admin/" "Mozilla/5.0 (Windows NT 10.0; Win64; x64) AppleWebKit/537.36 (KHTML, like Gecko) Chrome/90.0.4430.85 Safari/537.36"
23.137.105.157 - - [12/May/2025:23:32:31 +0330] "POST /cms HTTP/1.1" 200 1821 "https://app.optimyar.com/wp-admin/" "Mozilla/5.0 (Windows NT 10.0; Win64; x64) AppleWebKit/537.36 (KHTML, like Gecko) Chrome/90.0.4430.85 Safari/537.36"
23.137.105.157 - - [12/May/2025:23:32:32 +0330] "POST /panel HTTP/1.1" 200 1821 "https://app.optimyar.com/wp-admin/" "Mozilla/5.0 (Windows NT 10.0; Win64; x64) AppleWebKit/537.36 (KHTML, like Gecko) Chrome/90.0.4430.85 Safari/537.36"
23.137.105.157 - - [12/May/2025:23:32:33 +0330] "POST /backend HTTP/1.1" 200 1821 "https://app.optimyar.com/wp-admin/" "Mozilla/5.0 (Windows NT 10.0; Win64; x64) AppleWebKit/537.36 (KHTML, like Gecko) Chrome/90.0.4430.85 Safari/537.36"
66.249.64.129 - - [12/May/2025:23:41:26 +0330] "GET /.well-known/assetlinks.json HTTP/1.1" 200 11140 "-" "Mozilla/5.0 (compatible; Googlebot/2.1; +http://www.google.com/bot.html)"
66.249.64.129 - - [12/May/2025:23:54:47 +0330] "GET /267745193.shtml HTTP/1.1" 200 10104 "-" "Mozilla/5.0 (Linux; Android 6.0.1; Nexus 5X Build/MMB29P) AppleWebKit/537.36 (KHTML, like Gecko) Chrome/136.0.7103.59 Mobile Safari/537.36 (compatible; GoogleOther)"
66.249.64.132 - - [13/May/2025:00:14:30 +0330] "GET /226573693.shtml HTTP/1.1" 200 9742 "-" "Mozilla/5.0 (Linux; Android 6.0.1; Nexus 5X Build/MMB29P) AppleWebKit/537.36 (KHTML, like Gecko) Chrome/136.0.7103.59 Mobile Safari/537.36 (compatible; Googlebot/2.1; +http://www.google.com/bot.html)"
196.251.86.187 - - [13/May/2025:00:15:46 +0330] "GET /wp-content/plugins/WordPressCore/include.php HTTP/1.1" 200 1821 "-" "Mozlila/5.0 (Linux; Android 7.0; SM-G892A Bulid/NRD90M; wv) AppleWebKit/537.36 (KHTML, like Gecko) Version/4.0 Chrome/60.0.3112.107 Moblie Safari/537.36"
66.249.64.129 - - [13/May/2025:00:16:24 +0330] "GET /401501983.shtml HTTP/1.1" 200 11242 "-" "Mozilla/5.0 (Linux; Android 6.0.1; Nexus 5X Build/MMB29P) AppleWebKit/537.36 (KHTML, like Gecko) Chrome/136.0.7103.59 Mobile Safari/537.36 (compatible; Googlebot/2.1; +http://www.google.com/bot.html)"
196.251.86.187 - - [13/May/2025:00:15:24 +0330] "GET /wp-content/plugins/WordPressCore/include.php HTTP/1.1" 200 1821 "-" "Mozlila/5.0 (Linux; Android 7.0; SM-G892A Bulid/NRD90M; wv) AppleWebKit/537.36 (KHTML, like Gecko) Version/4.0 Chrome/60.0.3112.107 Moblie Safari/537.36"
66.249.64.128 - - [13/May/2025:00:22:48 +0330] "GET /204430193.shtml HTTP/1.1" 200 10372 "-" "Mozilla/5.0 (Linux; Android 6.0.1; Nexus 5X Build/MMB29P) AppleWebKit/537.36 (KHTML, like Gecko) Chrome/136.0.7103.59 Mobile Safari/537.36 (compatible; Googlebot/2.1; +http://www.google.com/bot.html)"
66.249.64.128 - - [13/May/2025:00:27:03 +0330] "GET /300791335.shtml HTTP/1.1" 200 9873 "-" "Mozilla/5.0 (Linux; Android 6.0.1; Nexus 5X Build/MMB29P) AppleWebKit/537.36 (KHTML, like Gecko) Chrome/136.0.7103.59 Mobile Safari/537.36 (compatible; Googlebot/2.1; +http://www.google.com/bot.html)"
66.249.64.128 - - [13/May/2025:00:43:09 +0330] "GET /204511799.shtml HTTP/1.1" 200 10067 "-" "Mozilla/5.0 (Linux; Android 6.0.1; Nexus 5X Build/MMB29P) AppleWebKit/537.36 (KHTML, like Gecko) Chrome/136.0.7103.59 Mobile Safari/537.36 (compatible; Googlebot/2.1; +http://www.google.com/bot.html)"
66.249.64.132 - - [13/May/2025:00:38:42 +0330] "GET /245148505.shtml HTTP/1.1" 200 9820 "-" "Mozilla/5.0 (Linux; Android 6.0.1; Nexus 5X Build/MMB29P) AppleWebKit/537.36 (KHTML, like Gecko) Chrome/136.0.7103.59 Mobile Safari/537.36 (compatible; Googlebot/2.1; +http://www.google.com/bot.html)"
66.249.64.132 - - [13/May/2025:00:38:53 +0330] "GET /176006649.shtml HTTP/1.1" 200 10231 "-" "Mozilla/5.0 (Linux; Android 6.0.1; Nexus 5X Build/MMB29P) AppleWebKit/537.36 (KHTML, like Gecko) Chrome/136.0.7103.59 Mobile Safari/537.36 (compatible; Googlebot/2.1; +http://www.google.com/bot.html)"
66.249.64.132 - - [13/May/2025:00:43:41 +0330] "GET /246197725.shtml HTTP/1.1" 200 10208 "-" "Mozilla/5.0 (Linux; Android 6.0.1; Nexus 5X Build/MMB29P) AppleWebKit/537.36 (KHTML, like Gecko) Chrome/136.0.7103.59 Mobile Safari/537.36 (compatible; Googlebot/2.1; +http://www.google.com/bot.html)"
46.164.106.67 - - [13/May/2025:00:46:38 +0330] "GET / HTTP/2" 200 1821 "https://optimyar.com/" "Mozilla/5.0 (Linux; Android 10; K) AppleWebKit/537.36 (KHTML, like Gecko) Chrome/126.0.0.0 Mobile Safari/537.36"
46.164.106.67 - - [13/May/2025:00:46:39 +0330] "GET /libs/stimul/stimulsoft.viewer.office2013.whiteblue.css HTTP/2" 200 3122 "https://app.optimyar.com/" "Mozilla/5.0 (Linux; Android 10; K) AppleWebKit/537.36 (KHTML, like Gecko) Chrome/126.0.0.0 Mobile Safari/537.36"
46.164.106.67 - - [13/May/2025:00:46:39 +0330] "GET /app.css HTTP/2" 200 0 "https://app.optimyar.com/" "Mozilla/5.0 (Linux; Android 10; K) AppleWebKit/537.36 (KHTML, like Gecko) Chrome/126.0.0.0 Mobile Safari/537.36"
46.164.106.67 - - [13/May/2025:00:46:39 +0330] "GET /libs/cross-domain/hub.js HTTP/2" 200 952 "https://app.optimyar.com/" "Mozilla/5.0 (Linux; Android 10; K) AppleWebKit/537.36 (KHTML, like Gecko) Chrome/126.0.0.0 Mobile Safari/537.36"
46.164.106.67 - - [13/May/2025:00:46:40 +0330] "GET /defaults.js?v=310 HTTP/2" 200 425 "https://app.optimyar.com/" "Mozilla/5.0 (Linux; Android 10; K) AppleWebKit/537.36 (KHTML, like Gecko) Chrome/126.0.0.0 Mobile Safari/537.36"
46.164.106.67 - - [13/May/2025:00:46:40 +0330] "GET /apiUrl.js?v=310 HTTP/2" 200 1085 "https://app.optimyar.com/" "Mozilla/5.0 (Linux; Android 10; K) AppleWebKit/537.36 (KHTML, like Gecko) Chrome/126.0.0.0 Mobile Safari/537.36"
46.164.106.67 - - [13/May/2025:00:46:40 +0330] "GET /fa_lang.js?v=334 HTTP/2" 200 8246 "https://app.optimyar.com/" "Mozilla/5.0 (Linux; Android 10; K) AppleWebKit/537.36 (KHTML, like Gecko) Chrome/126.0.0.0 Mobile Safari/537.36"
46.164.106.67 - - [13/May/2025:00:46:40 +0330] "GET /libs/stimul/stimulsoft.reports.js?v=4 HTTP/2" 200 3764274 "https://app.optimyar.com/" "Mozilla/5.0 (Linux; Android 10; K) AppleWebKit/537.36 (KHTML, like Gecko) Chrome/126.0.0.0 Mobile Safari/537.36"
46.164.106.67 - - [13/May/2025:00:46:41 +0330] "GET /libs/stimul/stimulsoft.viewer.js?v=4 HTTP/2" 200 367025 "https://app.optimyar.com/" "Mozilla/5.0 (Linux; Android 10; K) AppleWebKit/537.36 (KHTML, like Gecko) Chrome/126.0.0.0 Mobile Safari/537.36"
46.164.106.67 - - [13/May/2025:00:46:41 +0330] "GET /static/css/2.5db30c42.chunk.css HTTP/2" 200 15335 "https://app.optimyar.com/" "Mozilla/5.0 (Linux; Android 10; K) AppleWebKit/537.36 (KHTML, like Gecko) Chrome/126.0.0.0 Mobile Safari/537.36"
46.164.106.67 - - [13/May/2025:00:46:41 +0330] "GET /static/css/main.60855b2a.chunk.css HTTP/2" 200 98708 "https://app.optimyar.com/" "Mozilla/5.0 (Linux; Android 10; K) AppleWebKit/537.36 (KHTML, like Gecko) Chrome/126.0.0.0 Mobile Safari/537.36"
46.164.106.67 - - [13/May/2025:00:46:41 +0330] "GET /libs/xlsx/jszip.js HTTP/2" 200 72470 "https://app.optimyar.com/" "Mozilla/5.0 (Linux; Android 10; K) AppleWebKit/537.36 (KHTML, like Gecko) Chrome/126.0.0.0 Mobile Safari/537.36"
46.164.106.67 - - [13/May/2025:00:46:41 +0330] "GET /libs/xlsx/xlsx.js HTTP/2" 200 102175 "https://app.optimyar.com/" "Mozilla/5.0 (Linux; Android 10; K) AppleWebKit/537.36 (KHTML, like Gecko) Chrome/126.0.0.0 Mobile Safari/537.36"
46.164.106.67 - - [13/May/2025:00:46:41 +0330] "GET /libs/zip/dist/zip.min.js HTTP/2" 200 28371 "https://app.optimyar.com/" "Mozilla/5.0 (Linux; Android 10; K) AppleWebKit/537.36 (KHTML, like Gecko) Chrome/126.0.0.0 Mobile Safari/537.36"
46.164.106.67 - - [13/May/2025:00:46:41 +0330] "GET /app.js?v=4 HTTP/2" 200 2037 "https://app.optimyar.com/" "Mozilla/5.0 (Linux; Android 10; K) AppleWebKit/537.36 (KHTML, like Gecko) Chrome/126.0.0.0 Mobile Safari/537.36"
46.164.106.67 - - [13/May/2025:00:46:41 +0330] "GET /static/js/2.727844f4.chunk.js HTTP/2" 200 869701 "https://app.optimyar.com/" "Mozilla/5.0 (Linux; Android 10; K) AppleWebKit/537.36 (KHTML, like Gecko) Chrome/126.0.0.0 Mobile Safari/537.36"
46.164.106.67 - - [13/May/2025:00:48:17 +0330] "GET /static/media/logo.d854fa91.png HTTP/1.1" 200 35127 "https://app.optimyar.com/Playback?code=1334&meetingId=OPGC_G_S9_P1&id=6822659974ef7667cf48403b" "Mozilla/5.0 (Linux; Android 10; K) AppleWebKit/537.36 (KHTML, like Gecko) Chrome/126.0.0.0 Mobile Safari/537.36"
46.164.106.67 - - [13/May/2025:00:48:21 +0330] "GET /Playback?code=1334&meetingId=OPGC_G_S9_P1&id=6822659974ef7667cf48403b HTTP/1.1" 200 1821 "https://optimyar.com/" "Mozilla/5.0 (Linux; Android 10; K) AppleWebKit/537.36 (KHTML, like Gecko) Chrome/126.0.0.0 Mobile Safari/537.36"
46.164.106.67 - - [13/May/2025:00:48:58 +0330] "GET /resources/63b93d4aad57ce768c6997ea HTTP/1.1" 200 1821 "https://optimyar.com/" "Mozilla/5.0 (Linux; Android 10; K) AppleWebKit/537.36 (KHTML, like Gecko) Chrome/126.0.0.0 Mobile Safari/537.36"
74.125.208.101 - - [13/May/2025:00:49:04 +0330] "GET /resources/63b93d4aad57ce768c6997ea HTTP/1.1" 200 10035 "-" "Mozilla/5.0 (Linux; Android 7.0; SM-G930V Build/NRD90M) AppleWebKit/537.36 (KHTML, like Gecko) Chrome/59.0.3071.125 Mobile Safari/537.36 (compatible; Google-Read-Aloud; +https://support.google.com/webmasters/answer/1061943)"
66.102.9.129 - - [13/May/2025:00:49:06 +0330] "GET /resources/63b93d4aad57ce768c6997ea HTTP/1.1" 200 10035 "-" "Mozilla/5.0 (Linux; Android 7.0; SM-G930V Build/NRD90M) AppleWebKit/537.36 (KHTML, like Gecko) Chrome/59.0.3071.125 Mobile Safari/537.36 (compatible; Google-Read-Aloud; +https://support.google.com/webmasters/answer/1061943)"
66.102.6.227 - - [13/May/2025:00:49:06 +0330] "GET /resources/63b93d4aad57ce768c6997ea HTTP/1.1" 200 10035 "-" "Mozilla/5.0 (Linux; Android 7.0; SM-G930V Build/NRD90M) AppleWebKit/537.36 (KHTML, like Gecko) Chrome/59.0.3071.125 Mobile Safari/537.36 (compatible; Google-Read-Aloud; +https://support.google.com/webmasters/answer/1061943)"
46.164.106.67 - - [13/May/2025:00:46:41 +0330] "GET /static/js/main.2871af22.chunk.js HTTP/2" 200 66622 "https://app.optimyar.com/" "Mozilla/5.0 (Linux; Android 10; K) AppleWebKit/537.36 (KHTML, like Gecko) Chrome/126.0.0.0 Mobile Safari/537.36"
46.164.106.67 - - [13/May/2025:00:46:42 +0330] "GET /static/media/iranyekanwebregularfanum.55f541a7.woff HTTP/2" 200 33585 "https://app.optimyar.com/static/css/main.60855b2a.chunk.css" "Mozilla/5.0 (Linux; Android 10; K) AppleWebKit/537.36 (KHTML, like Gecko) Chrome/126.0.0.0 Mobile Safari/537.36"
46.164.106.67 - - [13/May/2025:00:46:42 +0330] "GET /static/media/Pulse.c4808363.gif HTTP/2" 200 79252 "https://app.optimyar.com/login?returnUrl=/myCourseList" "Mozilla/5.0 (Linux; Android 10; K) AppleWebKit/537.36 (KHTML, like Gecko) Chrome/126.0.0.0 Mobile Safari/537.36"
46.164.106.67 - - [13/May/2025:00:46:42 +0330] "GET /fa_lang.js HTTP/2" 200 8246 "https://app.optimyar.com/login?returnUrl=/myCourseList" "Mozilla/5.0 (Linux; Android 10; K) AppleWebKit/537.36 (KHTML, like Gecko) Chrome/126.0.0.0 Mobile Safari/537.36"
46.164.106.67 - - [13/May/2025:00:46:42 +0330] "GET /logo192.png HTTP/2" 200 4153 "https://app.optimyar.com/login?returnUrl=/myCourseList" "Mozilla/5.0 (Linux; Android 10; K) AppleWebKit/537.36 (KHTML, like Gecko) Chrome/126.0.0.0 Mobile Safari/537.36"
46.164.106.67 - - [13/May/2025:00:46:42 +0330] "GET /assets/fonts/fontawesome/webfonts/fa-solid-900.woff2 HTTP/2" 200 129832 "https://app.optimyar.com/static/css/main.60855b2a.chunk.css" "Mozilla/5.0 (Linux; Android 10; K) AppleWebKit/537.36 (KHTML, like Gecko) Chrome/126.0.0.0 Mobile Safari/537.36"
46.164.106.67 - - [13/May/2025:00:46:42 +0330] "GET /manifest.json HTTP/2" 200 220 "https://app.optimyar.com/login?returnUrl=/myCourseList" "Mozilla/5.0 (Linux; Android 10; K) AppleWebKit/537.36 (KHTML, like Gecko) Chrome/126.0.0.0 Mobile Safari/537.36"
46.164.106.67 - - [13/May/2025:00:46:53 +0330] "GET /static/media/iranyekanwebmediumfanum.5fb4123b.woff HTTP/1.1" 200 34625 "https://app.optimyar.com/static/css/main.60855b2a.chunk.css" "Mozilla/5.0 (Linux; Android 10; K) AppleWebKit/537.36 (KHTML, like Gecko) Chrome/126.0.0.0 Mobile Safari/537.36"
46.164.106.67 - - [13/May/2025:00:46:53 +0330] "GET /static/media/iranyekanwebboldfanum.6b119610.woff HTTP/1.1" 200 33581 "https://app.optimyar.com/static/css/main.60855b2a.chunk.css" "Mozilla/5.0 (Linux; Android 10; K) AppleWebKit/537.36 (KHTML, like Gecko) Chrome/126.0.0.0 Mobile Safari/537.36"
74.125.208.101 - - [13/May/2025:00:48:27 +0330] "GET /Playback?code=1334&meetingId=OPGC_G_S9_P1&id=6822659974ef7667cf48403b HTTP/1.1" 200 10030 "-" "Mozilla/5.0 (Linux; Android 7.0; SM-G930V Build/NRD90M) AppleWebKit/537.36 (KHTML, like Gecko) Chrome/59.0.3071.125 Mobile Safari/537.36 (compatible; Google-Read-Aloud; +https://support.google.com/webmasters/answer/1061943)"
74.125.213.38 - - [13/May/2025:00:48:29 +0330] "GET /Playback?code=1334&meetingId=OPGC_G_S9_P1&id=6822659974ef7667cf48403b HTTP/1.1" 200 10030 "-" "Mozilla/5.0 (Linux; Android 7.0; SM-G930V Build/NRD90M) AppleWebKit/537.36 (KHTML, like Gecko) Chrome/59.0.3071.125 Mobile Safari/537.36 (compatible; Google-Read-Aloud; +https://support.google.com/webmasters/answer/1061943)"
74.125.213.36 - - [13/May/2025:00:48:29 +0330] "GET /Playback?code=1334&meetingId=OPGC_G_S9_P1&id=6822659974ef7667cf48403b HTTP/1.1" 200 10030 "-" "Mozilla/5.0 (Linux; Android 7.0; SM-G930V Build/NRD90M) AppleWebKit/537.36 (KHTML, like Gecko) Chrome/59.0.3071.125 Mobile Safari/537.36 (compatible; Google-Read-Aloud; +https://support.google.com/webmasters/answer/1061943)"
46.164.106.67 - - [13/May/2025:00:50:18 +0330] "GET / HTTP/1.1" 200 1821 "https://optimyar.com/" "Mozilla/5.0 (Linux; Android 10; K) AppleWebKit/537.36 (KHTML, like Gecko) Chrome/126.0.0.0 Mobile Safari/537.36"
46.164.106.67 - - [13/May/2025:00:55:00 +0330] "GET /login HTTP/1.1" 200 1821 "https://app.optimyar.com/myCourseList" "Mozilla/5.0 (Linux; Android 10; K) AppleWebKit/537.36 (KHTML, like Gecko) Chrome/126.0.0.0 Mobile Safari/537.36"
46.164.106.67 - - [13/May/2025:00:55:41 +0330] "GET /login HTTP/1.1" 200 1821 "https://app.optimyar.com/myCourseList" "Mozilla/5.0 (Linux; Android 10; K) AppleWebKit/537.36 (KHTML, like Gecko) Chrome/126.0.0.0 Mobile Safari/537.36"
46.164.106.67 - - [13/May/2025:00:55:46 +0330] "GET /login HTTP/1.1" 200 1821 "https://app.optimyar.com/resources/63b93d4aad57ce768c6997ea" "Mozilla/5.0 (Linux; Android 10; K) AppleWebKit/537.36 (KHTML, like Gecko) Chrome/126.0.0.0 Mobile Safari/537.36"
66.249.64.132 - - [13/May/2025:01:03:55 +0330] "GET /258707563.shtml HTTP/1.1" 200 9873 "-" "Mozilla/5.0 (Linux; Android 6.0.1; Nexus 5X Build/MMB29P) AppleWebKit/537.36 (KHTML, like Gecko) Chrome/136.0.7103.59 Mobile Safari/537.36 (compatible; GoogleOther)"
66.249.64.132 - - [13/May/2025:01:05:01 +0330] "GET /116263687.shtml HTTP/1.1" 200 10371 "-" "Mozilla/5.0 (Linux; Android 6.0.1; Nexus 5X Build/MMB29P) AppleWebKit/537.36 (KHTML, like Gecko) Chrome/136.0.7103.59 Mobile Safari/537.36 (compatible; Googlebot/2.1; +http://www.google.com/bot.html)"
66.249.64.128 - - [13/May/2025:00:52:32 +0330] "GET /235132273.shtml HTTP/1.1" 200 9736 "-" "Mozilla/5.0 (Linux; Android 6.0.1; Nexus 5X Build/MMB29P) AppleWebKit/537.36 (KHTML, like Gecko) Chrome/136.0.7103.59 Mobile Safari/537.36 (compatible; Googlebot/2.1; +http://www.google.com/bot.html)"
66.249.64.128 - - [13/May/2025:01:14:34 +0330] "GET /271848407.shtml HTTP/1.1" 200 10048 "-" "Mozilla/5.0 (Linux; Android 6.0.1; Nexus 5X Build/MMB29P) AppleWebKit/537.36 (KHTML, like Gecko) Chrome/136.0.7103.59 Mobile Safari/537.36 (compatible; Googlebot/2.1; +http://www.google.com/bot.html)"
66.249.64.132 - - [13/May/2025:01:13:59 +0330] "GET /129780937.shtml HTTP/1.1" 200 9972 "-" "Mozilla/5.0 (Linux; Android 6.0.1; Nexus 5X Build/MMB29P) AppleWebKit/537.36 (KHTML, like Gecko) Chrome/136.0.7103.59 Mobile Safari/537.36 (compatible; GoogleOther)"
66.249.64.132 - - [13/May/2025:01:33:47 +0330] "GET /194630371.shtml HTTP/1.1" 200 11448 "-" "Mozilla/5.0 (Linux; Android 6.0.1; Nexus 5X Build/MMB29P) AppleWebKit/537.36 (KHTML, like Gecko) Chrome/136.0.7103.59 Mobile Safari/537.36 (compatible; Googlebot/2.1; +http://www.google.com/bot.html)"
66.249.64.128 - - [13/May/2025:01:31:19 +0330] "GET /43976583.shtml HTTP/1.1" 200 11600 "-" "Mozilla/5.0 (Linux; Android 6.0.1; Nexus 5X Build/MMB29P) AppleWebKit/537.36 (KHTML, like Gecko) Chrome/136.0.7103.59 Mobile Safari/537.36 (compatible; Googlebot/2.1; +http://www.google.com/bot.html)"
51.8.102.179 - - [13/May/2025:01:33:16 +0330] "GET /buyCourse/60473b02ff495cb6932b6f76 HTTP/2" 200 1821 "-" "Mozilla/5.0 (Macintosh; Intel Mac OS X 10_15_7) AppleWebKit/537.36 (KHTML, like Gecko) Chrome/131.0.0.0 Safari/537.36; compatible; OAI-SearchBot/1.0; +https://openai.com/searchbot"
66.249.64.128 - - [13/May/2025:01:57:48 +0330] "GET /6319367.shtml HTTP/1.1" 200 9865 "-" "Mozilla/5.0 (Linux; Android 6.0.1; Nexus 5X Build/MMB29P) AppleWebKit/537.36 (KHTML, like Gecko) Chrome/136.0.7103.59 Mobile Safari/537.36 (compatible; Googlebot/2.1; +http://www.google.com/bot.html)"
66.249.64.132 - - [13/May/2025:01:59:21 +0330] "GET /347787815.shtml HTTP/1.1" 200 10935 "-" "Mozilla/5.0 (Linux; Android 6.0.1; Nexus 5X Build/MMB29P) AppleWebKit/537.36 (KHTML, like Gecko) Chrome/136.0.7103.59 Mobile Safari/537.36 (compatible; Googlebot/2.1; +http://www.google.com/bot.html)"
66.249.64.37 - - [13/May/2025:02:16:49 +0330] "GET /46868303.shtml HTTP/1.1" 200 10019 "-" "Mozilla/5.0 (Linux; Android 6.0.1; Nexus 5X Build/MMB29P) AppleWebKit/537.36 (KHTML, like Gecko) Chrome/136.0.7103.59 Mobile Safari/537.36 (compatible; Googlebot/2.1; +http://www.google.com/bot.html)"
