94.182.28.244 - - [02/May/2025:22:35:36 +0330] "GET /wp-content/plugins/persian-elementor/assets/css/font/IRANSansX/IRANSansX-Bold.woff2 HTTP/2" 200 46124 "https://optimyar.com/wp-content/plugins/persian-elementor/assets/css/font.css?ver=2.13.9" "Mozilla/5.0 (Windows NT 10.0; Win64; x64) AppleWebKit/537.36 (KHTML, like Gecko) Chrome/136.0.0.0 Safari/537.36"
94.182.28.244 - - [02/May/2025:22:35:36 +0330] "GET /wp-content/uploads/2022/03/Untitled-1-1-300x300.png HTTP/2" 200 46130 "https://optimyar.com/courses/modm-la/" "Mozilla/5.0 (Windows NT 10.0; Win64; x64) AppleWebKit/537.36 (KHTML, like Gecko) Chrome/136.0.0.0 Safari/537.36"
94.182.28.244 - - [02/May/2025:22:35:36 +0330] "GET /wp-content/uploads/2020/12/logo2.png HTTP/2" 200 4490 "https://optimyar.com/" "Mozilla/5.0 (Windows NT 10.0; Win64; x64) AppleWebKit/537.36 (KHTML, like Gecko) Chrome/136.0.0.0 Safari/537.36"
94.182.28.244 - - [02/May/2025:22:35:36 +0330] "GET /wp-content/uploads/elementor/css/post-28744.css?ver=1745850429 HTTP/2" 200 1089 "https://optimyar.com/courses/modm-la/" "Mozilla/5.0 (Windows NT 10.0; Win64; x64) AppleWebKit/537.36 (KHTML, like Gecko) Chrome/136.0.0.0 Safari/537.36"
94.182.28.244 - - [02/May/2025:22:35:36 +0330] "GET /wp-content/plugins/elementor/assets/lib/animations/styles/fadeIn.min.css?ver=3.28.4 HTTP/2" 200 77 "https://optimyar.com/courses/modm-la/" "Mozilla/5.0 (Windows NT 10.0; Win64; x64) AppleWebKit/537.36 (KHTML, like Gecko) Chrome/136.0.0.0 Safari/537.36"
94.182.28.244 - - [02/May/2025:22:35:36 +0330] "GET /wp-content/uploads/essential-addons-elementor/eael-18728.css?ver=1740260739 HTTP/2" 200 1753 "https://optimyar.com/courses/modm-la/" "Mozilla/5.0 (Windows NT 10.0; Win64; x64) AppleWebKit/537.36 (KHTML, like Gecko) Chrome/136.0.0.0 Safari/537.36"
94.182.28.244 - - [02/May/2025:22:35:36 +0330] "GET /wp-content/uploads/elementor/css/post-18728.css?ver=1745850429 HTTP/2" 200 971 "https://optimyar.com/courses/modm-la/" "Mozilla/5.0 (Windows NT 10.0; Win64; x64) AppleWebKit/537.36 (KHTML, like Gecko) Chrome/136.0.0.0 Safari/537.36"
94.182.28.244 - - [02/May/2025:22:35:36 +0330] "GET /wp-content/uploads/elementor/css/post-9192.css?ver=1745850429 HTTP/2" 200 1151 "https://optimyar.com/courses/modm-la/" "Mozilla/5.0 (Windows NT 10.0; Win64; x64) AppleWebKit/537.36 (KHTML, like Gecko) Chrome/136.0.0.0 Safari/537.36"
94.182.28.244 - - [02/May/2025:22:35:36 +0330] "GET /wp-content/uploads/elementor/css/post-25811.css?ver=1745856142 HTTP/2" 200 1517 "https://optimyar.com/courses/modm-la/" "Mozilla/5.0 (Windows NT 10.0; Win64; x64) AppleWebKit/537.36 (KHTML, like Gecko) Chrome/136.0.0.0 Safari/537.36"
94.182.28.244 - - [02/May/2025:22:35:36 +0330] "GET /wp-content/plugins/jet-elements/assets/css/jet-elements-rtl.css?ver=2.7.5.1 HTTP/2" 200 2887 "https://optimyar.com/courses/modm-la/" "Mozilla/5.0 (Windows NT 10.0; Win64; x64) AppleWebKit/537.36 (KHTML, like Gecko) Chrome/136.0.0.0 Safari/537.36"
94.182.28.244 - - [02/May/2025:22:35:36 +0330] "GET /wp-content/plugins/wpdiscuz/assets/js/wpdiscuz-combo.min.js?ver=7.6.29 HTTP/2" 200 67116 "https://optimyar.com/courses/modm-la/" "Mozilla/5.0 (Windows NT 10.0; Win64; x64) AppleWebKit/537.36 (KHTML, like Gecko) Chrome/136.0.0.0 Safari/537.36"
94.182.28.244 - - [02/May/2025:22:35:36 +0330] "GET /wp-content/plugins/elementor-pro/assets/lib/smartmenus/jquery.smartmenus.min.js?ver=1.2.1 HTTP/2" 200 6867 "https://optimyar.com/courses/modm-la/" "Mozilla/5.0 (Windows NT 10.0; Win64; x64) AppleWebKit/537.36 (KHTML, like Gecko) Chrome/136.0.0.0 Safari/537.36"
94.182.28.244 - - [02/May/2025:22:35:36 +0330] "GET /wp-content/plugins/elementor-pro/assets/lib/sticky/jquery.sticky.min.js?ver=3.28.3 HTTP/2" 200 1442 "https://optimyar.com/courses/modm-la/" "Mozilla/5.0 (Windows NT 10.0; Win64; x64) AppleWebKit/537.36 (KHTML, like Gecko) Chrome/136.0.0.0 Safari/537.36"
94.182.28.244 - - [02/May/2025:22:35:36 +0330] "GET /wp-content/plugins/essential-addons-for-elementor-lite/assets/front-end/js/view/general.min.js?ver=6.1.11 HTTP/2" 200 3883 "https://optimyar.com/courses/modm-la/" "Mozilla/5.0 (Windows NT 10.0; Win64; x64) AppleWebKit/537.36 (KHTML, like Gecko) Chrome/136.0.0.0 Safari/537.36"
94.182.28.244 - - [02/May/2025:22:35:36 +0330] "GET /wp-content/uploads/essential-addons-elementor/eael-35189.js?ver=1740260739 HTTP/2" 200 974 "https://optimyar.com/courses/modm-la/" "Mozilla/5.0 (Windows NT 10.0; Win64; x64) AppleWebKit/537.36 (KHTML, like Gecko) Chrome/136.0.0.0 Safari/537.36"
94.182.28.244 - - [02/May/2025:22:35:36 +0330] "GET /wp-content/plugins/elementskit-lite/libs/framework/assets/js/frontend-script.js?ver=3.5.0 HTTP/2" 200 40 "https://optimyar.com/courses/modm-la/" "Mozilla/5.0 (Windows NT 10.0; Win64; x64) AppleWebKit/537.36 (KHTML, like Gecko) Chrome/136.0.0.0 Safari/537.36"
94.182.28.244 - - [02/May/2025:22:35:36 +0330] "GET /wp-content/uploads/essential-addons-elementor/eael-18728.js?ver=1740260739 HTTP/2" 200 974 "https://optimyar.com/courses/modm-la/" "Mozilla/5.0 (Windows NT 10.0; Win64; x64) AppleWebKit/537.36 (KHTML, like Gecko) Chrome/136.0.0.0 Safari/537.36"
94.182.28.244 - - [02/May/2025:22:35:36 +0330] "GET /wp-content/plugins/elementor-pro/assets/js/webpack-pro.runtime.min.js?ver=3.28.3 HTTP/2" 200 2624 "https://optimyar.com/courses/modm-la/" "Mozilla/5.0 (Windows NT 10.0; Win64; x64) AppleWebKit/537.36 (KHTML, like Gecko) Chrome/136.0.0.0 Safari/537.36"
94.182.28.244 - - [02/May/2025:22:35:36 +0330] "GET /wp-content/plugins/elementor/assets/js/webpack.runtime.min.js?ver=3.28.4 HTTP/2" 200 2228 "https://optimyar.com/courses/modm-la/" "Mozilla/5.0 (Windows NT 10.0; Win64; x64) AppleWebKit/537.36 (KHTML, like Gecko) Chrome/136.0.0.0 Safari/537.36"
94.182.28.244 - - [02/May/2025:22:35:36 +0330] "GET /wp-content/plugins/elementor/assets/js/frontend-modules.min.js?ver=3.28.4 HTTP/2" 200 14421 "https://optimyar.com/courses/modm-la/" "Mozilla/5.0 (Windows NT 10.0; Win64; x64) AppleWebKit/537.36 (KHTML, like Gecko) Chrome/136.0.0.0 Safari/537.36"
94.182.28.244 - - [02/May/2025:22:35:36 +0330] "GET /wp-includes/js/dist/hooks.min.js?ver=4d63a3d491d11ffd8ac6 HTTP/2" 200 1571 "https://optimyar.com/courses/modm-la/" "Mozilla/5.0 (Windows NT 10.0; Win64; x64) AppleWebKit/537.36 (KHTML, like Gecko) Chrome/136.0.0.0 Safari/537.36"
94.182.28.244 - - [02/May/2025:22:35:36 +0330] "GET /wp-includes/js/dist/i18n.min.js?ver=5e580eb46a90c2b997e6 HTTP/2" 200 3542 "https://optimyar.com/courses/modm-la/" "Mozilla/5.0 (Windows NT 10.0; Win64; x64) AppleWebKit/537.36 (KHTML, like Gecko) Chrome/136.0.0.0 Safari/537.36"
94.182.28.244 - - [02/May/2025:22:35:36 +0330] "GET /wp-content/plugins/elementor-pro/assets/js/frontend.min.js?ver=3.28.3 HTTP/2" 200 6279 "https://optimyar.com/courses/modm-la/" "Mozilla/5.0 (Windows NT 10.0; Win64; x64) AppleWebKit/537.36 (KHTML, like Gecko) Chrome/136.0.0.0 Safari/537.36"
94.182.28.244 - - [02/May/2025:22:35:36 +0330] "GET /wp-includes/js/jquery/ui/core.min.js?ver=1.13.3 HTTP/2" 200 6812 "https://optimyar.com/courses/modm-la/" "Mozilla/5.0 (Windows NT 10.0; Win64; x64) AppleWebKit/537.36 (KHTML, like Gecko) Chrome/136.0.0.0 Safari/537.36"
94.182.28.244 - - [02/May/2025:22:35:36 +0330] "GET /wp-content/plugins/elementor/assets/js/frontend.min.js?ver=3.28.4 HTTP/2" 200 13099 "https://optimyar.com/courses/modm-la/" "Mozilla/5.0 (Windows NT 10.0; Win64; x64) AppleWebKit/537.36 (KHTML, like Gecko) Chrome/136.0.0.0 Safari/537.36"
94.182.28.244 - - [02/May/2025:22:35:36 +0330] "GET /wp-content/plugins/elementor-pro/assets/js/elements-handlers.min.js?ver=3.28.3 HTTP/2" 200 10224 "https://optimyar.com/courses/modm-la/" "Mozilla/5.0 (Windows NT 10.0; Win64; x64) AppleWebKit/537.36 (KHTML, like Gecko) Chrome/136.0.0.0 Safari/537.36"
94.182.28.244 - - [02/May/2025:22:35:36 +0330] "GET /wp-content/plugins/jet-blocks/assets/js/jet-blocks.min.js?ver=1.3.18 HTTP/2" 200 5286 "https://optimyar.com/courses/modm-la/" "Mozilla/5.0 (Windows NT 10.0; Win64; x64) AppleWebKit/537.36 (KHTML, like Gecko) Chrome/136.0.0.0 Safari/537.36"
94.182.28.244 - - [02/May/2025:22:35:36 +0330] "GET /wp-content/plugins/elementskit-lite/widgets/init/assets/js/widget-scripts.js?ver=3.5.0 HTTP/2" 200 40425 "https://optimyar.com/courses/modm-la/" "Mozilla/5.0 (Windows NT 10.0; Win64; x64) AppleWebKit/537.36 (KHTML, like Gecko) Chrome/136.0.0.0 Safari/537.36"
94.182.28.244 - - [02/May/2025:22:35:36 +0330] "GET /wp-content/plugins/jet-elements/assets/js/jet-elements.min.js?ver=2.7.5.1 HTTP/2" 200 24555 "https://optimyar.com/courses/modm-la/" "Mozilla/5.0 (Windows NT 10.0; Win64; x64) AppleWebKit/537.36 (KHTML, like Gecko) Chrome/136.0.0.0 Safari/537.36"
94.182.28.244 - - [02/May/2025:22:35:36 +0330] "GET /wp-content/plugins/jet-tabs/assets/js/jet-tabs-frontend.min.js?ver=2.2.8 HTTP/2" 200 5800 "https://optimyar.com/courses/modm-la/" "Mozilla/5.0 (Windows NT 10.0; Win64; x64) AppleWebKit/537.36 (KHTML, like Gecko) Chrome/136.0.0.0 Safari/537.36"
94.182.28.244 - - [02/May/2025:22:35:36 +0330] "GET /wp-content/plugins/elementskit-lite/widgets/init/assets/js/animate-circle.min.js?ver=3.5.0 HTTP/2" 200 393 "https://optimyar.com/courses/modm-la/" "Mozilla/5.0 (Windows NT 10.0; Win64; x64) AppleWebKit/537.36 (KHTML, like Gecko) Chrome/136.0.0.0 Safari/537.36"
94.182.28.244 - - [02/May/2025:22:35:36 +0330] "GET /wp-content/plugins/elementskit-lite/widgets/init/assets/js/elementor.js?ver=3.5.0 HTTP/2" 200 5290 "https://optimyar.com/courses/modm-la/" "Mozilla/5.0 (Windows NT 10.0; Win64; x64) AppleWebKit/537.36 (KHTML, like Gecko) Chrome/136.0.0.0 Safari/537.36"
94.182.28.244 - - [02/May/2025:22:35:36 +0330] "GET /wp-includes/js/comment-reply.min.js?ver=6.8.1 HTTP/2" 200 1247 "https://optimyar.com/courses/modm-la/" "Mozilla/5.0 (Windows NT 10.0; Win64; x64) AppleWebKit/537.36 (KHTML, like Gecko) Chrome/136.0.0.0 Safari/537.36"
94.182.28.244 - - [02/May/2025:22:35:36 +0330] "GET /wp-content/plugins/akismet/_inc/akismet-frontend.js?ver=1740841587 HTTP/2" 200 3015 "https://optimyar.com/courses/modm-la/" "Mozilla/5.0 (Windows NT 10.0; Win64; x64) AppleWebKit/537.36 (KHTML, like Gecko) Chrome/136.0.0.0 Safari/537.36"
94.182.28.244 - - [02/May/2025:22:35:36 +0330] "GET /wp-content/plugins/elementor-extras/assets/js/frontend.min.js?ver=2.2.52 HTTP/2" 200 17222 "https://optimyar.com/courses/modm-la/" "Mozilla/5.0 (Windows NT 10.0; Win64; x64) AppleWebKit/537.36 (KHTML, like Gecko) Chrome/136.0.0.0 Safari/537.36"
94.182.28.244 - - [02/May/2025:22:35:36 +0330] "GET /wp-content/plugins/elementor-extras/assets/lib/parallax-gallery/parallax-gallery.min.js?ver=1.0.0 HTTP/2" 200 814 "https://optimyar.com/courses/modm-la/" "Mozilla/5.0 (Windows NT 10.0; Win64; x64) AppleWebKit/537.36 (KHTML, like Gecko) Chrome/136.0.0.0 Safari/537.36"
94.182.28.244 - - [02/May/2025:22:35:36 +0330] "GET /wp-content/plugins/elementor-extras/assets/lib/hotips/hotips.min.js?ver=1.1.0 HTTP/2" 200 2121 "https://optimyar.com/courses/modm-la/" "Mozilla/5.0 (Windows NT 10.0; Win64; x64) AppleWebKit/537.36 (KHTML, like Gecko) Chrome/136.0.0.0 Safari/537.36"
94.182.28.244 - - [02/May/2025:22:35:36 +0330] "GET /wp-content/plugins/shortcodes-ultimate/includes/css/rtl-shortcodes.css?ver=7.3.5 HTTP/2" 200 348 "https://optimyar.com/courses/modm-la/" "Mozilla/5.0 (Windows NT 10.0; Win64; x64) AppleWebKit/537.36 (KHTML, like Gecko) Chrome/136.0.0.0 Safari/537.36"
94.182.28.244 - - [02/May/2025:22:35:36 +0330] "GET /wp-content/plugins/persian-elementor/assets/css/font/IRANSansX/IRANSansX-Light.woff2 HTTP/2" 200 44932 "https://optimyar.com/wp-content/plugins/persian-elementor/assets/css/font.css?ver=2.13.9" "Mozilla/5.0 (Windows NT 10.0; Win64; x64) AppleWebKit/537.36 (KHTML, like Gecko) Chrome/136.0.0.0 Safari/537.36"
94.182.28.244 - - [02/May/2025:22:35:36 +0330] "GET /wp-content/plugins/persian-elementor/includes/icons/efaicons/fonts/efaicons.woff2 HTTP/2" 200 24716 "https://optimyar.com/wp-content/plugins/persian-elementor/includes/icons/efaicons/style.css?ver=2.13.9" "Mozilla/5.0 (Windows NT 10.0; Win64; x64) AppleWebKit/537.36 (KHTML, like Gecko) Chrome/136.0.0.0 Safari/537.36"
94.182.28.244 - - [02/May/2025:22:35:36 +0330] "GET /wp-content/plugins/persian-elementor/assets/css/font/IRANYekanX/IRANYekanX-Regular.woff2 HTTP/2" 200 35928 "https://optimyar.com/wp-content/plugins/persian-elementor/assets/css/font.css?ver=2.13.9" "Mozilla/5.0 (Windows NT 10.0; Win64; x64) AppleWebKit/537.36 (KHTML, like Gecko) Chrome/136.0.0.0 Safari/537.36"
94.182.28.244 - - [02/May/2025:22:35:36 +0330] "GET /wp-content/plugins/persian-elementor/assets/css/font/IRANYekanX/IRANYekanX-Medium.woff2 HTTP/2" 200 39256 "https://optimyar.com/wp-content/plugins/persian-elementor/assets/css/font.css?ver=2.13.9" "Mozilla/5.0 (Windows NT 10.0; Win64; x64) AppleWebKit/537.36 (KHTML, like Gecko) Chrome/136.0.0.0 Safari/537.36"
94.182.28.244 - - [02/May/2025:22:35:36 +0330] "GET /wp-content/plugins/elementskit-lite/modules/elementskit-icon-pack/assets/fonts/elementskit.woff?y24e1e HTTP/2" 200 459560 "https://optimyar.com/wp-content/plugins/elementskit-lite/modules/elementskit-icon-pack/assets/css/ekiticons.css?ver=3.5.0" "Mozilla/5.0 (Windows NT 10.0; Win64; x64) AppleWebKit/537.36 (KHTML, like Gecko) Chrome/136.0.0.0 Safari/537.36"
164.215.227.207 - - [02/May/2025:22:33:49 +0330] "GET /wp-content/plugins/elementor/assets/lib/font-awesome/webfonts/fa-brands-400.woff2 HTTP/2" 200 81612 "https://optimyar.com/wp-content/plugins/elementor/assets/lib/font-awesome/css/all.min.css?ver=3.28.4" "Mozilla/5.0 (Windows NT 10.0; Win64; x64) AppleWebKit/537.36 (KHTML, like Gecko) Chrome/135.0.0.0 Safari/537.36"
164.215.227.207 - - [02/May/2025:22:33:49 +0330] "GET /wp-content/plugins/elementor/assets/lib/font-awesome/webfonts/fa-solid-900.woff2 HTTP/2" 200 78196 "https://optimyar.com/wp-content/plugins/elementor/assets/lib/font-awesome/css/all.min.css?ver=3.28.4" "Mozilla/5.0 (Windows NT 10.0; Win64; x64) AppleWebKit/537.36 (KHTML, like Gecko) Chrome/135.0.0.0 Safari/537.36"
164.215.227.207 - - [02/May/2025:22:33:49 +0330] "GET /wp-content/plugins/persian-elementor/assets/css/font/IRANSansX/IRANSansX-Bold.woff2 HTTP/2" 200 46124 "https://optimyar.com/wp-content/plugins/persian-elementor/assets/css/font.css?ver=2.13.9" "Mozilla/5.0 (Windows NT 10.0; Win64; x64) AppleWebKit/537.36 (KHTML, like Gecko) Chrome/135.0.0.0 Safari/537.36"
164.215.227.207 - - [02/May/2025:22:33:51 +0330] "GET /wp-content/plugins/elementor/assets/lib/animations/styles/fadeIn.min.css?ver=3.28.4 HTTP/2" 200 77 "https://optimyar.com/courses/robust-optimization-d99-all/" "Mozilla/5.0 (Windows NT 10.0; Win64; x64) AppleWebKit/537.36 (KHTML, like Gecko) Chrome/135.0.0.0 Safari/537.36"
164.215.227.207 - - [02/May/2025:22:33:51 +0330] "GET /wp-content/plugins/persian-elementor/assets/css/font/IRANYekanX/IRANYekanX-Regular.woff2 HTTP/2" 200 35928 "https://optimyar.com/wp-content/plugins/persian-elementor/assets/css/font.css?ver=2.13.9" "Mozilla/5.0 (Windows NT 10.0; Win64; x64) AppleWebKit/537.36 (KHTML, like Gecko) Chrome/135.0.0.0 Safari/537.36"
164.215.227.207 - - [02/May/2025:22:33:52 +0330] "GET /wp-content/uploads/2020/12/logo2.png HTTP/2" 200 4490 "https://optimyar.com/" "Mozilla/5.0 (Windows NT 10.0; Win64; x64) AppleWebKit/537.36 (KHTML, like Gecko) Chrome/135.0.0.0 Safari/537.36"
164.215.227.207 - - [02/May/2025:22:33:52 +0330] "GET /wp-content/uploads/essential-addons-elementor/eael-18728.css?ver=1740261835 HTTP/2" 200 1753 "https://optimyar.com/courses/robust-optimization-d99-all/" "Mozilla/5.0 (Windows NT 10.0; Win64; x64) AppleWebKit/537.36 (KHTML, like Gecko) Chrome/135.0.0.0 Safari/537.36"
164.215.227.207 - - [02/May/2025:22:33:49 +0330] "GET /wp-content/plugins/elementskit-lite/modules/elementskit-icon-pack/assets/fonts/elementskit.woff?y24e1e HTTP/2" 200 459560 "https://optimyar.com/wp-content/plugins/elementskit-lite/modules/elementskit-icon-pack/assets/css/ekiticons.css?ver=3.5.0" "Mozilla/5.0 (Windows NT 10.0; Win64; x64) AppleWebKit/537.36 (KHTML, like Gecko) Chrome/135.0.0.0 Safari/537.36"
164.215.227.207 - - [02/May/2025:22:34:10 +0330] "GET /wp-content/uploads/2021/10/cropped-logo1-32x32.png HTTP/2" 200 2372 "https://app.optimyar.com/" "Mozilla/5.0 (Windows NT 10.0; Win64; x64) AppleWebKit/537.36 (KHTML, like Gecko) Chrome/135.0.0.0 Safari/537.36"
164.215.227.207 - - [02/May/2025:22:35:15 +0330] "GET /wp-content/uploads/2021/10/cropped-logo1-192x192.png HTTP/2" 200 26881 "https://app.optimyar.com/" "Mozilla/5.0 (Windows NT 10.0; Win64; x64) AppleWebKit/537.36 (KHTML, like Gecko) Chrome/135.0.0.0 Safari/537.36"
193.186.4.40 - - [02/May/2025:22:35:33 +0330] "GET /courses/modm-la/ HTTP/2" 200 37793 "https://www.google.com/" "Mozilla/5.0 (Windows NT 10.0; Win64; x64) AppleWebKit/537.36 (KHTML, like Gecko) Chrome/136.0.0.0 Safari/537.36"
66.249.64.132 - - [02/May/2025:22:36:54 +0330] "GET / HTTP/1.1" 200 32577 "-" "Mozilla/5.0 (compatible; Googlebot/2.1; +http://www.google.com/bot.html)"
51.8.102.243 - - [02/May/2025:22:38:17 +0330] "GET /wp-content/plugins/elementor-pro/assets/js/elements-handlers.min.js?ver=3.28.3 HTTP/2" 200 10224 "-" "Mozilla/5.0 (Macintosh; Intel Mac OS X 10_15_7) AppleWebKit/537.36 (KHTML, like Gecko) Chrome/131.0.0.0 Safari/537.36; compatible; OAI-SearchBot/1.0; +https://openai.com/searchbot"
94.182.28.244 - - [02/May/2025:22:35:37 +0330] "GET /wp-includes/js/wp-emoji-release.min.js?ver=6.8.1 HTTP/2" 200 4771 "https://optimyar.com/courses/modm-la/" "Mozilla/5.0 (Windows NT 10.0; Win64; x64) AppleWebKit/537.36 (KHTML, like Gecko) Chrome/136.0.0.0 Safari/537.36"
94.182.28.244 - - [02/May/2025:22:35:37 +0330] "GET /wp-content/plugins/elementor/assets/lib/dialog/dialog.min.js?ver=4.9.3 HTTP/2" 200 3487 "https://optimyar.com/courses/modm-la/" "Mozilla/5.0 (Windows NT 10.0; Win64; x64) AppleWebKit/537.36 (KHTML, like Gecko) Chrome/136.0.0.0 Safari/537.36"
94.182.28.244 - - [02/May/2025:22:35:37 +0330] "GET /wp-content/plugins/elementor-pro/assets/js/nav-menu.a23fbd67486c5bedf26c.bundle.min.js HTTP/2" 200 1751 "https://optimyar.com/courses/modm-la/" "Mozilla/5.0 (Windows NT 10.0; Win64; x64) AppleWebKit/537.36 (KHTML, like Gecko) Chrome/136.0.0.0 Safari/537.36"
94.182.28.244 - - [02/May/2025:22:35:37 +0330] "GET /wp-content/plugins/elementor-pro/assets/js/share-buttons.63d984f8c96d1e053bc0.bundle.min.js HTTP/2" 200 690 "https://optimyar.com/courses/modm-la/" "Mozilla/5.0 (Windows NT 10.0; Win64; x64) AppleWebKit/537.36 (KHTML, like Gecko) Chrome/136.0.0.0 Safari/537.36"
94.182.28.244 - - [02/May/2025:22:35:37 +0330] "GET /wp-content/plugins/elementor/assets/lib/eicons/fonts/eicons.woff2?5.36.0 HTTP/2" 200 99440 "https://optimyar.com/wp-content/plugins/elementor/assets/lib/eicons/css/elementor-icons.min.css?ver=5.36.0" "Mozilla/5.0 (Windows NT 10.0; Win64; x64) AppleWebKit/537.36 (KHTML, like Gecko) Chrome/136.0.0.0 Safari/537.36"
94.182.28.244 - - [02/May/2025:22:35:37 +0330] "GET /wp-content/plugins/elementor/assets/lib/share-link/share-link.min.js?ver=3.28.4 HTTP/2" 200 1072 "https://optimyar.com/courses/modm-la/" "Mozilla/5.0 (Windows NT 10.0; Win64; x64) AppleWebKit/537.36 (KHTML, like Gecko) Chrome/136.0.0.0 Safari/537.36"
94.182.28.244 - - [02/May/2025:22:35:37 +0330] "GET /wp-content/uploads/2021/10/cropped-logo1-32x32.png HTTP/2" 200 2372 "https://optimyar.com/courses/modm-la/" "Mozilla/5.0 (Windows NT 10.0; Win64; x64) AppleWebKit/537.36 (KHTML, like Gecko) Chrome/136.0.0.0 Safari/537.36"
94.182.28.244 - - [02/May/2025:22:36:09 +0330] "GET /wp-content/uploads/2022/08/%D8%A8%D8%B1%D9%86%D8%A7%D9%85%D9%87-%D8%B1%DB%8C%D8%B2%DB%8C-%D8%B1%DB%8C%D8%A7%D8%B6%DB%8C.png HTTP/2" 200 189587 "https://optimyar.com/courses/modm-la/" "Mozilla/5.0 (Windows NT 10.0; Win64; x64) AppleWebKit/537.36 (KHTML, like Gecko) Chrome/136.0.0.0 Safari/537.36"
94.182.28.244 - - [02/May/2025:22:36:10 +0330] "GET /wp-content/uploads/2022/08/%D8%A2%D9%85%D9%88%D8%B2%D8%B4-%DA%AF%D9%85%D8%B2-1.png HTTP/2" 200 321374 "https://optimyar.com/courses/modm-la/" "Mozilla/5.0 (Windows NT 10.0; Win64; x64) AppleWebKit/537.36 (KHTML, like Gecko) Chrome/136.0.0.0 Safari/537.36"
94.182.28.244 - - [02/May/2025:22:36:10 +0330] "GET /wp-content/uploads/2022/08/%D8%A8%D8%B1%D9%86%D8%A7%D9%85%D9%87-%D8%B1%DB%8C%D8%B2%DB%8C-%D8%AF%D8%B1-%D8%B9%D8%AF%D9%85-%D9%82%D8%B7%D8%B9%DB%8C%D8%AA-1.png HTTP/2" 200 341991 "https://optimyar.com/courses/modm-la/" "Mozilla/5.0 (Windows NT 10.0; Win64; x64) AppleWebKit/537.36 (KHTML, like Gecko) Chrome/136.0.0.0 Safari/537.36"
51.8.102.117 - - [02/May/2025:22:38:26 +0330] "GET /wp-content/plugins/elementor-pro/assets/js/frontend.min.js?ver=3.28.3 HTTP/2" 200 6279 "-" "Mozilla/5.0 (Macintosh; Intel Mac OS X 10_15_7) AppleWebKit/537.36 (KHTML, like Gecko) Chrome/131.0.0.0 Safari/537.36; compatible; OAI-SearchBot/1.0; +https://openai.com/searchbot"
51.8.102.129 - - [02/May/2025:22:38:27 +0330] "GET /wp-content/plugins/elementor-pro/assets/js/webpack-pro.runtime.min.js?ver=3.28.3 HTTP/2" 200 2624 "-" "Mozilla/5.0 (Macintosh; Intel Mac OS X 10_15_7) AppleWebKit/537.36 (KHTML, like Gecko) Chrome/131.0.0.0 Safari/537.36; compatible; OAI-SearchBot/1.0; +https://openai.com/searchbot"
51.8.102.197 - - [02/May/2025:22:38:30 +0330] "GET /wp-content/plugins/elementor-pro/assets/lib/sticky/jquery.sticky.min.js?ver=3.28.3 HTTP/2" 200 1442 "-" "Mozilla/5.0 (Macintosh; Intel Mac OS X 10_15_7) AppleWebKit/537.36 (KHTML, like Gecko) Chrome/131.0.0.0 Safari/537.36; compatible; OAI-SearchBot/1.0; +https://openai.com/searchbot"
51.8.102.251 - - [02/May/2025:22:38:44 +0330] "GET /wp-content/plugins/elementor/assets/js/webpack.runtime.min.js?ver=3.28.4 HTTP/2" 200 2228 "-" "Mozilla/5.0 (Macintosh; Intel Mac OS X 10_15_7) AppleWebKit/537.36 (KHTML, like Gecko) Chrome/131.0.0.0 Safari/537.36; compatible; OAI-SearchBot/1.0; +https://openai.com/searchbot"
51.8.102.12 - - [02/May/2025:22:38:49 +0330] "GET /wp-content/plugins/elementor/assets/lib/font-awesome/js/v4-shims.min.js?ver=3.28.4 HTTP/2" 200 4042 "-" "Mozilla/5.0 (Macintosh; Intel Mac OS X 10_15_7) AppleWebKit/537.36 (KHTML, like Gecko) Chrome/131.0.0.0 Safari/537.36; compatible; OAI-SearchBot/1.0; +https://openai.com/searchbot"
20.42.10.182 - - [02/May/2025:22:38:58 +0330] "GET /wp-content/plugins/elementskit-lite/widgets/init/assets/js/animate-circle.min.js?ver=3.5.0 HTTP/2" 200 393 "-" "Mozilla/5.0 (Macintosh; Intel Mac OS X 10_15_7) AppleWebKit/537.36 (KHTML, like Gecko) Chrome/131.0.0.0 Safari/537.36; compatible; OAI-SearchBot/1.0; +https://openai.com/searchbot"
51.8.102.243 - - [02/May/2025:22:39:02 +0330] "GET /wp-content/plugins/elementskit-lite/widgets/init/assets/js/elementor.js?ver=3.5.0 HTTP/2" 200 5290 "-" "Mozilla/5.0 (Macintosh; Intel Mac OS X 10_15_7) AppleWebKit/537.36 (KHTML, like Gecko) Chrome/131.0.0.0 Safari/537.36; compatible; OAI-SearchBot/1.0; +https://openai.com/searchbot"
31.214.174.196 - - [02/May/2025:22:39:10 +0330] "POST /wp-cron.php?doing_wp_cron=1746212950.0823559761047363281250 HTTP/1.1" 200 20 "-" "WordPress/6.8.1; https://optimyar.com"
45.148.235.58 - - [02/May/2025:22:39:09 +0330] "GET /admin HTTP/1.1" 404 15317 "-" "Mozilla/5.0 (Windows NT 10.0; Win64; x64) AppleWebKit/537.36 (KHTML, like Gecko) Chrome/115.0.0.0 Safari/537.36 Edg/115.0.1901.203"
185.61.219.250 - - [02/May/2025:22:39:08 +0330] "GET /admin HTTP/1.1" 404 15317 "-" "Mozilla/5.0 (Windows NT 10.0; Win64; x64) AppleWebKit/537.36 (KHTML, like Gecko) Chrome/115.0.0.0 Safari/537.36 Edg/115.0.1901.203"
51.8.102.197 - - [02/May/2025:22:39:16 +0330] "GET /wp-content/plugins/jet-elements/assets/js/jet-elements.min.js?ver=2.7.5.1 HTTP/2" 200 24555 "-" "Mozilla/5.0 (Macintosh; Intel Mac OS X 10_15_7) AppleWebKit/537.36 (KHTML, like Gecko) Chrome/131.0.0.0 Safari/537.36; compatible; OAI-SearchBot/1.0; +https://openai.com/searchbot"
51.8.102.89 - - [02/May/2025:22:38:36 +0330] "GET /wp-content/plugins/elementor/assets/js/frontend-modules.min.js?ver=3.28.4 HTTP/2" 200 14421 "-" "Mozilla/5.0 (Macintosh; Intel Mac OS X 10_15_7) AppleWebKit/537.36 (KHTML, like Gecko) Chrome/131.0.0.0 Safari/537.36; compatible; OAI-SearchBot/1.0; +https://openai.com/searchbot"
51.8.102.231 - - [02/May/2025:22:38:40 +0330] "GET /wp-content/plugins/elementor/assets/js/frontend.min.js?ver=3.28.4 HTTP/2" 200 13099 "-" "Mozilla/5.0 (Macintosh; Intel Mac OS X 10_15_7) AppleWebKit/537.36 (KHTML, like Gecko) Chrome/131.0.0.0 Safari/537.36; compatible; OAI-SearchBot/1.0; +https://openai.com/searchbot"
51.8.102.247 - - [02/May/2025:22:38:53 +0330] "GET /wp-content/plugins/elementskit-lite/libs/framework/assets/js/frontend-script.js?ver=3.5.0 HTTP/2" 200 40 "-" "Mozilla/5.0 (Macintosh; Intel Mac OS X 10_15_7) AppleWebKit/537.36 (KHTML, like Gecko) Chrome/131.0.0.0 Safari/537.36; compatible; OAI-SearchBot/1.0; +https://openai.com/searchbot"
51.8.102.117 - - [02/May/2025:22:39:06 +0330] "GET /wp-content/plugins/elementskit-lite/widgets/init/assets/js/widget-scripts.js?ver=3.5.0 HTTP/2" 200 40425 "-" "Mozilla/5.0 (Macintosh; Intel Mac OS X 10_15_7) AppleWebKit/537.36 (KHTML, like Gecko) Chrome/131.0.0.0 Safari/537.36; compatible; OAI-SearchBot/1.0; +https://openai.com/searchbot"
51.8.102.135 - - [02/May/2025:22:39:12 +0330] "GET /wp-content/plugins/essential-addons-for-elementor-lite/assets/front-end/js/view/general.min.js?ver=6.1.11 HTTP/2" 200 3883 "-" "Mozilla/5.0 (Macintosh; Intel Mac OS X 10_15_7) AppleWebKit/537.36 (KHTML, like Gecko) Chrome/131.0.0.0 Safari/537.36; compatible; OAI-SearchBot/1.0; +https://openai.com/searchbot"
51.8.102.73 - - [02/May/2025:22:39:20 +0330] "GET /wp-includes/js/comment-reply.min.js?ver=6.8.1 HTTP/2" 200 1247 "-" "Mozilla/5.0 (Macintosh; Intel Mac OS X 10_15_7) AppleWebKit/537.36 (KHTML, like Gecko) Chrome/131.0.0.0 Safari/537.36; compatible; OAI-SearchBot/1.0; +https://openai.com/searchbot"
51.8.102.107 - - [02/May/2025:22:39:34 +0330] "GET /wp-content/plugins/elementor-pro/assets/css/widget-form-rtl.min.css?ver=3.28.3 HTTP/2" 200 1409 "-" "Mozilla/5.0 (Macintosh; Intel Mac OS X 10_15_7) AppleWebKit/537.36 (KHTML, like Gecko) Chrome/131.0.0.0 Safari/537.36; compatible; OAI-SearchBot/1.0; +https://openai.com/searchbot"
20.42.10.182 - - [02/May/2025:22:39:43 +0330] "GET /wp-content/plugins/elementor-pro/assets/css/widget-share-buttons-rtl.min.css?ver=3.28.3 HTTP/2" 200 2110 "-" "Mozilla/5.0 (Macintosh; Intel Mac OS X 10_15_7) AppleWebKit/537.36 (KHTML, like Gecko) Chrome/131.0.0.0 Safari/537.36; compatible; OAI-SearchBot/1.0; +https://openai.com/searchbot"
51.8.102.243 - - [02/May/2025:22:39:47 +0330] "GET /wp-content/plugins/elementor/assets/css/conditionals/apple-webkit.min.css?ver=3.28.4 HTTP/2" 200 472 "-" "Mozilla/5.0 (Macintosh; Intel Mac OS X 10_15_7) AppleWebKit/537.36 (KHTML, like Gecko) Chrome/131.0.0.0 Safari/537.36; compatible; OAI-SearchBot/1.0; +https://openai.com/searchbot"
51.8.102.45 - - [02/May/2025:22:39:57 +0330] "GET /wp-content/plugins/elementor/assets/css/widget-divider-rtl.min.css?ver=3.28.4 HTTP/2" 200 707 "-" "Mozilla/5.0 (Macintosh; Intel Mac OS X 10_15_7) AppleWebKit/537.36 (KHTML, like Gecko) Chrome/131.0.0.0 Safari/537.36; compatible; OAI-SearchBot/1.0; +https://openai.com/searchbot"
51.8.102.197 - - [02/May/2025:22:40:02 +0330] "GET /wp-content/plugins/elementor/assets/css/widget-google_maps-rtl.min.css?ver=3.28.4 HTTP/2" 200 117 "-" "Mozilla/5.0 (Macintosh; Intel Mac OS X 10_15_7) AppleWebKit/537.36 (KHTML, like Gecko) Chrome/131.0.0.0 Safari/537.36; compatible; OAI-SearchBot/1.0; +https://openai.com/searchbot"
51.8.102.243 - - [02/May/2025:22:40:16 +0330] "GET /wp-content/plugins/elementor/assets/lib/animations/styles/e-animation-grow.min.css?ver=3.28.4 HTTP/2" 200 198 "-" "Mozilla/5.0 (Macintosh; Intel Mac OS X 10_15_7) AppleWebKit/537.36 (KHTML, like Gecko) Chrome/131.0.0.0 Safari/537.36; compatible; OAI-SearchBot/1.0; +https://openai.com/searchbot"
51.8.102.71 - - [02/May/2025:22:40:16 +0330] "GET /wp-content/plugins/elementor/assets/css/widget-icon-list-rtl.min.css?ver=3.28.4 HTTP/2" 200 952 "-" "Mozilla/5.0 (Macintosh; Intel Mac OS X 10_15_7) AppleWebKit/537.36 (KHTML, like Gecko) Chrome/131.0.0.0 Safari/537.36; compatible; OAI-SearchBot/1.0; +https://openai.com/searchbot"
51.8.102.243 - - [02/May/2025:22:40:17 +0330] "GET /wp-content/plugins/elementor/assets/css/widget-spacer-rtl.min.css?ver=3.28.4 HTTP/2" 200 315 "-" "Mozilla/5.0 (Macintosh; Intel Mac OS X 10_15_7) AppleWebKit/537.36 (KHTML, like Gecko) Chrome/131.0.0.0 Safari/537.36; compatible; OAI-SearchBot/1.0; +https://openai.com/searchbot"
20.42.10.184 - - [02/May/2025:22:40:17 +0330] "GET /wp-content/plugins/elementor/assets/lib/animations/styles/e-animation-bounce-in.min.css?ver=3.28.4 HTTP/2" 200 124 "-" "Mozilla/5.0 (Macintosh; Intel Mac OS X 10_15_7) AppleWebKit/537.36 (KHTML, like Gecko) Chrome/131.0.0.0 Safari/537.36; compatible; OAI-SearchBot/1.0; +https://openai.com/searchbot"
51.8.102.88 - - [02/May/2025:22:40:18 +0330] "GET /wp-content/plugins/elementor/assets/lib/font-awesome/css/v4-shims.min.css?ver=3.28.4 HTTP/2" 200 3987 "-" "Mozilla/5.0 (Macintosh; Intel Mac OS X 10_15_7) AppleWebKit/537.36 (KHTML, like Gecko) Chrome/131.0.0.0 Safari/537.36; compatible; OAI-SearchBot/1.0; +https://openai.com/searchbot"
51.8.102.12 - - [02/May/2025:22:40:19 +0330] "GET /wp-content/plugins/elementskit-lite/widgets/init/assets/css/responsive.css?ver=3.5.0 HTTP/2" 200 2859 "-" "Mozilla/5.0 (Macintosh; Intel Mac OS X 10_15_7) AppleWebKit/537.36 (KHTML, like Gecko) Chrome/131.0.0.0 Safari/537.36; compatible; OAI-SearchBot/1.0; +https://openai.com/searchbot"
51.8.102.170 - - [02/May/2025:22:39:25 +0330] "GET /wp-content/plugins/elementor-pro/assets/css/conditionals/popup.min.css?ver=3.28.3 HTTP/2" 200 328 "-" "Mozilla/5.0 (Macintosh; Intel Mac OS X 10_15_7) AppleWebKit/537.36 (KHTML, like Gecko) Chrome/131.0.0.0 Safari/537.36; compatible; OAI-SearchBot/1.0; +https://openai.com/searchbot"
51.8.102.230 - - [02/May/2025:22:39:30 +0330] "GET /wp-content/plugins/elementor-pro/assets/css/modules/sticky.min.css?ver=3.28.3 HTTP/2" 200 162 "-" "Mozilla/5.0 (Macintosh; Intel Mac OS X 10_15_7) AppleWebKit/537.36 (KHTML, like Gecko) Chrome/131.0.0.0 Safari/537.36; compatible; OAI-SearchBot/1.0; +https://openai.com/searchbot"
51.8.102.247 - - [02/May/2025:22:39:38 +0330] "GET /wp-content/plugins/elementor-pro/assets/css/widget-nav-menu-rtl.min.css?ver=3.28.3 HTTP/2" 200 3178 "-" "Mozilla/5.0 (Macintosh; Intel Mac OS X 10_15_7) AppleWebKit/537.36 (KHTML, like Gecko) Chrome/131.0.0.0 Safari/537.36; compatible; OAI-SearchBot/1.0; +https://openai.com/searchbot"
51.8.102.117 - - [02/May/2025:22:39:52 +0330] "GET /wp-content/plugins/elementor/assets/css/frontend-rtl.min.css?ver=3.28.4 HTTP/2" 200 6454 "-" "Mozilla/5.0 (Macintosh; Intel Mac OS X 10_15_7) AppleWebKit/537.36 (KHTML, like Gecko) Chrome/131.0.0.0 Safari/537.36; compatible; OAI-SearchBot/1.0; +https://openai.com/searchbot"
51.8.102.25 - - [02/May/2025:22:40:11 +0330] "GET /wp-content/plugins/elementor/assets/css/widget-heading-rtl.min.css?ver=3.28.4 HTTP/2" 200 154 "-" "Mozilla/5.0 (Macintosh; Intel Mac OS X 10_15_7) AppleWebKit/537.36 (KHTML, like Gecko) Chrome/131.0.0.0 Safari/537.36; compatible; OAI-SearchBot/1.0; +https://openai.com/searchbot"
51.8.102.149 - - [02/May/2025:22:40:16 +0330] "GET /wp-content/plugins/elementor/assets/css/widget-social-icons-rtl.min.css?ver=3.28.4 HTTP/2" 200 1069 "-" "Mozilla/5.0 (Macintosh; Intel Mac OS X 10_15_7) AppleWebKit/537.36 (KHTML, like Gecko) Chrome/131.0.0.0 Safari/537.36; compatible; OAI-SearchBot/1.0; +https://openai.com/searchbot"
51.8.102.146 - - [02/May/2025:22:40:17 +0330] "GET /wp-content/plugins/elementor/assets/lib/animations/styles/e-animation-pop.min.css?ver=3.28.4 HTTP/2" 200 130 "-" "Mozilla/5.0 (Macintosh; Intel Mac OS X 10_15_7) AppleWebKit/537.36 (KHTML, like Gecko) Chrome/131.0.0.0 Safari/537.36; compatible; OAI-SearchBot/1.0; +https://openai.com/searchbot"
51.8.102.54 - - [02/May/2025:22:40:17 +0330] "GET /wp-content/plugins/elementor/assets/lib/animations/styles/fadeIn.min.css?ver=3.28.4 HTTP/2" 200 77 "-" "Mozilla/5.0 (Macintosh; Intel Mac OS X 10_15_7) AppleWebKit/537.36 (KHTML, like Gecko) Chrome/131.0.0.0 Safari/537.36; compatible; OAI-SearchBot/1.0; +https://openai.com/searchbot"
51.8.102.197 - - [02/May/2025:22:40:17 +0330] "GET /wp-content/plugins/elementor/assets/lib/animations/styles/fadeInDown.min.css?ver=3.28.4 HTTP/2" 200 137 "-" "Mozilla/5.0 (Macintosh; Intel Mac OS X 10_15_7) AppleWebKit/537.36 (KHTML, like Gecko) Chrome/131.0.0.0 Safari/537.36; compatible; OAI-SearchBot/1.0; +https://openai.com/searchbot"
51.8.102.216 - - [02/May/2025:22:40:17 +0330] "GET /wp-content/plugins/elementor/assets/css/widget-image-rtl.min.css?ver=3.28.4 HTTP/2" 200 119 "-" "Mozilla/5.0 (Macintosh; Intel Mac OS X 10_15_7) AppleWebKit/537.36 (KHTML, like Gecko) Chrome/131.0.0.0 Safari/537.36; compatible; OAI-SearchBot/1.0; +https://openai.com/searchbot"
51.8.102.117 - - [02/May/2025:22:40:18 +0330] "GET /wp-content/plugins/elementor/assets/lib/font-awesome/css/all.min.css?ver=3.28.4 HTTP/2" 200 12380 "-" "Mozilla/5.0 (Macintosh; Intel Mac OS X 10_15_7) AppleWebKit/537.36 (KHTML, like Gecko) Chrome/131.0.0.0 Safari/537.36; compatible; OAI-SearchBot/1.0; +https://openai.com/searchbot"
51.8.102.150 - - [02/May/2025:22:40:19 +0330] "GET /wp-content/plugins/elementskit-lite/modules/elementskit-icon-pack/assets/css/ekiticons.css?ver=3.5.0 HTTP/2" 200 11776 "-" "Mozilla/5.0 (Macintosh; Intel Mac OS X 10_15_7) AppleWebKit/537.36 (KHTML, like Gecko) Chrome/131.0.0.0 Safari/537.36; compatible; OAI-SearchBot/1.0; +https://openai.com/searchbot"
51.8.102.181 - - [02/May/2025:22:40:19 +0330] "GET /wp-content/plugins/elementskit-lite/widgets/init/assets/css/rtl.css?ver=3.5.0 HTTP/2" 200 1082 "-" "Mozilla/5.0 (Macintosh; Intel Mac OS X 10_15_7) AppleWebKit/537.36 (KHTML, like Gecko) Chrome/131.0.0.0 Safari/537.36; compatible; OAI-SearchBot/1.0; +https://openai.com/searchbot"
51.8.102.149 - - [02/May/2025:22:40:20 +0330] "GET /wp-content/plugins/essential-addons-for-elementor-lite/assets/front-end/css/view/general.min.css?ver=6.1.11 HTTP/2" 200 1365 "-" "Mozilla/5.0 (Macintosh; Intel Mac OS X 10_15_7) AppleWebKit/537.36 (KHTML, like Gecko) Chrome/131.0.0.0 Safari/537.36; compatible; OAI-SearchBot/1.0; +https://openai.com/searchbot"
51.8.102.146 - - [02/May/2025:22:40:20 +0330] "GET /wp-content/plugins/jet-elements/assets/css/addons/jet-video-rtl.css?ver=2.7.5.1 HTTP/2" 200 3725 "-" "Mozilla/5.0 (Macintosh; Intel Mac OS X 10_15_7) AppleWebKit/537.36 (KHTML, like Gecko) Chrome/131.0.0.0 Safari/537.36; compatible; OAI-SearchBot/1.0; +https://openai.com/searchbot"
51.8.102.31 - - [02/May/2025:22:40:20 +0330] "GET /wp-content/plugins/jet-elements/assets/css/jet-elements-rtl.css?ver=2.7.5.1 HTTP/2" 200 2887 "-" "Mozilla/5.0 (Macintosh; Intel Mac OS X 10_15_7) AppleWebKit/537.36 (KHTML, like Gecko) Chrome/131.0.0.0 Safari/537.36; compatible; OAI-SearchBot/1.0; +https://openai.com/searchbot"
51.8.102.247 - - [02/May/2025:22:40:23 +0330] "GET /wp-content/uploads/elementor/css/post-18728.css?ver=1745850429 HTTP/2" 200 971 "-" "Mozilla/5.0 (Macintosh; Intel Mac OS X 10_15_7) AppleWebKit/537.36 (KHTML, like Gecko) Chrome/131.0.0.0 Safari/537.36; compatible; OAI-SearchBot/1.0; +https://openai.com/searchbot"
51.8.102.181 - - [02/May/2025:22:40:24 +0330] "GET /wp-content/uploads/elementor/css/post-25811.css?ver=1745856142 HTTP/2" 200 1517 "-" "Mozilla/5.0 (Macintosh; Intel Mac OS X 10_15_7) AppleWebKit/537.36 (KHTML, like Gecko) Chrome/131.0.0.0 Safari/537.36; compatible; OAI-SearchBot/1.0; +https://openai.com/searchbot"
20.42.10.184 - - [02/May/2025:22:40:24 +0330] "GET /wp-content/uploads/elementor/css/post-25858.css?ver=1745850396 HTTP/2" 200 955 "-" "Mozilla/5.0 (Macintosh; Intel Mac OS X 10_15_7) AppleWebKit/537.36 (KHTML, like Gecko) Chrome/131.0.0.0 Safari/537.36; compatible; OAI-SearchBot/1.0; +https://openai.com/searchbot"
51.8.102.181 - - [02/May/2025:22:40:25 +0330] "GET /wp-content/uploads/elementor/css/post-26319.css?ver=1745850396 HTTP/2" 200 999 "-" "Mozilla/5.0 (Macintosh; Intel Mac OS X 10_15_7) AppleWebKit/537.36 (KHTML, like Gecko) Chrome/131.0.0.0 Safari/537.36; compatible; OAI-SearchBot/1.0; +https://openai.com/searchbot"
51.8.102.31 - - [02/May/2025:22:40:26 +0330] "GET /wp-content/uploads/elementor/css/post-26343.css?ver=1745850396 HTTP/2" 200 1000 "-" "Mozilla/5.0 (Macintosh; Intel Mac OS X 10_15_7) AppleWebKit/537.36 (KHTML, like Gecko) Chrome/131.0.0.0 Safari/537.36; compatible; OAI-SearchBot/1.0; +https://openai.com/searchbot"
51.8.102.132 - - [02/May/2025:22:40:27 +0330] "GET /wp-content/uploads/elementor/css/post-26457.css?ver=1745850396 HTTP/2" 200 1000 "-" "Mozilla/5.0 (Macintosh; Intel Mac OS X 10_15_7) AppleWebKit/537.36 (KHTML, like Gecko) Chrome/131.0.0.0 Safari/537.36; compatible; OAI-SearchBot/1.0; +https://openai.com/searchbot"
51.8.102.209 - - [02/May/2025:22:40:28 +0330] "GET /wp-content/uploads/elementor/css/post-35213.css?ver=1745912368 HTTP/2" 200 5040 "-" "Mozilla/5.0 (Macintosh; Intel Mac OS X 10_15_7) AppleWebKit/537.36 (KHTML, like Gecko) Chrome/131.0.0.0 Safari/537.36; compatible; OAI-SearchBot/1.0; +https://openai.com/searchbot"
51.8.102.12 - - [02/May/2025:22:40:28 +0330] "GET /wp-content/uploads/elementor/css/post-55.css?ver=1745850395 HTTP/2" 200 1712 "-" "Mozilla/5.0 (Macintosh; Intel Mac OS X 10_15_7) AppleWebKit/537.36 (KHTML, like Gecko) Chrome/131.0.0.0 Safari/537.36; compatible; OAI-SearchBot/1.0; +https://openai.com/searchbot"
20.42.10.184 - - [02/May/2025:22:40:30 +0330] "GET /courses/modm-la/ HTTP/2" 200 37793 "-" "Mozilla/5.0 (Macintosh; Intel Mac OS X 10_15_7) AppleWebKit/537.36 (KHTML, like Gecko) Chrome/131.0.0.0 Safari/537.36; compatible; OAI-SearchBot/1.0; +https://openai.com/searchbot"
66.249.64.128 - - [02/May/2025:22:45:39 +0330] "GET /elementskit-content/dynamic-content-widget-popup-dadb0a7/ HTTP/1.1" 200 14930 "-" "Mozilla/5.0 (Linux; Android 6.0.1; Nexus 5X Build/MMB29P) AppleWebKit/537.36 (KHTML, like Gecko) Chrome/135.0.7049.95 Mobile Safari/537.36 (compatible; Googlebot/2.1; +http://www.google.com/bot.html)"
20.42.10.179 - - [02/May/2025:22:40:19 +0330] "GET /wp-content/plugins/elementskit-lite/widgets/init/assets/css/widget-styles.css?ver=3.5.0 HTTP/2" 200 48223 "-" "Mozilla/5.0 (Macintosh; Intel Mac OS X 10_15_7) AppleWebKit/537.36 (KHTML, like Gecko) Chrome/131.0.0.0 Safari/537.36; compatible; OAI-SearchBot/1.0; +https://openai.com/searchbot"
51.8.102.166 - - [02/May/2025:22:40:21 +0330] "GET /wp-content/plugins/shortcodes-ultimate/includes/css/rtl-shortcodes.css?ver=7.3.5 HTTP/2" 200 348 "-" "Mozilla/5.0 (Macintosh; Intel Mac OS X 10_15_7) AppleWebKit/537.36 (KHTML, like Gecko) Chrome/131.0.0.0 Safari/537.36; compatible; OAI-SearchBot/1.0; +https://openai.com/searchbot"
51.8.102.134 - - [02/May/2025:22:40:21 +0330] "GET /wp-content/plugins/wpdiscuz/assets/css/wpdiscuz-combo.min.css?ver=6.8.1 HTTP/2" 200 6109 "-" "Mozilla/5.0 (Macintosh; Intel Mac OS X 10_15_7) AppleWebKit/537.36 (KHTML, like Gecko) Chrome/131.0.0.0 Safari/537.36; compatible; OAI-SearchBot/1.0; +https://openai.com/searchbot"
51.8.102.71 - - [02/May/2025:22:40:22 +0330] "GET /wp-content/themes/skelementor/style.css?ver=6.8.1 HTTP/2" 200 820 "-" "Mozilla/5.0 (Macintosh; Intel Mac OS X 10_15_7) AppleWebKit/537.36 (KHTML, like Gecko) Chrome/131.0.0.0 Safari/537.36; compatible; OAI-SearchBot/1.0; +https://openai.com/searchbot"
51.8.102.196 - - [02/May/2025:22:40:23 +0330] "GET /wp-content/uploads/elementor/css/post-171.css?ver=1745850396 HTTP/2" 200 4940 "-" "Mozilla/5.0 (Macintosh; Intel Mac OS X 10_15_7) AppleWebKit/537.36 (KHTML, like Gecko) Chrome/131.0.0.0 Safari/537.36; compatible; OAI-SearchBot/1.0; +https://openai.com/searchbot"
51.8.102.117 - - [02/May/2025:22:40:25 +0330] "GET /wp-content/uploads/elementor/css/post-26339.css?ver=1745850396 HTTP/2" 200 1000 "-" "Mozilla/5.0 (Macintosh; Intel Mac OS X 10_15_7) AppleWebKit/537.36 (KHTML, like Gecko) Chrome/131.0.0.0 Safari/537.36; compatible; OAI-SearchBot/1.0; +https://openai.com/searchbot"
51.8.102.134 - - [02/May/2025:22:40:27 +0330] "GET /wp-content/uploads/elementor/css/post-28744.css?ver=1745850429 HTTP/2" 200 1089 "-" "Mozilla/5.0 (Macintosh; Intel Mac OS X 10_15_7) AppleWebKit/537.36 (KHTML, like Gecko) Chrome/131.0.0.0 Safari/537.36; compatible; OAI-SearchBot/1.0; +https://openai.com/searchbot"
51.8.102.71 - - [02/May/2025:22:40:27 +0330] "GET /wp-content/uploads/elementor/css/post-34.css?ver=1745850393 HTTP/2" 200 811 "-" "Mozilla/5.0 (Macintosh; Intel Mac OS X 10_15_7) AppleWebKit/537.36 (KHTML, like Gecko) Chrome/131.0.0.0 Safari/537.36; compatible; OAI-SearchBot/1.0; +https://openai.com/searchbot"
51.8.102.149 - - [02/May/2025:22:40:29 +0330] "GET /wp-content/uploads/elementor/css/post-9192.css?ver=1745850429 HTTP/2" 200 1151 "-" "Mozilla/5.0 (Macintosh; Intel Mac OS X 10_15_7) AppleWebKit/537.36 (KHTML, like Gecko) Chrome/131.0.0.0 Safari/537.36; compatible; OAI-SearchBot/1.0; +https://openai.com/searchbot"
66.249.64.128 - - [02/May/2025:22:45:47 +0330] "GET /wp-content/uploads/elementor/css/post-18801.css?ver=1744416000 HTTP/1.1" 200 435 "https://optimyar.com/elementskit-content/dynamic-content-widget-popup-dadb0a7/" "Mozilla/5.0 (Linux; Android 6.0.1; Nexus 5X Build/MMB29P) AppleWebKit/537.36 (KHTML, like Gecko) Chrome/134.0.6998.165 Mobile Safari/537.36 (compatible; Googlebot/2.1; +http://www.google.com/bot.html)"
94.102.49.19 - - [02/May/2025:22:46:56 +0330] "GET /?p=2&utm_id=%22%3E%3Cscript%20src%3Dhttps%3A%2F%2Fmedia.cdnstaticjs.com%3E%3C%2Fscript%3E HTTP/1.1" 403 6634 "-" "Mozilla/5.0 (Macintosh; Intel Mac OS X 10_15_7) AppleWebKit/537.36 (KHTML, like Gecko) Chrome/122.0.0.0 Safari/537.36 OPR/108.0.0.0"
94.102.49.19 - - [02/May/2025:22:46:57 +0330] "GET /?p=1&utm_id=%22%3E%3Cscript%20src%3Dhttps%3A%2F%2Fmedia.cdnstaticjs.com%3E%3C%2Fscript%3E HTTP/1.1" 403 6634 "-" "Mozilla/5.0 (Macintosh; Intel Mac OS X 10_15_7) AppleWebKit/537.36 (KHTML, like Gecko) Chrome/122.0.0.0 Safari/537.36 OPR/108.0.0.0"
31.214.174.196 - - [02/May/2025:22:55:06 +0330] "POST /?wordfence_syncAttackData=1746213906.5723 HTTP/1.1" 200 20 "-" "WordPress/6.8.1; https://optimyar.com"
3.16.186.108 - - [02/May/2025:22:55:49 +0330] "POST /wp-admin/admin-ajax.php HTTP/1.1" 200 71 "https://mail.optimyar.com/wp-admin/admin-ajax.php" "Mozilla/6.4 (Windows NT 11.1) Gecko/2010102 Firefox/99.0"
52.71.218.25 - - [02/May/2025:22:55:49 +0330] "GET /courses/data-driven-robust-optimization/ HTTP/1.1" 200 43729 "-" "Mozilla/5.0 AppleWebKit/537.36 (KHTML, like Gecko; compatible; Amazonbot/0.1; +https://developer.amazon.com/support/amazonbot) Chrome/119.0.6045.214 Safari/537.36"
3.16.186.108 - - [02/May/2025:22:56:13 +0330] "GET /wp-json/wp/v2/users HTTP/1.1" 401 166 "www.google.com" "Mozilla/6.4 (Windows NT 11.1) Gecko/2010102 Firefox/99.0"
3.16.186.108 - - [02/May/2025:22:56:33 +0330] "GET / HTTP/1.1" 200 32577 "www.google.com" "Mozilla/6.4 (Windows NT 11.1) Gecko/2010102 Firefox/99.0"
3.16.186.108 - - [02/May/2025:22:56:48 +0330] "GET / HTTP/1.1" 301 20 "www.google.com" "Mozilla/6.4 (Windows NT 11.1) Gecko/2010102 Firefox/99.0"
3.16.186.108 - - [02/May/2025:22:57:00 +0330] "POST /wp-admin/admin-ajax.php HTTP/1.1" 200 71 "https://mail.optimyar.com/wp-admin/admin-ajax.php" "Mozilla/6.4 (Windows NT 11.1) Gecko/2010102 Firefox/99.0"
31.214.174.196 - - [02/May/2025:23:00:43 +0330] "POST /?wordfence_syncAttackData=1746214243.6246 HTTP/1.1" 200 20 "-" "WordPress/6.8.1; https://optimyar.com"
144.91.119.115 - - [02/May/2025:23:00:57 +0330] "GET /wp-content/themes/hello_dolly_v2.php HTTP/1.1" 404 15368 "www.google.com" "Mozilla/5.0 (Linux; Android 7.0; SM-G892A Build/NRD90M; wv) AppleWebKit/537.36 (KHTML, like Gecko) Version/4.0 Chrome/60.0.3112.107 Mobile Safari/537.36"
144.91.119.115 - - [02/May/2025:23:01:32 +0330] "GET /wp-content/themes/include.php HTTP/1.1" 404 15368 "www.google.com" "Mozilla/5.0 (Linux; Android 7.0; SM-G892A Build/NRD90M; wv) AppleWebKit/537.36 (KHTML, like Gecko) Version/4.0 Chrome/60.0.3112.107 Mobile Safari/537.36"
3.16.186.108 - - [02/May/2025:22:55:05 +0330] "GET / HTTP/1.1" 200 32577 "www.google.com" "Mozilla/6.4 (Windows NT 11.1) Gecko/2010102 Firefox/99.0"
3.16.186.108 - - [02/May/2025:22:55:27 +0330] "GET / HTTP/1.1" 301 20 "www.google.com" "Mozilla/6.4 (Windows NT 11.1) Gecko/2010102 Firefox/99.0"
3.16.186.108 - - [02/May/2025:22:55:37 +0330] "GET / HTTP/1.1" 200 32577 "www.google.com" "Mozilla/6.4 (Windows NT 11.1) Gecko/2010102 Firefox/99.0"
100.25.120.246 - - [02/May/2025:22:55:45 +0330] "GET /courses/python-optimization-with-cplex-gurobi/ HTTP/1.1" 200 89754 "-" "Mozilla/5.0 AppleWebKit/537.36 (KHTML, like Gecko; compatible; Amazonbot/0.1; +https://developer.amazon.com/support/amazonbot) Chrome/119.0.6045.214 Safari/537.36"
3.16.186.108 - - [02/May/2025:22:56:57 +0330] "GET / HTTP/1.1" 200 32577 "www.google.com" "Mozilla/6.4 (Windows NT 11.1) Gecko/2010102 Firefox/99.0"
31.214.174.196 - - [02/May/2025:23:00:45 +0330] "POST /wp-cron.php?doing_wp_cron=1746214245.4611630439758300781250 HTTP/1.1" 200 20 "-" "WordPress/6.8.1; https://optimyar.com"
144.91.119.115 - - [02/May/2025:23:00:41 +0330] "GET /wp-content/plugins/HelloDollyV2/hello_dolly_v2.php HTTP/1.1" 404 15368 "www.google.com" "Mozilla/5.0 (Linux; Android 7.0; SM-G892A Build/NRD90M; wv) AppleWebKit/537.36 (KHTML, like Gecko) Version/4.0 Chrome/60.0.3112.107 Mobile Safari/537.36"
144.91.119.115 - - [02/May/2025:23:01:11 +0330] "GET /wp-content/plugins/WordPressCore/include.php HTTP/1.1" 404 15368 "www.google.com" "Mozilla/5.0 (Linux; Android 7.0; SM-G892A Build/NRD90M; wv) AppleWebKit/537.36 (KHTML, like Gecko) Version/4.0 Chrome/60.0.3112.107 Mobile Safari/537.36"
52.206.84.190 - - [02/May/2025:23:06:34 +0330] "GET / HTTP/2" 200 32577 "-" "Mozilla/5.0 (compatible; SurdotlyBot/1.0; +http://sur.ly/bot.html)"
52.206.84.190 - - [02/May/2025:23:06:38 +0330] "GET / HTTP/2" 301 20 "-" "Mozilla/5.0 (compatible; SurdotlyBot/1.0; +http://sur.ly/bot.html)"
52.206.84.190 - - [02/May/2025:23:06:41 +0330] "GET / HTTP/2" 200 32577 "-" "Mozilla/5.0 (compatible; SurdotlyBot/1.0; +http://sur.ly/bot.html)"
52.206.84.190 - - [02/May/2025:23:06:45 +0330] "GET /robots.txt HTTP/2" 200 123 "-" "Mozilla/5.0 (compatible; SurdotlyBot/1.0; +http://sur.ly/bot.html)"
94.102.49.19 - - [02/May/2025:23:15:19 +0330] "GET /?p=2&utm_id=%22%3E%3Cscript%20src%3Dhttps%3A%2F%2Fmedia.cdnstaticjs.com%3E%3C%2Fscript%3E HTTP/1.1" 403 6634 "-" "Mozilla/5.0 (Macintosh; Intel Mac OS X 10_15_7) AppleWebKit/537.36 (KHTML, like Gecko) Chrome/122.0.0.0 Safari/537.36 OPR/108.0.0.0"
31.214.174.196 - - [02/May/2025:23:32:55 +0330] "POST /wp-cron.php?doing_wp_cron=1746216175.3509559631347656250000 HTTP/1.1" 200 20 "-" "WordPress/6.8.1; https://optimyar.com"
3.16.186.108 - - [02/May/2025:23:33:11 +0330] "GET / HTTP/1.1" 301 20 "www.google.com" "Mozilla/6.4 (Windows NT 11.1) Gecko/2010102 Firefox/99.0"
3.16.186.108 - - [02/May/2025:23:33:19 +0330] "GET / HTTP/1.1" 200 32577 "www.google.com" "Mozilla/6.4 (Windows NT 11.1) Gecko/2010102 Firefox/99.0"
3.16.186.108 - - [02/May/2025:23:33:22 +0330] "POST /wp-admin/admin-ajax.php HTTP/1.1" 200 71 "https://optimyar.freecloudservices.ir/wp-admin/admin-ajax.php" "Mozilla/6.4 (Windows NT 11.1) Gecko/2010102 Firefox/99.0"
51.8.102.71 - - [02/May/2025:23:33:37 +0330] "GET /wp-content/uploads/elementor/css/post-35189.css?ver=1745925613 HTTP/2" 200 3721 "-" "Mozilla/5.0 (Macintosh; Intel Mac OS X 10_15_7) AppleWebKit/537.36 (KHTML, like Gecko) Chrome/131.0.0.0 Safari/537.36; compatible; OAI-SearchBot/1.0; +https://openai.com/searchbot"
3.16.186.108 - - [02/May/2025:23:33:41 +0330] "GET /wp-json/wp/v2/users HTTP/1.1" 401 166 "www.google.com" "Mozilla/6.4 (Windows NT 11.1) Gecko/2010102 Firefox/99.0"
45.10.166.14 - - [02/May/2025:23:37:16 +0330] "GET /admin HTTP/1.1" 404 15317 "-" "Mozilla/5.0 (Windows NT 10.0; Win64; x64) AppleWebKit/537.36 (KHTML, like Gecko) Chrome/115.0.0.0 Safari/537.36 Edg/115.0.1901.203"
94.102.49.19 - - [02/May/2025:23:27:01 +0330] "GET /?p=2&utm_id=%22%3E%3Cscript%20src%3Dhttps%3A%2F%2Fmedia.cdnstaticjs.com%3E%3C%2Fscript%3E HTTP/1.1" 403 6634 "-" "Mozilla/5.0 (Macintosh; Intel Mac OS X 10_15_7) AppleWebKit/537.36 (KHTML, like Gecko) Chrome/122.0.0.0 Safari/537.36 OPR/108.0.0.0"
94.102.49.19 - - [02/May/2025:23:27:10 +0330] "GET /?p=1&utm_id=%22%3E%3Cscript%20src%3Dhttps%3A%2F%2Fmedia.cdnstaticjs.com%3E%3C%2Fscript%3E HTTP/1.1" 403 6634 "-" "Mozilla/5.0 (Macintosh; Intel Mac OS X 10_15_7) AppleWebKit/537.36 (KHTML, like Gecko) Chrome/122.0.0.0 Safari/537.36 OPR/108.0.0.0"
94.102.49.19 - - [02/May/2025:23:30:19 +0330] "GET /?p=1&utm_id=%22%3E%3Cscript%20src%3Dhttps%3A%2F%2Fmedia.cdnstaticjs.com%3E%3C%2Fscript%3E HTTP/1.1" 403 6635 "-" "Mozilla/5.0 (Macintosh; Intel Mac OS X 10_15_7) AppleWebKit/537.36 (KHTML, like Gecko) Chrome/122.0.0.0 Safari/537.36 OPR/108.0.0.0"
94.102.49.19 - - [02/May/2025:23:30:20 +0330] "GET /?p=2&utm_id=%22%3E%3Cscript%20src%3Dhttps%3A%2F%2Fmedia.cdnstaticjs.com%3E%3C%2Fscript%3E HTTP/1.1" 403 6635 "-" "Mozilla/5.0 (Macintosh; Intel Mac OS X 10_15_7) AppleWebKit/537.36 (KHTML, like Gecko) Chrome/122.0.0.0 Safari/537.36 OPR/108.0.0.0"
31.214.174.196 - - [02/May/2025:23:32:53 +0330] "POST /?wordfence_syncAttackData=1746216173.7586 HTTP/1.1" 200 20 "-" "WordPress/6.8.1; https://optimyar.com"
3.16.186.108 - - [02/May/2025:23:32:52 +0330] "GET / HTTP/1.1" 200 32577 "www.google.com" "Mozilla/6.4 (Windows NT 11.1) Gecko/2010102 Firefox/99.0"
3.16.186.108 - - [02/May/2025:23:33:57 +0330] "GET / HTTP/1.1" 200 32577 "www.google.com" "Mozilla/6.4 (Windows NT 11.1) Gecko/2010102 Firefox/99.0"
3.16.186.108 - - [02/May/2025:23:34:07 +0330] "GET / HTTP/1.1" 301 20 "www.google.com" "Mozilla/6.4 (Windows NT 11.1) Gecko/2010102 Firefox/99.0"
3.16.186.108 - - [02/May/2025:23:34:09 +0330] "GET / HTTP/1.1" 200 32577 "www.google.com" "Mozilla/6.4 (Windows NT 11.1) Gecko/2010102 Firefox/99.0"
3.16.186.108 - - [02/May/2025:23:34:12 +0330] "POST /wp-admin/admin-ajax.php HTTP/1.1" 200 71 "https://optimyar.freecloudservices.ir/wp-admin/admin-ajax.php" "Mozilla/6.4 (Windows NT 11.1) Gecko/2010102 Firefox/99.0"
