47.128.23.203 - - [03/May/2025:02:52:05 +0330] "GET /wp-content/plugins/jet-elements/assets/css/addons/jet-carousel-rtl.css?ver=2.7.5.1 HTTP/2" 200 717 "https://optimyar.com/" "Mozilla/5.0 (Linux; Android 5.0) AppleWebKit/537.36 (KHTML, like Gecko) Mobile Safari/537.36 (compatible; Bytespider; spider-feedback@bytedance.com)"
47.128.23.203 - - [03/May/2025:02:52:05 +0330] "GET /wp-content/plugins/elementor/assets/lib/animations/styles/fadeIn.min.css?ver=3.28.4 HTTP/2" 200 77 "https://optimyar.com/" "Mozilla/5.0 (Linux; Android 5.0) AppleWebKit/537.36 (KHTML, like Gecko) Mobile Safari/537.36 (compatible; Bytespider; spider-feedback@bytedance.com)"
47.128.23.203 - - [03/May/2025:02:52:05 +0330] "GET /wp-content/plugins/jet-elements/assets/css/jet-elements-rtl.css?ver=2.7.5.1 HTTP/2" 200 2887 "https://optimyar.com/" "Mozilla/5.0 (Linux; Android 5.0) AppleWebKit/537.36 (KHTML, like Gecko) Mobile Safari/537.36 (compatible; Bytespider; spider-feedback@bytedance.com)"
47.128.23.203 - - [03/May/2025:02:52:05 +0330] "GET /wp-content/plugins/elementor/assets/lib/animations/styles/slideInLeft.min.css?ver=3.28.4 HTTP/2" 200 153 "https://optimyar.com/" "Mozilla/5.0 (Linux; Android 5.0) AppleWebKit/537.36 (KHTML, like Gecko) Mobile Safari/537.36 (compatible; Bytespider; spider-feedback@bytedance.com)"
47.128.23.203 - - [03/May/2025:02:52:05 +0330] "GET /wp-content/plugins/elementor/assets/lib/animations/styles/flash.min.css?ver=3.28.4 HTTP/2" 200 86 "https://optimyar.com/" "Mozilla/5.0 (Linux; Android 5.0) AppleWebKit/537.36 (KHTML, like Gecko) Mobile Safari/537.36 (compatible; Bytespider; spider-feedback@bytedance.com)"
47.128.23.203 - - [03/May/2025:02:52:05 +0330] "GET /wp-content/plugins/elementor-pro/assets/css/widget-call-to-action-rtl.min.css?ver=3.28.3 HTTP/2" 200 1378 "https://optimyar.com/" "Mozilla/5.0 (Linux; Android 5.0) AppleWebKit/537.36 (KHTML, like Gecko) Mobile Safari/537.36 (compatible; Bytespider; spider-feedback@bytedance.com)"
47.128.23.203 - - [03/May/2025:02:52:05 +0330] "GET /wp-content/plugins/jet-elements/assets/css/skin/jet-carousel-rtl.css?ver=2.7.5.1 HTTP/2" 200 192 "https://optimyar.com/" "Mozilla/5.0 (Linux; Android 5.0) AppleWebKit/537.36 (KHTML, like Gecko) Mobile Safari/537.36 (compatible; Bytespider; spider-feedback@bytedance.com)"
47.128.23.203 - - [03/May/2025:02:52:05 +0330] "GET /wp-content/plugins/jet-elements/assets/css/addons/jet-banner-rtl.css?ver=2.7.5.1 HTTP/2" 200 1840 "https://optimyar.com/" "Mozilla/5.0 (Linux; Android 5.0) AppleWebKit/537.36 (KHTML, like Gecko) Mobile Safari/537.36 (compatible; Bytespider; spider-feedback@bytedance.com)"
47.128.23.203 - - [03/May/2025:02:52:05 +0330] "GET /wp-content/plugins/elementskit-lite/widgets/init/assets/css/responsive.css?ver=3.5.0 HTTP/2" 200 2859 "https://optimyar.com/" "Mozilla/5.0 (Linux; Android 5.0) AppleWebKit/537.36 (KHTML, like Gecko) Mobile Safari/537.36 (compatible; Bytespider; spider-feedback@bytedance.com)"
47.128.23.203 - - [03/May/2025:02:52:05 +0330] "GET /wp-content/uploads/elementor/css/post-26343.css?ver=1745850396 HTTP/2" 200 1000 "https://optimyar.com/" "Mozilla/5.0 (Linux; Android 5.0) AppleWebKit/537.36 (KHTML, like Gecko) Mobile Safari/537.36 (compatible; Bytespider; spider-feedback@bytedance.com)"
47.128.23.203 - - [03/May/2025:02:52:05 +0330] "GET /wp-content/uploads/elementor/css/post-55.css?ver=1745850395 HTTP/2" 200 1712 "https://optimyar.com/" "Mozilla/5.0 (Linux; Android 5.0) AppleWebKit/537.36 (KHTML, like Gecko) Mobile Safari/537.36 (compatible; Bytespider; spider-feedback@bytedance.com)"
47.128.23.203 - - [03/May/2025:02:52:05 +0330] "GET /wp-content/uploads/elementor/css/post-25858.css?ver=1745850396 HTTP/2" 200 955 "https://optimyar.com/" "Mozilla/5.0 (Linux; Android 5.0) AppleWebKit/537.36 (KHTML, like Gecko) Mobile Safari/537.36 (compatible; Bytespider; spider-feedback@bytedance.com)"
47.128.23.203 - - [03/May/2025:02:52:05 +0330] "GET /wp-content/uploads/elementor/css/post-26457.css?ver=1745850396 HTTP/2" 200 1000 "https://optimyar.com/" "Mozilla/5.0 (Linux; Android 5.0) AppleWebKit/537.36 (KHTML, like Gecko) Mobile Safari/537.36 (compatible; Bytespider; spider-feedback@bytedance.com)"
47.128.23.203 - - [03/May/2025:02:52:05 +0330] "GET /wp-content/plugins/elementor/assets/css/widget-menu-anchor-rtl.min.css?ver=3.28.4 HTTP/2" 200 106 "https://optimyar.com/" "Mozilla/5.0 (Linux; Android 5.0) AppleWebKit/537.36 (KHTML, like Gecko) Mobile Safari/537.36 (compatible; Bytespider; spider-feedback@bytedance.com)"
47.128.23.203 - - [03/May/2025:02:52:05 +0330] "GET /wp-content/uploads/elementor/css/post-171.css?ver=1745850396 HTTP/2" 200 4940 "https://optimyar.com/" "Mozilla/5.0 (Linux; Android 5.0) AppleWebKit/537.36 (KHTML, like Gecko) Mobile Safari/537.36 (compatible; Bytespider; spider-feedback@bytedance.com)"
47.128.23.203 - - [03/May/2025:02:52:05 +0330] "GET /wp-content/plugins/elementor/assets/css/widget-divider-rtl.min.css?ver=3.28.4 HTTP/2" 200 707 "https://optimyar.com/" "Mozilla/5.0 (Linux; Android 5.0) AppleWebKit/537.36 (KHTML, like Gecko) Mobile Safari/537.36 (compatible; Bytespider; spider-feedback@bytedance.com)"
47.128.23.203 - - [03/May/2025:02:52:05 +0330] "GET /wp-content/uploads/elementor/css/post-26319.css?ver=1745850396 HTTP/2" 200 999 "https://optimyar.com/" "Mozilla/5.0 (Linux; Android 5.0) AppleWebKit/537.36 (KHTML, like Gecko) Mobile Safari/537.36 (compatible; Bytespider; spider-feedback@bytedance.com)"
47.128.23.203 - - [03/May/2025:02:52:05 +0330] "GET /wp-content/plugins/elementskit-lite/widgets/init/assets/css/widget-styles.css?ver=3.5.0 HTTP/2" 200 48223 "https://optimyar.com/" "Mozilla/5.0 (Linux; Android 5.0) AppleWebKit/537.36 (KHTML, like Gecko) Mobile Safari/537.36 (compatible; Bytespider; spider-feedback@bytedance.com)"
47.128.23.203 - - [03/May/2025:02:52:05 +0330] "GET /wp-content/uploads/elementor/css/post-26339.css?ver=1745850396 HTTP/2" 200 1000 "https://optimyar.com/" "Mozilla/5.0 (Linux; Android 5.0) AppleWebKit/537.36 (KHTML, like Gecko) Mobile Safari/537.36 (compatible; Bytespider; spider-feedback@bytedance.com)"
47.128.23.203 - - [03/May/2025:02:52:05 +0330] "GET /wp-content/uploads/elementor/css/post-14103.css?ver=1745850395 HTTP/2" 200 7083 "https://optimyar.com/" "Mozilla/5.0 (Linux; Android 5.0) AppleWebKit/537.36 (KHTML, like Gecko) Mobile Safari/537.36 (compatible; Bytespider; spider-feedback@bytedance.com)"
47.128.23.203 - - [03/May/2025:02:52:05 +0330] "GET /wp-content/plugins/elementor-pro/assets/css/conditionals/transitions.min.css?ver=3.28.3 HTTP/2" 200 599 "https://optimyar.com/" "Mozilla/5.0 (Linux; Android 5.0) AppleWebKit/537.36 (KHTML, like Gecko) Mobile Safari/537.36 (compatible; Bytespider; spider-feedback@bytedance.com)"
47.128.23.203 - - [03/May/2025:02:52:05 +0330] "GET /wp-content/plugins/elementskit-lite/widgets/init/assets/css/rtl.css?ver=3.5.0 HTTP/2" 200 1082 "https://optimyar.com/" "Mozilla/5.0 (Linux; Android 5.0) AppleWebKit/537.36 (KHTML, like Gecko) Mobile Safari/537.36 (compatible; Bytespider; spider-feedback@bytedance.com)"
47.128.23.203 - - [03/May/2025:02:52:05 +0330] "GET /wp-content/plugins/elementor/assets/lib/font-awesome/css/solid.min.css?ver=5.15.3 HTTP/2" 200 286 "https://optimyar.com/" "Mozilla/5.0 (Linux; Android 5.0) AppleWebKit/537.36 (KHTML, like Gecko) Mobile Safari/537.36 (compatible; Bytespider; spider-feedback@bytedance.com)"
47.128.23.203 - - [03/May/2025:02:52:05 +0330] "GET /wp-content/plugins/elementor/assets/lib/font-awesome/css/regular.min.css?ver=5.15.3 HTTP/2" 200 283 "https://optimyar.com/" "Mozilla/5.0 (Linux; Android 5.0) AppleWebKit/537.36 (KHTML, like Gecko) Mobile Safari/537.36 (compatible; Bytespider; spider-feedback@bytedance.com)"
47.128.23.203 - - [03/May/2025:02:52:05 +0330] "GET /wp-content/plugins/elementor/assets/lib/font-awesome/css/fontawesome.min.css?ver=5.15.3 HTTP/2" 200 12164 "https://optimyar.com/" "Mozilla/5.0 (Linux; Android 5.0) AppleWebKit/537.36 (KHTML, like Gecko) Mobile Safari/537.36 (compatible; Bytespider; spider-feedback@bytedance.com)"
47.128.23.203 - - [03/May/2025:02:52:05 +0330] "GET /wp-content/plugins/essential-addons-for-elementor-lite/assets/front-end/css/view/general.min.css?ver=6.1.11 HTTP/2" 200 1365 "https://optimyar.com/" "Mozilla/5.0 (Linux; Android 5.0) AppleWebKit/537.36 (KHTML, like Gecko) Mobile Safari/537.36 (compatible; Bytespider; spider-feedback@bytedance.com)"
47.128.23.203 - - [03/May/2025:02:52:05 +0330] "GET /wp-content/uploads/elementor/custom-icons/myic4/css/myic4.css?ver=1.0.0 HTTP/2" 200 948 "https://optimyar.com/" "Mozilla/5.0 (Linux; Android 5.0) AppleWebKit/537.36 (KHTML, like Gecko) Mobile Safari/537.36 (compatible; Bytespider; spider-feedback@bytedance.com)"
47.128.23.203 - - [03/May/2025:02:52:05 +0330] "GET /wp-content/plugins/elementor/assets/lib/font-awesome/css/brands.min.css?ver=5.15.3 HTTP/2" 200 284 "https://optimyar.com/" "Mozilla/5.0 (Linux; Android 5.0) AppleWebKit/537.36 (KHTML, like Gecko) Mobile Safari/537.36 (compatible; Bytespider; spider-feedback@bytedance.com)"
47.128.23.203 - - [03/May/2025:02:52:05 +0330] "GET /wp-content/plugins/elementskit-lite/modules/elementskit-icon-pack/assets/css/ekiticons.css?ver=3.5.0 HTTP/2" 200 11776 "https://optimyar.com/" "Mozilla/5.0 (Linux; Android 5.0) AppleWebKit/537.36 (KHTML, like Gecko) Mobile Safari/537.36 (compatible; Bytespider; spider-feedback@bytedance.com)"
47.128.23.203 - - [03/May/2025:02:52:05 +0330] "GET /wp-content/uploads/2020/06/Artboard-1-768x768.png HTTP/2" 206 500 "https://optimyar.com/" "Mozilla/5.0 (Linux; Android 5.0) AppleWebKit/537.36 (KHTML, like Gecko) Mobile Safari/537.36 (compatible; Bytespider; spider-feedback@bytedance.com)"
47.128.23.203 - - [03/May/2025:02:51:55 +0330] "GET / HTTP/2" 200 32579 "-" "Mozilla/5.0 (Linux; Android 5.0) AppleWebKit/537.36 (KHTML, like Gecko) Mobile Safari/537.36 (compatible; Bytespider; spider-feedback@bytedance.com)"
47.128.23.203 - - [03/May/2025:02:52:06 +0330] "GET /wp-content/uploads/2022/09/Optimyar-Desktop-Header-768x432.png HTTP/2" 206 500 "https://optimyar.com/" "Mozilla/5.0 (Linux; Android 5.0) AppleWebKit/537.36 (KHTML, like Gecko) Mobile Safari/537.36 (compatible; Bytespider; spider-feedback@bytedance.com)"
47.128.23.203 - - [03/May/2025:02:52:06 +0330] "GET /wp-content/plugins/shortcodes-ultimate/includes/css/rtl-shortcodes.css?ver=7.3.5 HTTP/2" 200 348 "https://optimyar.com/" "Mozilla/5.0 (Linux; Android 5.0) AppleWebKit/537.36 (KHTML, like Gecko) Mobile Safari/537.36 (compatible; Bytespider; spider-feedback@bytedance.com)"
47.128.23.203 - - [03/May/2025:02:52:06 +0330] "GET /wp-content/uploads/2020/12/logo2.png HTTP/2" 206 500 "https://optimyar.com/" "Mozilla/5.0 (Linux; Android 5.0) AppleWebKit/537.36 (KHTML, like Gecko) Mobile Safari/537.36 (compatible; Bytespider; spider-feedback@bytedance.com)"
47.128.23.203 - - [03/May/2025:02:52:06 +0330] "GET /wp-content/uploads/2022/03/Untitled-1-1-150x150.png HTTP/2" 206 500 "https://optimyar.com/" "Mozilla/5.0 (Linux; Android 5.0) AppleWebKit/537.36 (KHTML, like Gecko) Mobile Safari/537.36 (compatible; Bytespider; spider-feedback@bytedance.com)"
47.128.23.203 - - [03/May/2025:02:52:06 +0330] "GET /wp-content/uploads/2025/01/Screenshot-1060-768x458.png HTTP/2" 206 500 "https://optimyar.com/" "Mozilla/5.0 (Linux; Android 5.0) AppleWebKit/537.36 (KHTML, like Gecko) Mobile Safari/537.36 (compatible; Bytespider; spider-feedback@bytedance.com)"
47.128.23.203 - - [03/May/2025:02:52:06 +0330] "GET /wp-content/uploads/2025/02/Artboard-9-copy-10.png HTTP/2" 206 500 "https://optimyar.com/" "Mozilla/5.0 (Linux; Android 5.0) AppleWebKit/537.36 (KHTML, like Gecko) Mobile Safari/537.36 (compatible; Bytespider; spider-feedback@bytedance.com)"
47.128.23.203 - - [03/May/2025:02:52:06 +0330] "GET /wp-content/uploads/2025/02/Artboard-9-copy-9.png HTTP/2" 206 500 "https://optimyar.com/" "Mozilla/5.0 (Linux; Android 5.0) AppleWebKit/537.36 (KHTML, like Gecko) Mobile Safari/537.36 (compatible; Bytespider; spider-feedback@bytedance.com)"
47.128.23.203 - - [03/May/2025:02:52:06 +0330] "GET /wp-content/uploads/2024/10/Artboard-9-copy-11-scaled.jpg HTTP/2" 206 500 "https://optimyar.com/" "Mozilla/5.0 (Linux; Android 5.0) AppleWebKit/537.36 (KHTML, like Gecko) Mobile Safari/537.36 (compatible; Bytespider; spider-feedback@bytedance.com)"
47.128.23.203 - - [03/May/2025:02:52:06 +0330] "GET /wp-content/uploads/2024/10/Artboard-9-copy-9-scaled.jpg HTTP/2" 206 500 "https://optimyar.com/" "Mozilla/5.0 (Linux; Android 5.0) AppleWebKit/537.36 (KHTML, like Gecko) Mobile Safari/537.36 (compatible; Bytespider; spider-feedback@bytedance.com)"
47.128.23.203 - - [03/May/2025:02:52:06 +0330] "GET /wp-content/uploads/2022/11/DDRO-Slider.jpg HTTP/2" 206 500 "https://optimyar.com/" "Mozilla/5.0 (Linux; Android 5.0) AppleWebKit/537.36 (KHTML, like Gecko) Mobile Safari/537.36 (compatible; Bytespider; spider-feedback@bytedance.com)"
47.128.23.203 - - [03/May/2025:02:52:06 +0330] "GET /wp-content/uploads/2023/02/slider-cplex.jpg HTTP/2" 206 500 "https://optimyar.com/" "Mozilla/5.0 (Linux; Android 5.0) AppleWebKit/537.36 (KHTML, like Gecko) Mobile Safari/537.36 (compatible; Bytespider; spider-feedback@bytedance.com)"
47.128.23.203 - - [03/May/2025:02:52:06 +0330] "GET /wp-content/uploads/2024/08/Artboard-9-copy-2.png HTTP/2" 206 500 "https://optimyar.com/" "Mozilla/5.0 (Linux; Android 5.0) AppleWebKit/537.36 (KHTML, like Gecko) Mobile Safari/537.36 (compatible; Bytespider; spider-feedback@bytedance.com)"
47.128.23.203 - - [03/May/2025:02:52:06 +0330] "GET /wp-content/uploads/2024/08/Artboard-9-copy-4.png HTTP/2" 206 500 "https://optimyar.com/" "Mozilla/5.0 (Linux; Android 5.0) AppleWebKit/537.36 (KHTML, like Gecko) Mobile Safari/537.36 (compatible; Bytespider; spider-feedback@bytedance.com)"
47.128.23.203 - - [03/May/2025:02:52:06 +0330] "GET /wp-content/uploads/2024/09/Artboard-9-copy-9-scaled.jpg HTTP/2" 206 500 "https://optimyar.com/" "Mozilla/5.0 (Linux; Android 5.0) AppleWebKit/537.36 (KHTML, like Gecko) Mobile Safari/537.36 (compatible; Bytespider; spider-feedback@bytedance.com)"
47.128.23.203 - - [03/May/2025:02:52:06 +0330] "GET /wp-content/uploads/2024/03/conference-and-presentation-audience-at-the-conference-hall-business-and-entrepreneurship-faculty-lecture-and-workshop-audience-in-the-lecture-hall-ac-copy.jpg HTTP/2" 206 500 "https://optimyar.com/" "Mozilla/5.0 (Linux; Android 5.0) AppleWebKit/537.36 (KHTML, like Gecko) Mobile Safari/537.36 (compatible; Bytespider; spider-feedback@bytedance.com)"
47.128.23.203 - - [03/May/2025:02:52:06 +0330] "GET /wp-content/uploads/2022/08/%D8%A8%D8%B1%D9%86%D8%A7%D9%85%D9%87-%D8%B1%DB%8C%D8%B2%DB%8C-%D8%AF%D8%B1-%D8%B9%D8%AF%D9%85-%D9%82%D8%B7%D8%B9%DB%8C%D8%AA-1.png HTTP/2" 206 500 "https://optimyar.com/" "Mozilla/5.0 (Linux; Android 5.0) AppleWebKit/537.36 (KHTML, like Gecko) Mobile Safari/537.36 (compatible; Bytespider; spider-feedback@bytedance.com)"
47.128.23.203 - - [03/May/2025:02:52:06 +0330] "GET /wp-content/uploads/2022/08/%D8%A2%D9%85%D9%88%D8%B2%D8%B4-%DA%AF%D9%85%D8%B2-1.png HTTP/2" 206 500 "https://optimyar.com/" "Mozilla/5.0 (Linux; Android 5.0) AppleWebKit/537.36 (KHTML, like Gecko) Mobile Safari/537.36 (compatible; Bytespider; spider-feedback@bytedance.com)"
47.128.23.203 - - [03/May/2025:02:52:06 +0330] "GET /wp-content/uploads/2022/11/Optimization-Slider.png HTTP/2" 206 500 "https://optimyar.com/" "Mozilla/5.0 (Linux; Android 5.0) AppleWebKit/537.36 (KHTML, like Gecko) Mobile Safari/537.36 (compatible; Bytespider; spider-feedback@bytedance.com)"
47.128.23.203 - - [03/May/2025:02:52:06 +0330] "GET /wp-content/uploads/2024/09/Artboard-9-copy-10-scaled.jpg HTTP/2" 206 500 "https://optimyar.com/" "Mozilla/5.0 (Linux; Android 5.0) AppleWebKit/537.36 (KHTML, like Gecko) Mobile Safari/537.36 (compatible; Bytespider; spider-feedback@bytedance.com)"
47.128.23.203 - - [03/May/2025:02:52:06 +0330] "GET /wp-content/uploads/2024/08/Artboard-9-copy.png HTTP/2" 206 500 "https://optimyar.com/" "Mozilla/5.0 (Linux; Android 5.0) AppleWebKit/537.36 (KHTML, like Gecko) Mobile Safari/537.36 (compatible; Bytespider; spider-feedback@bytedance.com)"
47.128.23.203 - - [03/May/2025:02:52:06 +0330] "GET /wp-content/uploads/2024/08/Artboard-9.png HTTP/2" 206 500 "https://optimyar.com/" "Mozilla/5.0 (Linux; Android 5.0) AppleWebKit/537.36 (KHTML, like Gecko) Mobile Safari/537.36 (compatible; Bytespider; spider-feedback@bytedance.com)"
47.128.23.203 - - [03/May/2025:02:52:06 +0330] "GET /wp-content/uploads/2022/08/%D8%A8%D8%B1%D9%86%D8%A7%D9%85%D9%87-%D8%B1%DB%8C%D8%B2%DB%8C-%D8%AA%D8%B5%D8%A7%D8%AF%D9%81%DB%8C-2.png HTTP/2" 206 500 "https://optimyar.com/" "Mozilla/5.0 (Linux; Android 5.0) AppleWebKit/537.36 (KHTML, like Gecko) Mobile Safari/537.36 (compatible; Bytespider; spider-feedback@bytedance.com)"
47.128.23.203 - - [03/May/2025:02:52:06 +0330] "GET /wp-content/uploads/2022/08/%D8%AA%DA%A9%D9%86%DB%8C%DA%A9-%D9%87%D8%A7%DB%8C-%D8%AE%D8%B7%DB%8C-%D8%B3%D8%A7%D8%B2%DB%8C-1.png HTTP/2" 206 500 "https://optimyar.com/" "Mozilla/5.0 (Linux; Android 5.0) AppleWebKit/537.36 (KHTML, like Gecko) Mobile Safari/537.36 (compatible; Bytespider; spider-feedback@bytedance.com)"
47.128.23.203 - - [03/May/2025:02:52:06 +0330] "GET /wp-content/uploads/2022/08/%D8%A8%D8%B1%D9%86%D8%A7%D9%85%D9%87-%D8%B1%DB%8C%D8%B2%DB%8C-%D8%AF%D9%88%D8%B3%D8%B7%D8%AD%DB%8C-1.png HTTP/2" 206 500 "https://optimyar.com/" "Mozilla/5.0 (Linux; Android 5.0) AppleWebKit/537.36 (KHTML, like Gecko) Mobile Safari/537.36 (compatible; Bytespider; spider-feedback@bytedance.com)"
47.128.23.203 - - [03/May/2025:02:52:06 +0330] "GET /wp-content/uploads/2022/08/%D8%A8%D9%87%DB%8C%D9%86%D9%87-%D8%B3%D8%A7%D8%B2%DB%8C-%DA%86%D9%86%D8%AF%D9%87%D8%AF%D9%81%D9%87-1.png HTTP/2" 206 500 "https://optimyar.com/" "Mozilla/5.0 (Linux; Android 5.0) AppleWebKit/537.36 (KHTML, like Gecko) Mobile Safari/537.36 (compatible; Bytespider; spider-feedback@bytedance.com)"
47.128.23.203 - - [03/May/2025:02:52:07 +0330] "GET /wp-content/uploads/2022/08/%D8%AA%DA%A9%D9%86%DB%8C%DA%A9-%D9%87%D8%A7%DB%8C-%D8%AA%D8%AC%D8%B2%DB%8C%D9%87-1.png HTTP/2" 206 500 "https://optimyar.com/" "Mozilla/5.0 (Linux; Android 5.0) AppleWebKit/537.36 (KHTML, like Gecko) Mobile Safari/537.36 (compatible; Bytespider; spider-feedback@bytedance.com)"
47.128.23.203 - - [03/May/2025:02:52:07 +0330] "GET /wp-content/uploads/2021/02/2-2.jpg HTTP/2" 206 500 "https://optimyar.com/" "Mozilla/5.0 (Linux; Android 5.0) AppleWebKit/537.36 (KHTML, like Gecko) Mobile Safari/537.36 (compatible; Bytespider; spider-feedback@bytedance.com)"
47.128.23.203 - - [03/May/2025:02:52:07 +0330] "GET /wp-content/uploads/2024/08/creativeNactive-1-1024x740-1.jpg HTTP/2" 206 500 "https://optimyar.com/" "Mozilla/5.0 (Linux; Android 5.0) AppleWebKit/537.36 (KHTML, like Gecko) Mobile Safari/537.36 (compatible; Bytespider; spider-feedback@bytedance.com)"
47.128.23.203 - - [03/May/2025:02:52:07 +0330] "GET /wp-content/uploads/2021/02/4-1.jpg HTTP/2" 206 500 "https://optimyar.com/" "Mozilla/5.0 (Linux; Android 5.0) AppleWebKit/537.36 (KHTML, like Gecko) Mobile Safari/537.36 (compatible; Bytespider; spider-feedback@bytedance.com)"
47.128.23.203 - - [03/May/2025:02:52:07 +0330] "GET /wp-content/uploads/2021/02/3-1.jpg HTTP/2" 206 500 "https://optimyar.com/" "Mozilla/5.0 (Linux; Android 5.0) AppleWebKit/537.36 (KHTML, like Gecko) Mobile Safari/537.36 (compatible; Bytespider; spider-feedback@bytedance.com)"
47.128.23.203 - - [03/May/2025:02:52:07 +0330] "GET /wp-content/uploads/2025/01/wmremove-transformed-1-768x576.jpeg HTTP/2" 206 500 "https://optimyar.com/" "Mozilla/5.0 (Linux; Android 5.0) AppleWebKit/537.36 (KHTML, like Gecko) Mobile Safari/537.36 (compatible; Bytespider; spider-feedback@bytedance.com)"
47.128.23.222 - - [03/May/2025:02:56:01 +0330] "GET /wp-content/plugins/wpdiscuz/assets/third-party/font-awesome-5.13.0/css/fa.min.css?ver=7.6.29 HTTP/2" 200 2350 "https://optimyar.com/courses/benders-decomposition-and-lagrangian-relaxation-methods/" "Mozilla/5.0 (Linux; Android 5.0) AppleWebKit/537.36 (KHTML, like Gecko) Mobile Safari/537.36 (compatible; Bytespider; spider-feedback@bytedance.com)"
47.128.23.222 - - [03/May/2025:02:56:01 +0330] "GET /wp-content/plugins/wpdiscuz/themes/default/style-rtl.css?ver=7.6.29 HTTP/2" 200 18873 "https://optimyar.com/courses/benders-decomposition-and-lagrangian-relaxation-methods/" "Mozilla/5.0 (Linux; Android 5.0) AppleWebKit/537.36 (KHTML, like Gecko) Mobile Safari/537.36 (compatible; Bytespider; spider-feedback@bytedance.com)"
47.128.23.222 - - [03/May/2025:02:56:01 +0330] "GET /wp-content/plugins/wpdiscuz/assets/css/wpdiscuz-combo-no_quill.min.css?ver=6.8.1 HTTP/2" 200 3127 "https://optimyar.com/courses/benders-decomposition-and-lagrangian-relaxation-methods/" "Mozilla/5.0 (Linux; Android 5.0) AppleWebKit/537.36 (KHTML, like Gecko) Mobile Safari/537.36 (compatible; Bytespider; spider-feedback@bytedance.com)"
47.128.23.222 - - [03/May/2025:02:56:02 +0330] "GET /wp-content/uploads/essential-addons-elementor/eael-35143.css?ver=1740260456 HTTP/2" 200 1753 "https://optimyar.com/courses/benders-decomposition-and-lagrangian-relaxation-methods/" "Mozilla/5.0 (Linux; Android 5.0) AppleWebKit/537.36 (KHTML, like Gecko) Mobile Safari/537.36 (compatible; Bytespider; spider-feedback@bytedance.com)"
47.128.23.222 - - [03/May/2025:02:56:02 +0330] "GET /wp-content/plugins/elementor/assets/lib/animations/styles/e-animation-bounce-in.min.css?ver=3.28.4 HTTP/2" 200 124 "https://optimyar.com/courses/benders-decomposition-and-lagrangian-relaxation-methods/" "Mozilla/5.0 (Linux; Android 5.0) AppleWebKit/537.36 (KHTML, like Gecko) Mobile Safari/537.36 (compatible; Bytespider; spider-feedback@bytedance.com)"
47.128.23.222 - - [03/May/2025:02:56:02 +0330] "GET /wp-content/plugins/elementor-pro/assets/css/widget-share-buttons-rtl.min.css?ver=3.28.3 HTTP/2" 200 2110 "https://optimyar.com/courses/benders-decomposition-and-lagrangian-relaxation-methods/" "Mozilla/5.0 (Linux; Android 5.0) AppleWebKit/537.36 (KHTML, like Gecko) Mobile Safari/537.36 (compatible; Bytespider; spider-feedback@bytedance.com)"
47.128.23.222 - - [03/May/2025:02:56:02 +0330] "GET /wp-content/plugins/elementor-pro/assets/css/modules/motion-fx.min.css?ver=3.28.3 HTTP/2" 200 210 "https://optimyar.com/courses/benders-decomposition-and-lagrangian-relaxation-methods/" "Mozilla/5.0 (Linux; Android 5.0) AppleWebKit/537.36 (KHTML, like Gecko) Mobile Safari/537.36 (compatible; Bytespider; spider-feedback@bytedance.com)"
47.128.23.222 - - [03/May/2025:02:56:02 +0330] "GET /wp-content/plugins/elementor/assets/lib/animations/styles/e-animation-pop.min.css?ver=3.28.4 HTTP/2" 200 130 "https://optimyar.com/courses/benders-decomposition-and-lagrangian-relaxation-methods/" "Mozilla/5.0 (Linux; Android 5.0) AppleWebKit/537.36 (KHTML, like Gecko) Mobile Safari/537.36 (compatible; Bytespider; spider-feedback@bytedance.com)"
47.128.23.222 - - [03/May/2025:02:56:02 +0330] "GET /wp-content/uploads/elementor/css/post-35143.css?ver=1745872975 HTTP/2" 200 4628 "https://optimyar.com/courses/benders-decomposition-and-lagrangian-relaxation-methods/" "Mozilla/5.0 (Linux; Android 5.0) AppleWebKit/537.36 (KHTML, like Gecko) Mobile Safari/537.36 (compatible; Bytespider; spider-feedback@bytedance.com)"
47.128.23.222 - - [03/May/2025:02:56:03 +0330] "GET /wp-content/uploads/2022/10/%D8%A8%D9%86%D8%AF%D8%B1%D8%B2-768x543.jpg HTTP/2" 206 500 "https://optimyar.com/courses/benders-decomposition-and-lagrangian-relaxation-methods/" "Mozilla/5.0 (Linux; Android 5.0) AppleWebKit/537.36 (KHTML, like Gecko) Mobile Safari/537.36 (compatible; Bytespider; spider-feedback@bytedance.com)"
47.128.23.222 - - [03/May/2025:02:56:04 +0330] "GET /wp-content/uploads/2021/01/Ali-Papi.jpg HTTP/2" 206 500 "https://optimyar.com/courses/benders-decomposition-and-lagrangian-relaxation-methods/" "Mozilla/5.0 (Linux; Android 5.0) AppleWebKit/537.36 (KHTML, like Gecko) Mobile Safari/537.36 (compatible; Bytespider; spider-feedback@bytedance.com)"
47.128.23.222 - - [03/May/2025:02:55:56 +0330] "GET /courses/benders-decomposition-and-lagrangian-relaxation-methods/ HTTP/2" 200 89759 "-" "Mozilla/5.0 (Linux; Android 5.0) AppleWebKit/537.36 (KHTML, like Gecko) Mobile Safari/537.36 (compatible; Bytespider; spider-feedback@bytedance.com)"
47.128.23.222 - - [03/May/2025:02:56:04 +0330] "GET /wp-content/plugins/wpdiscuz/assets/img/plugin-icon/icon_info.png HTTP/2" 206 500 "https://optimyar.com/courses/benders-decomposition-and-lagrangian-relaxation-methods/" "Mozilla/5.0 (Linux; Android 5.0) AppleWebKit/537.36 (KHTML, like Gecko) Mobile Safari/537.36 (compatible; Bytespider; spider-feedback@bytedance.com)"
47.128.23.222 - - [03/May/2025:02:56:04 +0330] "GET /wp-content/uploads/elementor/css/post-28744.css?ver=1745850429 HTTP/2" 200 1089 "https://optimyar.com/courses/benders-decomposition-and-lagrangian-relaxation-methods/" "Mozilla/5.0 (Linux; Android 5.0) AppleWebKit/537.36 (KHTML, like Gecko) Mobile Safari/537.36 (compatible; Bytespider; spider-feedback@bytedance.com)"
47.128.23.222 - - [03/May/2025:02:56:04 +0330] "GET /wp-content/uploads/elementor/css/post-18728.css?ver=1745850429 HTTP/2" 200 971 "https://optimyar.com/courses/benders-decomposition-and-lagrangian-relaxation-methods/" "Mozilla/5.0 (Linux; Android 5.0) AppleWebKit/537.36 (KHTML, like Gecko) Mobile Safari/537.36 (compatible; Bytespider; spider-feedback@bytedance.com)"
47.128.23.222 - - [03/May/2025:02:56:04 +0330] "GET /wp-content/uploads/essential-addons-elementor/eael-18728.css?ver=1740260456 HTTP/2" 200 1753 "https://optimyar.com/courses/benders-decomposition-and-lagrangian-relaxation-methods/" "Mozilla/5.0 (Linux; Android 5.0) AppleWebKit/537.36 (KHTML, like Gecko) Mobile Safari/537.36 (compatible; Bytespider; spider-feedback@bytedance.com)"
47.128.28.101 - - [03/May/2025:02:44:01 +0330] "GET /wp-content/uploads/2022/08/%D8%A8%D9%87%DB%8C%D9%86%D9%87-%D8%B3%D8%A7%D8%B2%DB%8C-%DA%86%D9%86%D8%AF%D9%87%D8%AF%D9%81%D9%87-1.png HTTP/2" 206 500 "https://optimyar.com/?o=451547484" "Mozilla/5.0 (Linux; Android 5.0) AppleWebKit/537.36 (KHTML, like Gecko) Mobile Safari/537.36 (compatible; Bytespider; spider-feedback@bytedance.com)"
47.128.28.101 - - [03/May/2025:02:44:01 +0330] "GET /wp-content/uploads/2022/08/%D8%AA%DA%A9%D9%86%DB%8C%DA%A9-%D9%87%D8%A7%DB%8C-%D8%AE%D8%B7%DB%8C-%D8%B3%D8%A7%D8%B2%DB%8C-1.png HTTP/2" 206 500 "https://optimyar.com/?o=451547484" "Mozilla/5.0 (Linux; Android 5.0) AppleWebKit/537.36 (KHTML, like Gecko) Mobile Safari/537.36 (compatible; Bytespider; spider-feedback@bytedance.com)"
47.128.28.101 - - [03/May/2025:02:44:01 +0330] "GET /wp-content/uploads/2022/08/%D8%A2%D9%85%D9%88%D8%B2%D8%B4-%DA%AF%D9%85%D8%B2-1.png HTTP/2" 206 500 "https://optimyar.com/?o=451547484" "Mozilla/5.0 (Linux; Android 5.0) AppleWebKit/537.36 (KHTML, like Gecko) Mobile Safari/537.36 (compatible; Bytespider; spider-feedback@bytedance.com)"
47.128.28.101 - - [03/May/2025:02:44:01 +0330] "GET /wp-content/uploads/2022/11/Optimization-Slider.png HTTP/2" 206 500 "https://optimyar.com/?o=451547484" "Mozilla/5.0 (Linux; Android 5.0) AppleWebKit/537.36 (KHTML, like Gecko) Mobile Safari/537.36 (compatible; Bytespider; spider-feedback@bytedance.com)"
47.128.28.101 - - [03/May/2025:02:44:01 +0330] "GET /wp-content/uploads/2022/08/%D8%AA%DA%A9%D9%86%DB%8C%DA%A9-%D9%87%D8%A7%DB%8C-%D8%AA%D8%AC%D8%B2%DB%8C%D9%87-1.png HTTP/2" 206 500 "https://optimyar.com/?o=451547484" "Mozilla/5.0 (Linux; Android 5.0) AppleWebKit/537.36 (KHTML, like Gecko) Mobile Safari/537.36 (compatible; Bytespider; spider-feedback@bytedance.com)"
47.128.28.101 - - [03/May/2025:02:44:01 +0330] "GET /wp-content/uploads/2025/01/wmremove-transformed-1-768x576.jpeg HTTP/2" 206 500 "https://optimyar.com/?o=451547484" "Mozilla/5.0 (Linux; Android 5.0) AppleWebKit/537.36 (KHTML, like Gecko) Mobile Safari/537.36 (compatible; Bytespider; spider-feedback@bytedance.com)"
85.208.96.200 - - [03/May/2025:02:44:53 +0330] "GET /robots.txt HTTP/1.1" 200 123 "-" "Mozilla/5.0 (compatible; SemrushBot/7~bl; +http://www.semrush.com/bot.html)"
31.214.174.196 - - [03/May/2025:02:47:58 +0330] "POST /wp-cron.php?doing_wp_cron=1746227878.5266559123992919921875 HTTP/1.1" 200 20 "-" "WordPress/6.8.1; https://optimyar.com"
31.214.174.196 - - [03/May/2025:02:52:01 +0330] "POST /wp-cron.php?doing_wp_cron=1746228121.0017259120941162109375 HTTP/1.1" 200 20 "-" "WordPress/6.8.1; https://optimyar.com"
66.249.64.129 - - [03/May/2025:02:54:37 +0330] "GET /wp-content/uploads/2022/10/%D8%A7%D8%B5%D9%88%D9%84_%D8%A8%D9%87%DB%8C%D9%86%D9%87_%D8%B3%D8%A7%D8%B2%DB%8C.jpg HTTP/1.1" 304 0 "-" "Googlebot-Image/1.0"
47.128.58.157 - - [03/May/2025:02:59:56 +0330] "GET /b3-help/ HTTP/2" 200 20014 "-" "Mozilla/5.0 (Linux; Android 5.0) AppleWebKit/537.36 (KHTML, like Gecko) Mobile Safari/537.36 (compatible; Bytespider; spider-feedback@bytedance.com)"
47.128.23.222 - - [03/May/2025:02:56:04 +0330] "GET /wp-content/uploads/elementor/css/post-27939.css?ver=1745851602 HTTP/2" 200 1656 "https://optimyar.com/courses/benders-decomposition-and-lagrangian-relaxation-methods/" "Mozilla/5.0 (Linux; Android 5.0) AppleWebKit/537.36 (KHTML, like Gecko) Mobile Safari/537.36 (compatible; Bytespider; spider-feedback@bytedance.com)"
47.128.23.222 - - [03/May/2025:02:56:04 +0330] "GET /wp-content/uploads/elementor/css/post-9192.css?ver=1745850429 HTTP/2" 200 1151 "https://optimyar.com/courses/benders-decomposition-and-lagrangian-relaxation-methods/" "Mozilla/5.0 (Linux; Android 5.0) AppleWebKit/537.36 (KHTML, like Gecko) Mobile Safari/537.36 (compatible; Bytespider; spider-feedback@bytedance.com)"
47.128.23.222 - - [03/May/2025:02:56:04 +0330] "GET /wp-content/plugins/elementor/assets/css/widget-icon-box-rtl.min.css?ver=3.28.4 HTTP/2" 200 658 "https://optimyar.com/courses/benders-decomposition-and-lagrangian-relaxation-methods/" "Mozilla/5.0 (Linux; Android 5.0) AppleWebKit/537.36 (KHTML, like Gecko) Mobile Safari/537.36 (compatible; Bytespider; spider-feedback@bytedance.com)"
31.214.174.196 - - [03/May/2025:03:00:00 +0330] "POST /wp-cron.php?doing_wp_cron=1746228599.9763169288635253906250 HTTP/1.1" 200 20 "-" "WordPress/6.8.1; https://optimyar.com"
136.243.228.198 - - [03/May/2025:03:01:32 +0330] "GET / HTTP/1.1" 200 32577 "-" "Mozilla/5.0 (compatible; DataForSeoBot/1.0; +https://dataforseo.com/dataforseo-bot)"
47.128.58.134 - - [03/May/2025:03:03:56 +0330] "GET /category/optimization/ HTTP/2" 200 21144 "-" "Mozilla/5.0 (Linux; Android 5.0) AppleWebKit/537.36 (KHTML, like Gecko) Mobile Safari/537.36 (compatible; Bytespider; spider-feedback@bytedance.com)"
47.128.58.134 - - [03/May/2025:03:04:01 +0330] "GET /wp-content/plugins/elementor-pro/assets/css/widget-posts-rtl.min.css?ver=3.28.3 HTTP/2" 200 2304 "https://optimyar.com/category/optimization/" "Mozilla/5.0 (Linux; Android 5.0) AppleWebKit/537.36 (KHTML, like Gecko) Mobile Safari/537.36 (compatible; Bytespider; spider-feedback@bytedance.com)"
47.128.58.134 - - [03/May/2025:03:04:01 +0330] "GET /wp-content/uploads/essential-addons-elementor/eael-34844.css?ver=1731168705 HTTP/2" 200 1753 "https://optimyar.com/category/optimization/" "Mozilla/5.0 (Linux; Android 5.0) AppleWebKit/537.36 (KHTML, like Gecko) Mobile Safari/537.36 (compatible; Bytespider; spider-feedback@bytedance.com)"
47.128.58.134 - - [03/May/2025:03:04:01 +0330] "GET /wp-content/uploads/elementor/css/post-34743.css?ver=1745852107 HTTP/2" 200 836 "https://optimyar.com/category/optimization/" "Mozilla/5.0 (Linux; Android 5.0) AppleWebKit/537.36 (KHTML, like Gecko) Mobile Safari/537.36 (compatible; Bytespider; spider-feedback@bytedance.com)"
47.128.58.134 - - [03/May/2025:03:04:02 +0330] "GET /wp-content/uploads/2022/11/DDRO-Slider-300x116.jpg HTTP/2" 206 500 "https://optimyar.com/category/optimization/" "Mozilla/5.0 (Linux; Android 5.0) AppleWebKit/537.36 (KHTML, like Gecko) Mobile Safari/537.36 (compatible; Bytespider; spider-feedback@bytedance.com)"
47.128.58.134 - - [03/May/2025:03:04:02 +0330] "GET /wp-content/uploads/2022/11/Optimization-Slider-300x116.png HTTP/2" 206 500 "https://optimyar.com/category/optimization/" "Mozilla/5.0 (Linux; Android 5.0) AppleWebKit/537.36 (KHTML, like Gecko) Mobile Safari/537.36 (compatible; Bytespider; spider-feedback@bytedance.com)"
47.128.115.216 - - [03/May/2025:03:07:56 +0330] "GET /about/ HTTP/2" 200 24212 "-" "Mozilla/5.0 (Linux; Android 5.0) AppleWebKit/537.36 (KHTML, like Gecko) Mobile Safari/537.36 (compatible; Bytespider; spider-feedback@bytedance.com)"
47.128.115.216 - - [03/May/2025:03:08:01 +0330] "GET /wp-content/uploads/elementor/css/post-78.css?ver=1745916881 HTTP/2" 200 2522 "https://optimyar.com/about/" "Mozilla/5.0 (Linux; Android 5.0) AppleWebKit/537.36 (KHTML, like Gecko) Mobile Safari/537.36 (compatible; Bytespider; spider-feedback@bytedance.com)"
47.128.115.216 - - [03/May/2025:03:08:01 +0330] "GET /wp-content/uploads/2021/10/login_bg.371e82b2-768x305.png HTTP/2" 206 500 "https://optimyar.com/about/" "Mozilla/5.0 (Linux; Android 5.0) AppleWebKit/537.36 (KHTML, like Gecko) Mobile Safari/537.36 (compatible; Bytespider; spider-feedback@bytedance.com)"
47.128.115.216 - - [03/May/2025:03:08:01 +0330] "GET /Pictures/ashkan_teymori.jpg HTTP/2" 404 101881 "https://optimyar.com/about/" "Mozilla/5.0 (Linux; Android 5.0) AppleWebKit/537.36 (KHTML, like Gecko) Mobile Safari/537.36 (compatible; Bytespider; spider-feedback@bytedance.com)"
66.249.64.128 - - [03/May/2025:03:09:58 +0330] "GET /Posts-News/ HTTP/1.1" 200 32180 "-" "Mozilla/5.0 (Linux; Android 6.0.1; Nexus 5X Build/MMB29P) AppleWebKit/537.36 (KHTML, like Gecko) Chrome/135.0.7049.95 Mobile Safari/537.36 (compatible; GoogleOther)"
66.249.64.128 - - [03/May/2025:03:10:05 +0330] "GET /wp-content/plugins/elementor-pro/assets/css/widget-animated-headline-rtl.min.css?ver=3.28.3 HTTP/1.1" 200 1512 "https://optimyar.com/Posts-News/" "Mozilla/5.0 (Linux; Android 6.0.1; Nexus 5X Build/MMB29P) AppleWebKit/537.36 (KHTML, like Gecko) Chrome/134.0.6998.165 Mobile Safari/537.36 (compatible; Googlebot/2.1; +http://www.google.com/bot.html)"
66.249.64.128 - - [03/May/2025:03:10:06 +0330] "GET /wp-content/uploads/elementor/css/post-34674.css?ver=1744416000 HTTP/1.1" 200 1331 "https://optimyar.com/Posts-News/" "Mozilla/5.0 (Linux; Android 6.0.1; Nexus 5X Build/MMB29P) AppleWebKit/537.36 (KHTML, like Gecko) Chrome/134.0.6998.165 Mobile Safari/537.36 (compatible; Googlebot/2.1; +http://www.google.com/bot.html)"
47.128.118.10 - - [03/May/2025:03:11:56 +0330] "GET /robots.txt HTTP/1.1" 200 123 "-" "Mozilla/5.0 (Linux; Android 5.0) AppleWebKit/537.36 (KHTML, like Gecko) Mobile Safari/537.36 (compatible; Bytespider; spider-feedback@bytedance.com)"
31.214.174.196 - - [03/May/2025:03:15:28 +0330] "POST /?wordfence_syncAttackData=1746229528.5407 HTTP/1.1" 200 20 "-" "WordPress/6.8.1; https://optimyar.com"
31.214.174.196 - - [03/May/2025:03:07:57 +0330] "POST /?wordfence_syncAttackData=1746229077.3766 HTTP/1.1" 200 20 "-" "WordPress/6.8.1; https://optimyar.com"
66.249.64.132 - - [03/May/2025:03:10:05 +0330] "GET /wp-content/uploads/essential-addons-elementor/eael-33210.css?ver=1729972573 HTTP/1.1" 200 1753 "https://optimyar.com/Posts-News/" "Mozilla/5.0 (Linux; Android 6.0.1; Nexus 5X Build/MMB29P) AppleWebKit/537.36 (KHTML, like Gecko) Chrome/134.0.6998.165 Mobile Safari/537.36 (compatible; Googlebot/2.1; +http://www.google.com/bot.html)"
66.249.64.132 - - [03/May/2025:03:10:05 +0330] "GET /wp-content/uploads/essential-addons-elementor/eael-34674.css?ver=1729972573 HTTP/1.1" 200 1753 "https://optimyar.com/Posts-News/" "Mozilla/5.0 (Linux; Android 6.0.1; Nexus 5X Build/MMB29P) AppleWebKit/537.36 (KHTML, like Gecko) Chrome/134.0.6998.165 Mobile Safari/537.36 (compatible; Googlebot/2.1; +http://www.google.com/bot.html)"
66.249.64.132 - - [03/May/2025:03:10:06 +0330] "GET /wp-content/uploads/elementor/css/post-33210.css?ver=1744416000 HTTP/1.1" 200 1659 "https://optimyar.com/Posts-News/" "Mozilla/5.0 (Linux; Android 6.0.1; Nexus 5X Build/MMB29P) AppleWebKit/537.36 (KHTML, like Gecko) Chrome/134.0.6998.165 Mobile Safari/537.36 (compatible; Googlebot/2.1; +http://www.google.com/bot.html)"
66.249.64.132 - - [03/May/2025:03:10:07 +0330] "GET /wp-content/plugins/elementor/assets/lib/animations/styles/fadeInUp.min.css?ver=3.28.4 HTTP/1.1" 200 130 "https://optimyar.com/Posts-News/" "Mozilla/5.0 (Linux; Android 6.0.1; Nexus 5X Build/MMB29P) AppleWebKit/537.36 (KHTML, like Gecko) Chrome/134.0.6998.165 Mobile Safari/537.36 (compatible; Googlebot/2.1; +http://www.google.com/bot.html)"
66.249.64.132 - - [03/May/2025:03:10:09 +0330] "GET /wp-content/uploads/elementor/css/post-34652.css?ver=1744416000 HTTP/1.1" 200 1304 "https://optimyar.com/Posts-News/" "Mozilla/5.0 (Linux; Android 6.0.1; Nexus 5X Build/MMB29P) AppleWebKit/537.36 (KHTML, like Gecko) Chrome/134.0.6998.165 Mobile Safari/537.36 (compatible; Googlebot/2.1; +http://www.google.com/bot.html)"
66.249.64.132 - - [03/May/2025:03:10:23 +0330] "GET /wp-content/plugins/elementor-pro/assets/js/animated-headline.588a0449647bd4f113f3.bundle.min.js HTTP/1.1" 200 2499 "https://optimyar.com/Posts-News/" "Mozilla/5.0 (Linux; Android 6.0.1; Nexus 5X Build/MMB29P) AppleWebKit/537.36 (KHTML, like Gecko) Chrome/134.0.6998.165 Mobile Safari/537.36 (compatible; Googlebot/2.1; +http://www.google.com/bot.html)"
222.79.104.23 - - [03/May/2025:03:11:38 +0330] "GET / HTTP/1.1" 200 32579 "http://www.optimyar.com" "Mozilla/5.0 (iPhone; CPU iPhone OS 13_2_3 like Mac OS X) AppleWebKit/605.1.15 (KHTML, like Gecko) Version/13.0.3 Mobile/15E148 Safari/604.1"
31.214.174.196 - - [03/May/2025:03:15:30 +0330] "POST /wp-cron.php?doing_wp_cron=1746229530.4507160186767578125000 HTTP/1.1" 200 20 "-" "WordPress/6.8.1; https://optimyar.com"
154.213.164.87 - - [03/May/2025:03:15:27 +0330] "GET /vendor/phpunit/phpunit/LICENSE HTTP/1.1" 404 15367 "-" "Mozilla/5.0 (Windows NT 10.0; Win64; x64) AppleWebKit/537.36 (KHTML, like Gecko) Chrome/106.0.0.0 Safari/537.36"
31.214.174.196 - - [03/May/2025:03:26:56 +0330] "POST /?wordfence_syncAttackData=1746230216.4706 HTTP/1.1" 200 20 "-" "WordPress/6.8.1; https://optimyar.com"
138.246.253.24 - - [03/May/2025:03:27:25 +0330] "GET /robots.txt HTTP/1.1" 200 170 "-" "Mozilla/5.0 (Windows NT 10.0; Win64; x64) AppleWebKit/537.36 (KHTML, like Gecko) Chrome/103.0.5060.134 Safari/537.36"
31.214.174.196 - - [03/May/2025:03:26:58 +0330] "POST /wp-cron.php?doing_wp_cron=1746230218.3294460773468017578125 HTTP/1.1" 200 20 "-" "WordPress/6.8.1; https://optimyar.com"
156.228.102.246 - - [03/May/2025:03:26:55 +0330] "GET /vendor/phpunit/phpunit/LICENSE HTTP/1.1" 404 8479 "-" "Mozilla/5.0 (Windows NT 10.0; Win64; x64) AppleWebKit/537.36 (KHTML, like Gecko) Chrome/106.0.0.0 Safari/537.36"
31.214.174.196 - - [03/May/2025:03:38:20 +0330] "POST /?wordfence_syncAttackData=1746230900.7132 HTTP/1.1" 200 20 "-" "WordPress/6.8.1; https://optimyar.com"
3.16.186.108 - - [03/May/2025:03:41:10 +0330] "GET / HTTP/1.1" 301 20 "www.google.com" "Mozilla/6.4 (Windows NT 11.1) Gecko/2010102 Firefox/99.0"
31.214.174.196 - - [03/May/2025:03:41:13 +0330] "POST /?wordfence_syncAttackData=1746231073.9593 HTTP/1.1" 200 20 "-" "WordPress/6.8.1; https://optimyar.com"
3.16.186.108 - - [03/May/2025:03:42:29 +0330] "GET / HTTP/1.1" 200 32578 "www.google.com" "Mozilla/6.4 (Windows NT 11.1) Gecko/2010102 Firefox/99.0"
104.168.138.73 - - [03/May/2025:03:43:31 +0330] "GET /webinar-seminar/ HTTP/1.1" 200 41462 "https://optimyar.com/oac/" "Mozilla/5.0 (Macintosh; Intel Mac OS X 12_5) AppleWebKit/537.36 (KHTML, like Gecko) Chrome/114.0.0.0 Safari/537.36 OPR/89.0.4447.51"
104.168.138.73 - - [03/May/2025:03:43:45 +0330] "GET /wp-json/wp/v2/pages/14829 HTTP/1.1" 401 258 "https://optimyar.com/oac/" "Mozilla/5.0 (Macintosh; Intel Mac OS X 12_5) AppleWebKit/537.36 (KHTML, like Gecko) Chrome/114.0.0.0 Safari/537.36 OPR/89.0.4447.51"
104.168.138.73 - - [03/May/2025:03:43:52 +0330] "GET /academic-co-working/ HTTP/1.1" 200 22165 "https://optimyar.com/oac/" "Mozilla/5.0 (Macintosh; Intel Mac OS X 12_5) AppleWebKit/537.36 (KHTML, like Gecko) Chrome/114.0.0.0 Safari/537.36 OPR/89.0.4447.51"
104.168.138.73 - - [03/May/2025:03:43:58 +0330] "GET /wp-json/oembed/1.0/embed?url=https%3A%2F%2Foptimyar.com%2Foac%2F& HTTP/1.1" 200 1220 "https://optimyar.com/oac/" "Mozilla/5.0 (Macintosh; Intel Mac OS X 12_5) AppleWebKit/537.36 (KHTML, like Gecko) Chrome/114.0.0.0 Safari/537.36 OPR/89.0.4447.51"
104.168.138.73 - - [03/May/2025:03:44:12 +0330] "GET /wp-json/oembed/1.0/embed?url=https%3A%2F%2Foptimyar.com%2Foac%2F HTTP/1.1" 200 1218 "https://optimyar.com/oac/" "Mozilla/5.0 (Macintosh; Intel Mac OS X 12_5) AppleWebKit/537.36 (KHTML, like Gecko) Chrome/114.0.0.0 Safari/537.36 OPR/89.0.4447.51"
104.168.138.73 - - [03/May/2025:03:44:15 +0330] "GET /work-with-optimyar/ HTTP/1.1" 200 21329 "https://optimyar.com/oac/" "Mozilla/5.0 (Macintosh; Intel Mac OS X 12_5) AppleWebKit/537.36 (KHTML, like Gecko) Chrome/114.0.0.0 Safari/537.36 OPR/89.0.4447.51"
147.78.183.176 - - [03/May/2025:03:44:18 +0330] "GET / HTTP/1.1" 200 32578 "-" "Mozilla/5.0 (Windows NT 10.0; Win64; x64) AppleWebKit/537.36 (KHTML, like Gecko) Chrome/115.0.0.0 Safari/537.36 Edg/115.0.1901.203"
104.168.138.73 - - [03/May/2025:03:44:24 +0330] "GET /wp-json/elementskit/v1/ HTTP/1.1" 404 160 "https://optimyar.com/oac/" "Mozilla/5.0 (Macintosh; Intel Mac OS X 12_5) AppleWebKit/537.36 (KHTML, like Gecko) Chrome/114.0.0.0 Safari/537.36 OPR/89.0.4447.51"
104.168.138.73 - - [03/May/2025:03:44:27 +0330] "GET /materials/ HTTP/1.1" 200 20812 "https://optimyar.com/oac/" "Mozilla/5.0 (Macintosh; Intel Mac OS X 12_5) AppleWebKit/537.36 (KHTML, like Gecko) Chrome/114.0.0.0 Safari/537.36 OPR/89.0.4447.51"
104.168.138.73 - - [03/May/2025:03:44:35 +0330] "GET /wp-json/ HTTP/1.1" 200 36956 "https://optimyar.com/oac/" "Mozilla/5.0 (Macintosh; Intel Mac OS X 12_5) AppleWebKit/537.36 (KHTML, like Gecko) Chrome/114.0.0.0 Safari/537.36 OPR/89.0.4447.51"
104.168.138.73 - - [03/May/2025:03:44:51 +0330] "GET /oac/ HTTP/1.1" 200 21843 "https://optimyar.com/oac/" "Mozilla/5.0 (Macintosh; Intel Mac OS X 12_5) AppleWebKit/537.36 (KHTML, like Gecko) Chrome/114.0.0.0 Safari/537.36 OPR/89.0.4447.51"
104.168.138.73 - - [03/May/2025:03:45:04 +0330] "POST /wp-admin/admin-ajax.php HTTP/1.1" 200 316 "https://optimyar.com/oac/" "Mozilla/5.0 (Macintosh; Intel Mac OS X 12_5) AppleWebKit/537.36 (KHTML, like Gecko) Chrome/114.0.0.0 Safari/537.36 OPR/89.0.4447.51"
172.191.111.212 - - [03/May/2025:03:49:54 +0330] "GET /wp-content/uploads/2022/08/%D8%A8%D8%B1%D9%86%D8%A7%D9%85%D9%87-%D8%B1%DB%8C%D8%B2%DB%8C-%D8%AA%D8%B5%D8%A7%D8%AF%D9%81%DB%8C.png HTTP/1.1" 200 197877 "-" "Mozilla/5.0 (Windows NT 10.0; Win64; x64) AppleWebKit/537.36 (KHTML, like Gecko) Chrome/109.0.0.0 Safari/537.36"
31.214.174.196 - - [03/May/2025:03:38:24 +0330] "POST /wp-cron.php?doing_wp_cron=1746230904.0800719261169433593750 HTTP/1.1" 200 20 "-" "WordPress/6.8.1; https://optimyar.com"
3.16.186.108 - - [03/May/2025:03:38:18 +0330] "GET / HTTP/1.1" 200 32578 "www.google.com" "Mozilla/6.4 (Windows NT 11.1) Gecko/2010102 Firefox/99.0"
104.168.138.73 - - [03/May/2025:03:42:44 +0330] "GET /oac/ HTTP/1.1" 200 21843 "-" "Mozilla/5.0 (Macintosh; Intel Mac OS X 12_5) AppleWebKit/537.36 (KHTML, like Gecko) Chrome/114.0.0.0 Safari/537.36 OPR/89.0.4447.51"
104.168.138.73 - - [03/May/2025:03:42:53 +0330] "GET / HTTP/1.1" 200 32578 "http://optimyar.com" "Mozilla/5.0 (Macintosh; Intel Mac OS X 12_5) AppleWebKit/537.36 (KHTML, like Gecko) Chrome/114.0.0.0 Safari/537.36 OPR/89.0.4447.51"
104.168.138.73 - - [03/May/2025:03:43:20 +0330] "GET /sevices/ HTTP/1.1" 200 23281 "http://optimyar.com/sevices/" "Mozilla/5.0 (Macintosh; Intel Mac OS X 12_5) AppleWebKit/537.36 (KHTML, like Gecko) Chrome/114.0.0.0 Safari/537.36 OPR/89.0.4447.51"
104.168.138.73 - - [03/May/2025:03:43:27 +0330] "GET /xmlrpc.php?rsd HTTP/1.1" 200 301 "https://optimyar.com/oac/" "Mozilla/5.0 (Macintosh; Intel Mac OS X 12_5) AppleWebKit/537.36 (KHTML, like Gecko) Chrome/114.0.0.0 Safari/537.36 OPR/89.0.4447.51"
104.168.138.73 - - [03/May/2025:03:44:01 +0330] "GET /industrial_consultant/ HTTP/1.1" 200 22052 "https://optimyar.com/oac/" "Mozilla/5.0 (Macintosh; Intel Mac OS X 12_5) AppleWebKit/537.36 (KHTML, like Gecko) Chrome/114.0.0.0 Safari/537.36 OPR/89.0.4447.51"
3.16.186.108 - - [03/May/2025:03:44:17 +0330] "POST /wp-admin/admin-ajax.php HTTP/1.1" 200 71 "https://optimyar.freecloudservices.ir/wp-admin/admin-ajax.php" "Mozilla/6.4 (Windows NT 11.1) Gecko/2010102 Firefox/99.0"
104.168.138.73 - - [03/May/2025:03:44:43 +0330] "GET /about/ HTTP/1.1" 200 24212 "https://optimyar.com/oac/" "Mozilla/5.0 (Macintosh; Intel Mac OS X 12_5) AppleWebKit/537.36 (KHTML, like Gecko) Chrome/114.0.0.0 Safari/537.36 OPR/89.0.4447.51"
3.16.186.108 - - [03/May/2025:03:44:57 +0330] "GET /wp-json/wp/v2/users HTTP/1.1" 401 166 "www.google.com" "Mozilla/6.4 (Windows NT 11.1) Gecko/2010102 Firefox/99.0"
31.214.174.196 - - [03/May/2025:03:47:17 +0330] "POST /wp-cron.php?doing_wp_cron=1746231437.5635020732879638671875 HTTP/1.1" 200 20 "-" "WordPress/6.8.1; https://optimyar.com"
3.16.186.108 - - [03/May/2025:03:47:13 +0330] "GET / HTTP/1.1" 200 32578 "www.google.com" "Mozilla/6.4 (Windows NT 11.1) Gecko/2010102 Firefox/99.0"
172.191.111.212 - - [03/May/2025:03:49:56 +0330] "GET /wp-content/uploads/2022/10/%D8%A8%D9%87%DB%8C%D9%86%D9%87_%D8%B3%D8%A7%D8%B2%DB%8C.png HTTP/1.1" 200 51302 "-" "Mozilla/5.0 (Windows NT 10.0; Win64; x64) AppleWebKit/537.36 (KHTML, like Gecko) Chrome/109.0.0.0 Safari/537.36"
3.16.186.108 - - [03/May/2025:03:49:57 +0330] "GET / HTTP/1.1" 301 20 "www.google.com" "Mozilla/6.4 (Windows NT 11.1) Gecko/2010102 Firefox/99.0"
3.16.186.108 - - [03/May/2025:03:51:11 +0330] "GET / HTTP/1.1" 200 32578 "www.google.com" "Mozilla/6.4 (Windows NT 11.1) Gecko/2010102 Firefox/99.0"
172.191.111.212 - - [03/May/2025:03:53:15 +0330] "GET /wp-content/uploads/2022/10/%D8%A8%D9%87%DB%8C%D9%86%D9%87-%D8%B3%D8%A7%D8%B2%DB%8C-%DA%86%D9%86%D8%AF%D9%87%D8%AF%D9%81%D9%87.png HTTP/1.1" 200 190711 "-" "Mozilla/5.0 (Windows NT 10.0; Win64; x64) AppleWebKit/537.36 (KHTML, like Gecko) Chrome/109.0.0.0 Safari/537.36"
103.73.164.190 - - [03/May/2025:03:56:11 +0330] "POST / HTTP/1.1" 200 32578 "-" "Mozilla/5.0 (Windows NT 10.0; Win64; x64) AppleWebKit/537.36 (KHTML, like Gecko) Chrome/120.0.0.0 Safari/537.36"
103.73.164.190 - - [03/May/2025:03:56:16 +0330] "POST / HTTP/1.1" 200 32578 "-" "Mozilla/5.0 (Macintosh; Intel Mac OS X 10_15_7) AppleWebKit/537.36 (KHTML, like Gecko) Chrome/133.0.0.0 Safari/537.36"
103.73.164.190 - - [03/May/2025:03:56:22 +0330] "POST / HTTP/1.1" 200 32578 "-" "Mozilla/5.0 (Windows NT 10.0; Win64; x64) AppleWebKit/537.36 (KHTML, like Gecko) Chrome/120.0.0.0 Safari/537.36"
91.84.104.205 - - [03/May/2025:03:56:25 +0330] "GET /comments/feed/ HTTP/1.1" 200 2386 "-" "Mozilla/5.0 (Macintosh; Intel Mac OS X 10_15_7) AppleWebKit/537.36 (KHTML, like Gecko) Chrome/133.0.0.0 Safari/537.36"
91.84.104.205 - - [03/May/2025:03:56:29 +0330] "GET /courses/gams-la/ HTTP/1.1" 200 37833 "-" "Mozilla/5.0 (Macintosh; Intel Mac OS X 10_15_7) AppleWebKit/537.36 (KHTML, like Gecko) Chrome/133.0.0.0 Safari/537.36"
103.73.164.190 - - [03/May/2025:03:56:35 +0330] "POST /wp-admin/admin-ajax.php?action=wpdAddSubscription HTTP/1.1" 200 80 "-" "Mozilla/5.0 (Macintosh; Intel Mac OS X 10_15_7) AppleWebKit/537.36 (KHTML, like Gecko) Chrome/133.0.0.0 Safari/537.36"
103.73.164.190 - - [03/May/2025:03:56:41 +0330] "POST /wp-admin/admin-ajax.php?action=wpdAddSubscription HTTP/1.1" 200 80 "-" "Mozilla/5.0 (Windows NT 10.0; Win64; x64) AppleWebKit/537.36 (KHTML, like Gecko) Chrome/120.0.0.0 Safari/537.36"
103.73.164.190 - - [03/May/2025:03:56:46 +0330] "POST /courses/gams-la/ HTTP/1.1" 200 37832 "-" "Mozilla/5.0 (Macintosh; Intel Mac OS X 10_15_7) AppleWebKit/537.36 (KHTML, like Gecko) Chrome/133.0.0.0 Safari/537.36"
103.73.164.190 - - [03/May/2025:03:56:59 +0330] "POST /courses/gams-la/ HTTP/1.1" 200 37832 "-" "Mozilla/5.0 (Macintosh; Intel Mac OS X 10_15_7) AppleWebKit/537.36 (KHTML, like Gecko) Chrome/133.0.0.0 Safari/537.36"
91.84.104.205 - - [03/May/2025:03:57:14 +0330] "GET /courses/%d8%a2%d9%85%d9%88%d8%b2%d8%b4-%d8%a8%d9%87%db%8c%d9%86%d9%87-%d8%b3%d8%a7%d8%b2%db%8c-%d8%af%d8%b1-%d9%be%d8%a7%db%8c%d8%aa%d9%88%d9%86-%d8%a8%d8%a7-%d9%be%da%a9%db%8c%d8%ac-%d9%87%d8%a7%db%8c-%da%af/ HTTP/1.1" 200 94826 "-" "Mozilla/5.0 (Macintosh; Intel Mac OS X 10_15_7) AppleWebKit/537.36 (KHTML, like Gecko) Chrome/133.0.0.0 Safari/537.36"
103.73.164.190 - - [03/May/2025:03:57:26 +0330] "POST /wp-admin/admin-ajax.php?action=wpdAddSubscription HTTP/1.1" 200 80 "-" "Mozilla/5.0 (Windows NT 10.0; Win64; x64) AppleWebKit/537.36 (KHTML, like Gecko) Chrome/120.0.0.0 Safari/537.36"
103.73.164.190 - - [03/May/2025:03:57:32 +0330] "POST /courses/%d8%a2%d9%85%d9%88%d8%b2%d8%b4-%d8%a8%d9%87%db%8c%d9%86%d9%87-%d8%b3%d8%a7%d8%b2%db%8c-%d8%af%d8%b1-%d9%be%d8%a7%db%8c%d8%aa%d9%88%d9%86-%d8%a8%d8%a7-%d9%be%da%a9%db%8c%d8%ac-%d9%87%d8%a7%db%8c-%da%af/ HTTP/1.1" 200 94826 "-" "Mozilla/5.0 (Macintosh; Intel Mac OS X 10_15_7) AppleWebKit/537.36 (KHTML, like Gecko) Chrome/133.0.0.0 Safari/537.36"
103.73.164.190 - - [03/May/2025:03:57:50 +0330] "POST /courses/%d8%a2%d9%85%d9%88%d8%b2%d8%b4-%d8%a8%d9%87%db%8c%d9%86%d9%87-%d8%b3%d8%a7%d8%b2%db%8c-%d8%af%d8%b1-%d9%be%d8%a7%db%8c%d8%aa%d9%88%d9%86-%d8%a8%d8%a7-%d9%be%da%a9%db%8c%d8%ac-%d9%87%d8%a7%db%8c-%da%af/ HTTP/1.1" 200 94825 "-" "Mozilla/5.0 (Macintosh; Intel Mac OS X 10_15_7) AppleWebKit/537.36 (KHTML, like Gecko) Chrome/133.0.0.0 Safari/537.36"
3.16.186.108 - - [03/May/2025:03:52:59 +0330] "POST /wp-admin/admin-ajax.php HTTP/1.1" 200 71 "https://optimyar.freecloudservices.ir/wp-admin/admin-ajax.php" "Mozilla/6.4 (Windows NT 11.1) Gecko/2010102 Firefox/99.0"
172.191.111.212 - - [03/May/2025:03:55:00 +0330] "GET /wp-content/uploads/2022/10/%D8%A8%D8%B1%D9%86%D8%A7%D9%85%D9%87-%D8%B1%DB%8C%D8%B2%DB%8C-%D8%AF%D9%88%D8%B3%D8%B7%D8%AD%DB%8C.png HTTP/1.1" 200 199297 "-" "Mozilla/5.0 (Windows NT 10.0; Win64; x64) AppleWebKit/537.36 (KHTML, like Gecko) Chrome/109.0.0.0 Safari/537.36"
