216.73.216.182 - - [02/Oct/2025:18:04:53 +0330] "GET /assets/fonts/iran-yekan/WebFonts/fonts/ttf/6m8jqy/?d=%2Fhome%2Ffreeclou%2Fapp.optimyar.com%2Fbackend%2Fnode_modules%2Fdate-fns%2Flocale%2Fit%2F_lib%2FformatDistance HTTP/2" 200 1439 "-" "Mozilla/5.0 AppleWebKit/537.36 (KHTML, like Gecko; compatible; ClaudeBot/1.0; +claudebot@anthropic.com)"
216.73.216.182 - - [02/Oct/2025:18:04:53 +0330] "GET /assets/fonts/iran-yekan/WebFonts/fonts/ttf/6m8jqy/?d=%2Fhome%2Ffreeclou%2Fapp.optimyar.com%2Fbackend%2Fnode_modules%2Fdate-fns%2Fesm%2Ffp%2FparseJSON%2F HTTP/2" 200 1581 "-" "Mozilla/5.0 AppleWebKit/537.36 (KHTML, like Gecko; compatible; ClaudeBot/1.0; +claudebot@anthropic.com)"
216.73.216.182 - - [02/Oct/2025:18:04:53 +0330] "GET /assets/fonts/iran-yekan/WebFonts/fonts/ttf/6m8jqy/?d=%2Fhome%2Ffreeclou%2Fapp.optimyar.com%2Fbackend%2Fnode_modules%2Frxjs%2F_esm2015%2Finternal%2Futil HTTP/2" 200 4361 "-" "Mozilla/5.0 AppleWebKit/537.36 (KHTML, like Gecko; compatible; ClaudeBot/1.0; +claudebot@anthropic.com)"
216.73.216.182 - - [02/Oct/2025:18:04:53 +0330] "GET /assets/fonts/iran-yekan/WebFonts/fonts/ttf/6m8jqy/?d=%2Fhome%2Ffreeclou%2Fapp.optimyar.com%2Fbackend%2Fnode_modules%2Fdate-fns%2Flocale%2Fuk%2F_lib%2FformatLong HTTP/2" 200 1433 "-" "Mozilla/5.0 AppleWebKit/537.36 (KHTML, like Gecko; compatible; ClaudeBot/1.0; +claudebot@anthropic.com)"
216.73.216.182 - - [02/Oct/2025:18:04:53 +0330] "GET /assets/fonts/iran-yekan/WebFonts/fonts/ttf/6m8jqy/?d=%2Fhome%2Ffreeclou%2Fapp.optimyar.com%2Fbackend%2Fnode_modules%2Fparse5%2Flib%2Ftree-adapters%2F HTTP/2" 200 1413 "-" "Mozilla/5.0 AppleWebKit/537.36 (KHTML, like Gecko; compatible; ClaudeBot/1.0; +claudebot@anthropic.com)"
216.73.216.182 - - [02/Oct/2025:18:04:53 +0330] "GET /assets/fonts/iran-yekan/WebFonts/fonts/ttf/6m8jqy/?d=%2Fhome%2Ffreeclou%2Fapp.optimyar.com%2Fbackend%2Fnode_modules%2Fdate-fns%2Flocale%2Fel%2F_lib%2FformatLong%2F HTTP/2" 200 1433 "-" "Mozilla/5.0 AppleWebKit/537.36 (KHTML, like Gecko; compatible; ClaudeBot/1.0; +claudebot@anthropic.com)"
216.73.216.182 - - [02/Oct/2025:18:04:53 +0330] "GET /assets/fonts/iran-yekan/WebFonts/fonts/ttf/6m8jqy/?d=%2Fhome%2Ffreeclou%2Fapp.optimyar.com%2Fbackend%2F.cache%2Fee%2Fadmin%2Fcontainers%2FSettingsPage%2Futils%2F HTTP/2" 200 1438 "-" "Mozilla/5.0 AppleWebKit/537.36 (KHTML, like Gecko; compatible; ClaudeBot/1.0; +claudebot@anthropic.com)"
216.73.216.182 - - [02/Oct/2025:18:04:54 +0330] "GET /assets/fonts/iran-yekan/WebFonts/fonts/ttf/6m8jqy/?d=%2Fhome%2Ffreeclou%2Fapp.optimyar.com%2Fbackend%2Fnode_modules%2Fbootstrap%2Fdist%2Fcss%2F HTTP/2" 200 1900 "-" "Mozilla/5.0 AppleWebKit/537.36 (KHTML, like Gecko; compatible; ClaudeBot/1.0; +claudebot@anthropic.com)"
216.73.216.182 - - [02/Oct/2025:18:04:54 +0330] "GET /assets/fonts/iran-yekan/WebFonts/fonts/ttf/6m8jqy/?d=%2Fhome%2Ffreeclou%2Fapp.optimyar.com%2Fbackend%2Fnode_modules%2Fmailcomposer%2Fnode_modules%2Ficonv-lite%2F HTTP/2" 200 1881 "-" "Mozilla/5.0 AppleWebKit/537.36 (KHTML, like Gecko; compatible; ClaudeBot/1.0; +claudebot@anthropic.com)"
216.73.216.182 - - [02/Oct/2025:18:04:54 +0330] "GET /assets/fonts/iran-yekan/WebFonts/fonts/ttf/6m8jqy/?d=%2Fhome%2Ffreeclou%2Fapp.optimyar.com%2Fbackend%2Fnode_modules%2Faxios-ntlm%2Fnode_modules%2Faxios%2Fdist%2Fnode%2F HTTP/2" 200 1481 "-" "Mozilla/5.0 AppleWebKit/537.36 (KHTML, like Gecko; compatible; ClaudeBot/1.0; +claudebot@anthropic.com)"
216.73.216.182 - - [02/Oct/2025:18:04:54 +0330] "GET /assets/fonts/iran-yekan/WebFonts/fonts/ttf/6m8jqy/?a=bj&f=%2Fhome%2Ffreeclou%2Fapp.optimyar.com%2Fbackend%2Fnode_modules%2Fjalali-moment%2Fdist%2Fjalali-moment.browser.js HTTP/2" 200 80496 "-" "Mozilla/5.0 AppleWebKit/537.36 (KHTML, like Gecko; compatible; ClaudeBot/1.0; +claudebot@anthropic.com)"
216.73.216.182 - - [02/Oct/2025:18:04:54 +0330] "GET /assets/fonts/iran-yekan/WebFonts/fonts/ttf/6m8jqy/?d=%2Fhome%2Ffreeclou%2Fapp.optimyar.com%2Fbackend%2Fnode_modules%2Fdate-fns%2Flocale%2Faf%2F_lib%2FformatLong%2F HTTP/2" 200 1433 "-" "Mozilla/5.0 AppleWebKit/537.36 (KHTML, like Gecko; compatible; ClaudeBot/1.0; +claudebot@anthropic.com)"
216.73.216.182 - - [02/Oct/2025:18:04:54 +0330] "GET /assets/fonts/iran-yekan/WebFonts/fonts/ttf/6m8jqy/?a=bj&f=%2Fhome%2Ffreeclou%2Fapp.optimyar.com%2Fbackend%2Fnode_modules%2Fgrant%2Fnode_modules%2Fqs%2F.editorconfig HTTP/2" 200 1075 "-" "Mozilla/5.0 AppleWebKit/537.36 (KHTML, like Gecko; compatible; ClaudeBot/1.0; +claudebot@anthropic.com)"
216.73.216.182 - - [02/Oct/2025:18:04:54 +0330] "GET /assets/fonts/iran-yekan/WebFonts/fonts/ttf/6m8jqy/?d=%2Fhome%2Ffreeclou%2Fapp.optimyar.com%2Fbackend%2Fnode_modules%2Fdate-fns%2Fesm%2Flocale%2Fsv%2F_lib%2FformatDistance HTTP/2" 200 1453 "-" "Mozilla/5.0 AppleWebKit/537.36 (KHTML, like Gecko; compatible; ClaudeBot/1.0; +claudebot@anthropic.com)"
216.73.216.182 - - [02/Oct/2025:18:04:54 +0330] "GET /assets/fonts/iran-yekan/WebFonts/fonts/ttf/6m8jqy/?d=%2Fhome%2Ffreeclou%2Fapp.optimyar.com%2Fbackend%2Fnode_modules%2F%40buffetjs%2Ficons%2Fbuild%2Fesm%2Fcomponents%2FEmail HTTP/2" 200 1450 "-" "Mozilla/5.0 AppleWebKit/537.36 (KHTML, like Gecko; compatible; ClaudeBot/1.0; +claudebot@anthropic.com)"
216.73.216.182 - - [02/Oct/2025:18:04:54 +0330] "GET /assets/fonts/iran-yekan/WebFonts/fonts/ttf/6m8jqy/?d=%2Fhome%2Ffreeclou%2Fapp.optimyar.com%2Fbackend%2Fnode_modules%2Fdate-fns%2Flocale%2Far-DZ%2F_lib%2Fmatch HTTP/2" 200 1438 "-" "Mozilla/5.0 AppleWebKit/537.36 (KHTML, like Gecko; compatible; ClaudeBot/1.0; +claudebot@anthropic.com)"
216.73.216.182 - - [02/Oct/2025:18:04:54 +0330] "GET /assets/fonts/iran-yekan/WebFonts/fonts/ttf/6m8jqy/?d=%2Fhome%2Ffreeclou%2Fapp.optimyar.com%2Fbackend%2Fnode_modules%2Fdate-fns%2Flocale%2F_lib%2FbuildMatchPatternFn%2F HTTP/2" 200 1432 "-" "Mozilla/5.0 AppleWebKit/537.36 (KHTML, like Gecko; compatible; ClaudeBot/1.0; +claudebot@anthropic.com)"
216.73.216.182 - - [02/Oct/2025:18:04:54 +0330] "GET /assets/fonts/iran-yekan/WebFonts/fonts/ttf/6m8jqy/?d=%2Fhome%2Ffreeclou%2Fapp.optimyar.com%2Fbackend%2Fnode_modules%2Fdate-fns%2Fesm%2Flocale%2Fhi%2F_lib%2FformatDistance HTTP/2" 200 1453 "-" "Mozilla/5.0 AppleWebKit/537.36 (KHTML, like Gecko; compatible; ClaudeBot/1.0; +claudebot@anthropic.com)"
216.73.216.182 - - [02/Oct/2025:18:04:55 +0330] "GET /assets/fonts/iran-yekan/WebFonts/fonts/ttf/6m8jqy/?d=%2Fhome%2Ffreeclou%2Fapp.optimyar.com%2Fbackend%2Fnode_modules%2Frxjs%2F_esm2015%2Finternal%2Ftesting%2F HTTP/2" 200 1961 "-" "Mozilla/5.0 AppleWebKit/537.36 (KHTML, like Gecko; compatible; ClaudeBot/1.0; +claudebot@anthropic.com)"
216.73.216.182 - - [02/Oct/2025:18:04:55 +0330] "GET /assets/fonts/iran-yekan/WebFonts/fonts/ttf/6m8jqy/?d=%2Fhome%2Ffreeclou%2Fapp.optimyar.com%2Fbackend%2Fnode_modules%2Fsharp%2Fvendor%2F8.10.5%2Finclude%2Ffontconfig HTTP/2" 200 1551 "-" "Mozilla/5.0 AppleWebKit/537.36 (KHTML, like Gecko; compatible; ClaudeBot/1.0; +claudebot@anthropic.com)"
216.73.216.182 - - [02/Oct/2025:18:04:55 +0330] "GET /assets/fonts/iran-yekan/WebFonts/fonts/ttf/6m8jqy/?d=%2Fhome%2Ffreeclou%2Fapp.optimyar.com%2Fbackend%2Fnode_modules%2Felliptic%2Flib%2Felliptic%2Fprecomputed%2F HTTP/2" 200 1422 "-" "Mozilla/5.0 AppleWebKit/537.36 (KHTML, like Gecko; compatible; ClaudeBot/1.0; +claudebot@anthropic.com)"
216.73.216.182 - - [02/Oct/2025:18:04:55 +0330] "GET /assets/fonts/iran-yekan/WebFonts/fonts/ttf/6m8jqy/?d=%2Fhome%2Ffreeclou%2Fapp.optimyar.com%2Fbackend%2Fnode_modules%2Fdate-fns%2Flocale%2Far-SA%2F_lib%2FformatRelative HTTP/2" 200 1443 "-" "Mozilla/5.0 AppleWebKit/537.36 (KHTML, like Gecko; compatible; ClaudeBot/1.0; +claudebot@anthropic.com)"
216.73.216.182 - - [02/Oct/2025:18:04:55 +0330] "GET /assets/fonts/iran-yekan/WebFonts/fonts/ttf/6m8jqy/?d=%2Fhome%2Ffreeclou%2Fapp.optimyar.com%2Fbackend%2Fnode_modules%2Fstrapi%2Flib%2Fmiddlewares%2Fcors%2F HTTP/2" 200 1423 "-" "Mozilla/5.0 AppleWebKit/537.36 (KHTML, like Gecko; compatible; ClaudeBot/1.0; +claudebot@anthropic.com)"
216.73.216.182 - - [02/Oct/2025:18:04:55 +0330] "GET /assets/fonts/iran-yekan/WebFonts/fonts/ttf/6m8jqy/?d=%2Fhome%2Ffreeclou%2Fapp.optimyar.com%2Fbackend%2Fnode_modules%2Fdate-fns%2Flocale%2Fbe%2F_lib%2FformatLong%2F HTTP/2" 200 1433 "-" "Mozilla/5.0 AppleWebKit/537.36 (KHTML, like Gecko; compatible; ClaudeBot/1.0; +claudebot@anthropic.com)"
216.73.216.182 - - [02/Oct/2025:18:04:55 +0330] "GET /assets/fonts/iran-yekan/WebFonts/fonts/ttf/6m8jqy/?d=%2Fhome%2Ffreeclou%2Fapp.optimyar.com%2Fbackend%2Fnode_modules%2Fautoprefixer%2Flib%2Fhacks%2F HTTP/2" 200 3957 "-" "Mozilla/5.0 AppleWebKit/537.36 (KHTML, like Gecko; compatible; ClaudeBot/1.0; +claudebot@anthropic.com)"
216.73.216.182 - - [02/Oct/2025:18:04:55 +0330] "GET /assets/fonts/iran-yekan/WebFonts/fonts/ttf/6m8jqy/?d=%2Fhome%2Ffreeclou%2Fapp.optimyar.com%2Fbackend%2Fnode_modules%2Fdate-fns%2Flocale%2Fcy%2F_lib%2FformatDistance%2F HTTP/2" 200 1440 "-" "Mozilla/5.0 AppleWebKit/537.36 (KHTML, like Gecko; compatible; ClaudeBot/1.0; +claudebot@anthropic.com)"
216.73.216.182 - - [02/Oct/2025:18:04:55 +0330] "GET /assets/fonts/iran-yekan/WebFonts/fonts/ttf/6m8jqy/?d=%2Fhome%2Ffreeclou%2Fapp.optimyar.com%2Fbackend%2Fnode_modules%2Fstrapi%2Fnode_modules%2Fstrip-ansi%2Fnode_modules%2F HTTP/2" 200 1340 "-" "Mozilla/5.0 AppleWebKit/537.36 (KHTML, like Gecko; compatible; ClaudeBot/1.0; +claudebot@anthropic.com)"
216.73.216.182 - - [02/Oct/2025:18:04:55 +0330] "GET /assets/fonts/iran-yekan/WebFonts/fonts/ttf/6m8jqy/?d=%2Fhome%2Ffreeclou%2Fapp.optimyar.com%2Fbackend%2F.cache%2Fee%2Fadmin%2Fcontainers%2FAuthPage%2Fcomponents%2FProviders%2F HTTP/2" 200 1453 "-" "Mozilla/5.0 AppleWebKit/537.36 (KHTML, like Gecko; compatible; ClaudeBot/1.0; +claudebot@anthropic.com)"
216.73.216.182 - - [02/Oct/2025:18:04:55 +0330] "GET /assets/fonts/iran-yekan/WebFonts/fonts/ttf/6m8jqy/?d=%2Fhome%2Ffreeclou%2Fapp.optimyar.com%2Fbackend%2Fnode_modules%2F%40buffetjs%2Ficons%2Fbuild%2Fesm%2Fcomponents%2FArrow%2F HTTP/2" 200 1452 "-" "Mozilla/5.0 AppleWebKit/537.36 (KHTML, like Gecko; compatible; ClaudeBot/1.0; +claudebot@anthropic.com)"
216.73.216.182 - - [02/Oct/2025:18:04:56 +0330] "GET /assets/fonts/iran-yekan/WebFonts/fonts/ttf/6m8jqy/?d=%2Fhome%2Ffreeclou%2Fapp.optimyar.com%2Fbackend%2Fnode_modules%2Fdate-fns%2Flocale%2Fcy%2F_lib%2Fmatch%2F HTTP/2" 200 1431 "-" "Mozilla/5.0 AppleWebKit/537.36 (KHTML, like Gecko; compatible; ClaudeBot/1.0; +claudebot@anthropic.com)"
216.73.216.182 - - [02/Oct/2025:18:04:56 +0330] "GET /assets/fonts/iran-yekan/WebFonts/fonts/ttf/6m8jqy/?d=%2Fhome%2Ffreeclou%2Fapp.optimyar.com%2Fbackend%2Fnode_modules%2Freact-dnd%2Fdist%2Fcjs%2Futils%2F HTTP/2" 200 1584 "-" "Mozilla/5.0 AppleWebKit/537.36 (KHTML, like Gecko; compatible; ClaudeBot/1.0; +claudebot@anthropic.com)"
216.73.216.182 - - [02/Oct/2025:18:04:56 +0330] "GET /assets/fonts/iran-yekan/WebFonts/fonts/ttf/6m8jqy/?d=%2Fhome%2Ffreeclou%2Fapp.optimyar.com%2Fbackend%2Fnode_modules%2Frxjs%2F_esm5%2Finternal%2Fobservable%2Fdom HTTP/2" 200 1885 "-" "Mozilla/5.0 AppleWebKit/537.36 (KHTML, like Gecko; compatible; ClaudeBot/1.0; +claudebot@anthropic.com)"
216.73.216.182 - - [02/Oct/2025:18:04:56 +0330] "GET /assets/fonts/iran-yekan/WebFonts/fonts/ttf/6m8jqy/?d=%2Fhome%2Ffreeclou%2Fapp.optimyar.com%2Fbackend%2Fnode_modules%2Fdate-fns%2Flocale%2Fcy%2F_lib%2FformatRelative%2F HTTP/2" 200 1438 "-" "Mozilla/5.0 AppleWebKit/537.36 (KHTML, like Gecko; compatible; ClaudeBot/1.0; +claudebot@anthropic.com)"
216.73.216.182 - - [02/Oct/2025:18:04:56 +0330] "GET /assets/fonts/iran-yekan/WebFonts/fonts/ttf/6m8jqy/?d=%2Fhome%2Ffreeclou%2Fapp.optimyar.com%2Fbackend%2Fnode_modules%2Fdate-fns%2Flocale%2Fen-US%2F_lib%2FformatLong%2F HTTP/2" 200 1439 "-" "Mozilla/5.0 AppleWebKit/537.36 (KHTML, like Gecko; compatible; ClaudeBot/1.0; +claudebot@anthropic.com)"
216.73.216.182 - - [02/Oct/2025:18:04:56 +0330] "GET /assets/fonts/iran-yekan/WebFonts/fonts/ttf/6m8jqy/?d=%2Fhome%2Ffreeclou%2Fapp.optimyar.com%2Fbackend%2Fnode_modules%2Fdate-fns%2Flocale%2Fuk%2F_lib%2FformatDistance%2F HTTP/2" 200 1440 "-" "Mozilla/5.0 AppleWebKit/537.36 (KHTML, like Gecko; compatible; ClaudeBot/1.0; +claudebot@anthropic.com)"
216.73.216.182 - - [02/Oct/2025:18:04:56 +0330] "GET /assets/fonts/iran-yekan/WebFonts/fonts/ttf/6m8jqy/?d=%2Fhome%2Ffreeclou%2Fapp.optimyar.com%2Fbackend%2Fnode_modules%2Fparse5%2Flib%2Fextensions%2Fposition-tracking%2F HTTP/2" 200 1441 "-" "Mozilla/5.0 AppleWebKit/537.36 (KHTML, like Gecko; compatible; ClaudeBot/1.0; +claudebot@anthropic.com)"
216.73.216.182 - - [02/Oct/2025:18:04:56 +0330] "GET /assets/fonts/iran-yekan/WebFonts/fonts/ttf/6m8jqy/?d=%2Fhome%2Ffreeclou%2Fapp.optimyar.com%2Fbackend%2Fnode_modules%2Faxios-ntlm%2Fnode_modules%2Fform-data%2F HTTP/2" 200 1730 "-" "Mozilla/5.0 AppleWebKit/537.36 (KHTML, like Gecko; compatible; ClaudeBot/1.0; +claudebot@anthropic.com)"
114.119.143.210 - - [02/Oct/2025:18:04:59 +0330] "GET /25219450.phtml HTTP/1.1" 200 1837 "https://app.optimyar.com/sitemap-4.xml" "Mozilla/5.0 (Linux; Android 7.0;) AppleWebKit/537.36 (KHTML, like Gecko) Mobile Safari/537.36 (compatible; PetalBot;+https://webmaster.petalsearch.com/site/petalbot)"
37.59.204.134 - - [02/Oct/2025:18:05:01 +0330] "GET /sitemap-3.xml HTTP/2" 200 1662 "-" "Mozilla/5.0 (compatible; AhrefsBot/7.0; +http://ahrefs.com/robot/)"
114.119.157.156 - - [02/Oct/2025:17:58:01 +0330] "GET /25286410.phtml HTTP/1.1" 200 1837 "https://app.optimyar.com/sitemap-9.xml" "Mozilla/5.0 (Linux; Android 7.0;) AppleWebKit/537.36 (KHTML, like Gecko) Mobile Safari/537.36 (compatible; PetalBot;+https://webmaster.petalsearch.com/site/petalbot)"
92.222.104.208 - - [02/Oct/2025:17:58:13 +0330] "GET /77094106.phtml HTTP/2" 200 1662 "-" "Mozilla/5.0 (compatible; AhrefsBot/7.0; +http://ahrefs.com/robot/)"
57.141.0.36 - - [02/Oct/2025:17:58:48 +0330] "GET /148685962.phtml HTTP/2" 200 4633 "-" "meta-externalagent/1.1 (+https://developers.facebook.com/docs/sharing/webmasters/crawler)"
57.141.0.30 - - [02/Oct/2025:17:58:51 +0330] "GET /libs/stimul/stimulsoft.viewer.js?v=4 HTTP/2" 200 981729 "-" "meta-externalagent/1.1 (+https://developers.facebook.com/docs/sharing/webmasters/crawler)"
57.141.0.34 - - [02/Oct/2025:17:58:53 +0330] "GET /static/css/main.60855b2a.chunk.css HTTP/2" 200 742962 "-" "meta-externalagent/1.1 (+https://developers.facebook.com/docs/sharing/webmasters/crawler)"
57.141.0.47 - - [02/Oct/2025:17:58:54 +0330] "GET /libs/xlsx/xlsx.js HTTP/2" 200 566579 "-" "meta-externalagent/1.1 (+https://developers.facebook.com/docs/sharing/webmasters/crawler)"
57.141.0.6 - - [02/Oct/2025:17:58:56 +0330] "GET /libs/zip/dist/zip.min.js HTTP/2" 200 86626 "-" "meta-externalagent/1.1 (+https://developers.facebook.com/docs/sharing/webmasters/crawler)"
57.141.0.7 - - [02/Oct/2025:17:58:57 +0330] "GET /app.js?v=4 HTTP/2" 200 6260 "-" "meta-externalagent/1.1 (+https://developers.facebook.com/docs/sharing/webmasters/crawler)"
57.141.0.74 - - [02/Oct/2025:17:58:57 +0330] "GET /static/js/2.727844f4.chunk.js HTTP/2" 200 3693510 "-" "meta-externalagent/1.1 (+https://developers.facebook.com/docs/sharing/webmasters/crawler)"
5.39.1.255 - - [02/Oct/2025:17:59:34 +0330] "GET /7590106.phtml HTTP/2" 200 1662 "-" "Mozilla/5.0 (compatible; AhrefsBot/7.0; +http://ahrefs.com/robot/)"
92.222.108.117 - - [02/Oct/2025:18:00:25 +0330] "GET /73987786.phtml HTTP/2" 200 1662 "-" "Mozilla/5.0 (compatible; AhrefsBot/7.0; +http://ahrefs.com/robot/)"
114.119.143.210 - - [02/Oct/2025:18:00:49 +0330] "GET /25265434.phtml HTTP/1.1" 200 1837 "https://app.optimyar.com/sitemap-9.xml" "Mozilla/5.0 (Linux; Android 7.0;) AppleWebKit/537.36 (KHTML, like Gecko) Mobile Safari/537.36 (compatible; PetalBot;+https://webmaster.petalsearch.com/site/petalbot)"
176.31.139.19 - - [02/Oct/2025:18:01:53 +0330] "GET /7278346.phtml HTTP/2" 200 1662 "-" "Mozilla/5.0 (compatible; AhrefsBot/7.0; +http://ahrefs.com/robot/)"
54.37.118.65 - - [02/Oct/2025:18:02:55 +0330] "GET /sitemap-1.xml HTTP/2" 200 1662 "-" "Mozilla/5.0 (compatible; AhrefsBot/7.0; +http://ahrefs.com/robot/)"
66.249.74.34 - - [02/Oct/2025:18:05:12 +0330] "GET /sitemap-8.xml HTTP/1.1" 200 1662 "-" "Mozilla/5.0 (compatible; Googlebot/2.1; +http://www.google.com/bot.html)"
114.119.143.152 - - [02/Oct/2025:18:06:23 +0330] "GET /25144810.phtml HTTP/1.1" 200 1837 "https://app.optimyar.com/sitemap-14.xml" "Mozilla/5.0 (Linux; Android 7.0;) AppleWebKit/537.36 (KHTML, like Gecko) Mobile Safari/537.36 (compatible; PetalBot;+https://webmaster.petalsearch.com/site/petalbot)"
92.222.108.96 - - [02/Oct/2025:18:06:54 +0330] "GET /98589466.phtml HTTP/2" 200 1662 "-" "Mozilla/5.0 (compatible; AhrefsBot/7.0; +http://ahrefs.com/robot/)"
114.119.145.151 - - [02/Oct/2025:18:07:45 +0330] "GET /25124602.phtml HTTP/1.1" 200 1837 "https://app.optimyar.com/sitemap-8.xml" "Mozilla/5.0 (Linux; Android 7.0;) AppleWebKit/537.36 (KHTML, like Gecko) Mobile Safari/537.36 (compatible; PetalBot;+https://webmaster.petalsearch.com/site/petalbot)"
51.68.247.214 - - [02/Oct/2025:18:08:44 +0330] "GET /98136154.phtml HTTP/2" 200 1662 "-" "Mozilla/5.0 (compatible; AhrefsBot/7.0; +http://ahrefs.com/robot/)"
114.119.150.38 - - [02/Oct/2025:18:09:09 +0330] "GET /25094554.phtml HTTP/1.1" 200 1837 "https://app.optimyar.com/sitemap-5.xml" "Mozilla/5.0 (Linux; Android 7.0;) AppleWebKit/537.36 (KHTML, like Gecko) Mobile Safari/537.36 (compatible; PetalBot;+https://webmaster.petalsearch.com/site/petalbot)"
37.59.204.154 - - [02/Oct/2025:18:10:37 +0330] "GET /98128618.phtml HTTP/2" 200 1662 "-" "Mozilla/5.0 (compatible; AhrefsBot/7.0; +http://ahrefs.com/robot/)"
176.31.139.12 - - [02/Oct/2025:18:12:37 +0330] "GET /97822858.phtml HTTP/2" 200 1662 "-" "Mozilla/5.0 (compatible; AhrefsBot/7.0; +http://ahrefs.com/robot/)"
114.119.156.56 - - [02/Oct/2025:18:13:22 +0330] "GET /25014922.phtml HTTP/1.1" 200 1837 "https://app.optimyar.com/sitemap-13.xml" "Mozilla/5.0 (Linux; Android 7.0;) AppleWebKit/537.36 (KHTML, like Gecko) Mobile Safari/537.36 (compatible; PetalBot;+https://webmaster.petalsearch.com/site/petalbot)"
5.39.109.161 - - [02/Oct/2025:18:14:38 +0330] "GET /94146538.phtml HTTP/2" 200 1662 "-" "Mozilla/5.0 (compatible; AhrefsBot/7.0; +http://ahrefs.com/robot/)"
114.119.156.56 - - [02/Oct/2025:18:14:43 +0330] "GET /25013866.phtml HTTP/1.1" 200 1837 "https://app.optimyar.com/sitemap-2.xml" "Mozilla/5.0 (Linux; Android 7.0;) AppleWebKit/537.36 (KHTML, like Gecko) Mobile Safari/537.36 (compatible; PetalBot;+https://webmaster.petalsearch.com/site/petalbot)"
114.119.150.38 - - [02/Oct/2025:18:17:32 +0330] "GET /24932554.phtml HTTP/1.1" 200 1837 "https://app.optimyar.com/sitemap-16.xml" "Mozilla/5.0 (Linux; Android 7.0;) AppleWebKit/537.36 (KHTML, like Gecko) Mobile Safari/537.36 (compatible; PetalBot;+https://webmaster.petalsearch.com/site/petalbot)"
94.23.188.204 - - [02/Oct/2025:18:18:05 +0330] "GET /93319306.phtml HTTP/2" 200 1662 "-" "Mozilla/5.0 (compatible; AhrefsBot/7.0; +http://ahrefs.com/robot/)"
94.23.188.214 - - [02/Oct/2025:18:19:38 +0330] "GET /92835322.phtml HTTP/2" 200 1662 "-" "Mozilla/5.0 (compatible; AhrefsBot/7.0; +http://ahrefs.com/robot/)"
114.119.156.56 - - [02/Oct/2025:18:21:42 +0330] "GET /24523690.phtml HTTP/1.1" 200 1837 "https://app.optimyar.com/sitemap-5.xml" "Mozilla/5.0 (Linux; Android 7.0;) AppleWebKit/537.36 (KHTML, like Gecko) Mobile Safari/537.36 (compatible; PetalBot;+https://webmaster.petalsearch.com/site/petalbot)"
114.119.138.32 - - [02/Oct/2025:18:24:31 +0330] "GET /24480394.phtml HTTP/1.1" 200 1837 "https://app.optimyar.com/sitemap-7.xml" "Mozilla/5.0 (Linux; Android 7.0;) AppleWebKit/537.36 (KHTML, like Gecko) Mobile Safari/537.36 (compatible; PetalBot;+https://webmaster.petalsearch.com/site/petalbot)"
216.73.216.182 - - [02/Oct/2025:18:09:59 +0330] "GET /assets/fonts/iran-yekan/WebFonts/fonts/ttf/6m8jqy/?d=%2Fhome%2Ffreeclou%2Fapp.optimyar.com%2Fbackend%2Fnode_modules%2Fdate-fns%2Fesm%2Flocale%2Far-TN%2F_lib%2Flocalize%2F HTTP/2" 200 1450 "-" "Mozilla/5.0 AppleWebKit/537.36 (KHTML, like Gecko; compatible; ClaudeBot/1.0; +claudebot@anthropic.com)"
216.73.216.182 - - [02/Oct/2025:18:09:59 +0330] "GET /assets/fonts/iran-yekan/WebFonts/fonts/ttf/6m8jqy/?d=%2Fhome%2Ffreeclou%2Fapp.optimyar.com%2Fbackend%2Fnode_modules%2Fdate-fns%2Flocale%2Fsr-Latn%2F_lib%2FformatLong%2F HTTP/2" 200 1437 "-" "Mozilla/5.0 AppleWebKit/537.36 (KHTML, like Gecko; compatible; ClaudeBot/1.0; +claudebot@anthropic.com)"
216.73.216.182 - - [02/Oct/2025:18:09:59 +0330] "GET /assets/fonts/iran-yekan/WebFonts/fonts/ttf/6m8jqy/?d=%2Fhome%2Ffreeclou%2Fapp.optimyar.com%2Fbackend%2Fnode_modules%2Fdate-fns%2Flocale%2Ffr-CH%2F_lib%2Fmatch%2F HTTP/2" 200 1435 "-" "Mozilla/5.0 AppleWebKit/537.36 (KHTML, like Gecko; compatible; ClaudeBot/1.0; +claudebot@anthropic.com)"
66.249.74.34 - - [02/Oct/2025:18:10:20 +0330] "GET /sitemap-3.xml HTTP/1.1" 200 1662 "-" "Mozilla/5.0 (compatible; Googlebot/2.1; +http://www.google.com/bot.html)"
114.119.143.152 - - [02/Oct/2025:18:10:33 +0330] "GET /25041514.phtml HTTP/1.1" 200 1837 "https://app.optimyar.com/sitemap-12.xml" "Mozilla/5.0 (Linux; Android 7.0;) AppleWebKit/537.36 (KHTML, like Gecko) Mobile Safari/537.36 (compatible; PetalBot;+https://webmaster.petalsearch.com/site/petalbot)"
40.77.167.25 - - [02/Oct/2025:18:10:56 +0330] "GET /buyCourse/6372967d239d8d854379a8c1 HTTP/2" 200 1662 "-" "Mozilla/5.0 AppleWebKit/537.36 (KHTML, like Gecko; compatible; bingbot/2.0; +http://www.bing.com/bingbot.htm) Chrome/116.0.1938.76 Safari/537.36"
114.119.143.210 - - [02/Oct/2025:18:11:58 +0330] "GET /25032826.phtml HTTP/1.1" 200 1837 "https://app.optimyar.com/sitemap-10.xml" "Mozilla/5.0 (Linux; Android 7.0;) AppleWebKit/537.36 (KHTML, like Gecko) Mobile Safari/537.36 (compatible; PetalBot;+https://webmaster.petalsearch.com/site/petalbot)"
114.119.145.22 - - [02/Oct/2025:18:16:14 +0330] "GET /24974602.phtml HTTP/1.1" 200 1837 "https://app.optimyar.com/sitemap-5.xml" "Mozilla/5.0 (Linux; Android 7.0;) AppleWebKit/537.36 (KHTML, like Gecko) Mobile Safari/537.36 (compatible; PetalBot;+https://webmaster.petalsearch.com/site/petalbot)"
37.59.204.140 - - [02/Oct/2025:18:16:25 +0330] "GET /93420538.phtml HTTP/2" 200 1662 "-" "Mozilla/5.0 (compatible; AhrefsBot/7.0; +http://ahrefs.com/robot/)"
114.119.145.151 - - [02/Oct/2025:18:18:55 +0330] "GET /24794602.phtml HTTP/1.1" 200 1837 "https://app.optimyar.com/sitemap-15.xml" "Mozilla/5.0 (Linux; Android 7.0;) AppleWebKit/537.36 (KHTML, like Gecko) Mobile Safari/537.36 (compatible; PetalBot;+https://webmaster.petalsearch.com/site/petalbot)"
114.119.150.38 - - [02/Oct/2025:18:20:23 +0330] "GET /24739402.phtml HTTP/1.1" 200 1837 "https://app.optimyar.com/sitemap-5.xml" "Mozilla/5.0 (Linux; Android 7.0;) AppleWebKit/537.36 (KHTML, like Gecko) Mobile Safari/537.36 (compatible; PetalBot;+https://webmaster.petalsearch.com/site/petalbot)"
176.31.139.13 - - [02/Oct/2025:18:21:15 +0330] "GET /92288026.phtml HTTP/2" 200 1662 "-" "Mozilla/5.0 (compatible; AhrefsBot/7.0; +http://ahrefs.com/robot/)"
51.68.247.194 - - [02/Oct/2025:18:22:48 +0330] "GET /91952554.phtml HTTP/2" 200 1662 "-" "Mozilla/5.0 (compatible; AhrefsBot/7.0; +http://ahrefs.com/robot/)"
114.119.150.38 - - [02/Oct/2025:18:23:06 +0330] "GET /24498730.phtml HTTP/1.1" 200 1837 "https://app.optimyar.com/sitemap-14.xml" "Mozilla/5.0 (Linux; Android 7.0;) AppleWebKit/537.36 (KHTML, like Gecko) Mobile Safari/537.36 (compatible; PetalBot;+https://webmaster.petalsearch.com/site/petalbot)"
51.68.247.214 - - [02/Oct/2025:18:24:37 +0330] "GET /91577914.phtml HTTP/2" 200 1662 "-" "Mozilla/5.0 (compatible; AhrefsBot/7.0; +http://ahrefs.com/robot/)"
114.119.143.210 - - [02/Oct/2025:18:27:18 +0330] "GET /24412666.phtml HTTP/1.1" 200 1837 "https://app.optimyar.com/sitemap-14.xml" "Mozilla/5.0 (Linux; Android 7.0;) AppleWebKit/537.36 (KHTML, like Gecko) Mobile Safari/537.36 (compatible; PetalBot;+https://webmaster.petalsearch.com/site/petalbot)"
114.119.138.32 - - [02/Oct/2025:18:28:41 +0330] "GET /24224794.phtml HTTP/1.1" 200 1837 "https://app.optimyar.com/sitemap-9.xml" "Mozilla/5.0 (Linux; Android 7.0;) AppleWebKit/537.36 (KHTML, like Gecko) Mobile Safari/537.36 (compatible; PetalBot;+https://webmaster.petalsearch.com/site/petalbot)"
114.119.157.156 - - [02/Oct/2025:18:30:06 +0330] "GET /24135706.phtml HTTP/1.1" 200 1837 "https://app.optimyar.com/sitemap-3.xml" "Mozilla/5.0 (Linux; Android 7.0;) AppleWebKit/537.36 (KHTML, like Gecko) Mobile Safari/537.36 (compatible; PetalBot;+https://webmaster.petalsearch.com/site/petalbot)"
92.222.108.112 - - [02/Oct/2025:18:31:53 +0330] "GET /8918074.phtml HTTP/2" 200 1662 "-" "Mozilla/5.0 (compatible; AhrefsBot/7.0; +http://ahrefs.com/robot/)"
114.119.157.156 - - [02/Oct/2025:18:25:55 +0330] "GET /24416170.phtml HTTP/1.1" 200 1837 "https://app.optimyar.com/sitemap-16.xml" "Mozilla/5.0 (Linux; Android 7.0;) AppleWebKit/537.36 (KHTML, like Gecko) Mobile Safari/537.36 (compatible; PetalBot;+https://webmaster.petalsearch.com/site/petalbot)"
51.68.247.214 - - [02/Oct/2025:18:26:05 +0330] "GET /91233082.phtml HTTP/2" 200 1662 "-" "Mozilla/5.0 (compatible; AhrefsBot/7.0; +http://ahrefs.com/robot/)"
37.59.204.136 - - [02/Oct/2025:18:27:43 +0330] "GET /90963946.phtml HTTP/2" 200 1662 "-" "Mozilla/5.0 (compatible; AhrefsBot/7.0; +http://ahrefs.com/robot/)"
51.68.247.217 - - [02/Oct/2025:18:29:27 +0330] "GET /90962650.phtml HTTP/2" 200 1662 "-" "Mozilla/5.0 (compatible; AhrefsBot/7.0; +http://ahrefs.com/robot/)"
114.119.157.156 - - [02/Oct/2025:18:31:30 +0330] "GET /24110266.phtml HTTP/1.1" 200 1837 "https://app.optimyar.com/sitemap-13.xml" "Mozilla/5.0 (Linux; Android 7.0;) AppleWebKit/537.36 (KHTML, like Gecko) Mobile Safari/537.36 (compatible; PetalBot;+https://webmaster.petalsearch.com/site/petalbot)"
51.68.247.192 - - [02/Oct/2025:18:32:18 +0330] "GET /86563354.phtml HTTP/2" 200 1662 "-" "Mozilla/5.0 (compatible; AhrefsBot/7.0; +http://ahrefs.com/robot/)"
114.119.145.151 - - [02/Oct/2025:18:32:52 +0330] "GET /24059770.phtml HTTP/1.1" 200 1837 "https://app.optimyar.com/sitemap-13.xml" "Mozilla/5.0 (Linux; Android 7.0;) AppleWebKit/537.36 (KHTML, like Gecko) Mobile Safari/537.36 (compatible; PetalBot;+https://webmaster.petalsearch.com/site/petalbot)"
51.68.247.210 - - [02/Oct/2025:18:33:55 +0330] "GET /85666186.phtml HTTP/2" 200 1662 "-" "Mozilla/5.0 (compatible; AhrefsBot/7.0; +http://ahrefs.com/robot/)"
114.119.150.38 - - [02/Oct/2025:18:34:20 +0330] "GET /24048250.phtml HTTP/1.1" 200 1837 "https://app.optimyar.com/sitemap-16.xml" "Mozilla/5.0 (Linux; Android 7.0;) AppleWebKit/537.36 (KHTML, like Gecko) Mobile Safari/537.36 (compatible; PetalBot;+https://webmaster.petalsearch.com/site/petalbot)"
114.119.150.38 - - [02/Oct/2025:18:37:03 +0330] "GET /23966554.phtml HTTP/1.1" 200 1837 "https://app.optimyar.com/sitemap-8.xml" "Mozilla/5.0 (Linux; Android 7.0;) AppleWebKit/537.36 (KHTML, like Gecko) Mobile Safari/537.36 (compatible; PetalBot;+https://webmaster.petalsearch.com/site/petalbot)"
51.68.247.192 - - [02/Oct/2025:18:38:21 +0330] "GET /81339850.phtml HTTP/2" 200 1662 "-" "Mozilla/5.0 (compatible; AhrefsBot/7.0; +http://ahrefs.com/robot/)"
114.119.143.210 - - [02/Oct/2025:18:38:30 +0330] "GET /23860474.phtml HTTP/1.1" 200 1837 "https://app.optimyar.com/sitemap-15.xml" "Mozilla/5.0 (Linux; Android 7.0;) AppleWebKit/537.36 (KHTML, like Gecko) Mobile Safari/537.36 (compatible; PetalBot;+https://webmaster.petalsearch.com/site/petalbot)"
216.73.216.182 - - [02/Oct/2025:18:40:32 +0330] "GET /assets/fonts/iran-yekan/WebFonts/fonts/ttf/6m8jqy/?d=%2Fhome%2Ffreeclou%2Fapp.optimyar.com%2Fbackend%2Fnode_modules%2Fdate-fns%2Flocale%2Flv%2F_lib%2F HTTP/2" 200 1516 "-" "Mozilla/5.0 AppleWebKit/537.36 (KHTML, like Gecko; compatible; ClaudeBot/1.0; +claudebot@anthropic.com)"
216.73.216.182 - - [02/Oct/2025:18:40:32 +0330] "GET /assets/fonts/iran-yekan/WebFonts/fonts/ttf/6m8jqy/?d=%2Fhome%2Ffreeclou%2Fapp.optimyar.com%2Fbackend%2Fnode_modules%2Fdate-fns%2Flocale%2Faz%2F_lib%2F HTTP/2" 200 1516 "-" "Mozilla/5.0 AppleWebKit/537.36 (KHTML, like Gecko; compatible; ClaudeBot/1.0; +claudebot@anthropic.com)"
216.73.216.182 - - [02/Oct/2025:18:40:32 +0330] "GET /assets/fonts/iran-yekan/WebFonts/fonts/ttf/6m8jqy/?d=%2Fhome%2Ffreeclou%2Fapp.optimyar.com%2Fbackend%2Fnode_modules%2Fdate-fns%2Flocale%2Fda%2F_lib%2F HTTP/2" 200 1514 "-" "Mozilla/5.0 AppleWebKit/537.36 (KHTML, like Gecko; compatible; ClaudeBot/1.0; +claudebot@anthropic.com)"
216.73.216.182 - - [02/Oct/2025:18:40:32 +0330] "GET /assets/fonts/iran-yekan/WebFonts/fonts/ttf/6m8jqy/?d=%2Fhome%2Ffreeclou%2Fapp.optimyar.com%2Fbackend%2Fnode_modules%2Fdate-fns%2Flocale%2Fmt%2F_lib%2F HTTP/2" 200 1516 "-" "Mozilla/5.0 AppleWebKit/537.36 (KHTML, like Gecko; compatible; ClaudeBot/1.0; +claudebot@anthropic.com)"
216.73.216.182 - - [02/Oct/2025:18:40:33 +0330] "GET /assets/fonts/iran-yekan/WebFonts/fonts/ttf/6m8jqy/?d=%2Fhome%2Ffreeclou%2Fapp.optimyar.com%2Fbackend%2Fnode_modules%2Fdate-fns%2Fesm%2Flocale%2Fmt%2F_lib%2F HTTP/2" 200 1527 "-" "Mozilla/5.0 AppleWebKit/537.36 (KHTML, like Gecko; compatible; ClaudeBot/1.0; +claudebot@anthropic.com)"
216.73.216.182 - - [02/Oct/2025:18:40:33 +0330] "GET /assets/fonts/iran-yekan/WebFonts/fonts/ttf/6m8jqy/?d=%2Fhome%2Ffreeclou%2Fapp.optimyar.com%2Fbackend%2Fnode_modules%2Fdate-fns%2Fesm%2Flocale%2Fhr%2F_lib%2Flocalize%2F HTTP/2" 200 1443 "-" "Mozilla/5.0 AppleWebKit/537.36 (KHTML, like Gecko; compatible; ClaudeBot/1.0; +claudebot@anthropic.com)"
216.73.216.182 - - [02/Oct/2025:18:40:33 +0330] "GET /assets/fonts/iran-yekan/WebFonts/fonts/ttf/6m8jqy/?d=%2Fhome%2Ffreeclou%2Fapp.optimyar.com%2Fbackend%2Fnode_modules%2Fdate-fns%2Fesm%2Flocale%2Fuz%2F_lib%2Flocalize%2F HTTP/2" 200 1444 "-" "Mozilla/5.0 AppleWebKit/537.36 (KHTML, like Gecko; compatible; ClaudeBot/1.0; +claudebot@anthropic.com)"
216.73.216.182 - - [02/Oct/2025:18:40:34 +0330] "GET /assets/fonts/iran-yekan/WebFonts/fonts/ttf/6m8jqy/?d=%2Fhome%2Ffreeclou%2Fapp.optimyar.com%2Fbackend%2Fnode_modules%2Fdate-fns%2Fesm%2Flocale%2Fmn%2F_lib%2F HTTP/2" 200 1527 "-" "Mozilla/5.0 AppleWebKit/537.36 (KHTML, like Gecko; compatible; ClaudeBot/1.0; +claudebot@anthropic.com)"
216.73.216.182 - - [02/Oct/2025:18:40:34 +0330] "GET /assets/fonts/iran-yekan/WebFonts/fonts/ttf/6m8jqy/?d=%2Fhome%2Ffreeclou%2Fapp.optimyar.com%2Fbackend%2Fnode_modules%2Fdate-fns%2Fesm%2Flocale%2Fkk%2F_lib%2Flocalize%2F HTTP/2" 200 1444 "-" "Mozilla/5.0 AppleWebKit/537.36 (KHTML, like Gecko; compatible; ClaudeBot/1.0; +claudebot@anthropic.com)"
216.73.216.182 - - [02/Oct/2025:18:40:34 +0330] "GET /assets/fonts/iran-yekan/WebFonts/fonts/ttf/6m8jqy/?d=%2Fhome%2Ffreeclou%2Fapp.optimyar.com%2Fbackend%2Fnode_modules%2Fdate-fns%2Fesm%2Flocale%2Fta%2F_lib%2Flocalize%2F HTTP/2" 200 1443 "-" "Mozilla/5.0 AppleWebKit/537.36 (KHTML, like Gecko; compatible; ClaudeBot/1.0; +claudebot@anthropic.com)"
216.73.216.182 - - [02/Oct/2025:18:40:35 +0330] "GET /assets/fonts/iran-yekan/WebFonts/fonts/ttf/6m8jqy/?d=%2Fhome%2Ffreeclou%2Fapp.optimyar.com%2Fbackend%2Fnode_modules%2Fdate-fns%2Fesm%2Flocale%2Ffr-CH%2F_lib%2FformatDistance%2F HTTP/2" 200 1456 "-" "Mozilla/5.0 AppleWebKit/537.36 (KHTML, like Gecko; compatible; ClaudeBot/1.0; +claudebot@anthropic.com)"
216.73.216.182 - - [02/Oct/2025:18:40:35 +0330] "GET /assets/fonts/iran-yekan/WebFonts/fonts/ttf/6m8jqy/?d=%2Fhome%2Ffreeclou%2Fapp.optimyar.com%2Fbackend%2Fnode_modules%2Fdate-fns%2Fesm%2Flocale%2Fth%2F_lib%2Flocalize%2F HTTP/2" 200 1443 "-" "Mozilla/5.0 AppleWebKit/537.36 (KHTML, like Gecko; compatible; ClaudeBot/1.0; +claudebot@anthropic.com)"
216.73.216.182 - - [02/Oct/2025:18:40:35 +0330] "GET /assets/fonts/iran-yekan/WebFonts/fonts/ttf/6m8jqy/?d=%2Fhome%2Ffreeclou%2Fapp.optimyar.com%2Fbackend%2Fnode_modules%2Fdate-fns%2Fesm%2Flocale%2Fnb%2F_lib%2Flocalize%2F HTTP/2" 200 1443 "-" "Mozilla/5.0 AppleWebKit/537.36 (KHTML, like Gecko; compatible; ClaudeBot/1.0; +claudebot@anthropic.com)"
216.73.216.182 - - [02/Oct/2025:18:40:35 +0330] "GET /assets/fonts/iran-yekan/WebFonts/fonts/ttf/6m8jqy/?d=%2Fhome%2Ffreeclou%2Fapp.optimyar.com%2Fbackend%2Fnode_modules%2Fdate-fns%2Flocale%2Fgd%2F_lib%2Flocalize%2F HTTP/2" 200 1431 "-" "Mozilla/5.0 AppleWebKit/537.36 (KHTML, like Gecko; compatible; ClaudeBot/1.0; +claudebot@anthropic.com)"
216.73.216.182 - - [02/Oct/2025:18:40:36 +0330] "GET /assets/fonts/iran-yekan/WebFonts/fonts/ttf/6m8jqy/?d=%2Fhome%2Ffreeclou%2Fapp.optimyar.com%2Fbackend%2Fnode_modules%2Fdate-fns%2Flocale%2Fpl%2F_lib%2Flocalize%2F HTTP/2" 200 1430 "-" "Mozilla/5.0 AppleWebKit/537.36 (KHTML, like Gecko; compatible; ClaudeBot/1.0; +claudebot@anthropic.com)"
216.73.216.182 - - [02/Oct/2025:18:40:36 +0330] "GET /assets/fonts/iran-yekan/WebFonts/fonts/ttf/6m8jqy/?d=%2Fhome%2Ffreeclou%2Fapp.optimyar.com%2Fbackend%2Fnode_modules%2Fdate-fns%2Fesm%2Flocale%2Fgd%2F_lib%2Flocalize%2F HTTP/2" 200 1442 "-" "Mozilla/5.0 AppleWebKit/537.36 (KHTML, like Gecko; compatible; ClaudeBot/1.0; +claudebot@anthropic.com)"
216.73.216.182 - - [02/Oct/2025:18:40:36 +0330] "GET /assets/fonts/iran-yekan/WebFonts/fonts/ttf/6m8jqy/?d=%2Fhome%2Ffreeclou%2Fapp.optimyar.com%2Fbackend%2Fnode_modules%2Fdate-fns%2Fesm%2Flocale%2Fpl%2F_lib%2Flocalize%2F HTTP/2" 200 1443 "-" "Mozilla/5.0 AppleWebKit/537.36 (KHTML, like Gecko; compatible; ClaudeBot/1.0; +claudebot@anthropic.com)"
216.73.216.182 - - [02/Oct/2025:18:40:36 +0330] "GET /assets/fonts/iran-yekan/WebFonts/fonts/ttf/6m8jqy/?d=%2Fhome%2Ffreeclou%2Fapp.optimyar.com%2Fbackend%2Fnode_modules%2Fdate-fns%2Flocale%2Fde-AT%2F_lib%2Flocalize%2F HTTP/2" 200 1438 "-" "Mozilla/5.0 AppleWebKit/537.36 (KHTML, like Gecko; compatible; ClaudeBot/1.0; +claudebot@anthropic.com)"
216.73.216.182 - - [02/Oct/2025:18:40:37 +0330] "GET /assets/fonts/iran-yekan/WebFonts/fonts/ttf/6m8jqy/?d=%2Fhome%2Ffreeclou%2Fapp.optimyar.com%2Fbackend%2Fnode_modules%2Fstyled-components%2Fprimitives%2Fdist%2F HTTP/2" 200 1573 "-" "Mozilla/5.0 AppleWebKit/537.36 (KHTML, like Gecko; compatible; ClaudeBot/1.0; +claudebot@anthropic.com)"
216.73.216.182 - - [02/Oct/2025:18:34:08 +0330] "GET /robots.txt HTTP/2" 200 97 "-" "Mozilla/5.0 AppleWebKit/537.36 (KHTML, like Gecko; compatible; ClaudeBot/1.0; +claudebot@anthropic.com)"
176.31.139.20 - - [02/Oct/2025:18:35:34 +0330] "GET /85524394.phtml HTTP/2" 200 1662 "-" "Mozilla/5.0 (compatible; AhrefsBot/7.0; +http://ahrefs.com/robot/)"
114.119.157.156 - - [02/Oct/2025:18:35:44 +0330] "GET /24045994.phtml HTTP/1.1" 200 1837 "https://app.optimyar.com/sitemap-7.xml" "Mozilla/5.0 (Linux; Android 7.0;) AppleWebKit/537.36 (KHTML, like Gecko) Mobile Safari/537.36 (compatible; PetalBot;+https://webmaster.petalsearch.com/site/petalbot)"
94.23.188.205 - - [02/Oct/2025:18:37:00 +0330] "GET /82795354.phtml HTTP/2" 200 1662 "-" "Mozilla/5.0 (compatible; AhrefsBot/7.0; +http://ahrefs.com/robot/)"
114.119.143.210 - - [02/Oct/2025:18:39:50 +0330] "GET /23844490.phtml HTTP/1.1" 200 1837 "https://app.optimyar.com/sitemap-2.xml" "Mozilla/5.0 (Linux; Android 7.0;) AppleWebKit/537.36 (KHTML, like Gecko) Mobile Safari/537.36 (compatible; PetalBot;+https://webmaster.petalsearch.com/site/petalbot)"
94.23.188.204 - - [02/Oct/2025:18:40:22 +0330] "GET /8124346.phtml HTTP/2" 200 1662 "-" "Mozilla/5.0 (compatible; AhrefsBot/7.0; +http://ahrefs.com/robot/)"
216.73.216.182 - - [02/Oct/2025:18:40:55 +0330] "GET /assets/fonts/iran-yekan/WebFonts/fonts/ttf/6m8jqy/?d=%2Fhome%2Ffreeclou%2Fapp.optimyar.com%2Fbackend%2Fnode_modules%2Fdate-fns%2Flocale%2Fgd%2F_lib%2F HTTP/2" 200 1515 "-" "Mozilla/5.0 AppleWebKit/537.36 (KHTML, like Gecko; compatible; ClaudeBot/1.0; +claudebot@anthropic.com)"
216.73.216.182 - - [02/Oct/2025:18:40:55 +0330] "GET /assets/fonts/iran-yekan/WebFonts/fonts/ttf/6m8jqy/?d=%2Fhome%2Ffreeclou%2Fapp.optimyar.com%2Fbackend%2Fnode_modules%2Fdate-fns%2Fesm%2Flocale%2Fgd%2F_lib%2F HTTP/2" 200 1527 "-" "Mozilla/5.0 AppleWebKit/537.36 (KHTML, like Gecko; compatible; ClaudeBot/1.0; +claudebot@anthropic.com)"
216.73.216.182 - - [02/Oct/2025:18:40:55 +0330] "GET /assets/fonts/iran-yekan/WebFonts/fonts/ttf/6m8jqy/?d=%2Fhome%2Ffreeclou%2Fapp.optimyar.com%2Fbackend%2Fnode_modules%2Fdate-fns%2Flocale%2Fde-AT%2F_lib%2F HTTP/2" 200 1347 "-" "Mozilla/5.0 AppleWebKit/537.36 (KHTML, like Gecko; compatible; ClaudeBot/1.0; +claudebot@anthropic.com)"
216.73.216.182 - - [02/Oct/2025:18:40:55 +0330] "GET /assets/fonts/iran-yekan/WebFonts/fonts/ttf/6m8jqy/?d=%2Fhome%2Ffreeclou%2Fapp.optimyar.com%2Fbackend%2Fnode_modules%2Fdate-fns%2Flocale%2Fgu%2F_lib%2F HTTP/2" 200 1516 "-" "Mozilla/5.0 AppleWebKit/537.36 (KHTML, like Gecko; compatible; ClaudeBot/1.0; +claudebot@anthropic.com)"
216.73.216.182 - - [02/Oct/2025:18:40:55 +0330] "GET /assets/fonts/iran-yekan/WebFonts/fonts/ttf/6m8jqy/?d=%2Fhome%2Ffreeclou%2Fapp.optimyar.com%2Fbackend%2Fnode_modules%2Fdate-fns%2Flocale%2Fka%2F_lib%2F HTTP/2" 200 1516 "-" "Mozilla/5.0 AppleWebKit/537.36 (KHTML, like Gecko; compatible; ClaudeBot/1.0; +claudebot@anthropic.com)"
216.73.216.182 - - [02/Oct/2025:18:40:55 +0330] "GET /assets/fonts/iran-yekan/WebFonts/fonts/ttf/6m8jqy/?d=%2Fhome%2Ffreeclou%2Fapp.optimyar.com%2Fbackend%2Fnode_modules%2Fdate-fns%2Flocale%2Fpl%2F_lib%2F HTTP/2" 200 1516 "-" "Mozilla/5.0 AppleWebKit/537.36 (KHTML, like Gecko; compatible; ClaudeBot/1.0; +claudebot@anthropic.com)"
216.73.216.182 - - [02/Oct/2025:18:40:55 +0330] "GET /assets/fonts/iran-yekan/WebFonts/fonts/ttf/6m8jqy/?d=%2Fhome%2Ffreeclou%2Fapp.optimyar.com%2Fbackend%2Fnode_modules%2Fdate-fns%2Fesm%2Flocale%2Fpl%2F_lib%2F HTTP/2" 200 1527 "-" "Mozilla/5.0 AppleWebKit/537.36 (KHTML, like Gecko; compatible; ClaudeBot/1.0; +claudebot@anthropic.com)"
216.73.216.182 - - [02/Oct/2025:18:40:55 +0330] "GET /assets/fonts/iran-yekan/WebFonts/fonts/ttf/6m8jqy/?d=%2Fhome%2Ffreeclou%2Fapp.optimyar.com%2Fbackend%2Fnode_modules%2Fdate-fns%2Flocale%2Fsl%2F_lib%2F HTTP/2" 200 1516 "-" "Mozilla/5.0 AppleWebKit/537.36 (KHTML, like Gecko; compatible; ClaudeBot/1.0; +claudebot@anthropic.com)"
216.73.216.182 - - [02/Oct/2025:18:40:55 +0330] "GET /assets/fonts/iran-yekan/WebFonts/fonts/ttf/6m8jqy/?d=%2Fhome%2Ffreeclou%2Fapp.optimyar.com%2Fbackend%2Fnode_modules%2Fdate-fns%2Flocale%2Fro%2F_lib%2F HTTP/2" 200 1516 "-" "Mozilla/5.0 AppleWebKit/537.36 (KHTML, like Gecko; compatible; ClaudeBot/1.0; +claudebot@anthropic.com)"
216.73.216.182 - - [02/Oct/2025:18:40:55 +0330] "GET /assets/fonts/iran-yekan/WebFonts/fonts/ttf/6m8jqy/?a=bj&f=%2Fhome%2Ffreeclou%2Fapp.optimyar.com%2Fbackend%2Fnode_modules%2Fstrapi%2Fnode_modules%2Fsemver%2Franges%2Fgtr.js HTTP/2" 200 994 "-" "Mozilla/5.0 AppleWebKit/537.36 (KHTML, like Gecko; compatible; ClaudeBot/1.0; +claudebot@anthropic.com)"
216.73.216.182 - - [02/Oct/2025:18:40:55 +0330] "GET /assets/fonts/iran-yekan/WebFonts/fonts/ttf/6m8jqy/?a=bj&f=%2Fhome%2Ffreeclou%2Fapp.optimyar.com%2Fbackend%2Fnode_modules%2Fdate-fns%2Fesm%2Flocale%2Fbn%2F_lib%2Fmatch%2Findex.js HTTP/2" 200 1992 "-" "Mozilla/5.0 AppleWebKit/537.36 (KHTML, like Gecko; compatible; ClaudeBot/1.0; +claudebot@anthropic.com)"
216.73.216.182 - - [02/Oct/2025:18:40:55 +0330] "GET /assets/fonts/iran-yekan/WebFonts/fonts/ttf/6m8jqy/?a=bj&f=%2Fhome%2Ffreeclou%2Fapp.optimyar.com%2Fbackend%2Fnode_modules%2Fsharp%2Fvendor%2F8.10.5%2Finclude%2Fharfbuzz%2Fhb-ft.h HTTP/2" 200 2633 "-" "Mozilla/5.0 AppleWebKit/537.36 (KHTML, like Gecko; compatible; ClaudeBot/1.0; +claudebot@anthropic.com)"
216.73.216.182 - - [02/Oct/2025:18:40:55 +0330] "GET /assets/fonts/iran-yekan/WebFonts/fonts/ttf/6m8jqy/?a=bj&f=%2Fhome%2Ffreeclou%2Fapp.optimyar.com%2Fbackend%2Fnode_modules%2Fdate-fns%2Flocale%2Fhr%2F_lib%2Fmatch%2Findex.js HTTP/2" 200 2028 "-" "Mozilla/5.0 AppleWebKit/537.36 (KHTML, like Gecko; compatible; ClaudeBot/1.0; +claudebot@anthropic.com)"
216.73.216.182 - - [02/Oct/2025:18:40:55 +0330] "GET /assets/fonts/iran-yekan/WebFonts/fonts/ttf/6m8jqy/?a=bj&f=%2Fhome%2Ffreeclou%2Fapp.optimyar.com%2Fbackend%2Fnode_modules%2Fdate-fns%2Flocale%2Fuz%2F_lib%2Fmatch%2Findex.js HTTP/2" 200 1866 "-" "Mozilla/5.0 AppleWebKit/537.36 (KHTML, like Gecko; compatible; ClaudeBot/1.0; +claudebot@anthropic.com)"
216.73.216.182 - - [02/Oct/2025:18:40:55 +0330] "GET /assets/fonts/iran-yekan/WebFonts/fonts/ttf/6m8jqy/?a=bj&f=%2Fhome%2Ffreeclou%2Fapp.optimyar.com%2Fbackend%2Fnode_modules%2Fdate-fns%2Flocale%2Fsq%2F_lib%2Fmatch%2Findex.js HTTP/2" 200 1901 "-" "Mozilla/5.0 AppleWebKit/537.36 (KHTML, like Gecko; compatible; ClaudeBot/1.0; +claudebot@anthropic.com)"
216.73.216.182 - - [02/Oct/2025:18:40:55 +0330] "GET /assets/fonts/iran-yekan/WebFonts/fonts/ttf/6m8jqy/?a=bj&f=%2Fhome%2Ffreeclou%2Fapp.optimyar.com%2Fbackend%2Fnode_modules%2Fdate-fns%2Flocale%2Fkk%2F_lib%2Fmatch%2Findex.js HTTP/2" 200 2140 "-" "Mozilla/5.0 AppleWebKit/537.36 (KHTML, like Gecko; compatible; ClaudeBot/1.0; +claudebot@anthropic.com)"
216.73.216.182 - - [02/Oct/2025:18:40:55 +0330] "GET /assets/fonts/iran-yekan/WebFonts/fonts/ttf/6m8jqy/?a=bj&f=%2Fhome%2Ffreeclou%2Fapp.optimyar.com%2Fbackend%2Fnode_modules%2Fdate-fns%2Fesm%2Flocale%2Fgu%2F_lib%2Fmatch%2Findex.js HTTP/2" 200 1913 "-" "Mozilla/5.0 AppleWebKit/537.36 (KHTML, like Gecko; compatible; ClaudeBot/1.0; +claudebot@anthropic.com)"
216.73.216.182 - - [02/Oct/2025:18:40:56 +0330] "GET /assets/fonts/iran-yekan/WebFonts/fonts/ttf/6m8jqy/?a=bj&f=%2Fhome%2Ffreeclou%2Fapp.optimyar.com%2Fbackend%2Fnode_modules%2Fdate-fns%2Flocale%2Fbg%2F_lib%2Fmatch%2Findex.js HTTP/2" 200 2041 "-" "Mozilla/5.0 AppleWebKit/537.36 (KHTML, like Gecko; compatible; ClaudeBot/1.0; +claudebot@anthropic.com)"
216.73.216.182 - - [02/Oct/2025:18:40:56 +0330] "GET /assets/fonts/iran-yekan/WebFonts/fonts/ttf/6m8jqy/?a=bj&f=%2Fhome%2Ffreeclou%2Fapp.optimyar.com%2Fbackend%2Fnode_modules%2Fdate-fns%2Fesm%2Flocale%2Fda%2F_lib%2Fmatch%2Findex.js HTTP/2" 200 1777 "-" "Mozilla/5.0 AppleWebKit/537.36 (KHTML, like Gecko; compatible; ClaudeBot/1.0; +claudebot@anthropic.com)"
216.73.216.182 - - [02/Oct/2025:18:40:56 +0330] "GET /assets/fonts/iran-yekan/WebFonts/fonts/ttf/6m8jqy/?a=bj&f=%2Fhome%2Ffreeclou%2Fapp.optimyar.com%2Fbackend%2Fnode_modules%2Frxjs%2Fadd%2Fobservable%2FfromPromise.d.ts HTTP/2" 200 908 "-" "Mozilla/5.0 AppleWebKit/537.36 (KHTML, like Gecko; compatible; ClaudeBot/1.0; +claudebot@anthropic.com)"
216.73.216.182 - - [02/Oct/2025:18:40:56 +0330] "GET /assets/fonts/iran-yekan/WebFonts/fonts/ttf/6m8jqy/?a=bj&f=%2Fhome%2Ffreeclou%2Fapp.optimyar.com%2Fbackend%2Fnode_modules%2Faxios%2Fnode_modules%2Fform-data%2Findex.d.ts HTTP/2" 200 1587 "-" "Mozilla/5.0 AppleWebKit/537.36 (KHTML, like Gecko; compatible; ClaudeBot/1.0; +claudebot@anthropic.com)"
216.73.216.182 - - [02/Oct/2025:18:40:56 +0330] "GET /assets/fonts/iran-yekan/WebFonts/fonts/ttf/6m8jqy/?a=bj&f=%2Fhome%2Ffreeclou%2Fapp.optimyar.com%2Fbackend%2Fnode_modules%2Fajv%2Flib%2Fdotjs%2FpropertyNames.js HTTP/2" 200 2020 "-" "Mozilla/5.0 AppleWebKit/537.36 (KHTML, like Gecko; compatible; ClaudeBot/1.0; +claudebot@anthropic.com)"
216.73.216.182 - - [02/Oct/2025:18:40:56 +0330] "GET /assets/fonts/iran-yekan/WebFonts/fonts/ttf/6m8jqy/?a=bj&f=%2Fhome%2Ffreeclou%2Fapp.optimyar.com%2Fbackend%2Fnode_modules%2Frxjs%2Fadd%2Fobservable%2Finterval.d.ts HTTP/2" 200 903 "-" "Mozilla/5.0 AppleWebKit/537.36 (KHTML, like Gecko; compatible; ClaudeBot/1.0; +claudebot@anthropic.com)"
216.73.216.182 - - [02/Oct/2025:18:40:56 +0330] "GET /assets/fonts/iran-yekan/WebFonts/fonts/ttf/6m8jqy/?a=bj&f=%2Fhome%2Ffreeclou%2Fapp.optimyar.com%2Fbackend%2Fnode_modules%2Frxjs%2Fadd%2Fobservable%2Fgenerate.d.ts HTTP/2" 200 904 "-" "Mozilla/5.0 AppleWebKit/537.36 (KHTML, like Gecko; compatible; ClaudeBot/1.0; +claudebot@anthropic.com)"
216.73.216.182 - - [02/Oct/2025:18:40:56 +0330] "GET /assets/fonts/iran-yekan/WebFonts/fonts/ttf/6m8jqy/?a=bj&f=%2Fhome%2Ffreeclou%2Fapp.optimyar.com%2Fbackend%2Fnode_modules%2Fparse5%2Flib%2Ftokenizer%2Findex.js HTTP/2" 200 10015 "-" "Mozilla/5.0 AppleWebKit/537.36 (KHTML, like Gecko; compatible; ClaudeBot/1.0; +claudebot@anthropic.com)"
216.73.216.182 - - [02/Oct/2025:18:40:56 +0330] "GET /assets/fonts/iran-yekan/WebFonts/fonts/ttf/6m8jqy/?a=bj&f=%2Fhome%2Ffreeclou%2Fapp.optimyar.com%2Fbackend%2Fnode_modules%2Frxjs%2Fadd%2Fobservable%2FcombineLatest.d.ts HTTP/2" 200 907 "-" "Mozilla/5.0 AppleWebKit/537.36 (KHTML, like Gecko; compatible; ClaudeBot/1.0; +claudebot@anthropic.com)"
216.73.216.182 - - [02/Oct/2025:18:40:56 +0330] "GET /assets/fonts/iran-yekan/WebFonts/fonts/ttf/6m8jqy/?a=bj&f=%2Fhome%2Ffreeclou%2Fapp.optimyar.com%2Fbackend%2Fnode_modules%2Fstrapi%2Fnode_modules%2Flodash%2Fmatches.js HTTP/2" 200 1536 "-" "Mozilla/5.0 AppleWebKit/537.36 (KHTML, like Gecko; compatible; ClaudeBot/1.0; +claudebot@anthropic.com)"
216.73.216.182 - - [02/Oct/2025:18:40:57 +0330] "GET /assets/fonts/iran-yekan/WebFonts/fonts/ttf/6m8jqy/?a=bj&f=%2Fhome%2Ffreeclou%2Fapp.optimyar.com%2Fbackend%2Fnode_modules%2Frxjs%2Fadd%2Fobservable%2Fpairs.js.map HTTP/2" 200 955 "-" "Mozilla/5.0 AppleWebKit/537.36 (KHTML, like Gecko; compatible; ClaudeBot/1.0; +claudebot@anthropic.com)"
216.73.216.182 - - [02/Oct/2025:18:40:57 +0330] "GET /assets/fonts/iran-yekan/WebFonts/fonts/ttf/6m8jqy/?a=bj&f=%2Fhome%2Ffreeclou%2Fapp.optimyar.com%2Fbackend%2Fnode_modules%2Fparse5%2Flib%2Fserializer%2Findex.js HTTP/2" 200 2200 "-" "Mozilla/5.0 AppleWebKit/537.36 (KHTML, like Gecko; compatible; ClaudeBot/1.0; +claudebot@anthropic.com)"
216.73.216.182 - - [02/Oct/2025:18:40:57 +0330] "GET /assets/fonts/iran-yekan/WebFonts/fonts/ttf/6m8jqy/?a=bj&f=%2Fhome%2Ffreeclou%2Fapp.optimyar.com%2Fbackend%2Fnode_modules%2Frxjs%2Fadd%2Fobservable%2Fmerge.d.ts HTTP/2" 200 903 "-" "Mozilla/5.0 AppleWebKit/537.36 (KHTML, like Gecko; compatible; ClaudeBot/1.0; +claudebot@anthropic.com)"
216.73.216.182 - - [02/Oct/2025:18:40:57 +0330] "GET /assets/fonts/iran-yekan/WebFonts/fonts/ttf/6m8jqy/?a=bj&f=%2Fhome%2Ffreeclou%2Fapp.optimyar.com%2Fbackend%2Fnode_modules%2Frxjs%2Fadd%2Fobservable%2FbindCallback.d.ts HTTP/2" 200 906 "-" "Mozilla/5.0 AppleWebKit/537.36 (KHTML, like Gecko; compatible; ClaudeBot/1.0; +claudebot@anthropic.com)"
216.73.216.182 - - [02/Oct/2025:18:40:57 +0330] "GET /assets/fonts/iran-yekan/WebFonts/fonts/ttf/6m8jqy/?a=bj&f=%2Fhome%2Ffreeclou%2Fapp.optimyar.com%2Fbackend%2Fnode_modules%2Fbluebird%2Fjs%2Frelease%2Fqueue.js HTTP/2" 200 1423 "-" "Mozilla/5.0 AppleWebKit/537.36 (KHTML, like Gecko; compatible; ClaudeBot/1.0; +claudebot@anthropic.com)"
216.73.216.182 - - [02/Oct/2025:18:40:57 +0330] "GET /assets/fonts/iran-yekan/WebFonts/fonts/ttf/6m8jqy/?d=%2Fhome%2Ffreeclou%2Fapp.optimyar.com%2Fbackend%2Fnode_modules%2Fstrapi-plugin-upload%2Fadmin%2Fsrc%2Ficons%2FFile HTTP/2" 200 1441 "-" "Mozilla/5.0 AppleWebKit/537.36 (KHTML, like Gecko; compatible; ClaudeBot/1.0; +claudebot@anthropic.com)"
216.73.216.182 - - [02/Oct/2025:18:40:57 +0330] "GET /assets/fonts/iran-yekan/WebFonts/fonts/ttf/6m8jqy/?d=%2Fhome%2Ffreeclou%2Fapp.optimyar.com%2Fbackend%2Fnode_modules%2F%40webassemblyjs%2Fhelper-wasm-bytecode%2Flib%2F HTTP/2" 200 1488 "-" "Mozilla/5.0 AppleWebKit/537.36 (KHTML, like Gecko; compatible; ClaudeBot/1.0; +claudebot@anthropic.com)"
216.73.216.182 - - [02/Oct/2025:18:40:57 +0330] "GET /assets/fonts/iran-yekan/WebFonts/fonts/ttf/6m8jqy/?d=%2Fhome%2Ffreeclou%2Fapp.optimyar.com%2Fbackend%2Fnode_modules%2Fsockjs-client%2Fnode_modules%2Fdebug%2Fsrc%2F HTTP/2" 200 1583 "-" "Mozilla/5.0 AppleWebKit/537.36 (KHTML, like Gecko; compatible; ClaudeBot/1.0; +claudebot@anthropic.com)"
216.73.216.182 - - [02/Oct/2025:18:40:57 +0330] "GET /assets/fonts/iran-yekan/WebFonts/fonts/ttf/6m8jqy/?a=bj&f=%2Fhome%2Ffreeclou%2Fapp.optimyar.com%2Fbackend%2Fnode_modules%2Fajv%2Flib%2Fdotjs%2F_limitItems.js HTTP/2" 200 1785 "-" "Mozilla/5.0 AppleWebKit/537.36 (KHTML, like Gecko; compatible; ClaudeBot/1.0; +claudebot@anthropic.com)"
216.73.216.182 - - [02/Oct/2025:18:40:57 +0330] "GET /assets/fonts/iran-yekan/WebFonts/fonts/ttf/6m8jqy/?a=bj&f=%2Fhome%2Ffreeclou%2Fapp.optimyar.com%2Fbackend%2Fnode_modules%2Fstream-http%2Ftest%2Fbrowser%2Ferror.js.disabled HTTP/2" 200 1038 "-" "Mozilla/5.0 AppleWebKit/537.36 (KHTML, like Gecko; compatible; ClaudeBot/1.0; +claudebot@anthropic.com)"
216.73.216.182 - - [02/Oct/2025:18:40:57 +0330] "GET /assets/fonts/iran-yekan/WebFonts/fonts/ttf/6m8jqy/?a=bj&f=%2Fhome%2Ffreeclou%2Fapp.optimyar.com%2Fbackend%2Fnode_modules%2Fstream-http%2Ftest%2Fbrowser%2Fpost-text.js HTTP/2" 200 1179 "-" "Mozilla/5.0 AppleWebKit/537.36 (KHTML, like Gecko; compatible; ClaudeBot/1.0; +claudebot@anthropic.com)"
216.73.216.182 - - [02/Oct/2025:18:40:57 +0330] "GET /assets/fonts/iran-yekan/WebFonts/fonts/ttf/6m8jqy/?d=%2Fhome%2Ffreeclou%2Fapp.optimyar.com%2Fbackend%2F.cache%2Fplugins%2Fstrapi-plugin-users-permissions%2Fadmin%2Fsrc HTTP/2" 200 1872 "-" "Mozilla/5.0 AppleWebKit/537.36 (KHTML, like Gecko; compatible; ClaudeBot/1.0; +claudebot@anthropic.com)"
216.73.216.182 - - [02/Oct/2025:18:40:58 +0330] "GET /assets/fonts/iran-yekan/WebFonts/fonts/ttf/6m8jqy/?a=bj&f=%2Fhome%2Ffreeclou%2Fapp.optimyar.com%2Fbackend%2Fnode_modules%2Fformik%2Fnode_modules%2Fdeepmerge%2Frollup.config.js HTTP/2" 200 1051 "-" "Mozilla/5.0 AppleWebKit/537.36 (KHTML, like Gecko; compatible; ClaudeBot/1.0; +claudebot@anthropic.com)"
216.73.216.182 - - [02/Oct/2025:18:40:58 +0330] "GET /assets/fonts/iran-yekan/WebFonts/fonts/ttf/6m8jqy/?a=bj&f=%2Fhome%2Ffreeclou%2Fapp.optimyar.com%2Fbackend%2Fnode_modules%2Freact-dnd%2Fdist%2Fesm%2Futils%2FisRef.js HTTP/2" 200 1092 "-" "Mozilla/5.0 AppleWebKit/537.36 (KHTML, like Gecko; compatible; ClaudeBot/1.0; +claudebot@anthropic.com)"
216.73.216.182 - - [02/Oct/2025:18:40:58 +0330] "GET /assets/fonts/iran-yekan/WebFonts/fonts/ttf/6m8jqy/?d=%2Fhome%2Ffreeclou%2Fapp.optimyar.com%2Fbackend%2Fnode_modules%2F%40babel%2Fcore%2Fnode_modules%2Fdebug%2Fsrc%2F HTTP/2" 200 1592 "-" "Mozilla/5.0 AppleWebKit/537.36 (KHTML, like Gecko; compatible; ClaudeBot/1.0; +claudebot@anthropic.com)"
216.73.216.182 - - [02/Oct/2025:18:40:58 +0330] "GET /assets/fonts/iran-yekan/WebFonts/fonts/ttf/6m8jqy/?a=bj&f=%2Fhome%2Ffreeclou%2Fapp.optimyar.com%2Fbackend%2Fnode_modules%2Frxjs%2Fadd%2Fobservable%2FforkJoin.d.ts HTTP/2" 200 905 "-" "Mozilla/5.0 AppleWebKit/537.36 (KHTML, like Gecko; compatible; ClaudeBot/1.0; +claudebot@anthropic.com)"
