114.119.145.151 - - [02/Oct/2025:18:53:46 +0330] "GET /23026666.phtml HTTP/1.1" 200 1837 "https://app.optimyar.com/sitemap-8.xml" "Mozilla/5.0 (Linux; Android 7.0;) AppleWebKit/537.36 (KHTML, like Gecko) Mobile Safari/537.36 (compatible; PetalBot;+https://webmaster.petalsearch.com/site/petalbot)"
92.222.104.202 - - [02/Oct/2025:18:59:02 +0330] "GET /73690570.phtml HTTP/2" 200 1662 "-" "Mozilla/5.0 (compatible; AhrefsBot/7.0; +http://ahrefs.com/robot/)"
114.119.143.152 - - [02/Oct/2025:18:59:22 +0330] "GET /22781722.phtml HTTP/1.1" 200 1837 "https://app.optimyar.com/sitemap-4.xml" "Mozilla/5.0 (Linux; Android 7.0;) AppleWebKit/537.36 (KHTML, like Gecko) Mobile Safari/537.36 (compatible; PetalBot;+https://webmaster.petalsearch.com/site/petalbot)"
204.18.213.143 - - [02/Oct/2025:18:59:26 +0330] "GET /static/css/2.5db30c42.chunk.css HTTP/1.1" 304 0 "https://app.optimyar.com/publicsessions" "Mozilla/5.0 (Windows NT 10.0; Win64; x64) AppleWebKit/537.36 (KHTML, like Gecko) Chrome/140.0.0.0 Safari/537.36"
204.18.213.143 - - [02/Oct/2025:18:59:26 +0330] "GET /static/css/main.60855b2a.chunk.css HTTP/1.1" 304 0 "https://app.optimyar.com/publicsessions" "Mozilla/5.0 (Windows NT 10.0; Win64; x64) AppleWebKit/537.36 (KHTML, like Gecko) Chrome/140.0.0.0 Safari/537.36"
204.18.213.143 - - [02/Oct/2025:18:59:26 +0330] "GET /static/media/iranyekanwebregularfanum.55f541a7.woff HTTP/1.1" 304 0 "https://app.optimyar.com/static/css/main.60855b2a.chunk.css" "Mozilla/5.0 (Windows NT 10.0; Win64; x64) AppleWebKit/537.36 (KHTML, like Gecko) Chrome/140.0.0.0 Safari/537.36"
204.18.213.143 - - [02/Oct/2025:18:59:27 +0330] "GET /static/media/iranyekanwebmediumfanum.5fb4123b.woff HTTP/1.1" 200 34625 "https://app.optimyar.com/static/css/main.60855b2a.chunk.css" "Mozilla/5.0 (Windows NT 10.0; Win64; x64) AppleWebKit/537.36 (KHTML, like Gecko) Chrome/140.0.0.0 Safari/537.36"
204.18.213.143 - - [02/Oct/2025:18:59:27 +0330] "GET /fa_lang.js HTTP/1.1" 200 8246 "https://app.optimyar.com/publicsessions" "Mozilla/5.0 (Windows NT 10.0; Win64; x64) AppleWebKit/537.36 (KHTML, like Gecko) Chrome/140.0.0.0 Safari/537.36"
204.18.213.143 - - [02/Oct/2025:18:59:28 +0330] "GET /app.js?v=4 HTTP/2" 200 2037 "-" "Mozilla/5.0 (Windows NT 10.0; Win64; x64) AppleWebKit/537.36 (KHTML, like Gecko) Chrome/140.0.0.0 Safari/537.36"
204.18.213.143 - - [02/Oct/2025:18:59:28 +0330] "GET /fa_lang.js HTTP/2" 200 8246 "-" "Mozilla/5.0 (Windows NT 10.0; Win64; x64) AppleWebKit/537.36 (KHTML, like Gecko) Chrome/140.0.0.0 Safari/537.36"
204.18.213.143 - - [02/Oct/2025:18:59:28 +0330] "GET /static/js/main.2871af22.chunk.js HTTP/2" 200 66622 "-" "Mozilla/5.0 (Windows NT 10.0; Win64; x64) AppleWebKit/537.36 (KHTML, like Gecko) Chrome/140.0.0.0 Safari/537.36"
204.18.213.143 - - [02/Oct/2025:18:59:28 +0330] "GET /manifest.json HTTP/1.1" 200 220 "https://app.optimyar.com/publicsessions" "Mozilla/5.0 (Windows NT 10.0; Win64; x64) AppleWebKit/537.36 (KHTML, like Gecko) Chrome/140.0.0.0 Safari/537.36"
204.18.213.143 - - [02/Oct/2025:18:59:28 +0330] "GET /static/js/2.727844f4.chunk.js HTTP/2" 200 869701 "-" "Mozilla/5.0 (Windows NT 10.0; Win64; x64) AppleWebKit/537.36 (KHTML, like Gecko) Chrome/140.0.0.0 Safari/537.36"
204.18.213.143 - - [02/Oct/2025:18:59:28 +0330] "GET /logo192.png HTTP/1.1" 200 4153 "https://app.optimyar.com/publicsessions" "Mozilla/5.0 (Windows NT 10.0; Win64; x64) AppleWebKit/537.36 (KHTML, like Gecko) Chrome/140.0.0.0 Safari/537.36"
45.131.155.101 - - [02/Oct/2025:18:59:52 +0330] "GET / HTTP/2" 200 1837 "-" "Mozilla/5.0 (X11; CrOS x86_64 14541.0.0) AppleWebKit/537.36 (KHTML, like Gecko) Chrome/139.0.0.0 Safari/537.36"
92.222.104.203 - - [02/Oct/2025:19:00:20 +0330] "GET /72937258.phtml HTTP/2" 200 1662 "-" "Mozilla/5.0 (compatible; AhrefsBot/7.0; +http://ahrefs.com/robot/)"
216.73.216.182 - - [02/Oct/2025:19:00:22 +0330] "GET /assets/fonts/iran-yekan/WebFonts/fonts/ttf/6m8jqy/?d=%2Fhome%2Ffreeclou%2Fapp.optimyar.com%2Fbackend%2Fnode_modules%2Fdate-fns%2Fesm%2Flocale%2Faz%2F HTTP/2" 200 1663 "-" "Mozilla/5.0 AppleWebKit/537.36 (KHTML, like Gecko; compatible; ClaudeBot/1.0; +claudebot@anthropic.com)"
204.18.213.143 - - [02/Oct/2025:18:59:23 +0330] "GET /publicsessions HTTP/2" 200 1662 "-" "Mozilla/5.0 (Windows NT 10.0; Win64; x64) AppleWebKit/537.36 (KHTML, like Gecko) Chrome/140.0.0.0 Safari/537.36"
204.18.213.143 - - [02/Oct/2025:18:59:23 +0330] "GET /libs/stimul/stimulsoft.viewer.office2013.whiteblue.css HTTP/2" 304 0 "https://app.optimyar.com/publicsessions" "Mozilla/5.0 (Windows NT 10.0; Win64; x64) AppleWebKit/537.36 (KHTML, like Gecko) Chrome/140.0.0.0 Safari/537.36"
204.18.213.143 - - [02/Oct/2025:18:59:23 +0330] "GET /app.css HTTP/2" 304 0 "https://app.optimyar.com/publicsessions" "Mozilla/5.0 (Windows NT 10.0; Win64; x64) AppleWebKit/537.36 (KHTML, like Gecko) Chrome/140.0.0.0 Safari/537.36"
65.109.204.241 - - [02/Oct/2025:19:00:37 +0330] "GET /publicsessions HTTP/2" 200 1662 "-" "Mozilla/5.0 (Linux; Android 11; K) AppleWebKit/537.36 (KHTML, like Gecko) Chrome/140.0.7339.155 Mobile Safari/537.36"
65.109.204.241 - - [02/Oct/2025:19:00:37 +0330] "GET /libs/stimul/stimulsoft.viewer.office2013.whiteblue.css HTTP/2" 200 3122 "https://app.optimyar.com/publicsessions" "Mozilla/5.0 (Linux; Android 11; K) AppleWebKit/537.36 (KHTML, like Gecko) Chrome/140.0.7339.155 Mobile Safari/537.36"
65.109.204.241 - - [02/Oct/2025:19:00:37 +0330] "GET /app.css HTTP/2" 200 0 "https://app.optimyar.com/publicsessions" "Mozilla/5.0 (Linux; Android 11; K) AppleWebKit/537.36 (KHTML, like Gecko) Chrome/140.0.7339.155 Mobile Safari/537.36"
65.109.204.241 - - [02/Oct/2025:19:00:38 +0330] "GET /libs/cross-domain/hub.js HTTP/1.1" 200 952 "https://app.optimyar.com/publicsessions" "Mozilla/5.0 (Linux; Android 11; K) AppleWebKit/537.36 (KHTML, like Gecko) Chrome/140.0.7339.155 Mobile Safari/537.36"
65.109.204.241 - - [02/Oct/2025:19:00:38 +0330] "GET /defaults.js?v=310 HTTP/1.1" 200 425 "https://app.optimyar.com/publicsessions" "Mozilla/5.0 (Linux; Android 11; K) AppleWebKit/537.36 (KHTML, like Gecko) Chrome/140.0.7339.155 Mobile Safari/537.36"
65.109.204.241 - - [02/Oct/2025:19:00:39 +0330] "GET /apiUrl.js?v=310 HTTP/1.1" 200 1085 "https://app.optimyar.com/publicsessions" "Mozilla/5.0 (Linux; Android 11; K) AppleWebKit/537.36 (KHTML, like Gecko) Chrome/140.0.7339.155 Mobile Safari/537.36"
65.109.204.241 - - [02/Oct/2025:19:00:39 +0330] "GET /fa_lang.js?v=334 HTTP/1.1" 200 8246 "https://app.optimyar.com/publicsessions" "Mozilla/5.0 (Linux; Android 11; K) AppleWebKit/537.36 (KHTML, like Gecko) Chrome/140.0.7339.155 Mobile Safari/537.36"
65.109.204.241 - - [02/Oct/2025:19:00:39 +0330] "GET /libs/stimul/stimulsoft.reports.js?v=4 HTTP/1.1" 200 3764274 "https://app.optimyar.com/publicsessions" "Mozilla/5.0 (Linux; Android 11; K) AppleWebKit/537.36 (KHTML, like Gecko) Chrome/140.0.7339.155 Mobile Safari/537.36"
65.109.204.241 - - [02/Oct/2025:19:00:43 +0330] "GET /libs/stimul/stimulsoft.viewer.js?v=4 HTTP/1.1" 200 367025 "https://app.optimyar.com/publicsessions" "Mozilla/5.0 (Linux; Android 11; K) AppleWebKit/537.36 (KHTML, like Gecko) Chrome/140.0.7339.155 Mobile Safari/537.36"
65.109.204.241 - - [02/Oct/2025:19:00:44 +0330] "GET /static/css/2.5db30c42.chunk.css HTTP/1.1" 200 15335 "https://app.optimyar.com/publicsessions" "Mozilla/5.0 (Linux; Android 11; K) AppleWebKit/537.36 (KHTML, like Gecko) Chrome/140.0.7339.155 Mobile Safari/537.36"
65.109.204.241 - - [02/Oct/2025:19:00:44 +0330] "GET /static/css/main.60855b2a.chunk.css HTTP/1.1" 200 98708 "https://app.optimyar.com/publicsessions" "Mozilla/5.0 (Linux; Android 11; K) AppleWebKit/537.36 (KHTML, like Gecko) Chrome/140.0.7339.155 Mobile Safari/537.36"
65.109.204.241 - - [02/Oct/2025:19:00:44 +0330] "GET /libs/xlsx/jszip.js HTTP/1.1" 200 72470 "https://app.optimyar.com/publicsessions" "Mozilla/5.0 (Linux; Android 11; K) AppleWebKit/537.36 (KHTML, like Gecko) Chrome/140.0.7339.155 Mobile Safari/537.36"
65.109.204.241 - - [02/Oct/2025:19:00:44 +0330] "GET /libs/xlsx/xlsx.js HTTP/1.1" 200 102175 "https://app.optimyar.com/publicsessions" "Mozilla/5.0 (Linux; Android 11; K) AppleWebKit/537.36 (KHTML, like Gecko) Chrome/140.0.7339.155 Mobile Safari/537.36"
216.73.216.182 - - [02/Oct/2025:19:00:22 +0330] "GET /assets/fonts/iran-yekan/WebFonts/fonts/ttf/6m8jqy/?d=%2Fhome%2Ffreeclou%2Fapp.optimyar.com%2Fbackend%2Fnode_modules%2Fredux-saga%2Fes%2Finternal%2FsagaHelpers HTTP/2" 200 1653 "-" "Mozilla/5.0 AppleWebKit/537.36 (KHTML, like Gecko; compatible; ClaudeBot/1.0; +claudebot@anthropic.com)"
216.73.216.182 - - [02/Oct/2025:19:00:22 +0330] "GET /assets/fonts/iran-yekan/WebFonts/fonts/ttf/6m8jqy/?d=%2Fhome%2Ffreeclou%2Fapp.optimyar.com%2Fbackend%2Fnode_modules%2Fdate-fns%2Fesm%2Flocale%2Fmt%2F HTTP/2" 200 1662 "-" "Mozilla/5.0 AppleWebKit/537.36 (KHTML, like Gecko; compatible; ClaudeBot/1.0; +claudebot@anthropic.com)"
216.73.216.182 - - [02/Oct/2025:19:00:22 +0330] "GET /assets/fonts/iran-yekan/WebFonts/fonts/ttf/6m8jqy/?d=%2Fhome%2Ffreeclou%2Fapp.optimyar.com%2Fbackend%2Fnode_modules%2Fdate-fns%2Fesm%2Ffp%2FsubQuarters%2F HTTP/2" 200 1583 "-" "Mozilla/5.0 AppleWebKit/537.36 (KHTML, like Gecko; compatible; ClaudeBot/1.0; +claudebot@anthropic.com)"
216.73.216.182 - - [02/Oct/2025:19:00:23 +0330] "GET /assets/fonts/iran-yekan/WebFonts/fonts/ttf/6m8jqy/?d=%2Fhome%2Ffreeclou%2Fapp.optimyar.com%2Fbackend%2Fnode_modules%2F%40purest%2Fproviders%2F HTTP/2" 200 1673 "-" "Mozilla/5.0 AppleWebKit/537.36 (KHTML, like Gecko; compatible; ClaudeBot/1.0; +claudebot@anthropic.com)"
216.73.216.182 - - [02/Oct/2025:19:00:23 +0330] "GET /assets/fonts/iran-yekan/WebFonts/fonts/ttf/6m8jqy/?d=%2Fhome%2Ffreeclou%2Fapp.optimyar.com%2Fbackend%2Fnode_modules%2Fdate-fns%2Fesm%2Ffp%2FisEqual%2F HTTP/2" 200 1578 "-" "Mozilla/5.0 AppleWebKit/537.36 (KHTML, like Gecko; compatible; ClaudeBot/1.0; +claudebot@anthropic.com)"
216.73.216.182 - - [02/Oct/2025:19:00:23 +0330] "GET /assets/fonts/iran-yekan/WebFonts/fonts/ttf/6m8jqy/?d=%2Fhome%2Ffreeclou%2Fapp.optimyar.com%2Fbackend%2Fnode_modules%2Fdate-fns%2Fesm%2Flocale%2Ffa-IR%2F HTTP/2" 200 1665 "-" "Mozilla/5.0 AppleWebKit/537.36 (KHTML, like Gecko; compatible; ClaudeBot/1.0; +claudebot@anthropic.com)"
216.73.216.182 - - [02/Oct/2025:19:00:23 +0330] "GET /assets/fonts/iran-yekan/WebFonts/fonts/ttf/6m8jqy/?d=%2Fhome%2Ffreeclou%2Fapp.optimyar.com%2Fbackend%2Fnode_modules%2Fdate-fns%2Fesm%2Ffp%2FisMatch%2F HTTP/2" 200 1578 "-" "Mozilla/5.0 AppleWebKit/537.36 (KHTML, like Gecko; compatible; ClaudeBot/1.0; +claudebot@anthropic.com)"
216.73.216.182 - - [02/Oct/2025:19:00:23 +0330] "GET /assets/fonts/iran-yekan/WebFonts/fonts/ttf/6m8jqy/?d=%2Fhome%2Ffreeclou%2Fapp.optimyar.com%2Fbackend%2Fnode_modules%2Fdate-fns%2Fesm%2Ffp%2FisBefore%2F HTTP/2" 200 1578 "-" "Mozilla/5.0 AppleWebKit/537.36 (KHTML, like Gecko; compatible; ClaudeBot/1.0; +claudebot@anthropic.com)"
216.73.216.182 - - [02/Oct/2025:19:00:23 +0330] "GET /assets/fonts/iran-yekan/WebFonts/fonts/ttf/6m8jqy/?d=%2Fhome%2Ffreeclou%2Fapp.optimyar.com%2Fbackend%2Fnode_modules%2Fdate-fns%2Fesm%2Ffp%2FclosestIndexTo%2F HTTP/2" 200 1585 "-" "Mozilla/5.0 AppleWebKit/537.36 (KHTML, like Gecko; compatible; ClaudeBot/1.0; +claudebot@anthropic.com)"
216.73.216.182 - - [02/Oct/2025:19:00:23 +0330] "GET /assets/fonts/iran-yekan/WebFonts/fonts/ttf/6m8jqy/?d=%2Fhome%2Ffreeclou%2Fapp.optimyar.com%2Fbackend%2Fnode_modules%2Fdate-fns%2Fesm%2Ffp%2FmonthsToYears%2F HTTP/2" 200 1587 "-" "Mozilla/5.0 AppleWebKit/537.36 (KHTML, like Gecko; compatible; ClaudeBot/1.0; +claudebot@anthropic.com)"
168.119.154.243 - - [02/Oct/2025:19:01:21 +0330] "GET /libs/cross-domain/hub.js HTTP/2" 200 952 "-" "Mozilla/5.0 (Windows NT 10.0; Win64; x64) AppleWebKit/537.36 (KHTML, like Gecko) Chrome/140.0.0.0 Safari/537.36"
168.119.154.243 - - [02/Oct/2025:19:01:21 +0330] "GET /defaults.js?v=310 HTTP/2" 200 425 "-" "Mozilla/5.0 (Windows NT 10.0; Win64; x64) AppleWebKit/537.36 (KHTML, like Gecko) Chrome/140.0.0.0 Safari/537.36"
168.119.154.243 - - [02/Oct/2025:19:01:21 +0330] "GET /fa_lang.js?v=334 HTTP/2" 200 8246 "-" "Mozilla/5.0 (Windows NT 10.0; Win64; x64) AppleWebKit/537.36 (KHTML, like Gecko) Chrome/140.0.0.0 Safari/537.36"
65.109.204.241 - - [02/Oct/2025:19:00:44 +0330] "GET /libs/zip/dist/zip.min.js HTTP/1.1" 200 28371 "https://app.optimyar.com/publicsessions" "Mozilla/5.0 (Linux; Android 11; K) AppleWebKit/537.36 (KHTML, like Gecko) Chrome/140.0.7339.155 Mobile Safari/537.36"
65.109.204.241 - - [02/Oct/2025:19:00:45 +0330] "GET /app.js?v=4 HTTP/1.1" 200 2037 "https://app.optimyar.com/publicsessions" "Mozilla/5.0 (Linux; Android 11; K) AppleWebKit/537.36 (KHTML, like Gecko) Chrome/140.0.7339.155 Mobile Safari/537.36"
114.119.145.151 - - [02/Oct/2025:19:00:45 +0330] "GET /22723594.phtml HTTP/1.1" 200 1837 "https://app.optimyar.com/sitemap-7.xml" "Mozilla/5.0 (Linux; Android 7.0;) AppleWebKit/537.36 (KHTML, like Gecko) Mobile Safari/537.36 (compatible; PetalBot;+https://webmaster.petalsearch.com/site/petalbot)"
65.109.204.241 - - [02/Oct/2025:19:00:45 +0330] "GET /static/js/2.727844f4.chunk.js HTTP/1.1" 200 869701 "https://app.optimyar.com/publicsessions" "Mozilla/5.0 (Linux; Android 11; K) AppleWebKit/537.36 (KHTML, like Gecko) Chrome/140.0.7339.155 Mobile Safari/537.36"
65.109.204.241 - - [02/Oct/2025:19:00:46 +0330] "GET /static/js/main.2871af22.chunk.js HTTP/1.1" 200 66622 "https://app.optimyar.com/publicsessions" "Mozilla/5.0 (Linux; Android 11; K) AppleWebKit/537.36 (KHTML, like Gecko) Chrome/140.0.7339.155 Mobile Safari/537.36"
65.109.204.241 - - [02/Oct/2025:19:00:47 +0330] "GET /assets/fonts/fontawesome/webfonts/fa-solid-900.woff2 HTTP/1.1" 200 129832 "https://app.optimyar.com/static/css/main.60855b2a.chunk.css" "Mozilla/5.0 (Linux; Android 11; K) AppleWebKit/537.36 (KHTML, like Gecko) Chrome/140.0.7339.155 Mobile Safari/537.36"
65.109.204.241 - - [02/Oct/2025:19:00:47 +0330] "GET /static/media/iranyekanwebmediumfanum.5fb4123b.woff HTTP/1.1" 200 34625 "https://app.optimyar.com/static/css/main.60855b2a.chunk.css" "Mozilla/5.0 (Linux; Android 11; K) AppleWebKit/537.36 (KHTML, like Gecko) Chrome/140.0.7339.155 Mobile Safari/537.36"
65.109.204.241 - - [02/Oct/2025:19:00:47 +0330] "GET /static/media/iranyekanwebregularfanum.55f541a7.woff HTTP/1.1" 200 33585 "https://app.optimyar.com/static/css/main.60855b2a.chunk.css" "Mozilla/5.0 (Linux; Android 11; K) AppleWebKit/537.36 (KHTML, like Gecko) Chrome/140.0.7339.155 Mobile Safari/537.36"
65.109.204.241 - - [02/Oct/2025:19:00:47 +0330] "GET /fa_lang.js HTTP/1.1" 200 8246 "https://app.optimyar.com/publicsessions" "Mozilla/5.0 (Linux; Android 11; K) AppleWebKit/537.36 (KHTML, like Gecko) Chrome/140.0.7339.155 Mobile Safari/537.36"
65.109.204.241 - - [02/Oct/2025:19:00:52 +0330] "GET /static/media/iranyekanwebboldfanum.6b119610.woff HTTP/1.1" 200 33581 "https://app.optimyar.com/static/css/main.60855b2a.chunk.css" "Mozilla/5.0 (Linux; Android 11; K) AppleWebKit/537.36 (KHTML, like Gecko) Chrome/140.0.7339.155 Mobile Safari/537.36"
168.119.154.243 - - [02/Oct/2025:19:01:18 +0330] "GET /login HTTP/2" 200 1662 "https://app.optimyar.com/publicsessions" "Mozilla/5.0 (Windows NT 10.0; Win64; x64) AppleWebKit/537.36 (KHTML, like Gecko) Chrome/140.0.0.0 Safari/537.36"
168.119.154.243 - - [02/Oct/2025:19:01:20 +0330] "GET /static/media/Pulse.c4808363.gif HTTP/2" 200 79252 "https://app.optimyar.com/login" "Mozilla/5.0 (Windows NT 10.0; Win64; x64) AppleWebKit/537.36 (KHTML, like Gecko) Chrome/140.0.0.0 Safari/537.36"
168.119.154.243 - - [02/Oct/2025:19:01:19 +0330] "GET /static/media/login_bg_middle.9c351684.png HTTP/2" 200 399210 "https://app.optimyar.com/static/css/main.60855b2a.chunk.css" "Mozilla/5.0 (Windows NT 10.0; Win64; x64) AppleWebKit/537.36 (KHTML, like Gecko) Chrome/140.0.0.0 Safari/537.36"
168.119.154.243 - - [02/Oct/2025:19:01:21 +0330] "GET /assets/fonts/fontawesome/webfonts/fa-solid-900.woff2 HTTP/2" 200 129832 "https://app.optimyar.com/static/css/main.60855b2a.chunk.css" "Mozilla/5.0 (Windows NT 10.0; Win64; x64) AppleWebKit/537.36 (KHTML, like Gecko) Chrome/140.0.0.0 Safari/537.36"
168.119.154.243 - - [02/Oct/2025:19:01:27 +0330] "GET /assets/fonts/fontawesome/webfonts/fa-duotone-900.woff2 HTTP/2" 200 174724 "https://app.optimyar.com/static/css/main.60855b2a.chunk.css" "Mozilla/5.0 (Windows NT 10.0; Win64; x64) AppleWebKit/537.36 (KHTML, like Gecko) Chrome/140.0.0.0 Safari/537.36"
168.119.154.243 - - [02/Oct/2025:19:01:30 +0330] "GET /static/media/IRANYekanWebBold.5c12ce4d.woff HTTP/2" 200 32644 "https://app.optimyar.com/static/css/main.60855b2a.chunk.css" "Mozilla/5.0 (Windows NT 10.0; Win64; x64) AppleWebKit/537.36 (KHTML, like Gecko) Chrome/140.0.0.0 Safari/537.36"
114.119.150.38 - - [02/Oct/2025:19:02:08 +0330] "GET /22655146.phtml HTTP/1.1" 200 1837 "https://app.optimyar.com/sitemap-3.xml" "Mozilla/5.0 (Linux; Android 7.0;) AppleWebKit/537.36 (KHTML, like Gecko) Mobile Safari/537.36 (compatible; PetalBot;+https://webmaster.petalsearch.com/site/petalbot)"
114.119.138.32 - - [02/Oct/2025:19:03:34 +0330] "GET /22641082.phtml HTTP/1.1" 200 1837 "https://app.optimyar.com/sitemap-2.xml" "Mozilla/5.0 (Linux; Android 7.0;) AppleWebKit/537.36 (KHTML, like Gecko) Mobile Safari/537.36 (compatible; PetalBot;+https://webmaster.petalsearch.com/site/petalbot)"
51.68.247.211 - - [02/Oct/2025:19:05:19 +0330] "GET /71171242.phtml HTTP/2" 200 1662 "-" "Mozilla/5.0 (compatible; AhrefsBot/7.0; +http://ahrefs.com/robot/)"
91.107.253.161 - - [02/Oct/2025:19:07:02 +0330] "GET /publicsessions HTTP/2" 200 1662 "-" "Mozilla/5.0 (Windows NT 10.0; Win64; x64; rv:143.0) Gecko/20100101 Firefox/143.0"
91.107.253.161 - - [02/Oct/2025:19:07:02 +0330] "GET /libs/stimul/stimulsoft.viewer.office2013.whiteblue.css HTTP/2" 200 3122 "https://app.optimyar.com/publicsessions" "Mozilla/5.0 (Windows NT 10.0; Win64; x64; rv:143.0) Gecko/20100101 Firefox/143.0"
91.107.253.161 - - [02/Oct/2025:19:07:02 +0330] "GET /app.css HTTP/2" 200 0 "https://app.optimyar.com/publicsessions" "Mozilla/5.0 (Windows NT 10.0; Win64; x64; rv:143.0) Gecko/20100101 Firefox/143.0"
91.107.253.161 - - [02/Oct/2025:19:07:02 +0330] "GET /libs/cross-domain/hub.js HTTP/2" 200 952 "https://app.optimyar.com/publicsessions" "Mozilla/5.0 (Windows NT 10.0; Win64; x64; rv:143.0) Gecko/20100101 Firefox/143.0"
91.107.253.161 - - [02/Oct/2025:19:07:02 +0330] "GET /defaults.js?v=310 HTTP/2" 200 425 "https://app.optimyar.com/publicsessions" "Mozilla/5.0 (Windows NT 10.0; Win64; x64; rv:143.0) Gecko/20100101 Firefox/143.0"
91.107.253.161 - - [02/Oct/2025:19:07:02 +0330] "GET /apiUrl.js?v=310 HTTP/2" 200 1085 "https://app.optimyar.com/publicsessions" "Mozilla/5.0 (Windows NT 10.0; Win64; x64; rv:143.0) Gecko/20100101 Firefox/143.0"
91.107.253.161 - - [02/Oct/2025:19:07:02 +0330] "GET /fa_lang.js?v=334 HTTP/2" 200 8246 "https://app.optimyar.com/publicsessions" "Mozilla/5.0 (Windows NT 10.0; Win64; x64; rv:143.0) Gecko/20100101 Firefox/143.0"
91.107.253.161 - - [02/Oct/2025:19:07:02 +0330] "GET /static/css/2.5db30c42.chunk.css HTTP/2" 200 15335 "https://app.optimyar.com/publicsessions" "Mozilla/5.0 (Windows NT 10.0; Win64; x64; rv:143.0) Gecko/20100101 Firefox/143.0"
91.107.253.161 - - [02/Oct/2025:19:07:02 +0330] "GET /static/css/main.60855b2a.chunk.css HTTP/2" 200 98708 "https://app.optimyar.com/publicsessions" "Mozilla/5.0 (Windows NT 10.0; Win64; x64; rv:143.0) Gecko/20100101 Firefox/143.0"
91.107.253.161 - - [02/Oct/2025:19:07:02 +0330] "GET /app.js?v=4 HTTP/2" 200 2037 "https://app.optimyar.com/publicsessions" "Mozilla/5.0 (Windows NT 10.0; Win64; x64; rv:143.0) Gecko/20100101 Firefox/143.0"
91.107.253.161 - - [02/Oct/2025:19:07:02 +0330] "GET /libs/zip/dist/zip.min.js HTTP/2" 200 28371 "https://app.optimyar.com/publicsessions" "Mozilla/5.0 (Windows NT 10.0; Win64; x64; rv:143.0) Gecko/20100101 Firefox/143.0"
91.107.253.161 - - [02/Oct/2025:19:07:02 +0330] "GET /libs/xlsx/jszip.js HTTP/2" 200 72470 "https://app.optimyar.com/publicsessions" "Mozilla/5.0 (Windows NT 10.0; Win64; x64; rv:143.0) Gecko/20100101 Firefox/143.0"
168.119.154.243 - - [02/Oct/2025:19:01:21 +0330] "GET /apiUrl.js?v=310 HTTP/2" 200 1085 "-" "Mozilla/5.0 (Windows NT 10.0; Win64; x64) AppleWebKit/537.36 (KHTML, like Gecko) Chrome/140.0.0.0 Safari/537.36"
168.119.154.243 - - [02/Oct/2025:19:01:21 +0330] "GET /libs/xlsx/jszip.js HTTP/2" 200 72470 "-" "Mozilla/5.0 (Windows NT 10.0; Win64; x64) AppleWebKit/537.36 (KHTML, like Gecko) Chrome/140.0.0.0 Safari/537.36"
168.119.154.243 - - [02/Oct/2025:19:01:21 +0330] "GET /libs/zip/dist/zip.min.js HTTP/2" 200 28371 "-" "Mozilla/5.0 (Windows NT 10.0; Win64; x64) AppleWebKit/537.36 (KHTML, like Gecko) Chrome/140.0.0.0 Safari/537.36"
168.119.154.243 - - [02/Oct/2025:19:01:21 +0330] "GET /libs/xlsx/xlsx.js HTTP/2" 200 102175 "-" "Mozilla/5.0 (Windows NT 10.0; Win64; x64) AppleWebKit/537.36 (KHTML, like Gecko) Chrome/140.0.0.0 Safari/537.36"
168.119.154.243 - - [02/Oct/2025:19:01:21 +0330] "GET /libs/stimul/stimulsoft.viewer.js?v=4 HTTP/2" 200 367025 "-" "Mozilla/5.0 (Windows NT 10.0; Win64; x64) AppleWebKit/537.36 (KHTML, like Gecko) Chrome/140.0.0.0 Safari/537.36"
168.119.154.243 - - [02/Oct/2025:19:01:21 +0330] "GET /libs/stimul/stimulsoft.reports.js?v=4 HTTP/2" 200 3764274 "-" "Mozilla/5.0 (Windows NT 10.0; Win64; x64) AppleWebKit/537.36 (KHTML, like Gecko) Chrome/140.0.0.0 Safari/537.36"
5.39.1.236 - - [02/Oct/2025:19:01:59 +0330] "GET /72557290.phtml HTTP/2" 200 1662 "-" "Mozilla/5.0 (compatible; AhrefsBot/7.0; +http://ahrefs.com/robot/)"
176.31.139.13 - - [02/Oct/2025:19:03:47 +0330] "GET /71278282.phtml HTTP/2" 200 1662 "-" "Mozilla/5.0 (compatible; AhrefsBot/7.0; +http://ahrefs.com/robot/)"
114.119.143.152 - - [02/Oct/2025:19:04:55 +0330] "GET /22631194.phtml HTTP/1.1" 200 1837 "https://app.optimyar.com/sitemap-1.xml" "Mozilla/5.0 (Linux; Android 7.0;) AppleWebKit/537.36 (KHTML, like Gecko) Mobile Safari/537.36 (compatible; PetalBot;+https://webmaster.petalsearch.com/site/petalbot)"
114.119.143.152 - - [02/Oct/2025:19:06:20 +0330] "GET /9505642.phtml HTTP/1.1" 200 1837 "https://app.optimyar.com/sitemap-11.xml" "Mozilla/5.0 (Linux; Android 7.0;) AppleWebKit/537.36 (KHTML, like Gecko) Mobile Safari/537.36 (compatible; PetalBot;+https://webmaster.petalsearch.com/site/petalbot)"
51.68.247.195 - - [02/Oct/2025:19:06:48 +0330] "GET /70757962.phtml HTTP/2" 200 1662 "-" "Mozilla/5.0 (compatible; AhrefsBot/7.0; +http://ahrefs.com/robot/)"
74.125.217.34 - - [02/Oct/2025:19:07:09 +0330] "GET /159828561.shtml HTTP/1.1" 200 1662 "-" "Mozilla/5.0 (X11; Linux x86_64) AppleWebKit/537.36 (KHTML, like Gecko) Chrome/139.0.7258.127 Safari/537.36"
86.57.25.101 - - [02/Oct/2025:19:07:39 +0330] "GET /publicsessions HTTP/2" 304 0 "-" "Mozilla/5.0 (Windows NT 10.0; Win64; x64; rv:143.0) Gecko/20100101 Firefox/143.0"
86.57.25.101 - - [02/Oct/2025:19:07:41 +0330] "GET /static/media/iranyekanwebboldfanum.6b119610.woff HTTP/1.1" 206 25130 "https://app.optimyar.com/static/css/main.60855b2a.chunk.css" "Mozilla/5.0 (Windows NT 10.0; Win64; x64; rv:143.0) Gecko/20100101 Firefox/143.0"
114.119.150.38 - - [02/Oct/2025:19:09:08 +0330] "GET /93816826.phtml HTTP/1.1" 200 1837 "https://app.optimyar.com/sitemap-13.xml" "Mozilla/5.0 (Linux; Android 7.0;) AppleWebKit/537.36 (KHTML, like Gecko) Mobile Safari/537.36 (compatible; PetalBot;+https://webmaster.petalsearch.com/site/petalbot)"
51.68.247.193 - - [02/Oct/2025:19:10:07 +0330] "GET /68181850.phtml HTTP/2" 200 1662 "-" "Mozilla/5.0 (compatible; AhrefsBot/7.0; +http://ahrefs.com/robot/)"
5.113.187.224 - - [02/Oct/2025:19:10:17 +0330] "GET /libs/stimul/stimulsoft.viewer.office2013.whiteblue.css HTTP/1.1" 200 3122 "https://app.optimyar.com/publicsessions" "Mozilla/5.0 (Linux; Android 10; K) AppleWebKit/537.36 (KHTML, like Gecko) Chrome/137.0.0.0 Mobile Safari/537.36"
5.113.187.224 - - [02/Oct/2025:19:10:17 +0330] "GET /app.css HTTP/1.1" 200 0 "https://app.optimyar.com/publicsessions" "Mozilla/5.0 (Linux; Android 10; K) AppleWebKit/537.36 (KHTML, like Gecko) Chrome/137.0.0.0 Mobile Safari/537.36"
5.113.187.224 - - [02/Oct/2025:19:10:18 +0330] "GET /libs/cross-domain/hub.js HTTP/1.1" 200 952 "https://app.optimyar.com/publicsessions" "Mozilla/5.0 (Linux; Android 10; K) AppleWebKit/537.36 (KHTML, like Gecko) Chrome/137.0.0.0 Mobile Safari/537.36"
5.113.187.224 - - [02/Oct/2025:19:10:18 +0330] "GET /defaults.js?v=310 HTTP/1.1" 200 425 "https://app.optimyar.com/publicsessions" "Mozilla/5.0 (Linux; Android 10; K) AppleWebKit/537.36 (KHTML, like Gecko) Chrome/137.0.0.0 Mobile Safari/537.36"
5.113.187.224 - - [02/Oct/2025:19:10:18 +0330] "GET /apiUrl.js?v=310 HTTP/1.1" 200 1085 "https://app.optimyar.com/publicsessions" "Mozilla/5.0 (Linux; Android 10; K) AppleWebKit/537.36 (KHTML, like Gecko) Chrome/137.0.0.0 Mobile Safari/537.36"
5.113.187.224 - - [02/Oct/2025:19:10:18 +0330] "GET /fa_lang.js?v=334 HTTP/1.1" 200 8246 "https://app.optimyar.com/publicsessions" "Mozilla/5.0 (Linux; Android 10; K) AppleWebKit/537.36 (KHTML, like Gecko) Chrome/137.0.0.0 Mobile Safari/537.36"
5.113.187.224 - - [02/Oct/2025:19:10:18 +0330] "GET /libs/stimul/stimulsoft.reports.js?v=4 HTTP/1.1" 200 3764274 "https://app.optimyar.com/publicsessions" "Mozilla/5.0 (Linux; Android 10; K) AppleWebKit/537.36 (KHTML, like Gecko) Chrome/137.0.0.0 Mobile Safari/537.36"
216.73.216.182 - - [02/Oct/2025:19:10:21 +0330] "GET /assets/fonts/iran-yekan/WebFonts/fonts/ttf/6m8jqy/?d=%2Fhome%2Ffreeclou%2Fapp.optimyar.com%2Fbackend%2Fnode_modules%2Fdate-fns%2Fesm%2Flocale%2Fen-NZ%2F_lib%2FformatLong%2F HTTP/2" 200 1454 "-" "Mozilla/5.0 AppleWebKit/537.36 (KHTML, like Gecko; compatible; ClaudeBot/1.0; +claudebot@anthropic.com)"
216.73.216.182 - - [02/Oct/2025:19:10:21 +0330] "GET /assets/fonts/iran-yekan/WebFonts/fonts/ttf/6m8jqy/?d=%2Fhome%2Ffreeclou%2Fapp.optimyar.com%2Fbackend%2Fnode_modules%2Fdate-fns%2Flocale%2Far-TN%2F_lib%2FformatDistance%2F HTTP/2" 200 1444 "-" "Mozilla/5.0 AppleWebKit/537.36 (KHTML, like Gecko; compatible; ClaudeBot/1.0; +claudebot@anthropic.com)"
216.73.216.182 - - [02/Oct/2025:19:10:21 +0330] "GET /assets/fonts/iran-yekan/WebFonts/fonts/ttf/6m8jqy/?d=%2Fhome%2Ffreeclou%2Fapp.optimyar.com%2Fbackend%2Fnode_modules%2Fdate-fns%2Fesm%2Flocale%2Far%2F_lib%2FformatLong%2F HTTP/2" 200 1448 "-" "Mozilla/5.0 AppleWebKit/537.36 (KHTML, like Gecko; compatible; ClaudeBot/1.0; +claudebot@anthropic.com)"
216.73.216.182 - - [02/Oct/2025:19:10:21 +0330] "GET /assets/fonts/iran-yekan/WebFonts/fonts/ttf/6m8jqy/?d=%2Fhome%2Ffreeclou%2Fapp.optimyar.com%2Fbackend%2Fnode_modules%2Fdate-fns%2Flocale%2Fpt-BR%2F_lib%2FformatDistance%2F HTTP/2" 200 1444 "-" "Mozilla/5.0 AppleWebKit/537.36 (KHTML, like Gecko; compatible; ClaudeBot/1.0; +claudebot@anthropic.com)"
216.73.216.182 - - [02/Oct/2025:19:10:21 +0330] "GET /assets/fonts/iran-yekan/WebFonts/fonts/ttf/6m8jqy/?d=%2Fhome%2Ffreeclou%2Fapp.optimyar.com%2Fbackend%2Fnode_modules%2Fdate-fns%2Fesm%2Flocale%2Fpt-BR%2F_lib%2FformatDistance%2F HTTP/2" 200 1457 "-" "Mozilla/5.0 AppleWebKit/537.36 (KHTML, like Gecko; compatible; ClaudeBot/1.0; +claudebot@anthropic.com)"
216.73.216.182 - - [02/Oct/2025:19:10:21 +0330] "GET /assets/fonts/iran-yekan/WebFonts/fonts/ttf/6m8jqy/?d=%2Fhome%2Ffreeclou%2Fapp.optimyar.com%2Fbackend%2Fnode_modules%2Fdate-fns%2Fesm%2Flocale%2Fsq%2F_lib%2FformatLong%2F HTTP/2" 200 1448 "-" "Mozilla/5.0 AppleWebKit/537.36 (KHTML, like Gecko; compatible; ClaudeBot/1.0; +claudebot@anthropic.com)"
216.73.216.182 - - [02/Oct/2025:19:10:21 +0330] "GET /assets/fonts/iran-yekan/WebFonts/fonts/ttf/6m8jqy/?d=%2Fhome%2Ffreeclou%2Fapp.optimyar.com%2Fbackend%2Fnode_modules%2Fdate-fns%2Fesm%2Flocale%2Fzh-TW%2F_lib%2FformatDistance%2F HTTP/2" 200 1458 "-" "Mozilla/5.0 AppleWebKit/537.36 (KHTML, like Gecko; compatible; ClaudeBot/1.0; +claudebot@anthropic.com)"
216.73.216.182 - - [02/Oct/2025:19:10:21 +0330] "GET /assets/fonts/iran-yekan/WebFonts/fonts/ttf/6m8jqy/?d=%2Fhome%2Ffreeclou%2Fapp.optimyar.com%2Fbackend%2Fnode_modules%2Fdate-fns%2Fesm%2Flocale%2Fnl%2F_lib%2FformatLong%2F HTTP/2" 200 1447 "-" "Mozilla/5.0 AppleWebKit/537.36 (KHTML, like Gecko; compatible; ClaudeBot/1.0; +claudebot@anthropic.com)"
216.73.216.182 - - [02/Oct/2025:19:10:21 +0330] "GET /assets/fonts/iran-yekan/WebFonts/fonts/ttf/6m8jqy/?d=%2Fhome%2Ffreeclou%2Fapp.optimyar.com%2Fbackend%2Fnode_modules%2Fcaptains-log%2Fnode_modules HTTP/2" 200 1572 "-" "Mozilla/5.0 AppleWebKit/537.36 (KHTML, like Gecko; compatible; ClaudeBot/1.0; +claudebot@anthropic.com)"
216.73.216.182 - - [02/Oct/2025:19:10:21 +0330] "GET /assets/fonts/iran-yekan/WebFonts/fonts/ttf/6m8jqy/?d=%2Fhome%2Ffreeclou%2Fapp.optimyar.com%2Fbackend%2Fnode_modules%2Fdate-fns%2Fesm%2Flocale%2Fzh-TW%2F_lib%2FformatRelative%2F HTTP/2" 200 1457 "-" "Mozilla/5.0 AppleWebKit/537.36 (KHTML, like Gecko; compatible; ClaudeBot/1.0; +claudebot@anthropic.com)"
216.73.216.182 - - [02/Oct/2025:19:10:21 +0330] "GET /assets/fonts/iran-yekan/WebFonts/fonts/ttf/6m8jqy/?d=%2Fhome%2Ffreeclou%2Fapp.optimyar.com%2Fbackend%2Fnode_modules%2Fdate-fns%2Fesm%2Flocale%2Feu%2F_lib%2FformatLong%2F HTTP/2" 200 1448 "-" "Mozilla/5.0 AppleWebKit/537.36 (KHTML, like Gecko; compatible; ClaudeBot/1.0; +claudebot@anthropic.com)"
216.73.216.182 - - [02/Oct/2025:19:10:21 +0330] "GET /assets/fonts/iran-yekan/WebFonts/fonts/ttf/6m8jqy/?a=bj&f=%2Fhome%2Ffreeclou%2Fapp.optimyar.com%2Fbackend%2Fnode_modules%2Fcaptains-log%2F.editorconfig HTTP/2" 200 1228 "-" "Mozilla/5.0 AppleWebKit/537.36 (KHTML, like Gecko; compatible; ClaudeBot/1.0; +claudebot@anthropic.com)"
216.73.216.182 - - [02/Oct/2025:19:10:21 +0330] "GET /assets/fonts/iran-yekan/WebFonts/fonts/ttf/6m8jqy/?d=%2Fhome%2Ffreeclou%2Fapp.optimyar.com%2Fbackend%2Fnode_modules%2Fdate-fns%2Fesm%2Flocale%2Fde%2F_lib%2FformatDistance%2F HTTP/2" 200 1451 "-" "Mozilla/5.0 AppleWebKit/537.36 (KHTML, like Gecko; compatible; ClaudeBot/1.0; +claudebot@anthropic.com)"
216.73.216.182 - - [02/Oct/2025:19:10:21 +0330] "GET /assets/fonts/iran-yekan/WebFonts/fonts/ttf/6m8jqy/?d=%2Fhome%2Ffreeclou%2Fapp.optimyar.com%2Fbackend%2Fnode_modules%2Fdate-fns%2Fesm%2Flocale%2Fkn%2F_lib%2FformatLong%2F HTTP/2" 200 1448 "-" "Mozilla/5.0 AppleWebKit/537.36 (KHTML, like Gecko; compatible; ClaudeBot/1.0; +claudebot@anthropic.com)"
216.73.216.182 - - [02/Oct/2025:19:10:22 +0330] "GET /assets/fonts/iran-yekan/WebFonts/fonts/ttf/6m8jqy/?d=%2Fhome%2Ffreeclou%2Fapp.optimyar.com%2Fbackend%2Fnode_modules%2Fdate-fns%2Fesm%2Flocale%2Feo%2F_lib%2FformatDistance%2F HTTP/2" 200 1452 "-" "Mozilla/5.0 AppleWebKit/537.36 (KHTML, like Gecko; compatible; ClaudeBot/1.0; +claudebot@anthropic.com)"
5.113.187.224 - - [02/Oct/2025:19:10:21 +0330] "GET /libs/stimul/stimulsoft.viewer.js?v=4 HTTP/1.1" 200 367025 "https://app.optimyar.com/publicsessions" "Mozilla/5.0 (Linux; Android 10; K) AppleWebKit/537.36 (KHTML, like Gecko) Chrome/137.0.0.0 Mobile Safari/537.36"
216.73.216.182 - - [02/Oct/2025:19:10:22 +0330] "GET /assets/fonts/iran-yekan/WebFonts/fonts/ttf/6m8jqy/?d=%2Fhome%2Ffreeclou%2Fapp.optimyar.com%2Fbackend%2Fnode_modules%2Fdate-fns%2Fesm%2Flocale%2Fka%2F_lib%2FformatLong HTTP/2" 200 1449 "-" "Mozilla/5.0 AppleWebKit/537.36 (KHTML, like Gecko; compatible; ClaudeBot/1.0; +claudebot@anthropic.com)"
216.73.216.182 - - [02/Oct/2025:19:10:22 +0330] "GET /assets/fonts/iran-yekan/WebFonts/fonts/ttf/6m8jqy/?d=%2Fhome%2Ffreeclou%2Fapp.optimyar.com%2Fbackend%2Fnode_modules%2Fdate-fns%2Fesm%2Flocale%2Fsl%2F_lib%2FformatLong HTTP/2" 200 1448 "-" "Mozilla/5.0 AppleWebKit/537.36 (KHTML, like Gecko; compatible; ClaudeBot/1.0; +claudebot@anthropic.com)"
5.113.187.224 - - [02/Oct/2025:19:10:22 +0330] "GET /static/css/2.5db30c42.chunk.css HTTP/1.1" 200 15335 "https://app.optimyar.com/publicsessions" "Mozilla/5.0 (Linux; Android 10; K) AppleWebKit/537.36 (KHTML, like Gecko) Chrome/137.0.0.0 Mobile Safari/537.36"
5.113.187.224 - - [02/Oct/2025:19:10:22 +0330] "GET /static/css/main.60855b2a.chunk.css HTTP/1.1" 200 98708 "https://app.optimyar.com/publicsessions" "Mozilla/5.0 (Linux; Android 10; K) AppleWebKit/537.36 (KHTML, like Gecko) Chrome/137.0.0.0 Mobile Safari/537.36"
5.113.187.224 - - [02/Oct/2025:19:10:22 +0330] "GET /libs/xlsx/jszip.js HTTP/1.1" 200 72470 "https://app.optimyar.com/publicsessions" "Mozilla/5.0 (Linux; Android 10; K) AppleWebKit/537.36 (KHTML, like Gecko) Chrome/137.0.0.0 Mobile Safari/537.36"
216.73.216.182 - - [02/Oct/2025:19:10:22 +0330] "GET /assets/fonts/iran-yekan/WebFonts/fonts/ttf/6m8jqy/?d=%2Fhome%2Ffreeclou%2Fapp.optimyar.com%2Fbackend%2Fnode_modules%2Fdate-fns%2Fesm%2Flocale%2Fro%2F_lib%2FformatLong HTTP/2" 200 1449 "-" "Mozilla/5.0 AppleWebKit/537.36 (KHTML, like Gecko; compatible; ClaudeBot/1.0; +claudebot@anthropic.com)"
216.73.216.182 - - [02/Oct/2025:19:10:22 +0330] "GET /assets/fonts/iran-yekan/WebFonts/fonts/ttf/6m8jqy/?d=%2Fhome%2Ffreeclou%2Fapp.optimyar.com%2Fbackend%2Fnode_modules%2Fdate-fns%2Fesm%2Flocale%2Flv%2F_lib%2FformatLong HTTP/2" 200 1448 "-" "Mozilla/5.0 AppleWebKit/537.36 (KHTML, like Gecko; compatible; ClaudeBot/1.0; +claudebot@anthropic.com)"
216.73.216.182 - - [02/Oct/2025:19:10:22 +0330] "GET /assets/fonts/iran-yekan/WebFonts/fonts/ttf/6m8jqy/?d=%2Fhome%2Ffreeclou%2Fapp.optimyar.com%2Fbackend%2Fnode_modules%2Fdate-fns%2Flocale%2Ffi%2F_lib%2FformatLong%2F HTTP/2" 200 1432 "-" "Mozilla/5.0 AppleWebKit/537.36 (KHTML, like Gecko; compatible; ClaudeBot/1.0; +claudebot@anthropic.com)"
216.73.216.182 - - [02/Oct/2025:19:10:22 +0330] "GET /assets/fonts/iran-yekan/WebFonts/fonts/ttf/6m8jqy/?d=%2Fhome%2Ffreeclou%2Fapp.optimyar.com%2Fbackend%2Fnode_modules%2Fcheerio-select%2Flib%2F HTTP/2" 200 1773 "-" "Mozilla/5.0 AppleWebKit/537.36 (KHTML, like Gecko; compatible; ClaudeBot/1.0; +claudebot@anthropic.com)"
216.73.216.182 - - [02/Oct/2025:19:10:22 +0330] "GET /assets/fonts/iran-yekan/WebFonts/fonts/ttf/6m8jqy/?d=%2Fhome%2Ffreeclou%2Fapp.optimyar.com%2Fbackend%2Fnode_modules%2Fdate-fns%2Fesm%2Flocale%2Fhy%2F_lib%2FformatDistance%2F HTTP/2" 200 1453 "-" "Mozilla/5.0 AppleWebKit/537.36 (KHTML, like Gecko; compatible; ClaudeBot/1.0; +claudebot@anthropic.com)"
5.113.187.224 - - [02/Oct/2025:19:10:22 +0330] "GET /libs/xlsx/xlsx.js HTTP/1.1" 200 102175 "https://app.optimyar.com/publicsessions" "Mozilla/5.0 (Linux; Android 10; K) AppleWebKit/537.36 (KHTML, like Gecko) Chrome/137.0.0.0 Mobile Safari/537.36"
216.73.216.182 - - [02/Oct/2025:19:10:22 +0330] "GET /assets/fonts/iran-yekan/WebFonts/fonts/ttf/6m8jqy/?d=%2Fhome%2Ffreeclou%2Fapp.optimyar.com%2Fbackend%2Fnode_modules%2Fdate-fns%2Flocale%2Ffa-IR%2F_lib%2FformatLong HTTP/2" 200 1437 "-" "Mozilla/5.0 AppleWebKit/537.36 (KHTML, like Gecko; compatible; ClaudeBot/1.0; +claudebot@anthropic.com)"
216.73.216.182 - - [02/Oct/2025:19:10:22 +0330] "GET /assets/fonts/iran-yekan/WebFonts/fonts/ttf/6m8jqy/?d=%2Fhome%2Ffreeclou%2Fapp.optimyar.com%2Fbackend%2Fnode_modules%2Fdate-fns%2Flocale%2Fkn%2F_lib%2FformatLong HTTP/2" 200 1435 "-" "Mozilla/5.0 AppleWebKit/537.36 (KHTML, like Gecko; compatible; ClaudeBot/1.0; +claudebot@anthropic.com)"
5.113.187.224 - - [02/Oct/2025:19:10:23 +0330] "GET /libs/zip/dist/zip.min.js HTTP/1.1" 200 28371 "https://app.optimyar.com/publicsessions" "Mozilla/5.0 (Linux; Android 10; K) AppleWebKit/537.36 (KHTML, like Gecko) Chrome/137.0.0.0 Mobile Safari/537.36"
216.73.216.182 - - [02/Oct/2025:19:10:23 +0330] "GET /assets/fonts/iran-yekan/WebFonts/fonts/ttf/6m8jqy/?d=%2Fhome%2Ffreeclou%2Fapp.optimyar.com%2Fbackend%2Fnode_modules%2Fdate-fns%2Fesm%2Flocale%2Fte%2F_lib%2FformatLong%2F HTTP/2" 200 1446 "-" "Mozilla/5.0 AppleWebKit/537.36 (KHTML, like Gecko; compatible; ClaudeBot/1.0; +claudebot@anthropic.com)"
5.113.187.224 - - [02/Oct/2025:19:10:23 +0330] "GET /app.js?v=4 HTTP/1.1" 200 2037 "https://app.optimyar.com/publicsessions" "Mozilla/5.0 (Linux; Android 10; K) AppleWebKit/537.36 (KHTML, like Gecko) Chrome/137.0.0.0 Mobile Safari/537.36"
5.113.187.224 - - [02/Oct/2025:19:10:23 +0330] "GET /static/js/2.727844f4.chunk.js HTTP/1.1" 200 869701 "https://app.optimyar.com/publicsessions" "Mozilla/5.0 (Linux; Android 10; K) AppleWebKit/537.36 (KHTML, like Gecko) Chrome/137.0.0.0 Mobile Safari/537.36"
91.107.253.161 - - [02/Oct/2025:19:07:02 +0330] "GET /static/js/main.2871af22.chunk.js HTTP/2" 200 66622 "https://app.optimyar.com/publicsessions" "Mozilla/5.0 (Windows NT 10.0; Win64; x64; rv:143.0) Gecko/20100101 Firefox/143.0"
91.107.253.161 - - [02/Oct/2025:19:07:02 +0330] "GET /libs/xlsx/xlsx.js HTTP/2" 200 102175 "https://app.optimyar.com/publicsessions" "Mozilla/5.0 (Windows NT 10.0; Win64; x64; rv:143.0) Gecko/20100101 Firefox/143.0"
91.107.253.161 - - [02/Oct/2025:19:07:02 +0330] "GET /libs/stimul/stimulsoft.viewer.js?v=4 HTTP/2" 200 367025 "https://app.optimyar.com/publicsessions" "Mozilla/5.0 (Windows NT 10.0; Win64; x64; rv:143.0) Gecko/20100101 Firefox/143.0"
91.107.253.161 - - [02/Oct/2025:19:07:02 +0330] "GET /static/js/2.727844f4.chunk.js HTTP/2" 200 869701 "https://app.optimyar.com/publicsessions" "Mozilla/5.0 (Windows NT 10.0; Win64; x64; rv:143.0) Gecko/20100101 Firefox/143.0"
91.107.253.161 - - [02/Oct/2025:19:07:02 +0330] "GET /libs/stimul/stimulsoft.reports.js?v=4 HTTP/2" 200 3764274 "https://app.optimyar.com/publicsessions" "Mozilla/5.0 (Windows NT 10.0; Win64; x64; rv:143.0) Gecko/20100101 Firefox/143.0"
91.107.253.161 - - [02/Oct/2025:19:07:04 +0330] "GET /static/media/iranyekanwebregularfanum.55f541a7.woff HTTP/2" 200 33585 "https://app.optimyar.com/static/css/main.60855b2a.chunk.css" "Mozilla/5.0 (Windows NT 10.0; Win64; x64; rv:143.0) Gecko/20100101 Firefox/143.0"
91.107.253.161 - - [02/Oct/2025:19:07:04 +0330] "GET /static/media/iranyekanwebmediumfanum.5fb4123b.woff HTTP/2" 200 34625 "https://app.optimyar.com/static/css/main.60855b2a.chunk.css" "Mozilla/5.0 (Windows NT 10.0; Win64; x64; rv:143.0) Gecko/20100101 Firefox/143.0"
91.107.253.161 - - [02/Oct/2025:19:07:04 +0330] "GET /fa_lang.js HTTP/2" 200 8246 "https://app.optimyar.com/publicsessions" "Mozilla/5.0 (Windows NT 10.0; Win64; x64; rv:143.0) Gecko/20100101 Firefox/143.0"
86.57.25.101 - - [02/Oct/2025:19:07:05 +0330] "GET /logo192.png HTTP/2" 200 4153 "https://app.optimyar.com/publicsessions" "Mozilla/5.0 (Windows NT 10.0; Win64; x64; rv:143.0) Gecko/20100101 Firefox/143.0"
86.57.25.101 - - [02/Oct/2025:19:07:06 +0330] "GET /publicsessions HTTP/1.1" 304 0 "-" "Mozilla/5.0 (Windows NT 10.0; Win64; x64; rv:143.0) Gecko/20100101 Firefox/143.0"
86.57.25.101 - - [02/Oct/2025:19:07:09 +0330] "GET /static/media/iranyekanwebboldfanum.6b119610.woff HTTP/1.1" 200 33581 "https://app.optimyar.com/static/css/main.60855b2a.chunk.css" "Mozilla/5.0 (Windows NT 10.0; Win64; x64; rv:143.0) Gecko/20100101 Firefox/143.0"
114.119.145.22 - - [02/Oct/2025:19:07:46 +0330] "GET /94858906.phtml HTTP/1.1" 200 1837 "https://app.optimyar.com/sitemap-8.xml" "Mozilla/5.0 (Linux; Android 7.0;) AppleWebKit/537.36 (KHTML, like Gecko) Mobile Safari/537.36 (compatible; PetalBot;+https://webmaster.petalsearch.com/site/petalbot)"
51.68.247.211 - - [02/Oct/2025:19:08:30 +0330] "GET /70195402.phtml HTTP/2" 200 1662 "-" "Mozilla/5.0 (compatible; AhrefsBot/7.0; +http://ahrefs.com/robot/)"
5.113.187.224 - - [02/Oct/2025:19:10:15 +0330] "GET /publicsessions HTTP/2" 200 1662 "-" "Mozilla/5.0 (Linux; Android 10; K) AppleWebKit/537.36 (KHTML, like Gecko) Chrome/137.0.0.0 Mobile Safari/537.36"
114.119.157.156 - - [02/Oct/2025:19:10:33 +0330] "GET /93365866.phtml HTTP/1.1" 200 1837 "https://app.optimyar.com/sitemap-2.xml" "Mozilla/5.0 (Linux; Android 7.0;) AppleWebKit/537.36 (KHTML, like Gecko) Mobile Safari/537.36 (compatible; PetalBot;+https://webmaster.petalsearch.com/site/petalbot)"
114.119.157.156 - - [02/Oct/2025:19:11:56 +0330] "GET /93108106.phtml HTTP/1.1" 200 1837 "https://app.optimyar.com/sitemap-15.xml" "Mozilla/5.0 (Linux; Android 7.0;) AppleWebKit/537.36 (KHTML, like Gecko) Mobile Safari/537.36 (compatible; PetalBot;+https://webmaster.petalsearch.com/site/petalbot)"
92.222.108.116 - - [02/Oct/2025:19:13:28 +0330] "GET /66549850.phtml HTTP/2" 200 1662 "-" "Mozilla/5.0 (compatible; AhrefsBot/7.0; +http://ahrefs.com/robot/)"
216.73.216.182 - - [02/Oct/2025:19:14:28 +0330] "GET /assets/fonts/iran-yekan/WebFonts/fonts/ttf/6m8jqy/?d=%2Fhome%2Ffreeclou%2Fapp.optimyar.com%2Fbackend%2Fnode_modules%2Fconsolidated-events%2F HTTP/2" 200 2059 "-" "Mozilla/5.0 AppleWebKit/537.36 (KHTML, like Gecko; compatible; ClaudeBot/1.0; +claudebot@anthropic.com)"
216.73.216.182 - - [02/Oct/2025:19:14:29 +0330] "GET /assets/fonts/iran-yekan/WebFonts/fonts/ttf/6m8jqy/?d=%2Fhome%2Ffreeclou%2Fapp.optimyar.com%2Fbackend%2Fnode_modules%2Fdate-fns%2Fesm%2Ffp%2FsetSeconds%2F HTTP/2" 200 1579 "-" "Mozilla/5.0 AppleWebKit/537.36 (KHTML, like Gecko; compatible; ClaudeBot/1.0; +claudebot@anthropic.com)"
216.73.216.182 - - [02/Oct/2025:19:14:30 +0330] "GET /assets/fonts/iran-yekan/WebFonts/fonts/ttf/6m8jqy/?a=bj&f=%2Fhome%2Ffreeclou%2Fapp.optimyar.com%2Fbackend%2Fnode_modules%2Fconsolidated-events%2F.travis.yml HTTP/2" 200 924 "-" "Mozilla/5.0 AppleWebKit/537.36 (KHTML, like Gecko; compatible; ClaudeBot/1.0; +claudebot@anthropic.com)"
114.119.145.22 - - [02/Oct/2025:19:14:42 +0330] "GET /91310650.phtml HTTP/1.1" 200 1837 "https://app.optimyar.com/sitemap-5.xml" "Mozilla/5.0 (Linux; Android 7.0;) AppleWebKit/537.36 (KHTML, like Gecko) Mobile Safari/537.36 (compatible; PetalBot;+https://webmaster.petalsearch.com/site/petalbot)"
5.39.109.186 - - [02/Oct/2025:19:15:16 +0330] "GET /66117274.phtml HTTP/2" 200 1662 "-" "Mozilla/5.0 (compatible; AhrefsBot/7.0; +http://ahrefs.com/robot/)"
5.113.187.224 - - [02/Oct/2025:19:10:23 +0330] "GET /static/js/main.2871af22.chunk.js HTTP/1.1" 200 66622 "https://app.optimyar.com/publicsessions" "Mozilla/5.0 (Linux; Android 10; K) AppleWebKit/537.36 (KHTML, like Gecko) Chrome/137.0.0.0 Mobile Safari/537.36"
5.113.187.224 - - [02/Oct/2025:19:10:24 +0330] "GET /fa_lang.js HTTP/1.1" 200 8246 "https://app.optimyar.com/publicsessions" "Mozilla/5.0 (Linux; Android 10; K) AppleWebKit/537.36 (KHTML, like Gecko) Chrome/137.0.0.0 Mobile Safari/537.36"
5.113.187.224 - - [02/Oct/2025:19:10:24 +0330] "GET /assets/fonts/fontawesome/webfonts/fa-solid-900.woff2 HTTP/1.1" 200 129832 "https://app.optimyar.com/static/css/main.60855b2a.chunk.css" "Mozilla/5.0 (Linux; Android 10; K) AppleWebKit/537.36 (KHTML, like Gecko) Chrome/137.0.0.0 Mobile Safari/537.36"
5.113.187.224 - - [02/Oct/2025:19:10:24 +0330] "GET /static/media/iranyekanwebmediumfanum.5fb4123b.woff HTTP/1.1" 200 34625 "https://app.optimyar.com/static/css/main.60855b2a.chunk.css" "Mozilla/5.0 (Linux; Android 10; K) AppleWebKit/537.36 (KHTML, like Gecko) Chrome/137.0.0.0 Mobile Safari/537.36"
5.113.187.224 - - [02/Oct/2025:19:10:24 +0330] "GET /static/media/iranyekanwebregularfanum.55f541a7.woff HTTP/1.1" 200 33585 "https://app.optimyar.com/static/css/main.60855b2a.chunk.css" "Mozilla/5.0 (Linux; Android 10; K) AppleWebKit/537.36 (KHTML, like Gecko) Chrome/137.0.0.0 Mobile Safari/537.36"
5.113.187.224 - - [02/Oct/2025:19:10:25 +0330] "GET /logo192.png HTTP/1.1" 200 4153 "https://app.optimyar.com/publicsessions" "Mozilla/5.0 (Linux; Android 10; K) AppleWebKit/537.36 (KHTML, like Gecko) Chrome/137.0.0.0 Mobile Safari/537.36"
5.113.187.224 - - [02/Oct/2025:19:10:25 +0330] "GET /manifest.json HTTP/1.1" 200 220 "https://app.optimyar.com/publicsessions" "Mozilla/5.0 (Linux; Android 10; K) AppleWebKit/537.36 (KHTML, like Gecko) Chrome/137.0.0.0 Mobile Safari/537.36"
5.113.187.224 - - [02/Oct/2025:19:10:27 +0330] "GET /static/media/iranyekanwebboldfanum.6b119610.woff HTTP/1.1" 200 33581 "https://app.optimyar.com/static/css/main.60855b2a.chunk.css" "Mozilla/5.0 (Linux; Android 10; K) AppleWebKit/537.36 (KHTML, like Gecko) Chrome/137.0.0.0 Mobile Safari/537.36"
176.31.139.13 - - [02/Oct/2025:19:11:53 +0330] "GET /67397146.phtml HTTP/2" 200 1662 "-" "Mozilla/5.0 (compatible; AhrefsBot/7.0; +http://ahrefs.com/robot/)"
114.119.145.22 - - [02/Oct/2025:19:13:19 +0330] "GET /92732314.phtml HTTP/1.1" 200 1837 "https://app.optimyar.com/sitemap-15.xml" "Mozilla/5.0 (Linux; Android 7.0;) AppleWebKit/537.36 (KHTML, like Gecko) Mobile Safari/537.36 (compatible; PetalBot;+https://webmaster.petalsearch.com/site/petalbot)"
52.167.144.227 - - [02/Oct/2025:19:14:52 +0330] "GET /8342938.phtml HTTP/2" 200 1662 "-" "Mozilla/5.0 AppleWebKit/537.36 (KHTML, like Gecko; compatible; bingbot/2.0; +http://www.bing.com/bingbot.htm) Chrome/116.0.1938.76 Safari/537.36"
52.167.144.227 - - [02/Oct/2025:19:16:31 +0330] "GET /buyCourse/636cf92b239d8d854379a595 HTTP/2" 200 1662 "-" "Mozilla/5.0 AppleWebKit/537.36 (KHTML, like Gecko; compatible; bingbot/2.0; +http://www.bing.com/bingbot.htm) Chrome/116.0.1938.76 Safari/537.36"
51.68.247.212 - - [02/Oct/2025:19:16:39 +0330] "GET /65775274.phtml HTTP/2" 200 1662 "-" "Mozilla/5.0 (compatible; AhrefsBot/7.0; +http://ahrefs.com/robot/)"
114.119.156.56 - - [02/Oct/2025:19:18:54 +0330] "GET /88693354.phtml HTTP/1.1" 200 1837 "https://app.optimyar.com/sitemap-6.xml" "Mozilla/5.0 (Linux; Android 7.0;) AppleWebKit/537.36 (KHTML, like Gecko) Mobile Safari/537.36 (compatible; PetalBot;+https://webmaster.petalsearch.com/site/petalbot)"
176.31.139.10 - - [02/Oct/2025:19:20:05 +0330] "GET /64400362.phtml HTTP/2" 200 1662 "-" "Mozilla/5.0 (compatible; AhrefsBot/7.0; +http://ahrefs.com/robot/)"
114.119.143.210 - - [02/Oct/2025:19:20:19 +0330] "GET /87646762.phtml HTTP/1.1" 200 1837 "https://app.optimyar.com/sitemap-16.xml" "Mozilla/5.0 (Linux; Android 7.0;) AppleWebKit/537.36 (KHTML, like Gecko) Mobile Safari/537.36 (compatible; PetalBot;+https://webmaster.petalsearch.com/site/petalbot)"
176.31.139.20 - - [02/Oct/2025:19:21:32 +0330] "GET /64379818.phtml HTTP/2" 200 1662 "-" "Mozilla/5.0 (compatible; AhrefsBot/7.0; +http://ahrefs.com/robot/)"
114.119.143.152 - - [02/Oct/2025:19:23:04 +0330] "GET /85715050.phtml HTTP/1.1" 200 1837 "-" "Mozilla/5.0 (Linux; Android 7.0;) AppleWebKit/537.36 (KHTML, like Gecko) Mobile Safari/537.36 (compatible; PetalBot;+https://webmaster.petalsearch.com/site/petalbot)"
5.39.109.165 - - [02/Oct/2025:19:23:17 +0330] "GET /64065418.phtml HTTP/2" 200 1662 "-" "Mozilla/5.0 (compatible; AhrefsBot/7.0; +http://ahrefs.com/robot/)"
114.119.150.38 - - [02/Oct/2025:19:25:53 +0330] "GET /84078634.phtml HTTP/1.1" 200 1837 "https://app.optimyar.com/sitemap-3.xml" "Mozilla/5.0 (Linux; Android 7.0;) AppleWebKit/537.36 (KHTML, like Gecko) Mobile Safari/537.36 (compatible; PetalBot;+https://webmaster.petalsearch.com/site/petalbot)"
114.119.143.210 - - [02/Oct/2025:19:28:39 +0330] "GET /81104554.phtml HTTP/1.1" 200 1837 "https://app.optimyar.com/sitemap-15.xml" "Mozilla/5.0 (Linux; Android 7.0;) AppleWebKit/537.36 (KHTML, like Gecko) Mobile Safari/537.36 (compatible; PetalBot;+https://webmaster.petalsearch.com/site/petalbot)"
114.119.156.56 - - [02/Oct/2025:19:31:27 +0330] "GET /79892458.phtml HTTP/1.1" 200 1837 "https://app.optimyar.com/sitemap-3.xml" "Mozilla/5.0 (Linux; Android 7.0;) AppleWebKit/537.36 (KHTML, like Gecko) Mobile Safari/537.36 (compatible; PetalBot;+https://webmaster.petalsearch.com/site/petalbot)"
40.77.167.5 - - [02/Oct/2025:19:31:33 +0330] "GET /register HTTP/2" 200 1662 "-" "Mozilla/5.0 AppleWebKit/537.36 (KHTML, like Gecko; compatible; bingbot/2.0; +http://www.bing.com/bingbot.htm) Chrome/116.0.1938.76 Safari/537.36"
114.119.157.156 - - [02/Oct/2025:19:16:06 +0330] "GET /90942682.phtml HTTP/1.1" 200 1837 "https://app.optimyar.com/sitemap-10.xml" "Mozilla/5.0 (Linux; Android 7.0;) AppleWebKit/537.36 (KHTML, like Gecko) Mobile Safari/537.36 (compatible; PetalBot;+https://webmaster.petalsearch.com/site/petalbot)"
114.119.145.151 - - [02/Oct/2025:19:17:29 +0330] "GET /89613178.phtml HTTP/1.1" 200 1837 "https://app.optimyar.com/sitemap-5.xml" "Mozilla/5.0 (Linux; Android 7.0;) AppleWebKit/537.36 (KHTML, like Gecko) Mobile Safari/537.36 (compatible; PetalBot;+https://webmaster.petalsearch.com/site/petalbot)"
92.222.108.106 - - [02/Oct/2025:19:18:35 +0330] "GET /65078122.phtml HTTP/2" 200 1662 "-" "Mozilla/5.0 (compatible; AhrefsBot/7.0; +http://ahrefs.com/robot/)"
114.119.145.22 - - [02/Oct/2025:19:21:40 +0330] "GET /86903050.phtml HTTP/1.1" 200 1837 "https://app.optimyar.com/sitemap-7.xml" "Mozilla/5.0 (Linux; Android 7.0;) AppleWebKit/537.36 (KHTML, like Gecko) Mobile Safari/537.36 (compatible; PetalBot;+https://webmaster.petalsearch.com/site/petalbot)"
114.119.145.151 - - [02/Oct/2025:19:24:28 +0330] "GET /84567178.phtml HTTP/1.1" 200 1837 "https://app.optimyar.com/sitemap-6.xml" "Mozilla/5.0 (Linux; Android 7.0;) AppleWebKit/537.36 (KHTML, like Gecko) Mobile Safari/537.36 (compatible; PetalBot;+https://webmaster.petalsearch.com/site/petalbot)"
94.23.188.214 - - [02/Oct/2025:19:24:44 +0330] "GET /63420922.phtml HTTP/2" 200 1662 "-" "Mozilla/5.0 (compatible; AhrefsBot/7.0; +http://ahrefs.com/robot/)"
51.68.247.221 - - [02/Oct/2025:19:26:01 +0330] "GET /60835018.phtml HTTP/2" 200 1662 "-" "Mozilla/5.0 (compatible; AhrefsBot/7.0; +http://ahrefs.com/robot/)"
114.119.143.210 - - [02/Oct/2025:19:27:14 +0330] "GET /83364970.phtml HTTP/1.1" 200 1837 "https://app.optimyar.com/sitemap-5.xml" "Mozilla/5.0 (Linux; Android 7.0;) AppleWebKit/537.36 (KHTML, like Gecko) Mobile Safari/537.36 (compatible; PetalBot;+https://webmaster.petalsearch.com/site/petalbot)"
5.39.1.243 - - [02/Oct/2025:19:27:27 +0330] "GET /60662698.phtml HTTP/2" 200 1662 "-" "Mozilla/5.0 (compatible; AhrefsBot/7.0; +http://ahrefs.com/robot/)"
92.222.108.105 - - [02/Oct/2025:19:29:06 +0330] "GET /56708218.phtml HTTP/2" 200 1662 "-" "Mozilla/5.0 (compatible; AhrefsBot/7.0; +http://ahrefs.com/robot/)"
114.119.156.56 - - [02/Oct/2025:19:30:02 +0330] "GET /80026954.phtml HTTP/1.1" 200 1837 "https://app.optimyar.com/sitemap-12.xml" "Mozilla/5.0 (Linux; Android 7.0;) AppleWebKit/537.36 (KHTML, like Gecko) Mobile Safari/537.36 (compatible; PetalBot;+https://webmaster.petalsearch.com/site/petalbot)"
176.31.139.4 - - [02/Oct/2025:19:30:31 +0330] "GET /56606026.phtml HTTP/2" 200 1662 "-" "Mozilla/5.0 (compatible; AhrefsBot/7.0; +http://ahrefs.com/robot/)"
92.222.108.117 - - [02/Oct/2025:19:32:11 +0330] "GET /56333002.phtml HTTP/2" 200 1662 "-" "Mozilla/5.0 (compatible; AhrefsBot/7.0; +http://ahrefs.com/robot/)"
